195.42.102.21 - - [18/Jul/2010:01:10:06 -0700] "GET /sounds/?M=A HTTP/1.1" 200 664 "-" "Mozilla/5.0 (compatible; Purebot/1.1; +http://www.puritysearch.net/)" "www.silverimagingcanada.com"
195.42.102.21 - - [18/Jul/2010:01:10:07 -0700] "GET /tmp/?N=D HTTP/1.1" 200 520 "-" "Mozilla/5.0 (compatible; Purebot/1.1; +http://www.puritysearch.net/)" "www.silverimagingcanada.com"
195.42.102.21 - - [18/Jul/2010:01:10:08 -0700] "GET /tmp/?S=A HTTP/1.1" 200 520 "-" "Mozilla/5.0 (compatible; Purebot/1.1; +http://www.puritysearch.net/)" "www.silverimagingcanada.com"
195.42.102.21 - - [18/Jul/2010:01:10:10 -0700] "GET /sounds/?N=A HTTP/1.1" 200 664 "-" "Mozilla/5.0 (compatible; Purebot/1.1; +http://www.puritysearch.net/)" "www.silverimagingcanada.com"
195.42.102.21 - - [18/Jul/2010:01:10:11 -0700] "GET /clipart/backgrounds/sidebar/?D=A HTTP/1.1" 200 744 "-" "Mozilla/5.0 (compatible; Purebot/1.1; +http://www.puritysearch.net/)" "www.silverimagingcanada.com"
195.42.102.21 - - [18/Jul/2010:01:10:12 -0700] "GET /sitebuilder/scripts/ HTTP/1.1" 200 702 "-" "Mozilla/5.0 (compatible; Purebot/1.1; +http://www.puritysearch.net/)" "www.silverimagingcanada.com"
195.42.102.21 - - [18/Jul/2010:01:10:13 -0700] "GET /clipart/buttons/?N=D HTTP/1.1" 200 956 "-" "Mozilla/5.0 (compatible; Purebot/1.1; +http://www.puritysearch.net/)" "www.silverimagingcanada.com"
195.42.102.21 - - [18/Jul/2010:01:10:15 -0700] "GET /sitebuilder/?S=A HTTP/1.1" 200 948 "-" "Mozilla/5.0 (compatible; Purebot/1.1; +http://www.puritysearch.net/)" "www.silverimagingcanada.com"
195.42.102.21 - - [18/Jul/2010:01:10:16 -0700] "GET /clipart/images/?M=A HTTP/1.1" 200 993 "-" "Mozilla/5.0 (compatible; Purebot/1.1; +http://www.puritysearch.net/)" "www.silverimagingcanada.com"
195.42.102.21 - - [18/Jul/2010:01:10:17 -0700] "GET /clipart/buttons/paypal/ HTTP/1.1" 200 710 "-" "Mozilla/5.0 (compatible; Purebot/1.1; +http://www.puritysearch.net/)" "www.silverimagingcanada.com"
195.42.102.21 - - [18/Jul/2010:01:10:18 -0700] "GET /sitebuilder/scripts/?S=A HTTP/1.1" 200 702 "-" "Mozilla/5.0 (compatible; Purebot/1.1; +http://www.puritysearch.net/)" "www.silverimagingcanada.com"
195.42.102.21 - - [18/Jul/2010:01:10:20 -0700] "GET /clipart/backgrounds/sidebar/?M=A HTTP/1.1" 200 744 "-" "Mozilla/5.0 (compatible; Purebot/1.1; +http://www.puritysearch.net/)" "www.silverimagingcanada.com"
195.42.102.21 - - [18/Jul/2010:01:10:21 -0700] "GET /clipart/?D=A HTTP/1.1" 200 1350 "-" "Mozilla/5.0 (compatible; Purebot/1.1; +http://www.puritysearch.net/)" "www.silverimagingcanada.com"
195.42.102.21 - - [18/Jul/2010:01:10:23 -0700] "GET /clipart/buttons/paypal/?S=A HTTP/1.1" 200 710 "-" "Mozilla/5.0 (compatible; Purebot/1.1; +http://www.puritysearch.net/)" "www.silverimagingcanada.com"
195.42.102.21 - - [18/Jul/2010:01:10:24 -0700] "GET /clipart/backgrounds/sidebar/?S=A HTTP/1.1" 200 744 "-" "Mozilla/5.0 (compatible; Purebot/1.1; +http://www.puritysearch.net/)" "www.silverimagingcanada.com"
195.42.102.21 - - [18/Jul/2010:01:10:26 -0700] "GET /media/?S=D HTTP/1.1" 200 2086 "-" "Mozilla/5.0 (compatible; Purebot/1.1; +http://www.puritysearch.net/)" "www.silverimagingcanada.com"
195.42.102.21 - - [18/Jul/2010:01:10:27 -0700] "GET /clipart/backgrounds/sidebar/?N=D HTTP/1.1" 200 744 "-" "Mozilla/5.0 (compatible; Purebot/1.1; +http://www.puritysearch.net/)" "www.silverimagingcanada.com"
195.42.102.21 - - [18/Jul/2010:01:10:29 -0700] "GET /sitebuilder/?N=D HTTP/1.1" 200 948 "-" "Mozilla/5.0 (compatible; Purebot/1.1; +http://www.puritysearch.net/)" "www.silverimagingcanada.com"
195.42.102.21 - - [18/Jul/2010:01:10:30 -0700] "GET /clipart/images/?N=D HTTP/1.1" 200 993 "-" "Mozilla/5.0 (compatible; Purebot/1.1; +http://www.puritysearch.net/)" "www.silverimagingcanada.com"
195.42.102.21 - - [18/Jul/2010:01:10:32 -0700] "GET /sounds/?N=D HTTP/1.1" 200 664 "-" "Mozilla/5.0 (compatible; Purebot/1.1; +http://www.puritysearch.net/)" "www.silverimagingcanada.com"
195.42.102.21 - - [18/Jul/2010:01:10:34 -0700] "GET /clipart/backgrounds/sidebar/?S=D HTTP/1.1" 200 744 "-" "Mozilla/5.0 (compatible; Purebot/1.1; +http://www.puritysearch.net/)" "www.silverimagingcanada.com"
195.42.102.21 - - [18/Jul/2010:01:10:35 -0700] "GET /clipart/buttons/paypal/buy_now/ HTTP/1.1" 200 742 "-" "Mozilla/5.0 (compatible; Purebot/1.1; +http://www.puritysearch.net/)" "www.silverimagingcanada.com"
195.42.102.21 - - [18/Jul/2010:01:10:37 -0700] "GET /logs/?D=D HTTP/1.1" 200 2940 "-" "Mozilla/5.0 (compatible; Purebot/1.1; +http://www.puritysearch.net/)" "www.silverimagingcanada.com"
195.42.102.21 - - [18/Jul/2010:01:10:38 -0700] "GET /logs/?M=A HTTP/1.1" 200 2940 "-" "Mozilla/5.0 (compatible; Purebot/1.1; +http://www.puritysearch.net/)" "www.silverimagingcanada.com"
195.42.102.21 - - [18/Jul/2010:01:10:39 -0700] "GET /sitebuilder/scripts/?N=D HTTP/1.1" 200 702 "-" "Mozilla/5.0 (compatible; Purebot/1.1; +http://www.puritysearch.net/)" "www.silverimagingcanada.com"
195.42.102.21 - - [18/Jul/2010:01:10:42 -0700] "GET /clipart/buttons/paypal/?N=D HTTP/1.1" 200 710 "-" "Mozilla/5.0 (compatible; Purebot/1.1; +http://www.puritysearch.net/)" "www.silverimagingcanada.com"
195.42.102.21 - - [18/Jul/2010:01:10:43 -0700] "GET /clipart/?N=D HTTP/1.1" 200 1350 "-" "Mozilla/5.0 (compatible; Purebot/1.1; +http://www.puritysearch.net/)" "www.silverimagingcanada.com"
195.42.102.21 - - [18/Jul/2010:01:10:44 -0700] "GET /sitebuilder/scripts/?S=D HTTP/1.1" 200 702 "-" "Mozilla/5.0 (compatible; Purebot/1.1; +http://www.puritysearch.net/)" "www.silverimagingcanada.com"
195.42.102.21 - - [18/Jul/2010:01:10:45 -0700] "GET /clipart/buttons/paypal/?D=A HTTP/1.1" 200 710 "-" "Mozilla/5.0 (compatible; Purebot/1.1; +http://www.puritysearch.net/)" "www.silverimagingcanada.com"
195.42.102.21 - - [18/Jul/2010:01:10:47 -0700] "GET /media/?D=A HTTP/1.1" 200 2086 "-" "Mozilla/5.0 (compatible; Purebot/1.1; +http://www.puritysearch.net/)" "www.silverimagingcanada.com"
195.42.102.21 - - [18/Jul/2010:01:10:48 -0700] "GET /sitebuilder/?S=D HTTP/1.1" 200 948 "-" "Mozilla/5.0 (compatible; Purebot/1.1; +http://www.puritysearch.net/)" "www.silverimagingcanada.com"
195.42.102.21 - - [18/Jul/2010:01:10:50 -0700] "GET /media/?N=D HTTP/1.1" 200 2086 "-" "Mozilla/5.0 (compatible; Purebot/1.1; +http://www.puritysearch.net/)" "www.silverimagingcanada.com"
195.42.102.21 - - [18/Jul/2010:01:10:51 -0700] "GET /clipart/buttons/paypal/buy_now/?M=A HTTP/1.1" 200 742 "-" "Mozilla/5.0 (compatible; Purebot/1.1; +http://www.puritysearch.net/)" "www.silverimagingcanada.com"
195.42.102.21 - - [18/Jul/2010:01:10:52 -0700] "GET /clipart/images/?N=A HTTP/1.1" 200 993 "-" "Mozilla/5.0 (compatible; Purebot/1.1; +http://www.puritysearch.net/)" "www.silverimagingcanada.com"
195.42.102.21 - - [18/Jul/2010:01:10:53 -0700] "GET /clipart/buttons/?N=A HTTP/1.1" 200 956 "-" "Mozilla/5.0 (compatible; Purebot/1.1; +http://www.puritysearch.net/)" "www.silverimagingcanada.com"
195.42.102.21 - - [18/Jul/2010:01:10:55 -0700] "GET /clipart/images/?D=A HTTP/1.1" 200 993 "-" "Mozilla/5.0 (compatible; Purebot/1.1; +http://www.puritysearch.net/)" "www.silverimagingcanada.com"
195.42.102.21 - - [18/Jul/2010:01:10:57 -0700] "GET /clipart/buttons/paypal/buy_now/?M=D HTTP/1.1" 200 742 "-" "Mozilla/5.0 (compatible; Purebot/1.1; +http://www.puritysearch.net/)" "www.silverimagingcanada.com"
195.42.102.21 - - [18/Jul/2010:01:10:58 -0700] "GET /clipart/?M=D HTTP/1.1" 200 1350 "-" "Mozilla/5.0 (compatible; Purebot/1.1; +http://www.puritysearch.net/)" "www.silverimagingcanada.com"
195.42.102.21 - - [18/Jul/2010:01:10:59 -0700] "GET /sounds/?S=A HTTP/1.1" 200 664 "-" "Mozilla/5.0 (compatible; Purebot/1.1; +http://www.puritysearch.net/)" "www.silverimagingcanada.com"
195.42.102.21 - - [18/Jul/2010:01:11:01 -0700] "GET /images/?M=D HTTP/1.1" 200 526 "-" "Mozilla/5.0 (compatible; Purebot/1.1; +http://www.puritysearch.net/)" "www.silverimagingcanada.com"
195.42.102.21 - - [18/Jul/2010:01:11:02 -0700] "GET /clipart/backgrounds/?S=A HTTP/1.1" 200 696 "-" "Mozilla/5.0 (compatible; Purebot/1.1; +http://www.puritysearch.net/)" "www.silverimagingcanada.com"
195.42.102.21 - - [18/Jul/2010:01:11:04 -0700] "GET /clipart/buttons/paypal/?D=D HTTP/1.1" 200 710 "-" "Mozilla/5.0 (compatible; Purebot/1.1; +http://www.puritysearch.net/)" "www.silverimagingcanada.com"
195.42.102.21 - - [18/Jul/2010:01:11:05 -0700] "GET /scripts/?S=A HTTP/1.1" 200 666 "-" "Mozilla/5.0 (compatible; Purebot/1.1; +http://www.puritysearch.net/)" "www.silverimagingcanada.com"
195.42.102.21 - - [18/Jul/2010:01:11:06 -0700] "GET /logs/?S=D HTTP/1.1" 200 2940 "-" "Mozilla/5.0 (compatible; Purebot/1.1; +http://www.puritysearch.net/)" "www.silverimagingcanada.com"
195.42.102.21 - - [18/Jul/2010:01:11:08 -0700] "GET /tmp/?S=D HTTP/1.1" 200 520 "-" "Mozilla/5.0 (compatible; Purebot/1.1; +http://www.puritysearch.net/)" "www.silverimagingcanada.com"
195.42.102.21 - - [18/Jul/2010:01:11:09 -0700] "GET /clipart/backgrounds/sidebar/?D=D HTTP/1.1" 200 744 "-" "Mozilla/5.0 (compatible; Purebot/1.1; +http://www.puritysearch.net/)" "www.silverimagingcanada.com"
195.42.102.21 - - [18/Jul/2010:01:11:10 -0700] "GET /sounds/?S=D HTTP/1.1" 200 664 "-" "Mozilla/5.0 (compatible; Purebot/1.1; +http://www.puritysearch.net/)" "www.silverimagingcanada.com"
195.42.102.21 - - [18/Jul/2010:01:11:11 -0700] "GET /clipart/buttons/blank/ HTTP/1.1" 200 719 "-" "Mozilla/5.0 (compatible; Purebot/1.1; +http://www.puritysearch.net/)" "www.silverimagingcanada.com"
195.42.102.21 - - [18/Jul/2010:01:11:13 -0700] "GET /clipart/buttons/paypal/buy_now/?D=A HTTP/1.1" 200 742 "-" "Mozilla/5.0 (compatible; Purebot/1.1; +http://www.puritysearch.net/)" "www.silverimagingcanada.com"
195.42.102.21 - - [18/Jul/2010:01:11:14 -0700] "GET /sitebuilder/scripts/?D=A HTTP/1.1" 200 702 "-" "Mozilla/5.0 (compatible; Purebot/1.1; +http://www.puritysearch.net/)" "www.silverimagingcanada.com"
195.42.102.21 - - [18/Jul/2010:01:11:15 -0700] "GET /clipart/backgrounds/?N=D HTTP/1.1" 200 696 "-" "Mozilla/5.0 (compatible; Purebot/1.1; +http://www.puritysearch.net/)" "www.silverimagingcanada.com"
195.42.102.21 - - [18/Jul/2010:01:11:16 -0700] "GET /media/?M=A HTTP/1.1" 200 2086 "-" "Mozilla/5.0 (compatible; Purebot/1.1; +http://www.puritysearch.net/)" "www.silverimagingcanada.com"
195.42.102.21 - - [18/Jul/2010:01:11:18 -0700] "GET /images/?N=A HTTP/1.1" 200 526 "-" "Mozilla/5.0 (compatible; Purebot/1.1; +http://www.puritysearch.net/)" "www.silverimagingcanada.com"
195.42.102.21 - - [18/Jul/2010:01:11:20 -0700] "GET /clipart/images/?D=D HTTP/1.1" 200 993 "-" "Mozilla/5.0 (compatible; Purebot/1.1; +http://www.puritysearch.net/)" "www.silverimagingcanada.com"
195.42.102.21 - - [18/Jul/2010:01:11:21 -0700] "GET /clipart/buttons/paypal/buy_now/?N=D HTTP/1.1" 200 742 "-" "Mozilla/5.0 (compatible; Purebot/1.1; +http://www.puritysearch.net/)" "www.silverimagingcanada.com"
195.42.102.21 - - [18/Jul/2010:01:11:22 -0700] "GET /clipart/buttons/paypal/buy_now/?D=D HTTP/1.1" 200 742 "-" "Mozilla/5.0 (compatible; Purebot/1.1; +http://www.puritysearch.net/)" "www.silverimagingcanada.com"
195.42.102.21 - - [18/Jul/2010:01:11:24 -0700] "GET /media/?D=D HTTP/1.1" 200 2086 "-" "Mozilla/5.0 (compatible; Purebot/1.1; +http://www.puritysearch.net/)" "www.silverimagingcanada.com"
195.42.102.21 - - [18/Jul/2010:01:11:25 -0700] "GET /clipart/?S=A HTTP/1.1" 200 1350 "-" "Mozilla/5.0 (compatible; Purebot/1.1; +http://www.puritysearch.net/)" "www.silverimagingcanada.com"
195.42.102.21 - - [18/Jul/2010:01:11:27 -0700] "GET /tmp/?M=D HTTP/1.1" 200 520 "-" "Mozilla/5.0 (compatible; Purebot/1.1; +http://www.puritysearch.net/)" "www.silverimagingcanada.com"
195.42.102.21 - - [18/Jul/2010:01:11:29 -0700] "GET /clipart/buttons/blank/?N=D HTTP/1.1" 200 719 "-" "Mozilla/5.0 (compatible; Purebot/1.1; +http://www.puritysearch.net/)" "www.silverimagingcanada.com"
195.42.102.21 - - [18/Jul/2010:01:11:30 -0700] "GET /clipart/images/sidebars/ HTTP/1.1" 200 1311 "-" "Mozilla/5.0 (compatible; Purebot/1.1; +http://www.puritysearch.net/)" "www.silverimagingcanada.com"
195.42.102.21 - - [18/Jul/2010:01:11:31 -0700] "GET /sitebuilder/?D=A HTTP/1.1" 200 948 "-" "Mozilla/5.0 (compatible; Purebot/1.1; +http://www.puritysearch.net/)" "www.silverimagingcanada.com"
195.42.102.21 - - [18/Jul/2010:01:11:32 -0700] "GET /images/?D=A HTTP/1.1" 200 526 "-" "Mozilla/5.0 (compatible; Purebot/1.1; +http://www.puritysearch.net/)" "www.silverimagingcanada.com"
195.42.102.21 - - [18/Jul/2010:01:11:34 -0700] "GET /sitebuilder/?D=D HTTP/1.1" 200 948 "-" "Mozilla/5.0 (compatible; Purebot/1.1; +http://www.puritysearch.net/)" "www.silverimagingcanada.com"
195.42.102.21 - - [18/Jul/2010:01:11:36 -0700] "GET /logs/?N=A HTTP/1.1" 200 2940 "-" "Mozilla/5.0 (compatible; Purebot/1.1; +http://www.puritysearch.net/)" "www.silverimagingcanada.com"
195.42.102.21 - - [18/Jul/2010:01:11:37 -0700] "GET /clipart/backgrounds/sidebar/?N=A HTTP/1.1" 200 744 "-" "Mozilla/5.0 (compatible; Purebot/1.1; +http://www.puritysearch.net/)" "www.silverimagingcanada.com"
195.42.102.21 - - [18/Jul/2010:01:11:38 -0700] "GET /logs/?N=D HTTP/1.1" 200 2940 "-" "Mozilla/5.0 (compatible; Purebot/1.1; +http://www.puritysearch.net/)" "www.silverimagingcanada.com"
195.42.102.21 - - [18/Jul/2010:01:11:40 -0700] "GET /sitebuilder/scripts/?N=A HTTP/1.1" 200 702 "-" "Mozilla/5.0 (compatible; Purebot/1.1; +http://www.puritysearch.net/)" "www.silverimagingcanada.com"
195.42.102.21 - - [18/Jul/2010:01:11:40 -0700] "GET /clipart/images/?S=A HTTP/1.1" 200 993 "-" "Mozilla/5.0 (compatible; Purebot/1.1; +http://www.puritysearch.net/)" "www.silverimagingcanada.com"
195.42.102.21 - - [18/Jul/2010:01:11:42 -0700] "GET /sounds/?D=D HTTP/1.1" 200 664 "-" "Mozilla/5.0 (compatible; Purebot/1.1; +http://www.puritysearch.net/)" "www.silverimagingcanada.com"
195.42.102.21 - - [18/Jul/2010:01:11:43 -0700] "GET /navigation_bars/?S=A HTTP/1.1" 200 683 "-" "Mozilla/5.0 (compatible; Purebot/1.1; +http://www.puritysearch.net/)" "www.silverimagingcanada.com"
195.42.102.21 - - [18/Jul/2010:01:11:45 -0700] "GET /media/?M=D HTTP/1.1" 200 2086 "-" "Mozilla/5.0 (compatible; Purebot/1.1; +http://www.puritysearch.net/)" "www.silverimagingcanada.com"
195.42.102.21 - - [18/Jul/2010:01:11:46 -0700] "GET /clipart/buttons/blank/?S=A HTTP/1.1" 200 719 "-" "Mozilla/5.0 (compatible; Purebot/1.1; +http://www.puritysearch.net/)" "www.silverimagingcanada.com"
195.42.102.21 - - [18/Jul/2010:01:11:48 -0700] "GET /clipart/buttons/blank/?M=A HTTP/1.1" 200 719 "-" "Mozilla/5.0 (compatible; Purebot/1.1; +http://www.puritysearch.net/)" "www.silverimagingcanada.com"
195.42.102.21 - - [18/Jul/2010:01:11:49 -0700] "GET /clipart/images/?S=D HTTP/1.1" 200 993 "-" "Mozilla/5.0 (compatible; Purebot/1.1; +http://www.puritysearch.net/)" "www.silverimagingcanada.com"
195.42.102.21 - - [18/Jul/2010:01:11:51 -0700] "GET /clipart/backgrounds/sidebar/?M=D HTTP/1.1" 200 744 "-" "Mozilla/5.0 (compatible; Purebot/1.1; +http://www.puritysearch.net/)" "www.silverimagingcanada.com"
195.42.102.21 - - [18/Jul/2010:01:11:52 -0700] "GET /clipart/buttons/?M=A HTTP/1.1" 200 956 "-" "Mozilla/5.0 (compatible; Purebot/1.1; +http://www.puritysearch.net/)" "www.silverimagingcanada.com"
195.42.102.21 - - [18/Jul/2010:01:11:53 -0700] "GET /clipart/images/?M=D HTTP/1.1" 200 993 "-" "Mozilla/5.0 (compatible; Purebot/1.1; +http://www.puritysearch.net/)" "www.silverimagingcanada.com"
195.42.102.21 - - [18/Jul/2010:01:11:55 -0700] "GET /sitebuilder/images/ HTTP/1.1" 200 55010 "-" "Mozilla/5.0 (compatible; Purebot/1.1; +http://www.puritysearch.net/)" "www.silverimagingcanada.com"
195.42.102.21 - - [18/Jul/2010:01:11:55 -0700] "GET /navigation_bars/?M=A HTTP/1.1" 200 683 "-" "Mozilla/5.0 (compatible; Purebot/1.1; +http://www.puritysearch.net/)" "www.silverimagingcanada.com"
195.42.102.21 - - [18/Jul/2010:01:11:57 -0700] "GET /clipart/?D=D HTTP/1.1" 200 1350 "-" "Mozilla/5.0 (compatible; Purebot/1.1; +http://www.puritysearch.net/)" "www.silverimagingcanada.com"
195.42.102.21 - - [18/Jul/2010:01:11:58 -0700] "GET /clipart/buttons/themes/ HTTP/1.1" 200 1122 "-" "Mozilla/5.0 (compatible; Purebot/1.1; +http://www.puritysearch.net/)" "www.silverimagingcanada.com"
195.42.102.21 - - [18/Jul/2010:01:11:59 -0700] "GET /clipart/images/sidebars/?S=A HTTP/1.1" 200 1311 "-" "Mozilla/5.0 (compatible; Purebot/1.1; +http://www.puritysearch.net/)" "www.silverimagingcanada.com"
195.42.102.21 - - [18/Jul/2010:01:12:01 -0700] "GET /media/?N=A HTTP/1.1" 200 2086 "-" "Mozilla/5.0 (compatible; Purebot/1.1; +http://www.puritysearch.net/)" "www.silverimagingcanada.com"
195.42.102.21 - - [18/Jul/2010:01:12:03 -0700] "GET /?D=D HTTP/1.1" 200 1739 "-" "Mozilla/5.0 (compatible; Purebot/1.1; +http://www.puritysearch.net/)" "www.silverimagingcanada.com"
195.42.102.21 - - [18/Jul/2010:01:12:04 -0700] "GET /sounds/?M=D HTTP/1.1" 200 664 "-" "Mozilla/5.0 (compatible; Purebot/1.1; +http://www.puritysearch.net/)" "www.silverimagingcanada.com"
195.42.102.21 - - [18/Jul/2010:01:12:09 -0700] "GET /clipart/buttons/paypal/?M=A HTTP/1.1" 200 710 "-" "Mozilla/5.0 (compatible; Purebot/1.1; +http://www.puritysearch.net/)" "www.silverimagingcanada.com"
195.42.102.21 - - [18/Jul/2010:01:12:09 -0700] "GET /navigation_bars/?D=D HTTP/1.1" 200 683 "-" "Mozilla/5.0 (compatible; Purebot/1.1; +http://www.puritysearch.net/)" "www.silverimagingcanada.com"
195.42.102.21 - - [18/Jul/2010:01:12:11 -0700] "GET /clipart/images/sidebars/?N=A HTTP/1.1" 200 1311 "-" "Mozilla/5.0 (compatible; Purebot/1.1; +http://www.puritysearch.net/)" "www.silverimagingcanada.com"
195.42.102.21 - - [18/Jul/2010:01:12:12 -0700] "GET /clipart/?S=D HTTP/1.1" 200 1350 "-" "Mozilla/5.0 (compatible; Purebot/1.1; +http://www.puritysearch.net/)" "www.silverimagingcanada.com"
195.42.102.21 - - [18/Jul/2010:01:12:14 -0700] "GET /clipart/?N=A HTTP/1.1" 200 1350 "-" "Mozilla/5.0 (compatible; Purebot/1.1; +http://www.puritysearch.net/)" "www.silverimagingcanada.com"
195.42.102.21 - - [18/Jul/2010:01:12:15 -0700] "GET /clipart/buttons/blank/?M=D HTTP/1.1" 200 719 "-" "Mozilla/5.0 (compatible; Purebot/1.1; +http://www.puritysearch.net/)" "www.silverimagingcanada.com"
195.42.102.21 - - [18/Jul/2010:01:12:17 -0700] "GET /clipart/bullets/ HTTP/1.1" 200 962 "-" "Mozilla/5.0 (compatible; Purebot/1.1; +http://www.puritysearch.net/)" "www.silverimagingcanada.com"
195.42.102.21 - - [18/Jul/2010:01:12:18 -0700] "GET /clipart/buttons/themes/elegant_blue/ HTTP/1.1" 200 1026 "-" "Mozilla/5.0 (compatible; Purebot/1.1; +http://www.puritysearch.net/)" "www.silverimagingcanada.com"
195.42.102.21 - - [18/Jul/2010:01:12:19 -0700] "GET /clipart/buttons/themes/gray/ HTTP/1.1" 200 1010 "-" "Mozilla/5.0 (compatible; Purebot/1.1; +http://www.puritysearch.net/)" "www.silverimagingcanada.com"
195.42.102.21 - - [18/Jul/2010:01:12:21 -0700] "GET /clipart/buttons/themes/gray/?M=A HTTP/1.1" 200 1010 "-" "Mozilla/5.0 (compatible; Purebot/1.1; +http://www.puritysearch.net/)" "www.silverimagingcanada.com"
195.42.102.21 - - [18/Jul/2010:01:12:22 -0700] "GET /clipart/buttons/themes/elegant_blue/?M=A HTTP/1.1" 200 1026 "-" "Mozilla/5.0 (compatible; Purebot/1.1; +http://www.puritysearch.net/)" "www.silverimagingcanada.com"
195.42.102.21 - - [18/Jul/2010:01:12:23 -0700] "GET /clipart/buttons/themes/gray/?M=D HTTP/1.1" 200 1010 "-" "Mozilla/5.0 (compatible; Purebot/1.1; +http://www.puritysearch.net/)" "www.silverimagingcanada.com"
195.42.102.21 - - [18/Jul/2010:01:12:25 -0700] "GET /sitebuilder/images/?M=A HTTP/1.1" 200 55010 "-" "Mozilla/5.0 (compatible; Purebot/1.1; +http://www.puritysearch.net/)" "www.silverimagingcanada.com"
195.42.102.21 - - [18/Jul/2010:01:12:26 -0700] "GET /clipart/buttons/themes/?D=A HTTP/1.1" 200 1122 "-" "Mozilla/5.0 (compatible; Purebot/1.1; +http://www.puritysearch.net/)" "www.silverimagingcanada.com"
195.42.102.21 - - [18/Jul/2010:01:12:27 -0700] "GET /clipart/buttons/blank/?D=A HTTP/1.1" 200 719 "-" "Mozilla/5.0 (compatible; Purebot/1.1; +http://www.puritysearch.net/)" "www.silverimagingcanada.com"
195.42.102.21 - - [18/Jul/2010:01:12:29 -0700] "GET /clipart/buttons/themes/gray/?S=A HTTP/1.1" 200 1010 "-" "Mozilla/5.0 (compatible; Purebot/1.1; +http://www.puritysearch.net/)" "www.silverimagingcanada.com"
195.42.102.21 - - [18/Jul/2010:01:12:30 -0700] "GET /navigation_bars/?S=D HTTP/1.1" 200 683 "-" "Mozilla/5.0 (compatible; Purebot/1.1; +http://www.puritysearch.net/)" "www.silverimagingcanada.com"
195.42.102.21 - - [18/Jul/2010:01:12:32 -0700] "GET /clipart/backgrounds/?S=D HTTP/1.1" 200 696 "-" "Mozilla/5.0 (compatible; Purebot/1.1; +http://www.puritysearch.net/)" "www.silverimagingcanada.com"
195.42.102.21 - - [18/Jul/2010:01:12:33 -0700] "GET /sitebuilder/scripts/?D=D HTTP/1.1" 200 702 "-" "Mozilla/5.0 (compatible; Purebot/1.1; +http://www.puritysearch.net/)" "www.silverimagingcanada.com"
195.42.102.21 - - [18/Jul/2010:01:12:35 -0700] "GET /clipart/buttons/?M=D HTTP/1.1" 200 956 "-" "Mozilla/5.0 (compatible; Purebot/1.1; +http://www.puritysearch.net/)" "www.silverimagingcanada.com"
195.42.102.21 - - [18/Jul/2010:01:12:36 -0700] "GET /scripts/?M=A HTTP/1.1" 200 666 "-" "Mozilla/5.0 (compatible; Purebot/1.1; +http://www.puritysearch.net/)" "www.silverimagingcanada.com"
195.42.102.21 - - [18/Jul/2010:01:12:37 -0700] "GET /clipart/buttons/?S=A HTTP/1.0" 200 940 "-" "Mozilla/5.0 (compatible; Purebot/1.1; +http://www.puritysearch.net/)" "www.silverimagingcanada.com"
195.42.102.21 - - [18/Jul/2010:01:12:38 -0700] "GET /logs/?M=D HTTP/1.1" 200 2940 "-" "Mozilla/5.0 (compatible; Purebot/1.1; +http://www.puritysearch.net/)" "www.silverimagingcanada.com"
195.42.102.21 - - [18/Jul/2010:01:12:40 -0700] "GET /clipart/backgrounds/?N=A HTTP/1.1" 200 696 "-" "Mozilla/5.0 (compatible; Purebot/1.1; +http://www.puritysearch.net/)" "www.silverimagingcanada.com"
195.42.102.21 - - [18/Jul/2010:01:12:41 -0700] "GET /clipart/buttons/?S=D HTTP/1.1" 200 956 "-" "Mozilla/5.0 (compatible; Purebot/1.1; +http://www.puritysearch.net/)" "www.silverimagingcanada.com"
195.42.102.21 - - [18/Jul/2010:01:12:43 -0700] "GET /sitebuilder/images/?N=A HTTP/1.1" 200 55010 "-" "Mozilla/5.0 (compatible; Purebot/1.1; +http://www.puritysearch.net/)" "www.silverimagingcanada.com"
195.42.102.21 - - [18/Jul/2010:01:12:44 -0700] "GET /navigation_bars/?M=D HTTP/1.1" 200 683 "-" "Mozilla/5.0 (compatible; Purebot/1.1; +http://www.puritysearch.net/)" "www.silverimagingcanada.com"
195.42.102.21 - - [18/Jul/2010:01:12:46 -0700] "GET /scripts/?N=D HTTP/1.1" 200 666 "-" "Mozilla/5.0 (compatible; Purebot/1.1; +http://www.puritysearch.net/)" "www.silverimagingcanada.com"
195.42.102.21 - - [18/Jul/2010:01:12:47 -0700] "GET /clipart/pageHeaders/ HTTP/1.1" 200 1322 "-" "Mozilla/5.0 (compatible; Purebot/1.1; +http://www.puritysearch.net/)" "www.silverimagingcanada.com"
195.42.102.21 - - [18/Jul/2010:01:12:48 -0700] "GET /scripts/?N=A HTTP/1.1" 200 666 "-" "Mozilla/5.0 (compatible; Purebot/1.1; +http://www.puritysearch.net/)" "www.silverimagingcanada.com"
195.42.102.21 - - [18/Jul/2010:01:12:50 -0700] "GET /sitebuilder/images/?M=D HTTP/1.1" 200 55010 "-" "Mozilla/5.0 (compatible; Purebot/1.1; +http://www.puritysearch.net/)" "www.silverimagingcanada.com"
195.42.102.21 - - [18/Jul/2010:01:12:51 -0700] "GET /sitebuilder/scripts/?M=A HTTP/1.1" 200 702 "-" "Mozilla/5.0 (compatible; Purebot/1.1; +http://www.puritysearch.net/)" "www.silverimagingcanada.com"
67.195.115.86 - - [18/Jul/2010:01:17:35 -0700] "GET /logs/access_100112.log HTTP/1.0" 200 305141 "-" "Mozilla/5.0 (compatible; Yahoo! Slurp/3.0; http://help.yahoo.com/help/us/ysearch/slurp)" "www.silverimagingcanada.com"
208.80.193.29 - - [18/Jul/2010:02:11:55 -0700] "GET / HTTP/1.0" 200 1723 "-" "Mozilla/4.0 (compatible; MSIE 6.0; Windows NT 5.1; SV1; FunWebProducts; .NET CLR 1.0.3705; HbTools 4.7.2; ZangoToolbar 4.8.3)" "www.silverimagingcanada.com"
67.195.115.86 - - [18/Jul/2010:02:20:29 -0700] "GET /logs/access_100312.log HTTP/1.0" 200 424970 "-" "Mozilla/5.0 (compatible; Yahoo! Slurp/3.0; http://help.yahoo.com/help/us/ysearch/slurp)" "www.silverimagingcanada.com"
67.195.115.86 - - [18/Jul/2010:02:28:15 -0700] "GET /logs/?S=A HTTP/1.0" 200 2924 "-" "Mozilla/5.0 (compatible; Yahoo! Slurp/3.0; http://help.yahoo.com/help/us/ysearch/slurp)" "www.silverimagingcanada.com"
207.46.204.218 - - [18/Jul/2010:02:29:12 -0700] "GET /sitebuilder/ HTTP/1.1" 200 948 "-" "Mozilla/4.0 (compatible; MSIE 6.0; Windows NT 5.2; SLCC1; .NET CLR 1.1.4325; .NET CLR 2.0.50727; .NET CLR 3.0.30729)" "silverimagingcanada.com"
67.195.115.86 - - [18/Jul/2010:02:33:13 -0700] "GET /?D=A HTTP/1.0" 200 1723 "-" "Mozilla/5.0 (compatible; Yahoo! Slurp/3.0; http://help.yahoo.com/help/us/ysearch/slurp)" "www.silverimagingcanada.com"
207.46.13.144 - - [18/Jul/2010:02:35:05 -0700] "GET /robots.txt HTTP/1.1" 404 - "-" "msnbot/2.0b (+http://search.msn.com/msnbot.htm)" "silverimagingcanada.com"
207.46.13.144 - - [18/Jul/2010:02:37:52 -0700] "GET /images/ HTTP/1.1" 200 526 "-" "msnbot/2.0b (+http://search.msn.com/msnbot.htm)" "silverimagingcanada.com"
207.46.204.188 - - [18/Jul/2010:03:06:52 -0700] "GET /clipart/ HTTP/1.1" 200 1350 "-" "msnbot/2.0b (+http://search.msn.com/msnbot.htm)" "silverimagingcanada.com"
67.195.115.86 - - [18/Jul/2010:04:17:27 -0700] "GET /logs/access_100512.log HTTP/1.0" 200 358554 "-" "Mozilla/5.0 (compatible; Yahoo! Slurp/3.0; http://help.yahoo.com/help/us/ysearch/slurp)" "www.silverimagingcanada.com"
92.101.222.54 - - [18/Jul/2010:04:18:15 -0700] "GET /sitebuilder/images/801C_camera-135x135.jpg HTTP/1.1" 200 2614 "http://www.google.ru/imglanding?q=logo%20135x135&imgurl=http://upload.wikimedia.org/wikipedia/commons/thumb/7/75/IwsLogo_135x135.png/120px-IwsLogo_135x135.png&imgrefurl=http://commons.wikimedia.org/wiki/File:IwsLogo_135x135.png&usg=__J6yq0f-GvGQ91ur9LGBKCdA0TlI=&h=120&w=120&sz=16&hl=ru&um=1&itbs=1&tbnid=xrXKieiH3Pw5RM:&tbnh=88&tbnw=88&prev=/images%3Fq%3Dlogo%2B135x135%26um%3D1%26hl%3Dru%26newwindow%3D1%26sa%3DN%26tbs%3Disch:1&um=1&newwindow=1&sa=N&tbs=isch:1&start=0" "Mozilla/5.0 (Windows; U; Windows NT 6.0; en-US) AppleWebKit/533.4 (KHTML, like Gecko) Chrome/5.0.375.99 Safari/533.4" "silverimagingcanada.com"
67.195.115.86 - - [18/Jul/2010:09:13:57 -0700] "GET /robots.txt HTTP/1.0" 404 - "-" "Mozilla/5.0 (compatible; Yahoo! Slurp; http://help.yahoo.com/help/us/ysearch/slurp)" "www.silverimagingcanada.com"
67.195.115.86 - - [18/Jul/2010:09:13:57 -0700] "GET /logs/access_100212.log HTTP/1.0" 200 347745 "-" "Mozilla/5.0 (compatible; Yahoo! Slurp/3.0; http://help.yahoo.com/help/us/ysearch/slurp)" "www.silverimagingcanada.com"
67.195.115.86 - - [18/Jul/2010:09:21:29 -0700] "GET /logs/access_091112.log HTTP/1.0" 200 312065 "-" "Mozilla/5.0 (compatible; Yahoo! Slurp/3.0; http://help.yahoo.com/help/us/ysearch/slurp)" "www.silverimagingcanada.com"
67.195.115.86 - - [18/Jul/2010:11:09:29 -0700] "GET /logs/access_090812.log HTTP/1.0" 200 304217 "-" "Mozilla/5.0 (compatible; Yahoo! Slurp/3.0; http://help.yahoo.com/help/us/ysearch/slurp)" "www.silverimagingcanada.com"
95.108.150.235 - - [18/Jul/2010:12:20:49 -0700] "GET /robots.txt HTTP/1.1" 404 - "-" "Mozilla/5.0 (compatible; YandexBot/3.0; MirrorDetector; +http://yandex.com/bots)" "www.silverimagingcanada.com"
95.108.150.235 - - [18/Jul/2010:12:20:50 -0700] "GET /robots.txt HTTP/1.1" 404 - "-" "Mozilla/5.0 (compatible; YandexBot/3.0; MirrorDetector; +http://yandex.com/bots)" "silverimagingcanada.com"
95.108.150.235 - - [18/Jul/2010:12:20:50 -0700] "GET / HTTP/1.1" 200 1739 "-" "Mozilla/5.0 (compatible; YandexBot/3.0; MirrorDetector; +http://yandex.com/bots)" "www.silverimagingcanada.com"
95.108.150.235 - - [18/Jul/2010:12:20:51 -0700] "GET / HTTP/1.1" 200 1739 "-" "Mozilla/5.0 (compatible; YandexBot/3.0; MirrorDetector; +http://yandex.com/bots)" "silverimagingcanada.com"
95.108.150.235 - - [18/Jul/2010:12:20:51 -0700] "GET / HTTP/1.1" 200 1739 "-" "Mozilla/5.0 (compatible; YandexBot/3.0; MirrorDetector; +http://yandex.com/bots)" "www.silverimagingcanada.com"
95.108.150.235 - - [18/Jul/2010:12:20:52 -0700] "GET / HTTP/1.1" 200 1739 "-" "Mozilla/5.0 (compatible; YandexBot/3.0; MirrorDetector; +http://yandex.com/bots)" "silverimagingcanada.com"
72.94.249.38 - - [18/Jul/2010:12:26:36 -0700] "GET / HTTP/1.1" 200 1739 "-" "Mozilla/4.0 (compatible; MSIE 6.0; Windows NT 5.1; SV1; .NET CLR 1.1.4322)" "www.silverimagingcanada.com"
93.158.144.27 - - [18/Jul/2010:12:32:43 -0700] "GET /robots.txt HTTP/1.1" 404 - "-" "Mozilla/5.0 (compatible; YandexBot/3.0; +http://yandex.com/bots)" "www.silverimagingcanada.com"
59.90.208.153 - - [18/Jul/2010:15:29:41 -0700] "GET /logs/access_090812.log HTTP/1.0" 200 304217 "http://www.silverimagingcanada.com/logs/access_090812.log" "Mozilla/4.0 (compatible; MSIE 5.5; Windows NT 4.0; .NET CLR 1.0.2914)" "www.silverimagingcanada.com"
67.218.116.166 - - [18/Jul/2010:15:45:45 -0700] "GET /clipart/ HTTP/1.1" 200 1350 "-" "Mozilla/5.0 (Twiceler-0.9 http://www.cuil.com/twiceler/robot.html)" "silverimagingcanada.com"
207.46.199.44 - - [18/Jul/2010:18:15:33 -0700] "GET /robots.txt HTTP/1.1" 404 - "-" "msnbot/2.0b (+http://search.msn.com/msnbot.htm)" "silverimagingcanada.com"
207.46.199.44 - - [18/Jul/2010:18:27:53 -0700] "GET / HTTP/1.1" 200 1739 "-" "msnbot/2.0b (+http://search.msn.com/msnbot.htm)" "silverimagingcanada.com"
67.195.115.86 - - [18/Jul/2010:20:05:50 -0700] "GET /robots.txt HTTP/1.0" 404 - "-" "Mozilla/5.0 (compatible; Yahoo! Slurp; http://help.yahoo.com/help/us/ysearch/slurp)" "www.silverimagingcanada.com"
67.195.115.86 - - [18/Jul/2010:20:05:51 -0700] "GET /logs/access.log HTTP/1.0" 200 79153 "-" "Mozilla/5.0 (compatible; Yahoo! Slurp/3.0; http://help.yahoo.com/help/us/ysearch/slurp)" "www.silverimagingcanada.com"
67.195.115.86 - - [18/Jul/2010:23:29:54 -0700] "GET /?N=D HTTP/1.0" 200 1723 "-" "Mozilla/5.0 (compatible; Yahoo! Slurp/3.0; http://help.yahoo.com/help/us/ysearch/slurp)" "www.silverimagingcanada.com"
67.195.115.86 - - [18/Jul/2010:23:30:36 -0700] "GET /scripts/ HTTP/1.0" 200 650 "-" "Mozilla/5.0 (compatible; Yahoo! Slurp/3.0; http://help.yahoo.com/help/us/ysearch/slurp)" "www.silverimagingcanada.com"
67.195.115.86 - - [18/Jul/2010:23:30:46 -0700] "GET /media/ HTTP/1.0" 200 2070 "-" "Mozilla/5.0 (compatible; Yahoo! Slurp/3.0; http://help.yahoo.com/help/us/ysearch/slurp)" "www.silverimagingcanada.com"
67.195.115.86 - - [18/Jul/2010:23:38:11 -0700] "GET /sitebuilder/ HTTP/1.0" 200 932 "-" "Mozilla/5.0 (compatible; Yahoo! Slurp/3.0; http://help.yahoo.com/help/us/ysearch/slurp)" "www.silverimagingcanada.com"
67.195.115.86 - - [19/Jul/2010:00:25:38 -0700] "GET /?M=A HTTP/1.0" 200 1723 "-" "Mozilla/5.0 (compatible; Yahoo! Slurp/3.0; http://help.yahoo.com/help/us/ysearch/slurp)" "www.silverimagingcanada.com"
67.195.115.86 - - [19/Jul/2010:01:30:30 -0700] "GET /navigation_bars/ HTTP/1.0" 200 667 "-" "Mozilla/5.0 (compatible; Yahoo! Slurp/3.0; http://help.yahoo.com/help/us/ysearch/slurp)" "www.silverimagingcanada.com"
208.80.193.29 - - [19/Jul/2010:04:09:57 -0700] "GET / HTTP/1.0" 200 1723 "-" "Mozilla/4.0 (compatible; MSIE 6.0; Windows NT 5.1; SV1; YPC 3.0.0; Media Center PC 3.0; .NET CLR 1.0.3705; .NET CLR 1.1.4322)" "silverimagingcanada.com"
67.195.115.86 - - [19/Jul/2010:05:06:02 -0700] "GET /clipart/photos/ HTTP/1.0" 200 671 "-" "Mozilla/5.0 (compatible; Yahoo! Slurp/3.0; http://help.yahoo.com/help/us/ysearch/slurp)" "www.silverimagingcanada.com"
93.158.144.27 - - [19/Jul/2010:11:46:50 -0700] "GET /robots.txt HTTP/1.1" 404 - "-" "Mozilla/5.0 (compatible; YandexBot/3.0; +http://yandex.com/bots)" "www.silverimagingcanada.com"
208.80.193.40 - - [19/Jul/2010:11:54:55 -0700] "GET / HTTP/1.0" 200 1723 "-" "Mozilla/4.0 (compatible; MSIE 7.0; Windows NT 5.1; sbcydsl 3.12; ESB{182311D9-B95C-499B-A3AA-D275B80D1D45}; ESB{330CC175-CFAC-4875-BA5E-8FB31F15996F}; YPC 3.2.0; .NET CLR 1.1.4322; .NET CLR 2.0.50727; .NET CLR 3.0.04506.30; yplus 5.1.04b)" "www.silverimagingcanada.com"
91.205.173.51 - - [19/Jul/2010:14:00:05 -0700] "GET /logs/access_100512.log HTTP/1.0" 200 358554 "http://www.silverimagingcanada.com/logs/access_100512.log" "Mozilla/4.0 (compatible; MSIE 4.01; Digital AlphaServer 1000A 4/233; Windows NT; Powered By 64-Bit Alpha Processor)" "www.silverimagingcanada.com"
93.158.144.27 - - [19/Jul/2010:14:53:31 -0700] "GET / HTTP/1.1" 200 1739 "-" "Mozilla/5.0 (compatible; YandexBot/3.0; +http://yandex.com/bots)" "www.silverimagingcanada.com"
93.158.144.27 - - [19/Jul/2010:15:48:22 -0700] "GET /logs/access_100512.log HTTP/1.1" 200 0 "-" "Mozilla/5.0 (compatible; YandexBot/3.0; +http://yandex.com/bots)" "www.silverimagingcanada.com"
93.158.144.27 - - [19/Jul/2010:16:42:24 -0700] "GET /logs/access.log HTTP/1.1" 200 82438 "-" "Mozilla/5.0 (compatible; YandexBot/3.0; +http://yandex.com/bots)" "www.silverimagingcanada.com"
93.158.144.27 - - [19/Jul/2010:17:43:54 -0700] "GET /logs/access_090712.log HTTP/1.1" 200 710507 "-" "Mozilla/5.0 (compatible; YandexBot/3.0; +http://yandex.com/bots)" "www.silverimagingcanada.com"
95.108.150.235 - - [19/Jul/2010:18:12:04 -0700] "GET /robots.txt HTTP/1.1" 404 - "-" "Mozilla/5.0 (compatible; YandexBot/3.0; MirrorDetector; +http://yandex.com/bots)" "www.silverimagingcanada.com"
95.108.150.235 - - [19/Jul/2010:18:12:05 -0700] "GET / HTTP/1.1" 200 1739 "-" "Mozilla/5.0 (compatible; YandexBot/3.0; MirrorDetector; +http://yandex.com/bots)" "www.silverimagingcanada.com"
95.108.150.235 - - [19/Jul/2010:18:12:06 -0700] "GET / HTTP/1.1" 200 1739 "-" "Mozilla/5.0 (compatible; YandexBot/3.0; MirrorDetector; +http://yandex.com/bots)" "www.silverimagingcanada.com"
95.108.150.235 - - [19/Jul/2010:18:12:06 -0700] "GET /robots.txt HTTP/1.1" 404 - "-" "Mozilla/5.0 (compatible; YandexBot/3.0; MirrorDetector; +http://yandex.com/bots)" "silverimagingcanada.com"
95.108.150.235 - - [19/Jul/2010:18:12:07 -0700] "GET / HTTP/1.1" 200 1739 "-" "Mozilla/5.0 (compatible; YandexBot/3.0; MirrorDetector; +http://yandex.com/bots)" "silverimagingcanada.com"
95.108.150.235 - - [19/Jul/2010:18:12:08 -0700] "GET / HTTP/1.1" 200 1739 "-" "Mozilla/5.0 (compatible; YandexBot/3.0; MirrorDetector; +http://yandex.com/bots)" "silverimagingcanada.com"
67.195.115.86 - - [19/Jul/2010:18:14:45 -0700] "GET /robots.txt HTTP/1.0" 404 - "-" "Mozilla/5.0 (compatible; Yahoo! Slurp; http://help.yahoo.com/help/us/ysearch/slurp)" "www.silverimagingcanada.com"
67.195.115.86 - - [19/Jul/2010:18:14:46 -0700] "GET /logs/access_091212.log HTTP/1.0" 200 230465 "-" "Mozilla/5.0 (compatible; Yahoo! Slurp/3.0; http://help.yahoo.com/help/us/ysearch/slurp)" "www.silverimagingcanada.com"
93.158.144.27 - - [19/Jul/2010:18:37:52 -0700] "GET /navigation_bars/navbar.nav HTTP/1.1" 200 643 "-" "Mozilla/5.0 (compatible; YandexBot/3.0; +http://yandex.com/bots)" "www.silverimagingcanada.com"
67.195.115.86 - - [19/Jul/2010:18:39:10 -0700] "GET /logs/access_090912.log HTTP/1.0" 200 506708 "-" "Mozilla/5.0 (compatible; Yahoo! Slurp/3.0; http://help.yahoo.com/help/us/ysearch/slurp)" "www.silverimagingcanada.com"
93.158.144.27 - - [19/Jul/2010:19:32:10 -0700] "GET /logs/access_090912.log HTTP/1.1" 200 506708 "-" "Mozilla/5.0 (compatible; YandexBot/3.0; +http://yandex.com/bots)" "www.silverimagingcanada.com"
93.158.144.27 - - [19/Jul/2010:20:25:57 -0700] "GET /media/PLUS0006.ASF HTTP/1.1" 200 720896 "-" "Mozilla/5.0 (compatible; YandexBot/3.0; +http://yandex.com/bots)" "www.silverimagingcanada.com"
93.158.144.27 - - [19/Jul/2010:21:43:16 -0700] "GET /clipart/pageHeaders/ HTTP/1.1" 200 1322 "-" "Mozilla/5.0 (compatible; YandexBot/3.0; +http://yandex.com/bots)" "www.silverimagingcanada.com"
67.195.114.46 - - [19/Jul/2010:22:33:41 -0700] "GET /robots.txt HTTP/1.0" 404 - "-" "Mozilla/5.0 (compatible; Yahoo! Slurp; http://help.yahoo.com/help/us/ysearch/slurp)" "silverimagingcanada.com"
67.195.114.46 - - [19/Jul/2010:22:33:41 -0700] "GET / HTTP/1.0" 200 1723 "-" "Mozilla/5.0 (compatible; Yahoo! Slurp/3.0; http://help.yahoo.com/help/us/ysearch/slurp)" "silverimagingcanada.com"
67.195.114.46 - - [19/Jul/2010:22:35:06 -0700] "GET /sitebuilder/ HTTP/1.0" 200 932 "-" "Mozilla/5.0 (compatible; Yahoo! Slurp/3.0; http://help.yahoo.com/help/us/ysearch/slurp)" "silverimagingcanada.com"
93.158.144.27 - - [19/Jul/2010:22:35:51 -0700] "GET /logs/access_091212.log HTTP/1.1" 200 230465 "-" "Mozilla/5.0 (compatible; YandexBot/3.0; +http://yandex.com/bots)" "www.silverimagingcanada.com"
67.195.114.46 - - [19/Jul/2010:22:36:42 -0700] "GET /?S=A HTTP/1.0" 200 1723 "-" "Mozilla/5.0 (compatible; Yahoo! Slurp/3.0; http://help.yahoo.com/help/us/ysearch/slurp)" "silverimagingcanada.com"
67.195.114.46 - - [19/Jul/2010:23:20:21 -0700] "GET /images/ HTTP/1.0" 200 510 "-" "Mozilla/5.0 (compatible; Yahoo! Slurp/3.0; http://help.yahoo.com/help/us/ysearch/slurp)" "silverimagingcanada.com"
93.158.144.27 - - [19/Jul/2010:23:29:30 -0700] "GET /media/vegaswedding.mov HTTP/1.1" 200 786432 "-" "Mozilla/5.0 (compatible; YandexBot/3.0; +http://yandex.com/bots)" "www.silverimagingcanada.com"
75.101.204.223 - - [20/Jul/2010:00:19:33 -0700] "GET / HTTP/1.1" 200 1739 "-" "Mozilla/5.0 (Windows; U; Windows NT 6.0; en-US) AppleWebKit/532.0 (KHTML, like Gecko) Chrome/3.0.195.25 Safari/532.0" "silverimagingcanada.com"
93.158.144.27 - - [20/Jul/2010:00:25:34 -0700] "GET /clipart/images/ HTTP/1.1" 200 993 "-" "Mozilla/5.0 (compatible; YandexBot/3.0; +http://yandex.com/bots)" "www.silverimagingcanada.com"
67.195.114.46 - - [20/Jul/2010:01:15:34 -0700] "GET /tmp/ HTTP/1.0" 200 504 "-" "Mozilla/5.0 (compatible; Yahoo! Slurp/3.0; http://help.yahoo.com/help/us/ysearch/slurp)" "silverimagingcanada.com"
93.158.144.27 - - [20/Jul/2010:01:16:45 -0700] "GET /logs/access_090812.log HTTP/1.1" 200 304217 "-" "Mozilla/5.0 (compatible; YandexBot/3.0; +http://yandex.com/bots)" "www.silverimagingcanada.com"
93.158.144.27 - - [20/Jul/2010:02:07:33 -0700] "GET /sitebuilder/server_meta.txt HTTP/1.1" 200 15718 "-" "Mozilla/5.0 (compatible; YandexBot/3.0; +http://yandex.com/bots)" "www.silverimagingcanada.com"
93.158.144.27 - - [20/Jul/2010:02:57:52 -0700] "GET /logs/access_090612.log HTTP/1.1" 200 271915 "-" "Mozilla/5.0 (compatible; YandexBot/3.0; +http://yandex.com/bots)" "www.silverimagingcanada.com"
93.158.144.27 - - [20/Jul/2010:03:47:45 -0700] "GET /scripts/layers.js HTTP/1.1" 200 4045 "-" "Mozilla/5.0 (compatible; YandexBot/3.0; +http://yandex.com/bots)" "www.silverimagingcanada.com"
93.158.144.27 - - [20/Jul/2010:04:38:16 -0700] "GET /logs/access_091112.log HTTP/1.1" 200 312065 "-" "Mozilla/5.0 (compatible; YandexBot/3.0; +http://yandex.com/bots)" "www.silverimagingcanada.com"
93.158.144.27 - - [20/Jul/2010:05:28:01 -0700] "GET /media/PLUS0010.ASF HTTP/1.1" 200 786432 "-" "Mozilla/5.0 (compatible; YandexBot/3.0; +http://yandex.com/bots)" "www.silverimagingcanada.com"
93.158.144.27 - - [20/Jul/2010:06:17:41 -0700] "GET /sitebuilder/scripts/layers.js HTTP/1.1" 200 4045 "-" "Mozilla/5.0 (compatible; YandexBot/3.0; +http://yandex.com/bots)" "www.silverimagingcanada.com"
117.199.37.23 - - [20/Jul/2010:06:18:57 -0700] "GET /sitebuilder/images/ HTTP/1.1" 200 55010 "http://www.google.co.in/url?sa=t&source=web&cd=6&ved=0CCkQFjAF&url=http%3A%2F%2Fsilverimagingcanada.com%2Fsitebuilder%2Fimages%2F&rct=j&q=240x32-1.jpg&ei=FqJFTPDuGYOCvgP7g-DAAw&usg=AFQjCNGEfEwzV5X6SapG_vUx2TjzPSUK-A&sig2=lESI1yaUusf9vxEqXdL82A" "Mozilla/5.0 (Windows; U; Windows NT 5.1; en-US; rv:1.9.0.19) Gecko/2010031422 Firefox/3.0.19" "silverimagingcanada.com"
117.199.37.23 - - [20/Jul/2010:06:18:59 -0700] "GET /favicon.ico HTTP/1.1" 404 - "-" "Mozilla/5.0 (Windows; U; Windows NT 5.1; en-US; rv:1.9.0.19) Gecko/2010031422 Firefox/3.0.19" "silverimagingcanada.com"
117.199.37.23 - - [20/Jul/2010:06:19:02 -0700] "GET /favicon.ico HTTP/1.1" 404 - "-" "Mozilla/5.0 (Windows; U; Windows NT 5.1; en-US; rv:1.9.0.19) Gecko/2010031422 Firefox/3.0.19" "silverimagingcanada.com"
88.131.106.22 - - [20/Jul/2010:07:34:16 -0700] "GET /robots.txt HTTP/1.0" 404 - "-" "Mozilla/5.0 (Windows; U; Windows NT 5.1; en-US) Speedy Spider (http://www.entireweb.com/about/search_tech/speedy_spider/)" "silverimagingcanada.com"
88.131.106.22 - - [20/Jul/2010:07:34:17 -0700] "GET /navigation_bars/ HTTP/1.0" 200 667 "-" "Mozilla/5.0 (Windows; U; Windows NT 5.1; en-US) Speedy Spider (http://www.entireweb.com/about/search_tech/speedy_spider/)" "silverimagingcanada.com"
88.131.106.22 - - [20/Jul/2010:11:30:56 -0700] "GET /robots.txt HTTP/1.0" 404 - "-" "Mozilla/5.0 (Windows; U; Windows NT 5.1; en-US) Speedy Spider (http://www.entireweb.com/about/search_tech/speedy_spider/)" "silverimagingcanada.com"
88.131.106.22 - - [20/Jul/2010:11:30:56 -0700] "GET /logs/?D=A HTTP/1.0" 200 2924 "-" "Mozilla/5.0 (Windows; U; Windows NT 5.1; en-US) Speedy Spider (http://www.entireweb.com/about/search_tech/speedy_spider/)" "silverimagingcanada.com"
93.158.144.27 - - [20/Jul/2010:12:03:12 -0700] "GET /robots.txt HTTP/1.1" 404 - "-" "Mozilla/5.0 (compatible; YandexBot/3.0; +http://yandex.com/bots)" "www.silverimagingcanada.com"
208.80.193.39 - - [20/Jul/2010:12:39:49 -0700] "GET / HTTP/1.0" 200 1723 "-" "Mozilla/4.0 (compatible; MSIE 6.0; Windows NT 5.1; acc=jocker; acc=none; (none); SV1; .NET CLR 1.0.3705; .NET CLR 2.0.50727)" "silverimagingcanada.com"
188.84.48.234 - - [20/Jul/2010:12:40:54 -0700] "GET /sitebuilder/images/img052-374x274.jpg HTTP/1.1" 200 18043 "http://www.dotheton.com/forum/index.php?topic=1721.0" "Mozilla/5.0 (X11; U; Linux i686; es-ES; rv:1.9.2.6) Gecko/20100628 Ubuntu/10.04 (lucid) Firefox/3.6.6" "silverimagingcanada.com"
188.84.48.234 - - [20/Jul/2010:12:40:55 -0700] "GET /sitebuilder/images/IMG_1184-420x310.jpg HTTP/1.1" 200 30969 "http://www.dotheton.com/forum/index.php?topic=1721.0" "Mozilla/5.0 (X11; U; Linux i686; es-ES; rv:1.9.2.6) Gecko/20100628 Ubuntu/10.04 (lucid) Firefox/3.6.6" "silverimagingcanada.com"
188.84.48.234 - - [20/Jul/2010:12:40:55 -0700] "GET /sitebuilder/images/img053-365x267.jpg HTTP/1.1" 200 19523 "http://www.dotheton.com/forum/index.php?topic=1721.0" "Mozilla/5.0 (X11; U; Linux i686; es-ES; rv:1.9.2.6) Gecko/20100628 Ubuntu/10.04 (lucid) Firefox/3.6.6" "silverimagingcanada.com"
188.84.48.234 - - [20/Jul/2010:12:40:55 -0700] "GET /sitebuilder/images/img056-393x289.jpg HTTP/1.1" 200 20721 "http://www.dotheton.com/forum/index.php?topic=1721.0" "Mozilla/5.0 (X11; U; Linux i686; es-ES; rv:1.9.2.6) Gecko/20100628 Ubuntu/10.04 (lucid) Firefox/3.6.6" "silverimagingcanada.com"
188.84.48.234 - - [20/Jul/2010:12:43:59 -0700] "GET /sitebuilder/images/IMG_0939-380x278.jpg HTTP/1.1" 200 15324 "http://www.dotheton.com/forum/index.php?topic=1721.10" "Mozilla/5.0 (X11; U; Linux i686; es-ES; rv:1.9.2.6) Gecko/20100628 Ubuntu/10.04 (lucid) Firefox/3.6.6" "silverimagingcanada.com"
188.84.48.234 - - [20/Jul/2010:12:43:59 -0700] "GET /sitebuilder/images/IMG_0937-312x416.jpg HTTP/1.1" 200 20123 "http://www.dotheton.com/forum/index.php?topic=1721.10" "Mozilla/5.0 (X11; U; Linux i686; es-ES; rv:1.9.2.6) Gecko/20100628 Ubuntu/10.04 (lucid) Firefox/3.6.6" "silverimagingcanada.com"
188.84.48.234 - - [20/Jul/2010:12:43:59 -0700] "GET /sitebuilder/images/IMG_0961-417x308.jpg HTTP/1.1" 200 11717 "http://www.dotheton.com/forum/index.php?topic=1721.10" "Mozilla/5.0 (X11; U; Linux i686; es-ES; rv:1.9.2.6) Gecko/20100628 Ubuntu/10.04 (lucid) Firefox/3.6.6" "silverimagingcanada.com"
188.84.48.234 - - [20/Jul/2010:12:43:59 -0700] "GET /sitebuilder/images/img129-405x298.jpg HTTP/1.1" 200 17041 "http://www.dotheton.com/forum/index.php?topic=1721.10" "Mozilla/5.0 (X11; U; Linux i686; es-ES; rv:1.9.2.6) Gecko/20100628 Ubuntu/10.04 (lucid) Firefox/3.6.6" "silverimagingcanada.com"
188.84.48.234 - - [20/Jul/2010:12:43:59 -0700] "GET /sitebuilder/images/IMG_1288-451x334.jpg HTTP/1.1" 200 25996 "http://www.dotheton.com/forum/index.php?topic=1721.10" "Mozilla/5.0 (X11; U; Linux i686; es-ES; rv:1.9.2.6) Gecko/20100628 Ubuntu/10.04 (lucid) Firefox/3.6.6" "silverimagingcanada.com"
188.84.48.234 - - [20/Jul/2010:12:43:59 -0700] "GET /sitebuilder/images/IMG_1272-351x257.jpg HTTP/1.1" 200 23815 "http://www.dotheton.com/forum/index.php?topic=1721.10" "Mozilla/5.0 (X11; U; Linux i686; es-ES; rv:1.9.2.6) Gecko/20100628 Ubuntu/10.04 (lucid) Firefox/3.6.6" "silverimagingcanada.com"
188.84.48.234 - - [20/Jul/2010:12:44:02 -0700] "GET /sitebuilder/images/IMG_1276-406x299.jpg HTTP/1.1" 200 31845 "http://www.dotheton.com/forum/index.php?topic=1721.10" "Mozilla/5.0 (X11; U; Linux i686; es-ES; rv:1.9.2.6) Gecko/20100628 Ubuntu/10.04 (lucid) Firefox/3.6.6" "silverimagingcanada.com"
188.84.48.234 - - [20/Jul/2010:12:44:42 -0700] "GET /sitebuilder/images/img1412-430x317.jpg HTTP/1.1" 200 28270 "http://www.dotheton.com/forum/index.php?topic=1721.30" "Mozilla/5.0 (X11; U; Linux i686; es-ES; rv:1.9.2.6) Gecko/20100628 Ubuntu/10.04 (lucid) Firefox/3.6.6" "silverimagingcanada.com"
188.84.48.234 - - [20/Jul/2010:12:44:42 -0700] "GET /sitebuilder/images/img138-399x293.jpg HTTP/1.1" 200 24204 "http://www.dotheton.com/forum/index.php?topic=1721.30" "Mozilla/5.0 (X11; U; Linux i686; es-ES; rv:1.9.2.6) Gecko/20100628 Ubuntu/10.04 (lucid) Firefox/3.6.6" "silverimagingcanada.com"
188.84.48.234 - - [20/Jul/2010:12:44:42 -0700] "GET /sitebuilder/images/img144-352x257.jpg HTTP/1.1" 200 12721 "http://www.dotheton.com/forum/index.php?topic=1721.30" "Mozilla/5.0 (X11; U; Linux i686; es-ES; rv:1.9.2.6) Gecko/20100628 Ubuntu/10.04 (lucid) Firefox/3.6.6" "silverimagingcanada.com"
188.84.48.234 - - [20/Jul/2010:12:44:42 -0700] "GET /sitebuilder/images/img135-317x428.jpg HTTP/1.1" 200 25396 "http://www.dotheton.com/forum/index.php?topic=1721.30" "Mozilla/5.0 (X11; U; Linux i686; es-ES; rv:1.9.2.6) Gecko/20100628 Ubuntu/10.04 (lucid) Firefox/3.6.6" "silverimagingcanada.com"
188.84.48.234 - - [20/Jul/2010:12:44:43 -0700] "GET /sitebuilder/images/tank1-257x350.jpg HTTP/1.1" 200 11565 "http://www.dotheton.com/forum/index.php?topic=1721.30" "Mozilla/5.0 (X11; U; Linux i686; es-ES; rv:1.9.2.6) Gecko/20100628 Ubuntu/10.04 (lucid) Firefox/3.6.6" "silverimagingcanada.com"
188.84.48.234 - - [20/Jul/2010:12:44:43 -0700] "GET /sitebuilder/images/tank2-272x195.jpg HTTP/1.1" 200 7366 "http://www.dotheton.com/forum/index.php?topic=1721.30" "Mozilla/5.0 (X11; U; Linux i686; es-ES; rv:1.9.2.6) Gecko/20100628 Ubuntu/10.04 (lucid) Firefox/3.6.6" "silverimagingcanada.com"
188.84.48.234 - - [20/Jul/2010:12:48:10 -0700] "GET /sitebuilder/images/Bullet_Signals-295x237.jpg HTTP/1.1" 200 16322 "http://www.dotheton.com/forum/index.php?topic=1721.90" "Mozilla/5.0 (X11; U; Linux i686; es-ES; rv:1.9.2.6) Gecko/20100628 Ubuntu/10.04 (lucid) Firefox/3.6.6" "silverimagingcanada.com"
188.84.48.234 - - [20/Jul/2010:12:48:10 -0700] "GET /sitebuilder/images/Bullet_Signals2-278x251.jpg HTTP/1.1" 200 18028 "http://www.dotheton.com/forum/index.php?topic=1721.90" "Mozilla/5.0 (X11; U; Linux i686; es-ES; rv:1.9.2.6) Gecko/20100628 Ubuntu/10.04 (lucid) Firefox/3.6.6" "silverimagingcanada.com"
93.158.144.27 - - [20/Jul/2010:14:05:08 -0700] "GET /sitebuilder/images/ HTTP/1.1" 200 55010 "-" "Mozilla/5.0 (compatible; YandexBot/3.0; +http://yandex.com/bots)" "www.silverimagingcanada.com"
38.99.96.144 - - [20/Jul/2010:14:56:39 -0700] "GET /robots.txt HTTP/1.1" 404 - "-" "Mozilla/5.0 (compatible; ScoutJet; +http://www.scoutjet.com/)" "www.silverimagingcanada.com"
38.99.96.144 - - [20/Jul/2010:14:57:04 -0700] "GET / HTTP/1.1" 200 1739 "-" "Mozilla/5.0 (compatible; ScoutJet; +http://www.scoutjet.com/)" "www.silverimagingcanada.com"
38.99.96.144 - - [20/Jul/2010:14:57:28 -0700] "GET /favicon.ico HTTP/1.1" 404 - "-" "Mozilla/5.0 (compatible; ScoutJet; +http://www.scoutjet.com/)" "www.silverimagingcanada.com"
66.249.65.182 - - [20/Jul/2010:15:46:24 -0700] "GET /robots.txt HTTP/1.1" 404 - "-" "Googlebot-Image/1.0" "silverimagingcanada.com"
66.249.65.163 - - [20/Jul/2010:15:46:24 -0700] "GET /sitebuilder/images/navbar-0-inactive-28468.png HTTP/1.1" 200 420 "-" "Googlebot-Image/1.0" "silverimagingcanada.com"
66.249.65.168 - - [20/Jul/2010:15:46:24 -0700] "GET /sitebuilder/images/navbar-3-mouseOver-22421.png HTTP/1.1" 200 612 "-" "Googlebot-Image/1.0" "silverimagingcanada.com"
66.249.65.148 - - [20/Jul/2010:15:55:43 -0700] "GET /clipart/bullets/arrows/slantedStripes_blue.gif HTTP/1.1" 200 101 "-" "Googlebot-Image/1.0" "silverimagingcanada.com"
93.158.144.27 - - [20/Jul/2010:16:07:17 -0700] "GET /logs/ HTTP/1.1" 200 2940 "-" "Mozilla/5.0 (compatible; YandexBot/3.0; +http://yandex.com/bots)" "www.silverimagingcanada.com"
93.158.144.27 - - [20/Jul/2010:18:09:29 -0700] "GET /logs/access_100212.log HTTP/1.1" 200 347745 "-" "Mozilla/5.0 (compatible; YandexBot/3.0; +http://yandex.com/bots)" "www.silverimagingcanada.com"
66.249.65.173 - - [20/Jul/2010:18:59:59 -0700] "GET /robots.txt HTTP/1.1" 404 - "-" "Googlebot-Image/1.0" "www.silverimagingcanada.com"
66.249.65.186 - - [20/Jul/2010:18:59:59 -0700] "GET /sitebuilder/images/IMG_1103-675x443.jpg HTTP/1.1" 200 17818 "-" "Googlebot-Image/1.0" "www.silverimagingcanada.com"
93.158.144.27 - - [20/Jul/2010:20:11:59 -0700] "GET /logs/access_090512.log HTTP/1.1" 200 249343 "-" "Mozilla/5.0 (compatible; YandexBot/3.0; +http://yandex.com/bots)" "www.silverimagingcanada.com"
208.80.193.39 - - [20/Jul/2010:21:01:56 -0700] "GET / HTTP/1.0" 200 1723 "-" "Mozilla/4.0 (compatible; MSIE 7.0; Windows NT 5.1; SIMBAR={39C444E3-D2B5-4c19-B00D-92DE4B26F6C2}; .NET CLR 1.1.4322; .NET CLR 2.0.50727)" "www.silverimagingcanada.com"
93.158.144.27 - - [20/Jul/2010:23:13:48 -0700] "GET /media/PLUS0007.ASF HTTP/1.1" 200 720896 "-" "Mozilla/5.0 (compatible; YandexBot/3.0; +http://yandex.com/bots)" "www.silverimagingcanada.com"
67.195.115.86 - - [20/Jul/2010:23:24:37 -0700] "GET /robots.txt HTTP/1.0" 404 - "-" "Mozilla/5.0 (compatible; Yahoo! Slurp; http://help.yahoo.com/help/us/ysearch/slurp)" "www.silverimagingcanada.com"
67.195.115.86 - - [20/Jul/2010:23:24:37 -0700] "GET /images/ HTTP/1.0" 200 510 "-" "Mozilla/5.0 (compatible; Yahoo! Slurp/3.0; http://help.yahoo.com/help/us/ysearch/slurp)" "www.silverimagingcanada.com"
93.158.144.27 - - [21/Jul/2010:01:09:27 -0700] "GET /clipart/buttons/themes/beam/ HTTP/1.1" 200 1010 "-" "Mozilla/5.0 (compatible; YandexBot/3.0; +http://yandex.com/bots)" "www.silverimagingcanada.com"
