67.195.114.46 - - [11/Jul/2010:20:10:23 -0700] "GET /robots.txt HTTP/1.0" 404 - "-" "Mozilla/5.0 (compatible; Yahoo! Slurp; http://help.yahoo.com/help/us/ysearch/slurp)" "silverimagingcanada.com"
67.195.114.46 - - [11/Jul/2010:20:10:24 -0700] "GET /?M=A HTTP/1.0" 200 1723 "-" "Mozilla/5.0 (compatible; Yahoo! Slurp/3.0; http://help.yahoo.com/help/us/ysearch/slurp)" "silverimagingcanada.com"
67.195.115.86 - - [11/Jul/2010:23:26:18 -0700] "GET /robots.txt HTTP/1.0" 404 - "-" "Mozilla/5.0 (compatible; Yahoo! Slurp; http://help.yahoo.com/help/us/ysearch/slurp)" "www.silverimagingcanada.com"
67.195.115.86 - - [11/Jul/2010:23:26:19 -0700] "GET / HTTP/1.0" 200 1723 "-" "Mozilla/5.0 (compatible; Yahoo! Slurp/3.0; http://help.yahoo.com/help/us/ysearch/slurp)" "www.silverimagingcanada.com"
67.195.115.86 - - [11/Jul/2010:23:28:02 -0700] "GET /scripts/ HTTP/1.0" 200 650 "-" "Mozilla/5.0 (compatible; Yahoo! Slurp/3.0; http://help.yahoo.com/help/us/ysearch/slurp)" "www.silverimagingcanada.com"
67.195.115.86 - - [11/Jul/2010:23:28:06 -0700] "GET /media/ HTTP/1.0" 200 2070 "-" "Mozilla/5.0 (compatible; Yahoo! Slurp/3.0; http://help.yahoo.com/help/us/ysearch/slurp)" "www.silverimagingcanada.com"
67.195.115.86 - - [11/Jul/2010:23:28:27 -0700] "GET /?N=D HTTP/1.0" 200 1723 "-" "Mozilla/5.0 (compatible; Yahoo! Slurp/3.0; http://help.yahoo.com/help/us/ysearch/slurp)" "www.silverimagingcanada.com"
67.195.115.86 - - [11/Jul/2010:23:29:28 -0700] "GET /media/PLUS0010.ASF HTTP/1.0" 200 10780944 "-" "Mozilla/5.0 (compatible; Yahoo! Slurp/3.0; http://help.yahoo.com/help/us/ysearch/slurp)" "www.silverimagingcanada.com"
67.195.115.86 - - [11/Jul/2010:23:29:52 -0700] "GET /scripts/?M=A HTTP/1.0" 200 650 "-" "Mozilla/5.0 (compatible; Yahoo! Slurp/3.0; http://help.yahoo.com/help/us/ysearch/slurp)" "www.silverimagingcanada.com"
67.195.115.86 - - [11/Jul/2010:23:37:16 -0700] "GET /sitebuilder/ HTTP/1.0" 200 932 "-" "Mozilla/5.0 (compatible; Yahoo! Slurp/3.0; http://help.yahoo.com/help/us/ysearch/slurp)" "www.silverimagingcanada.com"
67.195.115.86 - - [12/Jul/2010:00:23:10 -0700] "GET /?M=A HTTP/1.0" 200 1723 "-" "Mozilla/5.0 (compatible; Yahoo! Slurp/3.0; http://help.yahoo.com/help/us/ysearch/slurp)" "www.silverimagingcanada.com"
67.195.115.86 - - [12/Jul/2010:01:35:12 -0700] "GET /scripts/layers.js HTTP/1.0" 200 4045 "-" "Mozilla/5.0 (compatible; Yahoo! Slurp/3.0; http://help.yahoo.com/help/us/ysearch/slurp)" "www.silverimagingcanada.com"
95.108.150.235 - - [12/Jul/2010:06:48:11 -0700] "GET /robots.txt HTTP/1.1" 404 - "-" "Mozilla/5.0 (compatible; YandexBot/3.0; MirrorDetector; +http://yandex.com/bots)" "www.silverimagingcanada.com"
95.108.150.235 - - [12/Jul/2010:06:48:11 -0700] "GET /robots.txt HTTP/1.1" 404 - "-" "Mozilla/5.0 (compatible; YandexBot/3.0; MirrorDetector; +http://yandex.com/bots)" "silverimagingcanada.com"
95.108.150.235 - - [12/Jul/2010:06:48:12 -0700] "GET / HTTP/1.1" 200 1739 "-" "Mozilla/5.0 (compatible; YandexBot/3.0; MirrorDetector; +http://yandex.com/bots)" "www.silverimagingcanada.com"
95.108.150.235 - - [12/Jul/2010:06:48:12 -0700] "GET / HTTP/1.1" 200 1739 "-" "Mozilla/5.0 (compatible; YandexBot/3.0; MirrorDetector; +http://yandex.com/bots)" "silverimagingcanada.com"
95.108.150.235 - - [12/Jul/2010:06:48:13 -0700] "GET / HTTP/1.1" 200 1739 "-" "Mozilla/5.0 (compatible; YandexBot/3.0; MirrorDetector; +http://yandex.com/bots)" "www.silverimagingcanada.com"
95.108.150.235 - - [12/Jul/2010:06:48:13 -0700] "GET / HTTP/1.1" 200 1739 "-" "Mozilla/5.0 (compatible; YandexBot/3.0; MirrorDetector; +http://yandex.com/bots)" "silverimagingcanada.com"
67.195.115.86 - - [12/Jul/2010:07:11:00 -0700] "GET /media/PLUS0007.ASF HTTP/1.0" 200 7930020 "-" "Mozilla/5.0 (compatible; Yahoo! Slurp/3.0; http://help.yahoo.com/help/us/ysearch/slurp)" "www.silverimagingcanada.com"
208.80.193.39 - - [12/Jul/2010:07:18:56 -0700] "GET / HTTP/1.0" 200 1723 "-" "Mozilla/4.0 (compatible; MSIE 6.0; America Online Browser 1.1; Windows NT 5.1; SV1; iebar; acc=eyp; FunWebProducts; .NET CLR 1.1.4322; Dealio Deskball 3.0; ZangoToolbar 4.8.3)" "silverimagingcanada.com"
67.195.114.46 - - [12/Jul/2010:14:12:18 -0700] "GET /robots.txt HTTP/1.0" 404 - "-" "Mozilla/5.0 (compatible; Yahoo! Slurp; http://help.yahoo.com/help/us/ysearch/slurp)" "silverimagingcanada.com"
67.195.114.46 - - [12/Jul/2010:14:12:18 -0700] "GET / HTTP/1.0" 200 1723 "-" "Mozilla/5.0 (compatible; Yahoo! Slurp/3.0; http://help.yahoo.com/help/us/ysearch/slurp)" "silverimagingcanada.com"
208.80.193.38 - - [12/Jul/2010:15:34:52 -0700] "GET / HTTP/1.0" 200 1723 "-" "Mozilla/4.0 (compatible; MSIE 6.0; Windows NT 5.1; SV1; OptusNetDSL6; .NET CLR 1.1.4322; InfoPath.1)" "www.silverimagingcanada.com"
72.230.160.175 - - [12/Jul/2010:17:04:24 -0700] "GET /sitebuilder/images/img056-393x289.jpg HTTP/1.1" 200 20721 "http://www.dotheton.com/forum/index.php?topic=1721.0" "Mozilla/5.0 (Windows; U; Windows NT 6.0; en-US; rv:1.9.1.10) Gecko/20100504 Firefox/3.5.10 (.NET CLR 3.5.30729)" "silverimagingcanada.com"
72.230.160.175 - - [12/Jul/2010:17:04:24 -0700] "GET /sitebuilder/images/IMG_1184-420x310.jpg HTTP/1.1" 200 30969 "http://www.dotheton.com/forum/index.php?topic=1721.0" "Mozilla/5.0 (Windows; U; Windows NT 6.0; en-US; rv:1.9.1.10) Gecko/20100504 Firefox/3.5.10 (.NET CLR 3.5.30729)" "silverimagingcanada.com"
72.230.160.175 - - [12/Jul/2010:17:04:24 -0700] "GET /sitebuilder/images/img052-374x274.jpg HTTP/1.1" 200 18043 "http://www.dotheton.com/forum/index.php?topic=1721.0" "Mozilla/5.0 (Windows; U; Windows NT 6.0; en-US; rv:1.9.1.10) Gecko/20100504 Firefox/3.5.10 (.NET CLR 3.5.30729)" "silverimagingcanada.com"
72.230.160.175 - - [12/Jul/2010:17:04:24 -0700] "GET /sitebuilder/images/img053-365x267.jpg HTTP/1.1" 200 19523 "http://www.dotheton.com/forum/index.php?topic=1721.0" "Mozilla/5.0 (Windows; U; Windows NT 6.0; en-US; rv:1.9.1.10) Gecko/20100504 Firefox/3.5.10 (.NET CLR 3.5.30729)" "silverimagingcanada.com"
38.111.147.83 - - [12/Jul/2010:19:53:29 -0700] "GET /robots.txt HTTP/1.0" 404 - "-" "TurnitinBot/2.1 (http://www.turnitin.com/robot/crawlerinfo.html)" "www.silverimagingcanada.com"
38.111.147.83 - - [12/Jul/2010:20:03:21 -0700] "GET /sitebuilder/images/?N=D HTTP/1.0" 200 54994 "-" "TurnitinBot/2.1 (http://www.turnitin.com/robot/crawlerinfo.html)" "www.silverimagingcanada.com"
38.111.147.83 - - [12/Jul/2010:20:11:30 -0700] "GET /sitebuilder/images/?N=A HTTP/1.0" 200 54994 "-" "TurnitinBot/2.1 (http://www.turnitin.com/robot/crawlerinfo.html)" "www.silverimagingcanada.com"
38.111.147.83 - - [12/Jul/2010:20:12:08 -0700] "GET /sitebuilder/?D=D HTTP/1.0" 200 932 "-" "TurnitinBot/2.1 (http://www.turnitin.com/robot/crawlerinfo.html)" "www.silverimagingcanada.com"
38.111.147.83 - - [12/Jul/2010:20:12:45 -0700] "GET /sitebuilder/?D=A HTTP/1.0" 200 932 "-" "TurnitinBot/2.1 (http://www.turnitin.com/robot/crawlerinfo.html)" "www.silverimagingcanada.com"
38.111.147.83 - - [12/Jul/2010:20:13:20 -0700] "GET /sitebuilder/?M=D HTTP/1.0" 200 932 "-" "TurnitinBot/2.1 (http://www.turnitin.com/robot/crawlerinfo.html)" "www.silverimagingcanada.com"
66.235.124.17 - - [12/Jul/2010:21:52:18 -0700] "GET /robots.txt HTTP/1.1" 404 - "-" "Mozilla/5.0 (compatible; Ask Jeeves/Teoma; +http://about.ask.com/en/docs/about/webmasters.shtml)" "www.silverimagingcanada.com"
66.235.124.17 - - [12/Jul/2010:21:52:18 -0700] "GET / HTTP/1.1" 200 1739 "-" "Mozilla/5.0 (compatible; Ask Jeeves/Teoma; +http://about.ask.com/en/docs/about/webmasters.shtml)" "www.silverimagingcanada.com"
66.28.139.26 - - [13/Jul/2010:03:06:18 -0700] "GET / HTTP/1.1" 200 1739 "-" "Jayde crawler" "silverimagingcanada.com"
130.76.32.16 - - [13/Jul/2010:07:36:39 -0700] "GET /sitebuilder/images/IMG_1184-420x310.jpg HTTP/1.1" 200 30969 "http://www.dotheton.com/forum/index.php?topic=1721.0" "Mozilla/5.0 (Windows; U; Windows NT 5.1; en-US; rv:1.9.0.19) Gecko/2010031422 (CK-zz) Firefox/3.0.19" "silverimagingcanada.com"
130.76.32.16 - - [13/Jul/2010:07:36:39 -0700] "GET /sitebuilder/images/img053-365x267.jpg HTTP/1.1" 200 19523 "http://www.dotheton.com/forum/index.php?topic=1721.0" "Mozilla/5.0 (Windows; U; Windows NT 5.1; en-US; rv:1.9.0.19) Gecko/2010031422 (CK-zz) Firefox/3.0.19" "silverimagingcanada.com"
130.76.32.16 - - [13/Jul/2010:07:36:39 -0700] "GET /sitebuilder/images/img056-393x289.jpg HTTP/1.1" 200 20721 "http://www.dotheton.com/forum/index.php?topic=1721.0" "Mozilla/5.0 (Windows; U; Windows NT 5.1; en-US; rv:1.9.0.19) Gecko/2010031422 (CK-zz) Firefox/3.0.19" "silverimagingcanada.com"
130.76.32.16 - - [13/Jul/2010:07:36:39 -0700] "GET /sitebuilder/images/img052-374x274.jpg HTTP/1.0" 200 18043 "http://www.dotheton.com/forum/index.php?topic=1721.0" "Mozilla/5.0 (Windows; U; Windows NT 5.1; en-US; rv:1.9.0.19) Gecko/2010031422 (CK-zz) Firefox/3.0.19" "silverimagingcanada.com"
72.30.142.222 - - [13/Jul/2010:09:14:39 -0700] "GET /robots.txt HTTP/1.0" 404 - "-" "Mozilla/5.0 (compatible; Yahoo! Slurp; http://help.yahoo.com/help/us/ysearch/slurp)" "www.silverimagingcanada.com"
72.30.142.222 - - [13/Jul/2010:09:14:39 -0700] "GET / HTTP/1.0" 200 1723 "-" "Mozilla/5.0 (compatible; Yahoo! Slurp/3.0; http://help.yahoo.com/help/us/ysearch/slurp)" "www.silverimagingcanada.com"
95.108.150.235 - - [13/Jul/2010:15:29:22 -0700] "GET /robots.txt HTTP/1.1" 404 - "-" "Mozilla/5.0 (compatible; YandexBot/3.0; MirrorDetector; +http://yandex.com/bots)" "www.silverimagingcanada.com"
95.108.150.235 - - [13/Jul/2010:15:29:22 -0700] "GET /robots.txt HTTP/1.1" 404 - "-" "Mozilla/5.0 (compatible; YandexBot/3.0; MirrorDetector; +http://yandex.com/bots)" "silverimagingcanada.com"
95.108.150.235 - - [13/Jul/2010:15:29:23 -0700] "GET / HTTP/1.1" 200 1739 "-" "Mozilla/5.0 (compatible; YandexBot/3.0; MirrorDetector; +http://yandex.com/bots)" "www.silverimagingcanada.com"
95.108.150.235 - - [13/Jul/2010:15:29:23 -0700] "GET / HTTP/1.1" 200 1739 "-" "Mozilla/5.0 (compatible; YandexBot/3.0; MirrorDetector; +http://yandex.com/bots)" "silverimagingcanada.com"
95.108.150.235 - - [13/Jul/2010:15:29:24 -0700] "GET / HTTP/1.1" 200 1739 "-" "Mozilla/5.0 (compatible; YandexBot/3.0; MirrorDetector; +http://yandex.com/bots)" "www.silverimagingcanada.com"
95.108.150.235 - - [13/Jul/2010:15:29:24 -0700] "GET / HTTP/1.1" 200 1739 "-" "Mozilla/5.0 (compatible; YandexBot/3.0; MirrorDetector; +http://yandex.com/bots)" "silverimagingcanada.com"
208.80.193.39 - - [13/Jul/2010:16:19:53 -0700] "GET / HTTP/1.0" 200 1723 "-" "Mozilla/4.0 (compatible; MSIE 7.0; Windows NT 5.1; SV1; .NET CLR 1.0.3705)" "silverimagingcanada.com"
207.46.13.47 - - [13/Jul/2010:18:03:49 -0700] "GET /robots.txt HTTP/1.1" 404 - "-" "msnbot/2.0b (+http://search.msn.com/msnbot.htm)" "silverimagingcanada.com"
207.46.13.47 - - [13/Jul/2010:18:26:19 -0700] "GET / HTTP/1.1" 200 1739 "-" "msnbot/2.0b (+http://search.msn.com/msnbot.htm)" "silverimagingcanada.com"
97.113.203.168 - - [13/Jul/2010:22:38:11 -0700] "GET /sitebuilder/images/IMG_1184-420x310.jpg HTTP/1.1" 200 30969 "http://www.dotheton.com/forum/index.php?topic=1721.0" "Mozilla/5.0 (Windows; U; Windows NT 6.1; en-US) AppleWebKit/533.4 (KHTML, like Gecko) Chrome/5.0.375.99 Safari/533.4" "silverimagingcanada.com"
97.113.203.168 - - [13/Jul/2010:22:38:11 -0700] "GET /sitebuilder/images/img052-374x274.jpg HTTP/1.1" 200 18043 "http://www.dotheton.com/forum/index.php?topic=1721.0" "Mozilla/5.0 (Windows; U; Windows NT 6.1; en-US) AppleWebKit/533.4 (KHTML, like Gecko) Chrome/5.0.375.99 Safari/533.4" "silverimagingcanada.com"
97.113.203.168 - - [13/Jul/2010:22:38:11 -0700] "GET /sitebuilder/images/img053-365x267.jpg HTTP/1.1" 200 19523 "http://www.dotheton.com/forum/index.php?topic=1721.0" "Mozilla/5.0 (Windows; U; Windows NT 6.1; en-US) AppleWebKit/533.4 (KHTML, like Gecko) Chrome/5.0.375.99 Safari/533.4" "silverimagingcanada.com"
97.113.203.168 - - [13/Jul/2010:22:38:11 -0700] "GET /sitebuilder/images/img056-393x289.jpg HTTP/1.1" 200 20721 "http://www.dotheton.com/forum/index.php?topic=1721.0" "Mozilla/5.0 (Windows; U; Windows NT 6.1; en-US) AppleWebKit/533.4 (KHTML, like Gecko) Chrome/5.0.375.99 Safari/533.4" "silverimagingcanada.com"
67.195.115.86 - - [13/Jul/2010:23:01:19 -0700] "GET /robots.txt HTTP/1.0" 404 - "-" "Mozilla/5.0 (compatible; Yahoo! Slurp; http://help.yahoo.com/help/us/ysearch/slurp)" "www.silverimagingcanada.com"
67.195.115.86 - - [13/Jul/2010:23:01:19 -0700] "GET /sitebuilder/?M=A HTTP/1.0" 200 932 "-" "Mozilla/5.0 (compatible; Yahoo! Slurp/3.0; http://help.yahoo.com/help/us/ysearch/slurp)" "www.silverimagingcanada.com"
67.195.115.86 - - [13/Jul/2010:23:22:43 -0700] "GET /images/ HTTP/1.0" 200 510 "-" "Mozilla/5.0 (compatible; Yahoo! Slurp/3.0; http://help.yahoo.com/help/us/ysearch/slurp)" "www.silverimagingcanada.com"
67.195.115.86 - - [13/Jul/2010:23:24:12 -0700] "GET /images/?D=A HTTP/1.0" 200 510 "-" "Mozilla/5.0 (compatible; Yahoo! Slurp/3.0; http://help.yahoo.com/help/us/ysearch/slurp)" "www.silverimagingcanada.com"
67.195.115.86 - - [13/Jul/2010:23:25:02 -0700] "GET /images/?M=A HTTP/1.0" 200 510 "-" "Mozilla/5.0 (compatible; Yahoo! Slurp/3.0; http://help.yahoo.com/help/us/ysearch/slurp)" "www.silverimagingcanada.com"
208.80.193.27 - - [14/Jul/2010:00:21:03 -0700] "GET / HTTP/1.0" 200 1723 "-" "Mozilla/4.0 (compatible; MSIE 7.0; Windows NT 5.1; FunWebProducts; .NET CLR 1.1.4322; MSN 6.1; MSNbMSFT; MSNmen-us; MSNc21; v5m)" "www.silverimagingcanada.com"
67.195.115.86 - - [14/Jul/2010:01:24:12 -0700] "GET /images/?S=A HTTP/1.0" 200 510 "-" "Mozilla/5.0 (compatible; Yahoo! Slurp/3.0; http://help.yahoo.com/help/us/ysearch/slurp)" "www.silverimagingcanada.com"
88.131.106.1 - - [14/Jul/2010:05:48:30 -0700] "GET /robots.txt HTTP/1.0" 404 - "-" "Mozilla/5.0 (Windows; U; Windows NT 5.1; en-US) Speedy Spider (http://www.entireweb.com/about/search_tech/speedy_spider/)" "silverimagingcanada.com"
88.131.106.5 - - [14/Jul/2010:05:48:30 -0700] "GET /logs/?M=A HTTP/1.0" 200 2924 "-" "Mozilla/5.0 (Windows; U; Windows NT 5.1; en-US) Speedy Spider (http://www.entireweb.com/about/search_tech/speedy_spider/)" "silverimagingcanada.com"
67.195.115.86 - - [14/Jul/2010:08:28:41 -0700] "GET /robots.txt HTTP/1.0" 404 - "-" "Mozilla/5.0 (compatible; Yahoo! Slurp; http://help.yahoo.com/help/us/ysearch/slurp)" "www.silverimagingcanada.com"
67.195.115.86 - - [14/Jul/2010:08:28:41 -0700] "GET /scripts/?S=A HTTP/1.0" 200 650 "-" "Mozilla/5.0 (compatible; Yahoo! Slurp/3.0; http://help.yahoo.com/help/us/ysearch/slurp)" "www.silverimagingcanada.com"
99.224.225.178 - - [14/Jul/2010:08:42:54 -0700] "GET /sitebuilder/images/IMG_1184-420x310.jpg HTTP/1.1" 200 30969 "http://dotheton.com/index.php?topic=1721.0" "Mozilla/4.0 (compatible; MSIE 8.0; Windows NT 5.1; Trident/4.0; .NET CLR 2.0.50727; .NET CLR 3.0.04506.30; .NET CLR 3.0.04506.648; .NET CLR 3.0.4506.2152; .NET CLR 3.5.30729; .NET CLR 1.1.4322)" "silverimagingcanada.com"
99.224.225.178 - - [14/Jul/2010:08:42:54 -0700] "GET /sitebuilder/images/img052-374x274.jpg HTTP/1.1" 200 18043 "http://dotheton.com/index.php?topic=1721.0" "Mozilla/4.0 (compatible; MSIE 8.0; Windows NT 5.1; Trident/4.0; .NET CLR 2.0.50727; .NET CLR 3.0.04506.30; .NET CLR 3.0.04506.648; .NET CLR 3.0.4506.2152; .NET CLR 3.5.30729; .NET CLR 1.1.4322)" "silverimagingcanada.com"
99.224.225.178 - - [14/Jul/2010:08:42:54 -0700] "GET /sitebuilder/images/img053-365x267.jpg HTTP/1.1" 200 19523 "http://dotheton.com/index.php?topic=1721.0" "Mozilla/4.0 (compatible; MSIE 8.0; Windows NT 5.1; Trident/4.0; .NET CLR 2.0.50727; .NET CLR 3.0.04506.30; .NET CLR 3.0.04506.648; .NET CLR 3.0.4506.2152; .NET CLR 3.5.30729; .NET CLR 1.1.4322)" "silverimagingcanada.com"
67.195.115.86 - - [14/Jul/2010:10:52:02 -0700] "GET /?S=A HTTP/1.0" 200 1723 "-" "Mozilla/5.0 (compatible; Yahoo! Slurp/3.0; http://help.yahoo.com/help/us/ysearch/slurp)" "www.silverimagingcanada.com"
93.158.144.27 - - [14/Jul/2010:13:32:03 -0700] "GET /robots.txt HTTP/1.1" 404 - "-" "Mozilla/5.0 (compatible; YandexBot/3.0; +http://yandex.com/bots)" "www.silverimagingcanada.com"
67.195.115.86 - - [14/Jul/2010:13:48:36 -0700] "GET /media/?M=A HTTP/1.0" 200 2070 "-" "Mozilla/5.0 (compatible; Yahoo! Slurp/3.0; http://help.yahoo.com/help/us/ysearch/slurp)" "www.silverimagingcanada.com"
67.195.115.86 - - [14/Jul/2010:16:03:51 -0700] "GET /sitebuilder/scripts/ HTTP/1.0" 200 686 "-" "Mozilla/5.0 (compatible; Yahoo! Slurp/3.0; http://help.yahoo.com/help/us/ysearch/slurp)" "www.silverimagingcanada.com"
93.158.144.27 - - [14/Jul/2010:16:23:03 -0700] "GET / HTTP/1.1" 200 1739 "-" "Mozilla/5.0 (compatible; YandexBot/3.0; +http://yandex.com/bots)" "www.silverimagingcanada.com"
68.204.119.46 - - [14/Jul/2010:16:45:16 -0700] "GET /sitebuilder/images/IMG_0939-380x278.jpg HTTP/1.1" 200 15324 "http://dotheton.com/index.php?topic=1721.15" "Mozilla/5.0 (Windows; U; Windows NT 6.0; en-US) AppleWebKit/533.4 (KHTML, like Gecko) Chrome/5.0.375.99 Safari/533.4" "silverimagingcanada.com"
68.204.119.46 - - [14/Jul/2010:16:45:16 -0700] "GET /sitebuilder/images/IMG_0961-417x308.jpg HTTP/1.1" 200 11717 "http://dotheton.com/index.php?topic=1721.15" "Mozilla/5.0 (Windows; U; Windows NT 6.0; en-US) AppleWebKit/533.4 (KHTML, like Gecko) Chrome/5.0.375.99 Safari/533.4" "silverimagingcanada.com"
68.204.119.46 - - [14/Jul/2010:16:45:16 -0700] "GET /sitebuilder/images/IMG_1276-406x299.jpg HTTP/1.1" 200 31845 "http://dotheton.com/index.php?topic=1721.15" "Mozilla/5.0 (Windows; U; Windows NT 6.0; en-US) AppleWebKit/533.4 (KHTML, like Gecko) Chrome/5.0.375.99 Safari/533.4" "silverimagingcanada.com"
68.204.119.46 - - [14/Jul/2010:16:45:16 -0700] "GET /sitebuilder/images/IMG_1288-451x334.jpg HTTP/1.1" 200 25996 "http://dotheton.com/index.php?topic=1721.15" "Mozilla/5.0 (Windows; U; Windows NT 6.0; en-US) AppleWebKit/533.4 (KHTML, like Gecko) Chrome/5.0.375.99 Safari/533.4" "silverimagingcanada.com"
68.204.119.46 - - [14/Jul/2010:16:45:16 -0700] "GET /sitebuilder/images/img129-405x298.jpg HTTP/1.1" 200 17041 "http://dotheton.com/index.php?topic=1721.15" "Mozilla/5.0 (Windows; U; Windows NT 6.0; en-US) AppleWebKit/533.4 (KHTML, like Gecko) Chrome/5.0.375.99 Safari/533.4" "silverimagingcanada.com"
68.204.119.46 - - [14/Jul/2010:16:45:16 -0700] "GET /sitebuilder/images/IMG_0937-312x416.jpg HTTP/1.1" 200 20123 "http://dotheton.com/index.php?topic=1721.15" "Mozilla/5.0 (Windows; U; Windows NT 6.0; en-US) AppleWebKit/533.4 (KHTML, like Gecko) Chrome/5.0.375.99 Safari/533.4" "silverimagingcanada.com"
68.204.119.46 - - [14/Jul/2010:16:45:16 -0700] "GET /sitebuilder/images/IMG_1272-351x257.jpg HTTP/1.1" 200 23815 "http://dotheton.com/index.php?topic=1721.15" "Mozilla/5.0 (Windows; U; Windows NT 6.0; en-US) AppleWebKit/533.4 (KHTML, like Gecko) Chrome/5.0.375.99 Safari/533.4" "silverimagingcanada.com"
93.158.144.27 - - [14/Jul/2010:17:51:51 -0700] "GET /navigation_bars/navbar.nav HTTP/1.1" 200 643 "-" "Mozilla/5.0 (compatible; YandexBot/3.0; +http://yandex.com/bots)" "www.silverimagingcanada.com"
72.30.142.222 - - [14/Jul/2010:19:17:24 -0700] "GET /robots.txt HTTP/1.0" 404 - "-" "Mozilla/5.0 (compatible; Yahoo! Slurp; http://help.yahoo.com/help/us/ysearch/slurp)" "www.silverimagingcanada.com"
72.30.142.222 - - [14/Jul/2010:19:17:25 -0700] "GET / HTTP/1.0" 200 1723 "-" "Mozilla/5.0 (compatible; Yahoo! Slurp/3.0; http://help.yahoo.com/help/us/ysearch/slurp)" "www.silverimagingcanada.com"
93.158.144.27 - - [14/Jul/2010:19:26:39 -0700] "GET /logs/access_100612.log HTTP/1.1" 200 0 "-" "Mozilla/5.0 (compatible; YandexBot/3.0; +http://yandex.com/bots)" "www.silverimagingcanada.com"
93.158.144.27 - - [14/Jul/2010:21:12:17 -0700] "GET /media/PLUS0006.ASF HTTP/1.1" 200 786432 "-" "Mozilla/5.0 (compatible; YandexBot/3.0; +http://yandex.com/bots)" "www.silverimagingcanada.com"
93.158.144.27 - - [14/Jul/2010:23:03:27 -0700] "GET /media/PLUS0006.mov HTTP/1.1" 200 786432 "-" "Mozilla/5.0 (compatible; YandexBot/3.0; +http://yandex.com/bots)" "www.silverimagingcanada.com"
67.195.115.86 - - [15/Jul/2010:00:26:19 -0700] "GET /robots.txt HTTP/1.0" 404 - "-" "Mozilla/5.0 (compatible; Yahoo! Slurp; http://help.yahoo.com/help/us/ysearch/slurp)" "www.silverimagingcanada.com"
67.195.115.86 - - [15/Jul/2010:00:26:19 -0700] "GET /images/?N=A HTTP/1.0" 200 510 "-" "Mozilla/5.0 (compatible; Yahoo! Slurp/3.0; http://help.yahoo.com/help/us/ysearch/slurp)" "www.silverimagingcanada.com"
93.158.144.27 - - [15/Jul/2010:00:54:00 -0700] "GET /clipart/backgrounds/ HTTP/1.1" 200 696 "-" "Mozilla/5.0 (compatible; YandexBot/3.0; +http://yandex.com/bots)" "www.silverimagingcanada.com"
208.80.193.121 - - [15/Jul/2010:01:10:41 -0700] "GET / HTTP/1.0" 200 1723 "-" "Mozilla/4.0 (compatible; MSIE 7.0; Windows NT 5.1; Tablet PC 1.7; .NET CLR 1.0.3705; .NET CLR 1.1.4322; .NET CLR 2.0.50727; .NET CLR 3.0.04506.30)" "silverimagingcanada.com"
67.195.115.86 - - [15/Jul/2010:01:41:08 -0700] "GET /images/?N=D HTTP/1.0" 200 510 "-" "Mozilla/5.0 (compatible; Yahoo! Slurp/3.0; http://help.yahoo.com/help/us/ysearch/slurp)" "www.silverimagingcanada.com"
93.158.144.27 - - [15/Jul/2010:03:08:40 -0700] "GET /media/vegaswedding.mov HTTP/1.1" 200 786432 "-" "Mozilla/5.0 (compatible; YandexBot/3.0; +http://yandex.com/bots)" "www.silverimagingcanada.com"
93.158.144.27 - - [15/Jul/2010:05:23:42 -0700] "GET /logs/access.log HTTP/1.1" 200 21098 "-" "Mozilla/5.0 (compatible; YandexBot/3.0; +http://yandex.com/bots)" "www.silverimagingcanada.com"
93.158.144.27 - - [15/Jul/2010:07:19:23 -0700] "GET /sitebuilder/ HTTP/1.1" 200 948 "-" "Mozilla/5.0 (compatible; YandexBot/3.0; +http://yandex.com/bots)" "www.silverimagingcanada.com"
208.80.193.121 - - [15/Jul/2010:09:13:55 -0700] "GET / HTTP/1.0" 200 1723 "-" "Mozilla/4.0 (compatible; MSIE 7.0; Windows NT 5.1; YPC 3.2.0; .NET CLR 1.1.4322; SpamBlockerUtility 4.7.1)" "www.silverimagingcanada.com"
207.46.204.203 - - [15/Jul/2010:09:35:18 -0700] "GET /media/ HTTP/1.1" 200 2086 "-" "Mozilla/4.0 (compatible; MSIE 6.0; Windows NT 5.2; SLCC1; .NET CLR 1.1.4325; .NET CLR 2.0.50727; .NET CLR 3.0.30729)" "silverimagingcanada.com"
93.158.144.27 - - [15/Jul/2010:10:16:47 -0700] "GET /robots.txt HTTP/1.1" 404 - "-" "Mozilla/5.0 (compatible; YandexBot/3.0; +http://yandex.com/bots)" "www.silverimagingcanada.com"
64.132.120.110 - - [15/Jul/2010:10:51:21 -0700] "GET /sitebuilder/images/IMG_0166-2-336x245.jpg HTTP/1.1" 200 18263 "http://www.dotheton.com/forum/index.php?topic=1443.0" "Mozilla/5.0 (Windows; U; Windows NT 6.0; en-US; rv:1.9.2.3) Gecko/20100401 Firefox/3.6.3 (.NET CLR 3.5.30729)" "www.silverimagingcanada.com"
64.132.120.110 - - [15/Jul/2010:10:51:21 -0700] "GET /sitebuilder/images/IMG_1216-364x267.jpg HTTP/1.1" 200 23168 "http://www.dotheton.com/forum/index.php?topic=1443.0" "Mozilla/5.0 (Windows; U; Windows NT 6.0; en-US; rv:1.9.2.3) Gecko/20100401 Firefox/3.6.3 (.NET CLR 3.5.30729)" "www.silverimagingcanada.com"
64.132.120.110 - - [15/Jul/2010:10:51:21 -0700] "GET /sitebuilder/images/Las_Vegas_034-394x290.jpg HTTP/1.1" 200 29097 "http://www.dotheton.com/forum/index.php?topic=1443.0" "Mozilla/5.0 (Windows; U; Windows NT 6.0; en-US; rv:1.9.2.3) Gecko/20100401 Firefox/3.6.3 (.NET CLR 3.5.30729)" "www.silverimagingcanada.com"
67.195.115.86 - - [15/Jul/2010:12:38:07 -0700] "GET /robots.txt HTTP/1.0" 404 - "-" "Mozilla/5.0 (compatible; Yahoo! Slurp; http://help.yahoo.com/help/us/ysearch/slurp)" "www.silverimagingcanada.com"
67.195.115.86 - - [15/Jul/2010:12:39:12 -0700] "GET /clipart/?D=A HTTP/1.0" 200 1334 "-" "Mozilla/5.0 (compatible; Yahoo! Slurp/3.0; http://help.yahoo.com/help/us/ysearch/slurp)" "www.silverimagingcanada.com"
67.195.115.86 - - [15/Jul/2010:19:18:15 -0700] "GET /robots.txt HTTP/1.0" 404 - "-" "Mozilla/5.0 (compatible; Yahoo! Slurp; http://help.yahoo.com/help/us/ysearch/slurp)" "www.silverimagingcanada.com"
67.195.115.86 - - [15/Jul/2010:19:18:15 -0700] "GET /clipart/backgrounds/ HTTP/1.0" 200 680 "-" "Mozilla/5.0 (compatible; Yahoo! Slurp/3.0; http://help.yahoo.com/help/us/ysearch/slurp)" "www.silverimagingcanada.com"
95.108.150.235 - - [15/Jul/2010:20:37:36 -0700] "GET /robots.txt HTTP/1.1" 404 - "-" "Mozilla/5.0 (compatible; YandexBot/3.0; MirrorDetector; +http://yandex.com/bots)" "silverimagingcanada.com"
95.108.150.235 - - [15/Jul/2010:20:37:36 -0700] "GET /robots.txt HTTP/1.1" 404 - "-" "Mozilla/5.0 (compatible; YandexBot/3.0; MirrorDetector; +http://yandex.com/bots)" "www.silverimagingcanada.com"
95.108.150.235 - - [15/Jul/2010:20:37:37 -0700] "GET / HTTP/1.1" 200 1739 "-" "Mozilla/5.0 (compatible; YandexBot/3.0; MirrorDetector; +http://yandex.com/bots)" "silverimagingcanada.com"
95.108.150.235 - - [15/Jul/2010:20:37:37 -0700] "GET / HTTP/1.1" 200 1739 "-" "Mozilla/5.0 (compatible; YandexBot/3.0; MirrorDetector; +http://yandex.com/bots)" "www.silverimagingcanada.com"
95.108.150.235 - - [15/Jul/2010:20:37:38 -0700] "GET / HTTP/1.1" 200 1739 "-" "Mozilla/5.0 (compatible; YandexBot/3.0; MirrorDetector; +http://yandex.com/bots)" "silverimagingcanada.com"
95.108.150.235 - - [15/Jul/2010:20:37:38 -0700] "GET / HTTP/1.1" 200 1739 "-" "Mozilla/5.0 (compatible; YandexBot/3.0; MirrorDetector; +http://yandex.com/bots)" "www.silverimagingcanada.com"
67.195.115.86 - - [15/Jul/2010:23:24:28 -0700] "GET /?M=D HTTP/1.0" 200 1723 "-" "Mozilla/5.0 (compatible; Yahoo! Slurp/3.0; http://help.yahoo.com/help/us/ysearch/slurp)" "www.silverimagingcanada.com"
66.249.65.10 - - [16/Jul/2010:02:44:08 -0700] "GET /robots.txt HTTP/1.1" 404 - "-" "Mozilla/5.0 (compatible; Googlebot/2.1; +http://www.google.com/bot.html)" "silverimagingcanada.com"
66.249.65.42 - - [16/Jul/2010:02:44:08 -0700] "GET /index.html HTTP/1.1" 404 - "-" "Mozilla/5.0 (compatible; Googlebot/2.1; +http://www.google.com/bot.html)" "silverimagingcanada.com"
72.30.142.222 - - [16/Jul/2010:04:17:10 -0700] "GET /robots.txt HTTP/1.0" 404 - "-" "Mozilla/5.0 (compatible; Yahoo! Slurp; http://help.yahoo.com/help/us/ysearch/slurp)" "www.silverimagingcanada.com"
72.30.142.222 - - [16/Jul/2010:04:17:10 -0700] "GET / HTTP/1.0" 200 1723 "-" "Mozilla/5.0 (compatible; Yahoo! Slurp/3.0; http://help.yahoo.com/help/us/ysearch/slurp)" "www.silverimagingcanada.com"
66.235.124.71 - - [16/Jul/2010:05:58:58 -0700] "GET /robots.txt HTTP/1.0" 404 - "-" "Mozilla/5.0 (compatible; Ask Jeeves/Teoma; +http://about.ask.com/en/docs/about/webmasters.shtml)" "www.silverimagingcanada.com"
66.235.124.71 - - [16/Jul/2010:05:58:59 -0700] "GET /sitebuilder/images/IMG_0347-380x279.jpg HTTP/1.0" 200 23443 "-" "Mozilla/5.0 (compatible; Ask Jeeves/Teoma; +http://about.ask.com/en/docs/about/webmasters.shtml)" "www.silverimagingcanada.com"
118.68.21.99 - - [16/Jul/2010:06:14:43 -0700] "GET /sitebuilder/images/Gay_DVR_Splash_Screen2-581x435.jpg HTTP/1.1" 200 25628 "http://www.google.com.vn/imglanding?q=gay%20hug&imgurl=http://1.bp.blogspot.com/_iRE8H0OHOIs/RbCApBw6feI/AAAAAAAAAO4/nDef6cMbnT4/s400/Hug.bmp&imgrefurl=http://emptyclosets.com/forum/showthread.php%3Fp%3D574068%26wb_session_id%3Dfb7f89889e84e1ffd5f593863d5bc041&usg=__rOpAUyMqf1ilpT2B28EHvjgT1LE=&h=400&w=263&sz=27&hl=vi&sig2=C7SNkVuj2b2Jl7-CccdlvA&itbs=1&tbnid=DArqyzTpFy3EBM:&tbnh=124&tbnw=82&prev=/images%3Fq%3Dgay%2Bhug%26hl%3Dvi%26gbv%3D2%26tbs%3Disch:1&ei=y1pATNuqEePQcPzD2JUP&gbv=2&tbs=isch:1&start=12" "Mozilla/5.0 (Windows; U; Windows NT 6.0; vi; rv:1.9.2.4) Gecko/20100611 Firefox/3.6.4 (.NET CLR 3.5.30729)" "www.silverimagingcanada.com"
67.195.115.86 - - [16/Jul/2010:08:21:17 -0700] "GET /clipart/bullets/ HTTP/1.0" 200 946 "-" "Mozilla/5.0 (compatible; Yahoo! Slurp/3.0; http://help.yahoo.com/help/us/ysearch/slurp)" "www.silverimagingcanada.com"
208.80.193.27 - - [16/Jul/2010:09:47:18 -0700] "GET / HTTP/1.0" 200 1723 "-" "Mozilla/4.0 (compatible; MSIE 6.0; Windows NT 5.1; SV1; .NET CLR 1.0.3705; .NET CLR 1.1.4322; Media Center PC 4.0; SpamBlockerUtility 4.8.4; ZangoToolbar 4.8.3)" "silverimagingcanada.com"
93.158.144.27 - - [16/Jul/2010:16:20:24 -0700] "GET /robots.txt HTTP/1.1" 404 - "-" "Mozilla/5.0 (compatible; YandexBot/3.0; +http://yandex.com/bots)" "www.silverimagingcanada.com"
66.235.124.71 - - [16/Jul/2010:16:36:34 -0700] "GET /sitebuilder/images/IMG_0166-355x260.jpg HTTP/1.0" 200 20599 "-" "Mozilla/5.0 (compatible; Ask Jeeves/Teoma; +http://about.ask.com/en/docs/about/webmasters.shtml)" "www.silverimagingcanada.com"
208.80.193.27 - - [16/Jul/2010:17:48:14 -0700] "GET / HTTP/1.0" 200 1723 "-" "Mozilla/4.0 (compatible; MSIE 7.0; Windows NT 5.1; {3E91566D-2998-1047-0312-B7D6055AF0F4}; .NET CLR 1.1.4322)" "www.silverimagingcanada.com"
93.158.144.27 - - [16/Jul/2010:20:02:47 -0700] "GET / HTTP/1.1" 200 1739 "-" "Mozilla/5.0 (compatible; YandexBot/3.0; +http://yandex.com/bots)" "www.silverimagingcanada.com"
67.195.115.86 - - [16/Jul/2010:20:04:23 -0700] "GET /robots.txt HTTP/1.0" 404 - "-" "Mozilla/5.0 (compatible; Yahoo! Slurp; http://help.yahoo.com/help/us/ysearch/slurp)" "www.silverimagingcanada.com"
67.195.115.86 - - [16/Jul/2010:20:04:24 -0700] "GET /clipart/buttons/?S=A HTTP/1.0" 200 940 "-" "Mozilla/5.0 (compatible; Yahoo! Slurp/3.0; http://help.yahoo.com/help/us/ysearch/slurp)" "www.silverimagingcanada.com"
93.158.144.27 - - [16/Jul/2010:22:03:33 -0700] "GET /media/PLUS0010.ASF HTTP/1.1" 200 786432 "-" "Mozilla/5.0 (compatible; YandexBot/3.0; +http://yandex.com/bots)" "www.silverimagingcanada.com"
93.158.144.27 - - [17/Jul/2010:00:12:12 -0700] "GET /media/PLUS0007.ASF HTTP/1.1" 200 786432 "-" "Mozilla/5.0 (compatible; YandexBot/3.0; +http://yandex.com/bots)" "www.silverimagingcanada.com"
67.195.115.86 - - [17/Jul/2010:01:47:10 -0700] "GET /?N=A HTTP/1.0" 200 1723 "-" "Mozilla/5.0 (compatible; Yahoo! Slurp/3.0; http://help.yahoo.com/help/us/ysearch/slurp)" "www.silverimagingcanada.com"
93.158.144.27 - - [17/Jul/2010:02:23:05 -0700] "GET /logs/access_090512.log HTTP/1.1" 200 249343 "-" "Mozilla/5.0 (compatible; YandexBot/3.0; +http://yandex.com/bots)" "www.silverimagingcanada.com"
89.178.231.101 - - [17/Jul/2010:02:26:14 -0700] "GET / HTTP/1.0" 200 1723 "http://yandex.ru/yandsearch?text=usergate" "Mozilla/4.0 (compatible; MSIE 6.0; Windows NT 5.1; MRA 4.3 (build 01218))" "silverimagingcanada.com"
75.101.204.223 - - [17/Jul/2010:02:59:15 -0700] "GET / HTTP/1.1" 200 1739 "-" "Mozilla/4.0 (compatible; MSIE 7.0; Windows NT 6.0; WOW64; SLCC1; .NET CLR 3.0.04506)" "silverimagingcanada.com"
93.158.144.27 - - [17/Jul/2010:04:29:49 -0700] "GET /logs/access_100212.log HTTP/1.1" 200 347745 "-" "Mozilla/5.0 (compatible; YandexBot/3.0; +http://yandex.com/bots)" "www.silverimagingcanada.com"
62.44.82.61 - - [17/Jul/2010:05:44:38 -0700] "GET /logs//assets/snippets/reflect/snippet.reflect.php?reflect_base=../../../../../../../../../../../../../../../../../../../../../../../../proc/self/environ%00 HTTP/1.1" 404 - "-" "libwww-perl/5.803" "www.silverimagingcanada.com"
62.44.82.61 - - [17/Jul/2010:05:44:38 -0700] "GET /assets/snippets/reflect/snippet.reflect.php?reflect_base=../../../../../../../../../../../../../../../../../../../../../../../../proc/self/environ%00 HTTP/1.1" 404 - "-" "libwww-perl/5.803" "www.silverimagingcanada.com"
62.44.82.61 - - [17/Jul/2010:06:18:22 -0700] "GET /logs//assets/snippets/reflect/snippet.reflect.php?reflect_base=../../../../../../../../../../../../../../../proc/self/environ%00 HTTP/1.1" 404 - "-" "libwww-perl/5.803" "www.silverimagingcanada.com"
62.44.82.61 - - [17/Jul/2010:06:18:22 -0700] "GET /assets/snippets/reflect/snippet.reflect.php?reflect_base=../../../../../../../../../../../../../../../proc/self/environ%00 HTTP/1.1" 404 - "-" "libwww-perl/5.803" "www.silverimagingcanada.com"
93.158.144.27 - - [17/Jul/2010:06:35:58 -0700] "GET /logs/access_100112.log HTTP/1.1" 200 305141 "-" "Mozilla/5.0 (compatible; YandexBot/3.0; +http://yandex.com/bots)" "www.silverimagingcanada.com"
72.30.142.222 - - [17/Jul/2010:08:12:33 -0700] "GET /robots.txt HTTP/1.0" 404 - "-" "Mozilla/5.0 (compatible; Yahoo! Slurp; http://help.yahoo.com/help/us/ysearch/slurp)" "www.silverimagingcanada.com"
72.30.142.222 - - [17/Jul/2010:08:12:33 -0700] "GET / HTTP/1.0" 200 1723 "-" "Mozilla/5.0 (compatible; Yahoo! Slurp/3.0; http://help.yahoo.com/help/us/ysearch/slurp)" "www.silverimagingcanada.com"
93.158.144.27 - - [17/Jul/2010:08:42:38 -0700] "GET /logs/access_100412.log HTTP/1.1" 200 0 "-" "Mozilla/5.0 (compatible; YandexBot/3.0; +http://yandex.com/bots)" "www.silverimagingcanada.com"
93.158.144.27 - - [17/Jul/2010:11:08:14 -0700] "GET /logs/access_100312.log HTTP/1.1" 200 0 "-" "Mozilla/5.0 (compatible; YandexBot/3.0; +http://yandex.com/bots)" "www.silverimagingcanada.com"
207.46.13.138 - - [17/Jul/2010:12:18:35 -0700] "GET /robots.txt HTTP/1.1" 404 - "-" "msnbot/2.0b (+http://search.msn.com/msnbot.htm)" "silverimagingcanada.com"
207.46.13.138 - - [17/Jul/2010:12:52:22 -0700] "GET /tmp/ HTTP/1.1" 200 520 "-" "msnbot/2.0b (+http://search.msn.com/msnbot.htm)" "silverimagingcanada.com"
67.195.115.86 - - [17/Jul/2010:15:41:08 -0700] "GET /robots.txt HTTP/1.0" 404 - "-" "Mozilla/5.0 (compatible; Yahoo! Slurp; http://help.yahoo.com/help/us/ysearch/slurp)" "www.silverimagingcanada.com"
67.195.115.86 - - [17/Jul/2010:15:41:09 -0700] "GET /tmp/ HTTP/1.0" 200 504 "-" "Mozilla/5.0 (compatible; Yahoo! Slurp/3.0; http://help.yahoo.com/help/us/ysearch/slurp)" "www.silverimagingcanada.com"
207.46.13.100 - - [17/Jul/2010:15:47:16 -0700] "GET /robots.txt HTTP/1.1" 404 - "-" "msnbot/2.0b (+http://search.msn.com/msnbot.htm)" "silverimagingcanada.com"
38.111.147.83 - - [17/Jul/2010:16:02:13 -0700] "GET /sitebuilder/images/?M=A HTTP/1.0" 200 54994 "-" "TurnitinBot/2.1 (http://www.turnitin.com/robot/crawlerinfo.html)" "www.silverimagingcanada.com"
38.111.147.83 - - [17/Jul/2010:16:03:09 -0700] "GET /sitebuilder/images/?D=A HTTP/1.0" 200 54994 "-" "TurnitinBot/2.1 (http://www.turnitin.com/robot/crawlerinfo.html)" "www.silverimagingcanada.com"
38.111.147.83 - - [17/Jul/2010:16:04:05 -0700] "GET /tmp/ HTTP/1.0" 200 504 "-" "TurnitinBot/2.1 (http://www.turnitin.com/robot/crawlerinfo.html)" "www.silverimagingcanada.com"
207.46.13.100 - - [17/Jul/2010:16:04:52 -0700] "GET / HTTP/1.1" 200 1739 "-" "msnbot/2.0b (+http://search.msn.com/msnbot.htm)" "silverimagingcanada.com"
38.111.147.83 - - [17/Jul/2010:16:04:58 -0700] "GET /sounds/ HTTP/1.0" 200 648 "-" "TurnitinBot/2.1 (http://www.turnitin.com/robot/crawlerinfo.html)" "www.silverimagingcanada.com"
38.111.147.83 - - [17/Jul/2010:16:05:50 -0700] "GET /scripts/ HTTP/1.0" 200 650 "-" "TurnitinBot/2.1 (http://www.turnitin.com/robot/crawlerinfo.html)" "www.silverimagingcanada.com"
38.111.147.83 - - [17/Jul/2010:16:21:26 -0700] "GET /navigation_bars/ HTTP/1.0" 200 667 "-" "TurnitinBot/2.1 (http://www.turnitin.com/robot/crawlerinfo.html)" "www.silverimagingcanada.com"
38.111.147.83 - - [17/Jul/2010:16:22:18 -0700] "GET /logs/ HTTP/1.0" 200 2924 "-" "TurnitinBot/2.1 (http://www.turnitin.com/robot/crawlerinfo.html)" "www.silverimagingcanada.com"
38.111.147.83 - - [17/Jul/2010:16:23:10 -0700] "GET /images/ HTTP/1.0" 200 510 "-" "TurnitinBot/2.1 (http://www.turnitin.com/robot/crawlerinfo.html)" "www.silverimagingcanada.com"
38.111.147.83 - - [17/Jul/2010:16:24:00 -0700] "GET /clipart/ HTTP/1.0" 200 1334 "-" "TurnitinBot/2.1 (http://www.turnitin.com/robot/crawlerinfo.html)" "www.silverimagingcanada.com"
38.111.147.83 - - [17/Jul/2010:16:24:52 -0700] "GET /?S=A HTTP/1.0" 200 1723 "-" "TurnitinBot/2.1 (http://www.turnitin.com/robot/crawlerinfo.html)" "www.silverimagingcanada.com"
38.111.147.83 - - [17/Jul/2010:16:33:54 -0700] "GET /?N=D HTTP/1.0" 200 1723 "-" "TurnitinBot/2.1 (http://www.turnitin.com/robot/crawlerinfo.html)" "www.silverimagingcanada.com"
38.111.147.83 - - [17/Jul/2010:16:34:48 -0700] "GET /?M=A HTTP/1.0" 200 1723 "-" "TurnitinBot/2.1 (http://www.turnitin.com/robot/crawlerinfo.html)" "www.silverimagingcanada.com"
38.111.147.83 - - [17/Jul/2010:16:35:37 -0700] "GET /?D=A HTTP/1.0" 200 1723 "-" "TurnitinBot/2.1 (http://www.turnitin.com/robot/crawlerinfo.html)" "www.silverimagingcanada.com"
38.111.147.83 - - [17/Jul/2010:16:36:23 -0700] "GET /sitebuilder/scripts/ HTTP/1.0" 200 686 "-" "TurnitinBot/2.1 (http://www.turnitin.com/robot/crawlerinfo.html)" "www.silverimagingcanada.com"
38.111.147.83 - - [17/Jul/2010:16:37:10 -0700] "GET /sitebuilder/images/?S=D HTTP/1.0" 200 54994 "-" "TurnitinBot/2.1 (http://www.turnitin.com/robot/crawlerinfo.html)" "www.silverimagingcanada.com"
208.80.193.121 - - [17/Jul/2010:18:15:30 -0700] "GET / HTTP/1.0" 200 1723 "-" "Mozilla/4.0 (compatible; MSIE 6.0; America Online Browser 1.1; Windows NT 5.1; SV1; .NET CLR 1.1.4322; .NET CLR 2.0.50727; ZangoToolbar 4.8.2)" "silverimagingcanada.com"
193.47.80.51 - - [17/Jul/2010:20:36:26 -0700] "GET /robots.txt HTTP/1.1" 404 - "-" "Mozilla/5.0 (compatible; Exabot/3.0; +http://www.exabot.com/go/robot)" "www.silverimagingcanada.com"
193.47.80.51 - - [17/Jul/2010:20:36:26 -0700] "GET / HTTP/1.1" 200 1739 "-" "Mozilla/5.0 (compatible; Exabot/3.0; +http://www.exabot.com/go/robot)" "www.silverimagingcanada.com"
193.47.80.51 - - [17/Jul/2010:20:46:51 -0700] "GET /?N=D HTTP/1.1" 200 1739 "-" "Mozilla/5.0 (compatible; Exabot/3.0; +http://www.exabot.com/go/robot)" "www.silverimagingcanada.com"
193.47.80.51 - - [17/Jul/2010:20:46:54 -0700] "GET /?M=A HTTP/1.1" 200 1739 "-" "Mozilla/5.0 (compatible; Exabot/3.0; +http://www.exabot.com/go/robot)" "www.silverimagingcanada.com"
193.47.80.51 - - [17/Jul/2010:20:46:56 -0700] "GET /?S=A HTTP/1.1" 200 1739 "-" "Mozilla/5.0 (compatible; Exabot/3.0; +http://www.exabot.com/go/robot)" "www.silverimagingcanada.com"
193.47.80.51 - - [17/Jul/2010:20:47:01 -0700] "GET /?D=A HTTP/1.1" 200 1739 "-" "Mozilla/5.0 (compatible; Exabot/3.0; +http://www.exabot.com/go/robot)" "www.silverimagingcanada.com"
67.195.115.86 - - [17/Jul/2010:21:40:56 -0700] "GET / HTTP/1.0" 200 1723 "-" "Mozilla/5.0 (compatible; Yahoo! Slurp/3.0; http://help.yahoo.com/help/us/ysearch/slurp)" "www.silverimagingcanada.com"
67.195.115.86 - - [17/Jul/2010:23:51:10 -0700] "GET /logs/ HTTP/1.0" 200 2924 "-" "Mozilla/5.0 (compatible; Yahoo! Slurp/3.0; http://help.yahoo.com/help/us/ysearch/slurp)" "www.silverimagingcanada.com"
67.195.115.86 - - [17/Jul/2010:23:52:56 -0700] "GET /logs/access_090612.log HTTP/1.0" 200 271915 "-" "Mozilla/5.0 (compatible; Yahoo! Slurp/3.0; http://help.yahoo.com/help/us/ysearch/slurp)" "www.silverimagingcanada.com"
67.195.115.86 - - [17/Jul/2010:23:53:29 -0700] "GET /logs/?D=A HTTP/1.0" 200 2924 "-" "Mozilla/5.0 (compatible; Yahoo! Slurp/3.0; http://help.yahoo.com/help/us/ysearch/slurp)" "www.silverimagingcanada.com"
67.195.115.86 - - [17/Jul/2010:23:53:37 -0700] "GET /logs/access_090712.log HTTP/1.0" 200 710507 "-" "Mozilla/5.0 (compatible; Yahoo! Slurp/3.0; http://help.yahoo.com/help/us/ysearch/slurp)" "www.silverimagingcanada.com"
67.195.115.86 - - [17/Jul/2010:23:54:13 -0700] "GET /logs/scripts.log HTTP/1.0" 200 282 "-" "Mozilla/5.0 (compatible; Yahoo! Slurp/3.0; http://help.yahoo.com/help/us/ysearch/slurp)" "www.silverimagingcanada.com"
67.195.115.86 - - [17/Jul/2010:23:56:06 -0700] "GET /logs/access_100612.log HTTP/1.0" 200 388011 "-" "Mozilla/5.0 (compatible; Yahoo! Slurp/3.0; http://help.yahoo.com/help/us/ysearch/slurp)" "www.silverimagingcanada.com"
67.195.115.86 - - [17/Jul/2010:23:56:12 -0700] "GET /tmp/ HTTP/1.0" 200 504 "-" "Mozilla/5.0 (compatible; Yahoo! Slurp/3.0; http://help.yahoo.com/help/us/ysearch/slurp)" "www.silverimagingcanada.com"
67.195.115.86 - - [17/Jul/2010:23:57:17 -0700] "GET /tmp/?D=A HTTP/1.0" 200 504 "-" "Mozilla/5.0 (compatible; Yahoo! Slurp/3.0; http://help.yahoo.com/help/us/ysearch/slurp)" "www.silverimagingcanada.com"
67.195.115.86 - - [17/Jul/2010:23:58:05 -0700] "GET /tmp/?S=A HTTP/1.0" 200 504 "-" "Mozilla/5.0 (compatible; Yahoo! Slurp/3.0; http://help.yahoo.com/help/us/ysearch/slurp)" "www.silverimagingcanada.com"
67.195.115.86 - - [18/Jul/2010:00:01:18 -0700] "GET /tmp/?N=D HTTP/1.0" 200 504 "-" "Mozilla/5.0 (compatible; Yahoo! Slurp/3.0; http://help.yahoo.com/help/us/ysearch/slurp)" "www.silverimagingcanada.com"
195.42.102.21 - - [18/Jul/2010:01:08:49 -0700] "GET / HTTP/1.1" 200 1739 "-" "Mozilla/5.0 (compatible; Purebot/1.1; +http://www.puritysearch.net/)" "www.silverimagingcanada.com"
195.42.102.21 - - [18/Jul/2010:01:08:50 -0700] "GET /?N=D HTTP/1.1" 200 1739 "-" "Mozilla/5.0 (compatible; Purebot/1.1; +http://www.puritysearch.net/)" "www.silverimagingcanada.com"
195.42.102.21 - - [18/Jul/2010:01:08:51 -0700] "GET /?M=A HTTP/1.1" 200 1739 "-" "Mozilla/5.0 (compatible; Purebot/1.1; +http://www.puritysearch.net/)" "www.silverimagingcanada.com"
195.42.102.21 - - [18/Jul/2010:01:08:53 -0700] "GET /?S=A HTTP/1.1" 200 1739 "-" "Mozilla/5.0 (compatible; Purebot/1.1; +http://www.puritysearch.net/)" "www.silverimagingcanada.com"
195.42.102.21 - - [18/Jul/2010:01:08:54 -0700] "GET /?D=A HTTP/1.1" 200 1739 "-" "Mozilla/5.0 (compatible; Purebot/1.1; +http://www.puritysearch.net/)" "www.silverimagingcanada.com"
195.42.102.21 - - [18/Jul/2010:01:08:56 -0700] "GET /clipart/ HTTP/1.1" 200 1350 "-" "Mozilla/5.0 (compatible; Purebot/1.1; +http://www.puritysearch.net/)" "www.silverimagingcanada.com"
195.42.102.21 - - [18/Jul/2010:01:08:58 -0700] "GET /images/ HTTP/1.1" 200 526 "-" "Mozilla/5.0 (compatible; Purebot/1.1; +http://www.puritysearch.net/)" "www.silverimagingcanada.com"
195.42.102.21 - - [18/Jul/2010:01:08:59 -0700] "GET /logs/ HTTP/1.1" 200 2940 "-" "Mozilla/5.0 (compatible; Purebot/1.1; +http://www.puritysearch.net/)" "www.silverimagingcanada.com"
195.42.102.21 - - [18/Jul/2010:01:09:00 -0700] "GET /media/ HTTP/1.1" 200 2086 "-" "Mozilla/5.0 (compatible; Purebot/1.1; +http://www.puritysearch.net/)" "www.silverimagingcanada.com"
195.42.102.21 - - [18/Jul/2010:01:09:02 -0700] "GET /?N=A HTTP/1.1" 200 1739 "-" "Mozilla/5.0 (compatible; Purebot/1.1; +http://www.puritysearch.net/)" "www.silverimagingcanada.com"
195.42.102.21 - - [18/Jul/2010:01:09:03 -0700] "GET /tmp/ HTTP/1.1" 200 520 "-" "Mozilla/5.0 (compatible; Purebot/1.1; +http://www.puritysearch.net/)" "www.silverimagingcanada.com"
195.42.102.21 - - [18/Jul/2010:01:09:04 -0700] "GET /sounds/ HTTP/1.1" 200 664 "-" "Mozilla/5.0 (compatible; Purebot/1.1; +http://www.puritysearch.net/)" "www.silverimagingcanada.com"
195.42.102.21 - - [18/Jul/2010:01:09:05 -0700] "GET /sitebuilder/ HTTP/1.1" 200 948 "-" "Mozilla/5.0 (compatible; Purebot/1.1; +http://www.puritysearch.net/)" "www.silverimagingcanada.com"
195.42.102.21 - - [18/Jul/2010:01:09:07 -0700] "GET /scripts/ HTTP/1.1" 200 666 "-" "Mozilla/5.0 (compatible; Purebot/1.1; +http://www.puritysearch.net/)" "www.silverimagingcanada.com"
195.42.102.21 - - [18/Jul/2010:01:09:08 -0700] "GET /?M=D HTTP/1.1" 200 1739 "-" "Mozilla/5.0 (compatible; Purebot/1.1; +http://www.puritysearch.net/)" "www.silverimagingcanada.com"
195.42.102.21 - - [18/Jul/2010:01:09:10 -0700] "GET /navigation_bars/ HTTP/1.0" 200 667 "-" "Mozilla/5.0 (compatible; Purebot/1.1; +http://www.puritysearch.net/)" "www.silverimagingcanada.com"
195.42.102.21 - - [18/Jul/2010:01:09:12 -0700] "GET /clipart/photos/ HTTP/1.1" 200 687 "-" "Mozilla/5.0 (compatible; Purebot/1.1; +http://www.puritysearch.net/)" "www.silverimagingcanada.com"
195.42.102.21 - - [18/Jul/2010:01:09:13 -0700] "GET /clipart/photos/?S=A HTTP/1.1" 200 687 "-" "Mozilla/5.0 (compatible; Purebot/1.1; +http://www.puritysearch.net/)" "www.silverimagingcanada.com"
195.42.102.21 - - [18/Jul/2010:01:09:14 -0700] "GET /clipart/?M=A HTTP/1.1" 200 1350 "-" "Mozilla/5.0 (compatible; Purebot/1.1; +http://www.puritysearch.net/)" "www.silverimagingcanada.com"
195.42.102.21 - - [18/Jul/2010:01:09:16 -0700] "GET /clipart/photos/?N=A HTTP/1.1" 200 687 "-" "Mozilla/5.0 (compatible; Purebot/1.1; +http://www.puritysearch.net/)" "www.silverimagingcanada.com"
195.42.102.21 - - [18/Jul/2010:01:09:17 -0700] "GET /clipart/photos/?D=A HTTP/1.1" 200 687 "-" "Mozilla/5.0 (compatible; Purebot/1.1; +http://www.puritysearch.net/)" "www.silverimagingcanada.com"
195.42.102.21 - - [18/Jul/2010:01:09:18 -0700] "GET /clipart/backgrounds/ HTTP/1.1" 200 696 "-" "Mozilla/5.0 (compatible; Purebot/1.1; +http://www.puritysearch.net/)" "www.silverimagingcanada.com"
195.42.102.21 - - [18/Jul/2010:01:09:20 -0700] "GET /clipart/photos/?M=A HTTP/1.1" 200 687 "-" "Mozilla/5.0 (compatible; Purebot/1.1; +http://www.puritysearch.net/)" "www.silverimagingcanada.com"
195.42.102.21 - - [18/Jul/2010:01:09:22 -0700] "GET /clipart/buttons/ HTTP/1.1" 200 956 "-" "Mozilla/5.0 (compatible; Purebot/1.1; +http://www.puritysearch.net/)" "www.silverimagingcanada.com"
195.42.102.21 - - [18/Jul/2010:01:09:23 -0700] "GET /clipart/photos/business/ HTTP/1.1" 200 711 "-" "Mozilla/5.0 (compatible; Purebot/1.1; +http://www.puritysearch.net/)" "www.silverimagingcanada.com"
195.42.102.21 - - [18/Jul/2010:01:09:25 -0700] "GET /clipart/photos/?D=D HTTP/1.1" 200 687 "-" "Mozilla/5.0 (compatible; Purebot/1.1; +http://www.puritysearch.net/)" "www.silverimagingcanada.com"
195.42.102.21 - - [18/Jul/2010:01:09:26 -0700] "GET /navigation_bars/?D=A HTTP/1.1" 200 683 "-" "Mozilla/5.0 (compatible; Purebot/1.1; +http://www.puritysearch.net/)" "www.silverimagingcanada.com"
195.42.102.21 - - [18/Jul/2010:01:09:28 -0700] "GET /clipart/backgrounds/?M=A HTTP/1.1" 200 696 "-" "Mozilla/5.0 (compatible; Purebot/1.1; +http://www.puritysearch.net/)" "www.silverimagingcanada.com"
195.42.102.21 - - [18/Jul/2010:01:09:29 -0700] "GET /clipart/photos/?M=D HTTP/1.1" 200 687 "-" "Mozilla/5.0 (compatible; Purebot/1.1; +http://www.puritysearch.net/)" "www.silverimagingcanada.com"
195.42.102.21 - - [18/Jul/2010:01:09:31 -0700] "GET /clipart/photos/?N=D HTTP/1.1" 200 687 "-" "Mozilla/5.0 (compatible; Purebot/1.1; +http://www.puritysearch.net/)" "www.silverimagingcanada.com"
195.42.102.21 - - [18/Jul/2010:01:09:32 -0700] "GET /clipart/photos/business/?M=A HTTP/1.1" 200 711 "-" "Mozilla/5.0 (compatible; Purebot/1.1; +http://www.puritysearch.net/)" "www.silverimagingcanada.com"
195.42.102.21 - - [18/Jul/2010:01:09:33 -0700] "GET /clipart/backgrounds/sidebar/ HTTP/1.1" 200 744 "-" "Mozilla/5.0 (compatible; Purebot/1.1; +http://www.puritysearch.net/)" "www.silverimagingcanada.com"
195.42.102.21 - - [18/Jul/2010:01:09:35 -0700] "GET /clipart/photos/business/?S=A HTTP/1.1" 200 711 "-" "Mozilla/5.0 (compatible; Purebot/1.1; +http://www.puritysearch.net/)" "www.silverimagingcanada.com"
195.42.102.21 - - [18/Jul/2010:01:09:36 -0700] "GET /images/?N=D HTTP/1.1" 200 526 "-" "Mozilla/5.0 (compatible; Purebot/1.1; +http://www.puritysearch.net/)" "www.silverimagingcanada.com"
195.42.102.21 - - [18/Jul/2010:01:09:38 -0700] "GET /clipart/backgrounds/?M=D HTTP/1.1" 200 696 "-" "Mozilla/5.0 (compatible; Purebot/1.1; +http://www.puritysearch.net/)" "www.silverimagingcanada.com"
195.42.102.21 - - [18/Jul/2010:01:09:39 -0700] "GET /clipart/buttons/?D=A HTTP/1.1" 200 956 "-" "Mozilla/5.0 (compatible; Purebot/1.1; +http://www.puritysearch.net/)" "www.silverimagingcanada.com"
195.42.102.21 - - [18/Jul/2010:01:09:41 -0700] "GET /clipart/photos/business/?D=A HTTP/1.0" 200 695 "-" "Mozilla/5.0 (compatible; Purebot/1.1; +http://www.puritysearch.net/)" "www.silverimagingcanada.com"
195.42.102.21 - - [18/Jul/2010:01:09:42 -0700] "GET /clipart/photos/business/?M=D HTTP/1.1" 200 711 "-" "Mozilla/5.0 (compatible; Purebot/1.1; +http://www.puritysearch.net/)" "www.silverimagingcanada.com"
195.42.102.21 - - [18/Jul/2010:01:09:44 -0700] "GET /navigation_bars/?N=D HTTP/1.1" 200 683 "-" "Mozilla/5.0 (compatible; Purebot/1.1; +http://www.puritysearch.net/)" "www.silverimagingcanada.com"
195.42.102.21 - - [18/Jul/2010:01:09:45 -0700] "GET /clipart/photos/business/?D=D HTTP/1.1" 200 711 "-" "Mozilla/5.0 (compatible; Purebot/1.1; +http://www.puritysearch.net/)" "www.silverimagingcanada.com"
195.42.102.21 - - [18/Jul/2010:01:09:46 -0700] "GET /tmp/?M=A HTTP/1.1" 200 520 "-" "Mozilla/5.0 (compatible; Purebot/1.1; +http://www.puritysearch.net/)" "www.silverimagingcanada.com"
195.42.102.21 - - [18/Jul/2010:01:09:48 -0700] "GET /clipart/photos/business/?N=A HTTP/1.1" 200 711 "-" "Mozilla/5.0 (compatible; Purebot/1.1; +http://www.puritysearch.net/)" "www.silverimagingcanada.com"
195.42.102.21 - - [18/Jul/2010:01:09:50 -0700] "GET /clipart/photos/?S=D HTTP/1.1" 200 687 "-" "Mozilla/5.0 (compatible; Purebot/1.1; +http://www.puritysearch.net/)" "www.silverimagingcanada.com"
195.42.102.21 - - [18/Jul/2010:01:09:51 -0700] "GET /clipart/photos/business/?N=D HTTP/1.1" 200 711 "-" "Mozilla/5.0 (compatible; Purebot/1.1; +http://www.puritysearch.net/)" "www.silverimagingcanada.com"
195.42.102.21 - - [18/Jul/2010:01:09:52 -0700] "GET /clipart/photos/business/?S=D HTTP/1.1" 200 711 "-" "Mozilla/5.0 (compatible; Purebot/1.1; +http://www.puritysearch.net/)" "www.silverimagingcanada.com"
195.42.102.21 - - [18/Jul/2010:01:09:54 -0700] "GET /logs/?S=A HTTP/1.1" 200 2940 "-" "Mozilla/5.0 (compatible; Purebot/1.1; +http://www.puritysearch.net/)" "www.silverimagingcanada.com"
195.42.102.21 - - [18/Jul/2010:01:09:55 -0700] "GET /clipart/images/ HTTP/1.1" 200 993 "-" "Mozilla/5.0 (compatible; Purebot/1.1; +http://www.puritysearch.net/)" "www.silverimagingcanada.com"
195.42.102.21 - - [18/Jul/2010:01:09:57 -0700] "GET /sitebuilder/?M=A HTTP/1.1" 200 948 "-" "Mozilla/5.0 (compatible; Purebot/1.1; +http://www.puritysearch.net/)" "www.silverimagingcanada.com"
195.42.102.21 - - [18/Jul/2010:01:09:59 -0700] "GET /logs/?D=A HTTP/1.1" 200 2940 "-" "Mozilla/5.0 (compatible; Purebot/1.1; +http://www.puritysearch.net/)" "www.silverimagingcanada.com"
195.42.102.21 - - [18/Jul/2010:01:10:00 -0700] "GET /sounds/?D=A HTTP/1.1" 200 664 "-" "Mozilla/5.0 (compatible; Purebot/1.1; +http://www.puritysearch.net/)" "www.silverimagingcanada.com"
195.42.102.21 - - [18/Jul/2010:01:10:02 -0700] "GET /media/?S=A HTTP/1.1" 200 2086 "-" "Mozilla/5.0 (compatible; Purebot/1.1; +http://www.puritysearch.net/)" "www.silverimagingcanada.com"
195.42.102.21 - - [18/Jul/2010:01:10:03 -0700] "GET /tmp/?N=A HTTP/1.1" 200 520 "-" "Mozilla/5.0 (compatible; Purebot/1.1; +http://www.puritysearch.net/)" "www.silverimagingcanada.com"
195.42.102.21 - - [18/Jul/2010:01:10:04 -0700] "GET /images/?M=A HTTP/1.1" 200 526 "-" "Mozilla/5.0 (compatible; Purebot/1.1; +http://www.puritysearch.net/)" "www.silverimagingcanada.com"
