66.249.65.187 - - [26/Jul/2010:20:07:44 -0700] "GET /sitebuilder/images/IMG_1122-276x198.jpg HTTP/1.1" 200 10302 "-" "Googlebot-Image/1.0" "www.silverimagingcanada.com"
67.195.114.46 - - [27/Jul/2010:01:46:37 -0700] "GET /robots.txt HTTP/1.0" 404 - "-" "Mozilla/5.0 (compatible; Yahoo! Slurp; http://help.yahoo.com/help/us/ysearch/slurp)" "silverimagingcanada.com"
67.195.114.46 - - [27/Jul/2010:01:46:37 -0700] "GET / HTTP/1.0" 200 1723 "-" "Mozilla/5.0 (compatible; Yahoo! Slurp/3.0; http://help.yahoo.com/help/us/ysearch/slurp)" "silverimagingcanada.com"
67.195.114.46 - - [27/Jul/2010:01:47:17 -0700] "GET /sounds/ HTTP/1.0" 200 648 "-" "Mozilla/5.0 (compatible; Yahoo! Slurp/3.0; http://help.yahoo.com/help/us/ysearch/slurp)" "silverimagingcanada.com"
66.249.65.172 - - [27/Jul/2010:02:22:24 -0700] "GET /robots.txt HTTP/1.1" 404 - "-" "Googlebot-Image/1.0" "silverimagingcanada.com"
66.249.65.172 - - [27/Jul/2010:02:22:24 -0700] "GET /sitebuilder/images/navbar-2-active-69000.png HTTP/1.1" 200 746 "-" "Googlebot-Image/1.0" "silverimagingcanada.com"
66.249.65.161 - - [27/Jul/2010:02:22:26 -0700] "GET /sitebuilder/images/Cavcam_Brush4-432x600.jpg HTTP/1.1" 200 32844 "-" "Googlebot-Image/1.0" "silverimagingcanada.com"
67.195.115.86 - - [27/Jul/2010:03:02:37 -0700] "GET /robots.txt HTTP/1.0" 404 - "-" "Mozilla/5.0 (compatible; Yahoo! Slurp; http://help.yahoo.com/help/us/ysearch/slurp)" "www.silverimagingcanada.com"
67.195.115.86 - - [27/Jul/2010:03:02:37 -0700] "GET /sounds/?M=A HTTP/1.0" 200 648 "-" "Mozilla/5.0 (compatible; Yahoo! Slurp/3.0; http://help.yahoo.com/help/us/ysearch/slurp)" "www.silverimagingcanada.com"
97.113.203.168 - - [27/Jul/2010:03:16:28 -0700] "GET /sitebuilder/images/IMG_1184-420x310.jpg HTTP/1.1" 200 30969 "http://www.dotheton.com/forum/index.php?topic=1721.0" "Mozilla/5.0 (Windows; U; Windows NT 6.1; en-US) AppleWebKit/533.4 (KHTML, like Gecko) Chrome/5.0.375.99 Safari/533.4" "silverimagingcanada.com"
97.113.203.168 - - [27/Jul/2010:03:16:28 -0700] "GET /sitebuilder/images/img052-374x274.jpg HTTP/1.1" 200 18043 "http://www.dotheton.com/forum/index.php?topic=1721.0" "Mozilla/5.0 (Windows; U; Windows NT 6.1; en-US) AppleWebKit/533.4 (KHTML, like Gecko) Chrome/5.0.375.99 Safari/533.4" "silverimagingcanada.com"
97.113.203.168 - - [27/Jul/2010:03:16:29 -0700] "GET /sitebuilder/images/img056-393x289.jpg HTTP/1.1" 200 20721 "http://www.dotheton.com/forum/index.php?topic=1721.0" "Mozilla/5.0 (Windows; U; Windows NT 6.1; en-US) AppleWebKit/533.4 (KHTML, like Gecko) Chrome/5.0.375.99 Safari/533.4" "silverimagingcanada.com"
97.113.203.168 - - [27/Jul/2010:03:16:29 -0700] "GET /sitebuilder/images/img053-365x267.jpg HTTP/1.1" 200 19523 "http://www.dotheton.com/forum/index.php?topic=1721.0" "Mozilla/5.0 (Windows; U; Windows NT 6.1; en-US) AppleWebKit/533.4 (KHTML, like Gecko) Chrome/5.0.375.99 Safari/533.4" "silverimagingcanada.com"
67.195.115.86 - - [27/Jul/2010:06:19:22 -0700] "GET /media/?D=A HTTP/1.0" 200 2070 "-" "Mozilla/5.0 (compatible; Yahoo! Slurp/3.0; http://help.yahoo.com/help/us/ysearch/slurp)" "www.silverimagingcanada.com"
66.249.65.184 - - [27/Jul/2010:07:58:02 -0700] "GET /sitebuilder/images/734_sealant2-132x88.jpg HTTP/1.1" 200 3206 "-" "Googlebot-Image/1.0" "silverimagingcanada.com"
66.249.65.179 - - [27/Jul/2010:07:58:05 -0700] "GET /sitebuilder/images/PICT0045-261x200.jpg HTTP/1.1" 200 9049 "-" "Googlebot-Image/1.0" "silverimagingcanada.com"
66.249.65.170 - - [27/Jul/2010:07:58:16 -0700] "GET /sitebuilder/images/IMG_1106-294x211.jpg HTTP/1.1" 200 13541 "-" "Googlebot-Image/1.0" "silverimagingcanada.com"
66.249.65.177 - - [27/Jul/2010:07:58:16 -0700] "GET /sitebuilder/images/S4020074-354x259.jpg HTTP/1.1" 200 20056 "-" "Googlebot-Image/1.0" "silverimagingcanada.com"
66.249.65.152 - - [27/Jul/2010:07:58:18 -0700] "GET /sitebuilder/images/navbar-3-inactive-58889.png HTTP/1.1" 200 353 "-" "Googlebot-Image/1.0" "silverimagingcanada.com"
66.249.65.163 - - [27/Jul/2010:07:58:25 -0700] "GET /sitebuilder/images/Text_Label-66x956.jpg HTTP/1.1" 200 14577 "-" "Googlebot-Image/1.0" "silverimagingcanada.com"
66.249.65.142 - - [27/Jul/2010:07:58:26 -0700] "GET /sitebuilder/images/navbar-3-active-22030.png HTTP/1.1" 200 632 "-" "Googlebot-Image/1.0" "silverimagingcanada.com"
66.249.65.154 - - [27/Jul/2010:07:58:26 -0700] "GET /sitebuilder/images/newmonitor3-155x219.jpg HTTP/1.1" 200 7080 "-" "Googlebot-Image/1.0" "silverimagingcanada.com"
207.46.13.133 - - [27/Jul/2010:09:39:29 -0700] "GET /robots.txt HTTP/1.1" 404 - "-" "msnbot/2.0b (+http://search.msn.com/msnbot.htm)" "silverimagingcanada.com"
88.131.106.2 - - [27/Jul/2010:10:06:48 -0700] "GET /robots.txt HTTP/1.0" 404 - "-" "Mozilla/5.0 (Windows; U; Windows NT 5.1; en-US) Speedy Spider (http://www.entireweb.com/about/search_tech/speedy_spider/)" "silverimagingcanada.com"
88.131.106.8 - - [27/Jul/2010:10:06:51 -0700] "GET /media/?S=A HTTP/1.0" 200 2070 "-" "Mozilla/5.0 (Windows; U; Windows NT 5.1; en-US) Speedy Spider (http://www.entireweb.com/about/search_tech/speedy_spider/)" "silverimagingcanada.com"
207.46.13.133 - - [27/Jul/2010:10:11:59 -0700] "GET /media/ HTTP/1.1" 200 2086 "-" "msnbot/2.0b (+http://search.msn.com/msnbot.htm)" "silverimagingcanada.com"
207.46.12.158 - - [27/Jul/2010:10:48:07 -0700] "GET /logs/ HTTP/1.0" 200 2924 "-" "Mozilla/4.0 (compatible; MSIE 6.0; Windows NT 5.2; SLCC1; .NET CLR 1.1.4322; .NET CLR 2.0.40607; .NET CLR 3.0.04506.648)" "silverimagingcanada.com"
208.80.193.42 - - [27/Jul/2010:11:58:08 -0700] "GET / HTTP/1.0" 200 1723 "-" "Mozilla/4.0 (compatible; MSIE 6.0; Windows NT 5.1; SV1; elertz 2.4.022)" "silverimagingcanada.com"
93.158.144.27 - - [27/Jul/2010:12:38:44 -0700] "GET /robots.txt HTTP/1.1" 404 - "-" "Mozilla/5.0 (compatible; YandexBot/3.0; +http://yandex.com/bots)" "www.silverimagingcanada.com"
67.195.114.46 - - [27/Jul/2010:13:19:02 -0700] "GET /robots.txt HTTP/1.0" 404 - "-" "Mozilla/5.0 (compatible; Yahoo! Slurp; http://help.yahoo.com/help/us/ysearch/slurp)" "silverimagingcanada.com"
67.195.114.46 - - [27/Jul/2010:13:19:02 -0700] "GET /scripts/ HTTP/1.0" 200 650 "-" "Mozilla/5.0 (compatible; Yahoo! Slurp/3.0; http://help.yahoo.com/help/us/ysearch/slurp)" "silverimagingcanada.com"
93.158.144.27 - - [27/Jul/2010:16:36:09 -0700] "GET /media/PLUS0010.ASF HTTP/1.1" 200 786432 "-" "Mozilla/5.0 (compatible; YandexBot/3.0; +http://yandex.com/bots)" "www.silverimagingcanada.com"
208.80.193.121 - - [27/Jul/2010:20:17:23 -0700] "GET / HTTP/1.0" 200 1723 "-" "Mozilla/4.0 (compatible; MSIE 6.0; Windows NT 5.1; {7596E8DC-ACDC-6ED0-A1E3-367184454AF0})" "www.silverimagingcanada.com"
93.158.144.27 - - [27/Jul/2010:21:04:04 -0700] "GET /logs/access_100712.log HTTP/1.1" 200 0 "-" "Mozilla/5.0 (compatible; YandexBot/3.0; +http://yandex.com/bots)" "www.silverimagingcanada.com"
67.195.115.86 - - [27/Jul/2010:23:27:17 -0700] "GET /robots.txt HTTP/1.0" 404 - "-" "Mozilla/5.0 (compatible; Yahoo! Slurp; http://help.yahoo.com/help/us/ysearch/slurp)" "www.silverimagingcanada.com"
67.195.115.86 - - [27/Jul/2010:23:27:17 -0700] "GET /images/ HTTP/1.0" 200 510 "-" "Mozilla/5.0 (compatible; Yahoo! Slurp/3.0; http://help.yahoo.com/help/us/ysearch/slurp)" "www.silverimagingcanada.com"
67.195.114.46 - - [28/Jul/2010:02:13:52 -0700] "GET /robots.txt HTTP/1.0" 404 - "-" "Mozilla/5.0 (compatible; Yahoo! Slurp; http://help.yahoo.com/help/us/ysearch/slurp)" "silverimagingcanada.com"
67.195.114.46 - - [28/Jul/2010:02:13:53 -0700] "GET /?S=A HTTP/1.0" 200 1723 "-" "Mozilla/5.0 (compatible; Yahoo! Slurp/3.0; http://help.yahoo.com/help/us/ysearch/slurp)" "silverimagingcanada.com"
184.73.87.56 - - [28/Jul/2010:02:25:49 -0700] "GET /robots.txt HTTP/1.0" 404 - "-" "SheenBot/SheenBot-1.0.4 (Sheen web crawler)" "www.silverimagingcanada.com"
184.73.87.56 - - [28/Jul/2010:02:25:49 -0700] "GET / HTTP/1.0" 200 1723 "-" "SheenBot/SheenBot-1.0.4 (Sheen web crawler)" "www.silverimagingcanada.com"
66.249.65.186 - - [28/Jul/2010:02:32:59 -0700] "GET /robots.txt HTTP/1.1" 404 - "-" "Googlebot-Image/1.0" "silverimagingcanada.com"
66.249.65.179 - - [28/Jul/2010:02:32:59 -0700] "GET /sitebuilder/images/navbar-0-active-90139.png HTTP/1.1" 200 1116 "-" "Googlebot-Image/1.0" "silverimagingcanada.com"
66.249.65.142 - - [28/Jul/2010:02:32:59 -0700] "GET /sitebuilder/images/navbar-3-active-29640.png HTTP/1.1" 200 326 "-" "Googlebot-Image/1.0" "silverimagingcanada.com"
66.249.65.183 - - [28/Jul/2010:02:32:59 -0700] "GET /sitebuilder/images/myface-69x75.jpg HTTP/1.1" 200 1845 "-" "Googlebot-Image/1.0" "silverimagingcanada.com"
66.249.65.182 - - [28/Jul/2010:02:32:59 -0700] "GET /sitebuilder/images/IMG_1184-420x310.jpg HTTP/1.1" 200 30969 "-" "Googlebot-Image/1.0" "silverimagingcanada.com"
66.249.65.188 - - [28/Jul/2010:02:32:59 -0700] "GET /sitebuilder/images/S4020048-252x171.jpg HTTP/1.1" 200 4887 "-" "Googlebot-Image/1.0" "silverimagingcanada.com"
66.249.65.188 - - [28/Jul/2010:02:32:59 -0700] "GET /sitebuilder/images/Las_Vegas_008-388x284.jpg HTTP/1.1" 200 21120 "-" "Googlebot-Image/1.0" "silverimagingcanada.com"
66.249.65.172 - - [28/Jul/2010:02:33:00 -0700] "GET /sitebuilder/images/A-8_cable_carrier-145x103.jpg HTTP/1.1" 200 3900 "-" "Googlebot-Image/1.0" "silverimagingcanada.com"
66.249.65.188 - - [28/Jul/2010:02:33:00 -0700] "GET /sitebuilder/images/electroGrid1_blue-143x870.jpg HTTP/1.1" 200 15321 "-" "Googlebot-Image/1.0" "silverimagingcanada.com"
66.249.65.184 - - [28/Jul/2010:02:33:00 -0700] "GET /sitebuilder/images/pipe3-367x249.jpg HTTP/1.1" 200 11359 "-" "Googlebot-Image/1.0" "silverimagingcanada.com"
66.249.65.184 - - [28/Jul/2010:02:33:00 -0700] "GET /sitebuilder/images/IMG_1115-278x200.jpg HTTP/1.1" 200 11449 "-" "Googlebot-Image/1.0" "silverimagingcanada.com"
67.195.115.86 - - [28/Jul/2010:02:33:02 -0700] "GET /media/?S=A HTTP/1.0" 200 2070 "-" "Mozilla/5.0 (compatible; Yahoo! Slurp/3.0; http://help.yahoo.com/help/us/ysearch/slurp)" "www.silverimagingcanada.com"
67.195.115.86 - - [28/Jul/2010:02:42:41 -0700] "GET /?N=D HTTP/1.0" 200 1723 "-" "Mozilla/5.0 (compatible; Yahoo! Slurp/3.0; http://help.yahoo.com/help/us/ysearch/slurp)" "www.silverimagingcanada.com"
93.158.144.27 - - [28/Jul/2010:03:05:49 -0700] "GET /logs/ HTTP/1.1" 200 2940 "-" "Mozilla/5.0 (compatible; YandexBot/3.0; +http://yandex.com/bots)" "www.silverimagingcanada.com"
121.120.99.80 - - [28/Jul/2010:03:35:51 -0700] "GET /sitebuilder/images/Gay_DVR_Splash_Screen2-581x435.jpg HTTP/1.1" 200 25628 "http://www.google.com.my/imglanding?q=gay%20hug&imgurl=http://clubnet.zeelandnet.nl/hijzijzo/GayMaleWaterHug.jpg&imgrefurl=http://www.srtforums.com/forums/f12/sex-positions-525353/&usg=__ERwQHpvpzgpl69p7KFcPJnF-98I=&h=415&w=320&sz=19&hl=en&itbs=1&tbnid=gH2tNH7ngjvQlM:&tbnh=125&tbnw=96&prev=/images%3Fq%3Dgay%2Bhug%26hl%3Den%26sa%3DG%26tbs%3Disch:1&sa=G&tbs=isch:1&start=0" "Mozilla/5.0 (Windows; U; Windows NT 6.0; en-US) AppleWebKit/531.22.7 (KHTML, like Gecko) Version/4.0.5 Safari/531.22.7" "www.silverimagingcanada.com"
66.249.65.166 - - [28/Jul/2010:06:11:28 -0700] "GET /robots.txt HTTP/1.1" 404 - "-" "Googlebot-Image/1.0" "www.silverimagingcanada.com"
66.249.65.145 - - [28/Jul/2010:06:11:29 -0700] "GET /sitebuilder/images/IMG_0342-444x328.jpg HTTP/1.1" 200 14174 "-" "Googlebot-Image/1.0" "www.silverimagingcanada.com"
207.46.204.229 - - [28/Jul/2010:07:30:54 -0700] "GET /robots.txt HTTP/1.1" 404 - "-" "msnbot/2.0b (+http://search.msn.com/msnbot.htm)" "silverimagingcanada.com"
66.249.65.167 - - [28/Jul/2010:08:07:29 -0700] "GET /sitebuilder/images/navbar-4-active-23093.png HTTP/1.1" 200 588 "-" "Googlebot-Image/1.0" "silverimagingcanada.com"
66.249.65.180 - - [28/Jul/2010:08:07:29 -0700] "GET /sitebuilder/images/navbar-3-inactive-06156.png HTTP/1.1" 200 739 "-" "Googlebot-Image/1.0" "silverimagingcanada.com"
66.249.65.129 - - [28/Jul/2010:08:07:29 -0700] "GET /sitebuilder/images/navbar-2-active-16108.png HTTP/1.1" 200 314 "-" "Googlebot-Image/1.0" "silverimagingcanada.com"
66.249.65.148 - - [28/Jul/2010:08:07:31 -0700] "GET /sitebuilder/images/CavcaM-310x81.jpg HTTP/1.1" 200 6074 "-" "Googlebot-Image/1.0" "silverimagingcanada.com"
66.249.65.163 - - [28/Jul/2010:08:07:36 -0700] "GET /sitebuilder/images/navbar-1-active-19686.png HTTP/1.1" 200 570 "-" "Googlebot-Image/1.0" "silverimagingcanada.com"
66.249.65.174 - - [28/Jul/2010:08:07:37 -0700] "GET /sitebuilder/images/Complete_Bag_3_pieces_total-211x148.jpg HTTP/1.1" 200 5178 "-" "Googlebot-Image/1.0" "silverimagingcanada.com"
66.249.65.177 - - [28/Jul/2010:08:07:37 -0700] "GET /sitebuilder/images/Las_Vegas_0032-213x294.jpg HTTP/1.1" 200 13870 "-" "Googlebot-Image/1.0" "silverimagingcanada.com"
66.249.65.182 - - [28/Jul/2010:08:07:37 -0700] "GET /sitebuilder/images/navbar-4-inactive-20858.png HTTP/1.1" 200 594 "-" "Googlebot-Image/1.0" "silverimagingcanada.com"
66.249.65.188 - - [28/Jul/2010:08:07:40 -0700] "GET /sitebuilder/images/PICT0042-180x123.jpg HTTP/1.1" 200 3909 "-" "Googlebot-Image/1.0" "silverimagingcanada.com"
67.195.114.46 - - [28/Jul/2010:09:37:06 -0700] "GET /robots.txt HTTP/1.0" 404 - "-" "Mozilla/5.0 (compatible; Yahoo! Slurp; http://help.yahoo.com/help/us/ysearch/slurp)" "silverimagingcanada.com"
67.195.114.46 - - [28/Jul/2010:09:37:06 -0700] "GET /sitebuilder/ HTTP/1.0" 200 932 "-" "Mozilla/5.0 (compatible; Yahoo! Slurp/3.0; http://help.yahoo.com/help/us/ysearch/slurp)" "silverimagingcanada.com"
67.195.115.86 - - [28/Jul/2010:10:55:12 -0700] "GET /robots.txt HTTP/1.0" 404 - "-" "Mozilla/5.0 (compatible; Yahoo! Slurp; http://help.yahoo.com/help/us/ysearch/slurp)" "www.silverimagingcanada.com"
67.195.115.86 - - [28/Jul/2010:10:55:12 -0700] "GET /?S=A HTTP/1.0" 200 1723 "-" "Mozilla/5.0 (compatible; Yahoo! Slurp/3.0; http://help.yahoo.com/help/us/ysearch/slurp)" "www.silverimagingcanada.com"
38.103.17.183 - - [28/Jul/2010:11:23:38 -0700] "GET / HTTP/1.1" 200 1739 "-" "CyberPatrol SiteCat Webbot (http://www.cyberpatrol.com/cyberpatrolcrawler.asp)" "silverimagingcanada.com"
38.103.17.183 - - [28/Jul/2010:11:23:39 -0700] "GET /clipart HTTP/1.1" 301 102 "-" "CyberPatrol SiteCat Webbot (http://www.cyberpatrol.com/cyberpatrolcrawler.asp)" "silverimagingcanada.com"
38.103.17.183 - - [28/Jul/2010:11:23:39 -0700] "GET /clipart/ HTTP/1.1" 200 1350 "-" "CyberPatrol SiteCat Webbot (http://www.cyberpatrol.com/cyberpatrolcrawler.asp)" "silverimagingcanada.com"
38.103.17.183 - - [28/Jul/2010:11:23:40 -0700] "GET /clipart/backgrounds HTTP/1.1" 301 114 "-" "CyberPatrol SiteCat Webbot (http://www.cyberpatrol.com/cyberpatrolcrawler.asp)" "silverimagingcanada.com"
38.103.17.183 - - [28/Jul/2010:11:23:40 -0700] "GET /clipart/backgrounds/ HTTP/1.1" 200 696 "-" "CyberPatrol SiteCat Webbot (http://www.cyberpatrol.com/cyberpatrolcrawler.asp)" "silverimagingcanada.com"
38.103.17.183 - - [28/Jul/2010:11:23:41 -0700] "GET /clipart/sidebar HTTP/1.1" 404 - "-" "CyberPatrol SiteCat Webbot (http://www.cyberpatrol.com/cyberpatrolcrawler.asp)" "silverimagingcanada.com"
38.103.17.183 - - [28/Jul/2010:11:23:41 -0700] "GET /clipart/bullets HTTP/1.1" 301 110 "-" "CyberPatrol SiteCat Webbot (http://www.cyberpatrol.com/cyberpatrolcrawler.asp)" "silverimagingcanada.com"
38.103.17.183 - - [28/Jul/2010:11:23:41 -0700] "GET /clipart/bullets/ HTTP/1.1" 200 962 "-" "CyberPatrol SiteCat Webbot (http://www.cyberpatrol.com/cyberpatrolcrawler.asp)" "silverimagingcanada.com"
38.103.17.183 - - [28/Jul/2010:11:23:43 -0700] "GET /clipart/arrows HTTP/1.1" 404 - "-" "CyberPatrol SiteCat Webbot (http://www.cyberpatrol.com/cyberpatrolcrawler.asp)" "silverimagingcanada.com"
38.103.17.183 - - [28/Jul/2010:11:23:43 -0700] "GET /clipart/numbers HTTP/1.1" 404 - "-" "CyberPatrol SiteCat Webbot (http://www.cyberpatrol.com/cyberpatrolcrawler.asp)" "silverimagingcanada.com"
38.103.17.183 - - [28/Jul/2010:11:23:43 -0700] "GET /clipart/buttons HTTP/1.1" 301 110 "-" "CyberPatrol SiteCat Webbot (http://www.cyberpatrol.com/cyberpatrolcrawler.asp)" "silverimagingcanada.com"
38.103.17.183 - - [28/Jul/2010:11:23:43 -0700] "GET /clipart/buttons/ HTTP/1.1" 200 956 "-" "CyberPatrol SiteCat Webbot (http://www.cyberpatrol.com/cyberpatrolcrawler.asp)" "silverimagingcanada.com"
38.103.17.183 - - [28/Jul/2010:11:23:44 -0700] "GET /clipart/blank HTTP/1.1" 404 - "-" "CyberPatrol SiteCat Webbot (http://www.cyberpatrol.com/cyberpatrolcrawler.asp)" "silverimagingcanada.com"
38.103.17.183 - - [28/Jul/2010:11:23:44 -0700] "GET /clipart/paypal HTTP/1.1" 404 - "-" "CyberPatrol SiteCat Webbot (http://www.cyberpatrol.com/cyberpatrolcrawler.asp)" "silverimagingcanada.com"
38.103.17.183 - - [28/Jul/2010:11:23:44 -0700] "GET /clipart/themes HTTP/1.1" 404 - "-" "CyberPatrol SiteCat Webbot (http://www.cyberpatrol.com/cyberpatrolcrawler.asp)" "silverimagingcanada.com"
38.103.17.183 - - [28/Jul/2010:11:23:44 -0700] "GET /clipart/images HTTP/1.1" 301 109 "-" "CyberPatrol SiteCat Webbot (http://www.cyberpatrol.com/cyberpatrolcrawler.asp)" "silverimagingcanada.com"
38.103.17.183 - - [28/Jul/2010:11:23:44 -0700] "GET /clipart/images/ HTTP/1.1" 200 993 "-" "CyberPatrol SiteCat Webbot (http://www.cyberpatrol.com/cyberpatrolcrawler.asp)" "silverimagingcanada.com"
38.103.17.183 - - [28/Jul/2010:11:23:45 -0700] "GET /clipart/sidebars HTTP/1.1" 404 - "-" "CyberPatrol SiteCat Webbot (http://www.cyberpatrol.com/cyberpatrolcrawler.asp)" "silverimagingcanada.com"
38.103.17.183 - - [28/Jul/2010:11:23:45 -0700] "GET /clipart/pageHeaders HTTP/1.1" 301 114 "-" "CyberPatrol SiteCat Webbot (http://www.cyberpatrol.com/cyberpatrolcrawler.asp)" "silverimagingcanada.com"
38.103.17.183 - - [28/Jul/2010:11:23:45 -0700] "GET /clipart/pageHeaders/ HTTP/1.1" 200 1322 "-" "CyberPatrol SiteCat Webbot (http://www.cyberpatrol.com/cyberpatrolcrawler.asp)" "silverimagingcanada.com"
38.103.17.183 - - [28/Jul/2010:11:23:46 -0700] "GET /clipart/photos HTTP/1.1" 301 109 "-" "CyberPatrol SiteCat Webbot (http://www.cyberpatrol.com/cyberpatrolcrawler.asp)" "silverimagingcanada.com"
38.103.17.183 - - [28/Jul/2010:11:23:46 -0700] "GET /clipart/photos/ HTTP/1.1" 200 687 "-" "CyberPatrol SiteCat Webbot (http://www.cyberpatrol.com/cyberpatrolcrawler.asp)" "silverimagingcanada.com"
38.103.17.183 - - [28/Jul/2010:11:23:48 -0700] "GET /clipart/business HTTP/1.1" 404 - "-" "CyberPatrol SiteCat Webbot (http://www.cyberpatrol.com/cyberpatrolcrawler.asp)" "silverimagingcanada.com"
38.103.17.183 - - [28/Jul/2010:11:23:48 -0700] "GET /images HTTP/1.1" 301 101 "-" "CyberPatrol SiteCat Webbot (http://www.cyberpatrol.com/cyberpatrolcrawler.asp)" "silverimagingcanada.com"
38.103.17.183 - - [28/Jul/2010:11:23:48 -0700] "GET /images/ HTTP/1.1" 200 526 "-" "CyberPatrol SiteCat Webbot (http://www.cyberpatrol.com/cyberpatrolcrawler.asp)" "silverimagingcanada.com"
38.103.17.183 - - [28/Jul/2010:11:23:49 -0700] "GET /logs HTTP/1.1" 301 99 "-" "CyberPatrol SiteCat Webbot (http://www.cyberpatrol.com/cyberpatrolcrawler.asp)" "silverimagingcanada.com"
38.103.17.183 - - [28/Jul/2010:11:23:49 -0700] "GET /logs/ HTTP/1.1" 200 2940 "-" "CyberPatrol SiteCat Webbot (http://www.cyberpatrol.com/cyberpatrolcrawler.asp)" "silverimagingcanada.com"
38.103.17.183 - - [28/Jul/2010:11:23:50 -0700] "GET /logs/access.log HTTP/1.1" 200 218916 "-" "CyberPatrol SiteCat Webbot (http://www.cyberpatrol.com/cyberpatrolcrawler.asp)" "silverimagingcanada.com"
38.103.17.183 - - [28/Jul/2010:11:23:52 -0700] "GET /logs/access_090512.log HTTP/1.1" 200 249343 "-" "CyberPatrol SiteCat Webbot (http://www.cyberpatrol.com/cyberpatrolcrawler.asp)" "silverimagingcanada.com"
67.195.114.46 - - [28/Jul/2010:11:26:24 -0700] "GET /media/ HTTP/1.0" 200 2070 "-" "Mozilla/5.0 (compatible; Yahoo! Slurp/3.0; http://help.yahoo.com/help/us/ysearch/slurp)" "silverimagingcanada.com"
130.76.32.167 - - [28/Jul/2010:12:59:41 -0700] "GET /sitebuilder/images/IMG_1184-420x310.jpg HTTP/1.1" 200 30969 "http://www.dotheton.com/forum/index.php?topic=1721.0" "Mozilla/5.0 (Windows; U; Windows NT 5.1; en-US; rv:1.9.2.8) Gecko/20100722 (CK-zz) Firefox/3.6.8" "silverimagingcanada.com"
130.76.32.167 - - [28/Jul/2010:12:59:42 -0700] "GET /sitebuilder/images/img053-365x267.jpg HTTP/1.1" 200 19523 "http://www.dotheton.com/forum/index.php?topic=1721.0" "Mozilla/5.0 (Windows; U; Windows NT 5.1; en-US; rv:1.9.2.8) Gecko/20100722 (CK-zz) Firefox/3.6.8" "silverimagingcanada.com"
130.76.32.167 - - [28/Jul/2010:13:00:51 -0700] "GET /sitebuilder/images/IMG_0961-417x308.jpg HTTP/1.1" 200 11717 "http://www.dotheton.com/forum/index.php?topic=1721.10" "Mozilla/5.0 (Windows; U; Windows NT 5.1; en-US; rv:1.9.2.8) Gecko/20100722 (CK-zz) Firefox/3.6.8" "silverimagingcanada.com"
130.76.32.167 - - [28/Jul/2010:13:00:51 -0700] "GET /sitebuilder/images/IMG_0939-380x278.jpg HTTP/1.1" 200 15324 "http://www.dotheton.com/forum/index.php?topic=1721.10" "Mozilla/5.0 (Windows; U; Windows NT 5.1; en-US; rv:1.9.2.8) Gecko/20100722 (CK-zz) Firefox/3.6.8" "silverimagingcanada.com"
130.76.32.167 - - [28/Jul/2010:13:00:51 -0700] "GET /sitebuilder/images/IMG_0937-312x416.jpg HTTP/1.1" 200 20123 "http://www.dotheton.com/forum/index.php?topic=1721.10" "Mozilla/5.0 (Windows; U; Windows NT 5.1; en-US; rv:1.9.2.8) Gecko/20100722 (CK-zz) Firefox/3.6.8" "silverimagingcanada.com"
130.76.32.167 - - [28/Jul/2010:13:00:51 -0700] "GET /sitebuilder/images/img129-405x298.jpg HTTP/1.1" 200 17041 "http://www.dotheton.com/forum/index.php?topic=1721.10" "Mozilla/5.0 (Windows; U; Windows NT 5.1; en-US; rv:1.9.2.8) Gecko/20100722 (CK-zz) Firefox/3.6.8" "silverimagingcanada.com"
130.76.32.167 - - [28/Jul/2010:13:00:51 -0700] "GET /sitebuilder/images/IMG_1276-406x299.jpg HTTP/1.1" 200 31845 "http://www.dotheton.com/forum/index.php?topic=1721.10" "Mozilla/5.0 (Windows; U; Windows NT 5.1; en-US; rv:1.9.2.8) Gecko/20100722 (CK-zz) Firefox/3.6.8" "silverimagingcanada.com"
130.76.32.167 - - [28/Jul/2010:13:00:51 -0700] "GET /sitebuilder/images/IMG_1288-451x334.jpg HTTP/1.1" 200 25996 "http://www.dotheton.com/forum/index.php?topic=1721.10" "Mozilla/5.0 (Windows; U; Windows NT 5.1; en-US; rv:1.9.2.8) Gecko/20100722 (CK-zz) Firefox/3.6.8" "silverimagingcanada.com"
130.76.32.167 - - [28/Jul/2010:13:00:51 -0700] "GET /sitebuilder/images/IMG_1272-351x257.jpg HTTP/1.1" 200 23815 "http://www.dotheton.com/forum/index.php?topic=1721.10" "Mozilla/5.0 (Windows; U; Windows NT 5.1; en-US; rv:1.9.2.8) Gecko/20100722 (CK-zz) Firefox/3.6.8" "silverimagingcanada.com"
130.76.32.167 - - [28/Jul/2010:13:02:46 -0700] "GET /sitebuilder/images/img1412-430x317.jpg HTTP/1.1" 200 28270 "http://www.dotheton.com/forum/index.php?topic=1721.30" "Mozilla/5.0 (Windows; U; Windows NT 5.1; en-US; rv:1.9.2.8) Gecko/20100722 (CK-zz) Firefox/3.6.8" "silverimagingcanada.com"
130.76.32.167 - - [28/Jul/2010:13:02:47 -0700] "GET /sitebuilder/images/img135-317x428.jpg HTTP/1.1" 200 25396 "http://www.dotheton.com/forum/index.php?topic=1721.30" "Mozilla/5.0 (Windows; U; Windows NT 5.1; en-US; rv:1.9.2.8) Gecko/20100722 (CK-zz) Firefox/3.6.8" "silverimagingcanada.com"
130.76.32.167 - - [28/Jul/2010:13:05:45 -0700] "GET /sitebuilder/images/Bullet_Signals-295x237.jpg HTTP/1.0" 200 16322 "http://www.dotheton.com/forum/index.php?topic=1721.90" "Mozilla/5.0 (Windows; U; Windows NT 5.1; en-US; rv:1.9.2.8) Gecko/20100722 (CK-zz) Firefox/3.6.8" "silverimagingcanada.com"
95.108.150.235 - - [28/Jul/2010:16:52:59 -0700] "GET /robots.txt HTTP/1.1" 404 - "-" "Mozilla/5.0 (compatible; YandexBot/3.0; MirrorDetector; +http://yandex.com/bots)" "www.silverimagingcanada.com"
95.108.150.235 - - [28/Jul/2010:16:53:00 -0700] "GET /robots.txt HTTP/1.1" 404 - "-" "Mozilla/5.0 (compatible; YandexBot/3.0; MirrorDetector; +http://yandex.com/bots)" "silverimagingcanada.com"
95.108.150.235 - - [28/Jul/2010:16:53:00 -0700] "GET / HTTP/1.1" 200 1739 "-" "Mozilla/5.0 (compatible; YandexBot/3.0; MirrorDetector; +http://yandex.com/bots)" "www.silverimagingcanada.com"
95.108.150.235 - - [28/Jul/2010:16:53:01 -0700] "GET / HTTP/1.1" 200 1739 "-" "Mozilla/5.0 (compatible; YandexBot/3.0; MirrorDetector; +http://yandex.com/bots)" "silverimagingcanada.com"
95.108.150.235 - - [28/Jul/2010:16:53:01 -0700] "GET / HTTP/1.1" 200 1739 "-" "Mozilla/5.0 (compatible; YandexBot/3.0; MirrorDetector; +http://yandex.com/bots)" "www.silverimagingcanada.com"
95.108.150.235 - - [28/Jul/2010:16:53:02 -0700] "GET / HTTP/1.1" 200 1739 "-" "Mozilla/5.0 (compatible; YandexBot/3.0; MirrorDetector; +http://yandex.com/bots)" "silverimagingcanada.com"
67.195.114.46 - - [28/Jul/2010:17:51:15 -0700] "GET /?D=A HTTP/1.0" 200 1723 "-" "Mozilla/5.0 (compatible; Yahoo! Slurp/3.0; http://help.yahoo.com/help/us/ysearch/slurp)" "silverimagingcanada.com"
66.249.65.184 - - [28/Jul/2010:18:17:12 -0700] "GET /robots.txt HTTP/1.1" 404 - "-" "Googlebot-Image/1.0" "www.silverimagingcanada.com"
66.249.65.172 - - [28/Jul/2010:18:17:13 -0700] "GET /sitebuilder/images/IMG_1112-288x207.jpg HTTP/1.1" 200 9422 "-" "Googlebot-Image/1.0" "www.silverimagingcanada.com"
204.15.39.12 - - [28/Jul/2010:20:06:00 -0700] "HEAD /logs/ HTTP/1.1" 200 0 "-" "Botslist Botfinder (+http://www.botslist.ca)" "www.silverimagingcanada.com"
204.15.39.12 - - [28/Jul/2010:20:06:01 -0700] "GET /logs/ HTTP/1.1" 200 2940 "-" "Botslist Botfinder (+http://www.botslist.ca)" "www.silverimagingcanada.com"
204.15.39.12 - - [28/Jul/2010:20:06:11 -0700] "HEAD /logs/access.log HTTP/1.1" 206 0 "-" "Botslist Botfinder (+http://www.botslist.ca)" "www.silverimagingcanada.com"
204.15.39.12 - - [28/Jul/2010:20:06:12 -0700] "GET /logs/access.log HTTP/1.1" 206 225012 "-" "Botslist Botfinder (+http://www.botslist.ca)" "www.silverimagingcanada.com"
204.15.39.12 - - [28/Jul/2010:20:06:12 -0700] "HEAD /logs/access_090512.log HTTP/1.1" 304 - "-" "Botslist Botfinder (+http://www.botslist.ca)" "www.silverimagingcanada.com"
204.15.39.12 - - [28/Jul/2010:20:06:12 -0700] "HEAD /logs/access_090612.log HTTP/1.1" 304 - "-" "Botslist Botfinder (+http://www.botslist.ca)" "www.silverimagingcanada.com"
204.15.39.12 - - [28/Jul/2010:20:06:13 -0700] "HEAD /logs/access_090712.log HTTP/1.1" 304 - "-" "Botslist Botfinder (+http://www.botslist.ca)" "www.silverimagingcanada.com"
204.15.39.12 - - [28/Jul/2010:20:06:13 -0700] "HEAD /logs/access_090812.log HTTP/1.1" 304 - "-" "Botslist Botfinder (+http://www.botslist.ca)" "www.silverimagingcanada.com"
204.15.39.12 - - [28/Jul/2010:20:06:13 -0700] "HEAD /logs/access_090912.log HTTP/1.1" 304 - "-" "Botslist Botfinder (+http://www.botslist.ca)" "www.silverimagingcanada.com"
204.15.39.12 - - [28/Jul/2010:20:06:13 -0700] "HEAD /logs/access_091012.log HTTP/1.1" 304 - "-" "Botslist Botfinder (+http://www.botslist.ca)" "www.silverimagingcanada.com"
204.15.39.12 - - [28/Jul/2010:20:06:13 -0700] "HEAD /logs/access_091112.log HTTP/1.1" 304 - "-" "Botslist Botfinder (+http://www.botslist.ca)" "www.silverimagingcanada.com"
204.15.39.12 - - [28/Jul/2010:20:06:14 -0700] "HEAD /logs/access_091212.log HTTP/1.1" 304 - "-" "Botslist Botfinder (+http://www.botslist.ca)" "www.silverimagingcanada.com"
204.15.39.12 - - [28/Jul/2010:20:06:14 -0700] "HEAD /logs/access_100112.log HTTP/1.1" 304 - "-" "Botslist Botfinder (+http://www.botslist.ca)" "www.silverimagingcanada.com"
204.15.39.12 - - [28/Jul/2010:20:06:14 -0700] "HEAD /logs/access_100212.log HTTP/1.1" 304 - "-" "Botslist Botfinder (+http://www.botslist.ca)" "www.silverimagingcanada.com"
204.15.39.12 - - [28/Jul/2010:20:06:14 -0700] "HEAD /logs/access_100312.log HTTP/1.1" 304 - "-" "Botslist Botfinder (+http://www.botslist.ca)" "www.silverimagingcanada.com"
204.15.39.12 - - [28/Jul/2010:20:06:14 -0700] "HEAD /logs/access_100412.log HTTP/1.1" 304 - "-" "Botslist Botfinder (+http://www.botslist.ca)" "www.silverimagingcanada.com"
204.15.39.12 - - [28/Jul/2010:20:06:15 -0700] "HEAD /logs/access_100512.log HTTP/1.1" 304 - "-" "Botslist Botfinder (+http://www.botslist.ca)" "www.silverimagingcanada.com"
204.15.39.12 - - [28/Jul/2010:20:06:15 -0700] "HEAD /logs/access_100612.log HTTP/1.1" 304 - "-" "Botslist Botfinder (+http://www.botslist.ca)" "www.silverimagingcanada.com"
204.15.39.12 - - [28/Jul/2010:20:06:15 -0700] "HEAD /logs/access_100712.log HTTP/1.1" 304 - "-" "Botslist Botfinder (+http://www.botslist.ca)" "www.silverimagingcanada.com"
204.15.39.12 - - [28/Jul/2010:20:06:15 -0700] "HEAD /logs/scripts.log HTTP/1.1" 304 - "-" "Botslist Botfinder (+http://www.botslist.ca)" "www.silverimagingcanada.com"
208.80.194.28 - - [28/Jul/2010:20:24:08 -0700] "GET / HTTP/1.0" 200 1723 "-" "Mozilla/4.0 (compatible; MSIE 7.0; Windows NT 5.1; FunWebProducts; Embedded Web Browser from: http://bsalsa.com/; .NET CLR 1.0.3705; .NET CLR 1.1.4322; Media Center PC 4.0)" "silverimagingcanada.com"
190.71.150.245 - - [28/Jul/2010:23:56:55 -0700] "GET /sitebuilder/images/Gay_DVR_Splash_Screen2-581x435.jpg HTTP/1.1" 200 25628 "http://www.google.com.co/imgres?imgurl=http://www.silverimagingcanada.com/sitebuilder/images/Gay_DVR_Splash_Screen2-581x435.jpg&imgrefurl=http://camerahacks.10.forumer.com/a/change-a-stupid-splash-screen-on-a-dvrcamera_post3239.html&usg=__0LNop2S4KLD4CbH2GVxZ6p8MpK0=&h=435&w=581&sz=26&hl=es&start=840&tbnid=-qCRkDP9GmlDpM:&tbnh=153&tbnw=214&prev=/images%3Fq%3Dgay%2Bhugs%26um%3D1%26hl%3Des%26safe%3Doff%26biw%3D1024%26bih%3D672%26tbs%3Disch:11%2C35538&um=1&itbs=1&iact=hc&vpx=581&vpy=229&dur=781&hovh=194&hovw=260&tx=159&ty=105&ei=MyZRTKSqOsGB8gbqhJzjDQ&page=65&ndsp=13&ved=1t:429,r:2,s:840&biw=1024&bih=672" "Mozilla/5.0 (Windows; U; Windows NT 5.1; en-US) AppleWebKit/533.4 (KHTML, like Gecko) Chrome/5.0.375.125 Safari/533.4" "www.silverimagingcanada.com"
190.71.150.245 - - [28/Jul/2010:23:56:56 -0700] "GET /sitebuilder/images/IMG_0330-444x329.jpg HTTP/1.1" 200 35303 "http://camerahacks.10.forumer.com/a/change-a-stupid-splash-screen-on-a-dvrcamera_post3239.html" "Mozilla/5.0 (Windows; U; Windows NT 5.1; en-US) AppleWebKit/533.4 (KHTML, like Gecko) Chrome/5.0.375.125 Safari/533.4" "www.silverimagingcanada.com"
190.71.150.245 - - [28/Jul/2010:23:56:56 -0700] "GET /sitebuilder/images/IMG_0342-444x328.jpg HTTP/1.1" 200 14174 "http://camerahacks.10.forumer.com/a/change-a-stupid-splash-screen-on-a-dvrcamera_post3239.html" "Mozilla/5.0 (Windows; U; Windows NT 5.1; en-US) AppleWebKit/533.4 (KHTML, like Gecko) Chrome/5.0.375.125 Safari/533.4" "www.silverimagingcanada.com"
190.71.150.245 - - [28/Jul/2010:23:56:56 -0700] "GET /sitebuilder/images/IMG_0332-476x353.jpg HTTP/1.1" 200 33138 "http://camerahacks.10.forumer.com/a/change-a-stupid-splash-screen-on-a-dvrcamera_post3239.html" "Mozilla/5.0 (Windows; U; Windows NT 5.1; en-US) AppleWebKit/533.4 (KHTML, like Gecko) Chrome/5.0.375.125 Safari/533.4" "www.silverimagingcanada.com"
67.195.115.86 - - [29/Jul/2010:01:32:19 -0700] "GET /robots.txt HTTP/1.0" 404 - "-" "Mozilla/5.0 (compatible; Yahoo! Slurp; http://help.yahoo.com/help/us/ysearch/slurp)" "www.silverimagingcanada.com"
67.195.115.86 - - [29/Jul/2010:01:32:55 -0700] "GET /media/PLUS0006.ASF HTTP/1.0" 200 28967334 "-" "Mozilla/5.0 (compatible; Yahoo! Slurp/3.0; http://help.yahoo.com/help/us/ysearch/slurp)" "www.silverimagingcanada.com"
184.73.61.159 - - [29/Jul/2010:02:08:28 -0700] "GET /robots.txt HTTP/1.1" 404 - "-" "Mozilla/5.0 (compatible; spbot/2.0.4; +http://www.seoprofiler.com/bot )" "www.silverimagingcanada.com"
184.73.61.159 - - [29/Jul/2010:02:08:28 -0700] "GET / HTTP/1.1" 200 1739 "-" "Mozilla/5.0 (compatible; spbot/2.0.4; +http://www.seoprofiler.com/bot )" "www.silverimagingcanada.com"
184.73.61.159 - - [29/Jul/2010:02:09:00 -0700] "GET /sounds/ HTTP/1.1" 200 664 "-" "Mozilla/5.0 (compatible; spbot/2.0.4; +http://www.seoprofiler.com/bot )" "www.silverimagingcanada.com"
184.73.61.159 - - [29/Jul/2010:02:09:02 -0700] "GET /images/ HTTP/1.1" 200 526 "-" "Mozilla/5.0 (compatible; spbot/2.0.4; +http://www.seoprofiler.com/bot )" "www.silverimagingcanada.com"
184.73.61.159 - - [29/Jul/2010:02:09:03 -0700] "GET /navigation_bars/ HTTP/1.1" 200 683 "-" "Mozilla/5.0 (compatible; spbot/2.0.4; +http://www.seoprofiler.com/bot )" "www.silverimagingcanada.com"
66.249.65.177 - - [29/Jul/2010:02:18:59 -0700] "GET /robots.txt HTTP/1.1" 404 - "-" "Googlebot-Image/1.0" "silverimagingcanada.com"
66.249.65.132 - - [29/Jul/2010:02:18:59 -0700] "GET /sitebuilder/images/Captured_2005-6-7_00001-265x188.jpg HTTP/1.1" 200 4803 "-" "Googlebot-Image/1.0" "silverimagingcanada.com"
66.249.65.152 - - [29/Jul/2010:02:18:59 -0700] "GET /sitebuilder/images/navbar-1-inactive-15686.png HTTP/1.1" 200 462 "-" "Googlebot-Image/1.0" "silverimagingcanada.com"
66.249.65.162 - - [29/Jul/2010:02:18:59 -0700] "GET /sitebuilder/images/three-283x158.jpg HTTP/1.1" 200 15143 "-" "Googlebot-Image/1.0" "silverimagingcanada.com"
66.249.65.177 - - [29/Jul/2010:02:19:00 -0700] "GET /sitebuilder/images/navbar-2-inactive-68531.png HTTP/1.1" 200 732 "-" "Googlebot-Image/1.0" "silverimagingcanada.com"
66.249.65.172 - - [29/Jul/2010:02:19:00 -0700] "GET /sitebuilder/images/navbar-3-inactive-16311.png HTTP/1.1" 200 477 "-" "Googlebot-Image/1.0" "silverimagingcanada.com"
66.249.65.147 - - [29/Jul/2010:02:19:00 -0700] "GET /sitebuilder/images/IMG_1276-406x299.jpg HTTP/1.1" 200 31845 "-" "Googlebot-Image/1.0" "silverimagingcanada.com"
66.249.65.187 - - [29/Jul/2010:02:19:00 -0700] "GET /sitebuilder/images/metal_sideBar-203x1242.jpg HTTP/1.1" 200 23144 "-" "Googlebot-Image/1.0" "silverimagingcanada.com"
66.249.65.164 - - [29/Jul/2010:02:19:00 -0700] "GET /sitebuilder/images/electroGrid2_blue-132x1084.jpg HTTP/1.1" 200 18164 "-" "Googlebot-Image/1.0" "silverimagingcanada.com"
67.195.115.86 - - [29/Jul/2010:02:26:39 -0700] "GET /logs/?M=A HTTP/1.0" 200 2924 "-" "Mozilla/5.0 (compatible; Yahoo! Slurp/3.0; http://help.yahoo.com/help/us/ysearch/slurp)" "www.silverimagingcanada.com"
207.46.13.142 - - [29/Jul/2010:04:05:45 -0700] "GET /robots.txt HTTP/1.1" 404 - "-" "msnbot/2.0b (+http://search.msn.com/msnbot.htm)" "silverimagingcanada.com"
208.80.194.29 - - [29/Jul/2010:04:09:01 -0700] "GET / HTTP/1.0" 200 1723 "-" "Mozilla/4.0 (compatible; MSIE 6.0; Windows NT 5.1; CDSource=v3.12a.00; SV1; 1.5.1 )" "www.silverimagingcanada.com"
207.46.13.142 - - [29/Jul/2010:04:13:51 -0700] "GET / HTTP/1.1" 200 1739 "-" "msnbot/2.0b (+http://search.msn.com/msnbot.htm)" "silverimagingcanada.com"
66.249.65.141 - - [29/Jul/2010:06:16:07 -0700] "GET /robots.txt HTTP/1.1" 404 - "-" "Googlebot-Image/1.0" "www.silverimagingcanada.com"
66.249.65.179 - - [29/Jul/2010:06:16:07 -0700] "GET /sitebuilder/images/IMG_0330-444x329.jpg HTTP/1.1" 200 35303 "-" "Googlebot-Image/1.0" "www.silverimagingcanada.com"
67.195.115.86 - - [29/Jul/2010:09:40:22 -0700] "GET /media/PLUS0006.ASF HTTP/1.0" 200 28967334 "-" "Mozilla/5.0 (compatible; Yahoo! Slurp/3.0; http://help.yahoo.com/help/us/ysearch/slurp)" "www.silverimagingcanada.com"
66.249.65.173 - - [29/Jul/2010:09:41:23 -0700] "GET /sitebuilder/images/Laptop_and_Monitor_module-230x163.jpg HTTP/1.1" 200 5340 "-" "Googlebot-Image/1.0" "silverimagingcanada.com"
66.249.65.179 - - [29/Jul/2010:09:41:24 -0700] "GET /sitebuilder/images/whitelight-299x220.jpg HTTP/1.1" 200 10962 "-" "Googlebot-Image/1.0" "silverimagingcanada.com"
66.249.65.138 - - [29/Jul/2010:10:14:16 -0700] "GET /clipart/images/sidebars/electroGrid2_blue.jpg HTTP/1.1" 200 11206 "-" "Googlebot-Image/1.0" "silverimagingcanada.com"
95.108.150.235 - - [29/Jul/2010:11:24:47 -0700] "GET /robots.txt HTTP/1.1" 404 - "-" "Mozilla/5.0 (compatible; YandexBot/3.0; MirrorDetector; +http://yandex.com/bots)" "silverimagingcanada.com"
95.108.150.235 - - [29/Jul/2010:11:24:48 -0700] "GET /robots.txt HTTP/1.1" 404 - "-" "Mozilla/5.0 (compatible; YandexBot/3.0; MirrorDetector; +http://yandex.com/bots)" "www.silverimagingcanada.com"
95.108.150.235 - - [29/Jul/2010:11:24:48 -0700] "GET / HTTP/1.1" 200 1739 "-" "Mozilla/5.0 (compatible; YandexBot/3.0; MirrorDetector; +http://yandex.com/bots)" "silverimagingcanada.com"
95.108.150.235 - - [29/Jul/2010:11:24:53 -0700] "GET / HTTP/1.1" 200 1739 "-" "Mozilla/5.0 (compatible; YandexBot/3.0; MirrorDetector; +http://yandex.com/bots)" "silverimagingcanada.com"
95.108.150.235 - - [29/Jul/2010:11:24:57 -0700] "GET / HTTP/1.1" 200 1739 "-" "Mozilla/5.0 (compatible; YandexBot/3.0; MirrorDetector; +http://yandex.com/bots)" "www.silverimagingcanada.com"
95.108.150.235 - - [29/Jul/2010:11:24:58 -0700] "GET / HTTP/1.1" 200 1739 "-" "Mozilla/5.0 (compatible; YandexBot/3.0; MirrorDetector; +http://yandex.com/bots)" "www.silverimagingcanada.com"
67.195.115.86 - - [29/Jul/2010:12:45:22 -0700] "GET /robots.txt HTTP/1.0" 404 - "-" "Mozilla/5.0 (compatible; Yahoo! Slurp; http://help.yahoo.com/help/us/ysearch/slurp)" "www.silverimagingcanada.com"
67.195.115.86 - - [29/Jul/2010:12:45:22 -0700] "GET /clipart/ HTTP/1.0" 200 1334 "-" "Mozilla/5.0 (compatible; Yahoo! Slurp/3.0; http://help.yahoo.com/help/us/ysearch/slurp)" "www.silverimagingcanada.com"
74.52.245.146 - - [29/Jul/2010:14:24:07 -0700] "GET / HTTP/1.0" 200 1723 "-" "Mozilla/5.0 (X11; U; Linux i686; en-US; rv:1.7.5) Gecko/20041107 Firefox/1.0" "www.silverimagingcanada.com"
38.107.191.101 - - [29/Jul/2010:16:35:22 -0700] "GET /robots.txt HTTP/1.1" 404 - "-" "CCBot/1.0 (+http://www.commoncrawl.org/bot.html)" "silverimagingcanada.com"
38.107.191.102 - - [29/Jul/2010:16:35:31 -0700] "GET /media/PLUS0010.ASF HTTP/1.1" 200 1376256 "-" "CCBot/1.0 (+http://www.commoncrawl.org/bot.html)" "silverimagingcanada.com"