208.115.111.249 - - [24/Jul/2010:21:13:32 -0700] "GET /logs/access_091012.log HTTP/1.1" 200 310958 "-" "Mozilla/5.0 (compatible; DotBot/1.1; http://www.dotnetdotcom.org/, crawler@dotnetdotcom.org)" "www.silverimagingcanada.com"
208.115.111.249 - - [24/Jul/2010:21:13:34 -0700] "GET /logs/access_091112.log HTTP/1.1" 200 312065 "-" "Mozilla/5.0 (compatible; DotBot/1.1; http://www.dotnetdotcom.org/, crawler@dotnetdotcom.org)" "www.silverimagingcanada.com"
208.115.111.249 - - [24/Jul/2010:21:13:35 -0700] "GET /sitebuilder/?D=D HTTP/1.1" 200 948 "-" "Mozilla/5.0 (compatible; DotBot/1.1; http://www.dotnetdotcom.org/, crawler@dotnetdotcom.org)" "www.silverimagingcanada.com"
208.115.111.249 - - [24/Jul/2010:21:13:37 -0700] "GET /sitebuilder/?M=D HTTP/1.1" 200 948 "-" "Mozilla/5.0 (compatible; DotBot/1.1; http://www.dotnetdotcom.org/, crawler@dotnetdotcom.org)" "www.silverimagingcanada.com"
208.115.111.249 - - [24/Jul/2010:21:13:39 -0700] "GET /sitebuilder/?S=D HTTP/1.1" 200 948 "-" "Mozilla/5.0 (compatible; DotBot/1.1; http://www.dotnetdotcom.org/, crawler@dotnetdotcom.org)" "www.silverimagingcanada.com"
67.195.115.86 - - [24/Jul/2010:23:52:25 -0700] "GET /logs/ HTTP/1.0" 200 2924 "-" "Mozilla/5.0 (compatible; Yahoo! Slurp/3.0; http://help.yahoo.com/help/us/ysearch/slurp)" "www.silverimagingcanada.com"
67.195.115.86 - - [24/Jul/2010:23:57:36 -0700] "GET /tmp/ HTTP/1.0" 200 504 "-" "Mozilla/5.0 (compatible; Yahoo! Slurp/3.0; http://help.yahoo.com/help/us/ysearch/slurp)" "www.silverimagingcanada.com"
67.195.115.86 - - [25/Jul/2010:00:03:08 -0700] "GET /sitebuilder/images/?M=A HTTP/1.0" 200 54994 "-" "Mozilla/5.0 (compatible; Yahoo! Slurp/3.0; http://help.yahoo.com/help/us/ysearch/slurp)" "www.silverimagingcanada.com"
208.115.111.249 - - [25/Jul/2010:00:05:27 -0700] "GET /robots.txt HTTP/1.1" 404 - "-" "Mozilla/5.0 (compatible; DotBot/1.1; http://www.dotnetdotcom.org/, crawler@dotnetdotcom.org)" "www.silverimagingcanada.com"
208.115.111.249 - - [25/Jul/2010:00:51:21 -0700] "GET /logs/?D=A HTTP/1.1" 200 2940 "-" "Mozilla/5.0 (compatible; DotBot/1.1; http://www.dotnetdotcom.org/, crawler@dotnetdotcom.org)" "www.silverimagingcanada.com"
208.115.111.249 - - [25/Jul/2010:00:51:22 -0700] "GET /logs/access.log HTTP/1.1" 200 151889 "-" "Mozilla/5.0 (compatible; DotBot/1.1; http://www.dotnetdotcom.org/, crawler@dotnetdotcom.org)" "www.silverimagingcanada.com"
208.115.111.249 - - [25/Jul/2010:00:51:22 -0700] "GET /logs/access_091212.log HTTP/1.1" 200 230465 "-" "Mozilla/5.0 (compatible; DotBot/1.1; http://www.dotnetdotcom.org/, crawler@dotnetdotcom.org)" "www.silverimagingcanada.com"
208.115.111.249 - - [25/Jul/2010:00:51:23 -0700] "GET /logs/access_100112.log HTTP/1.1" 200 305141 "-" "Mozilla/5.0 (compatible; DotBot/1.1; http://www.dotnetdotcom.org/, crawler@dotnetdotcom.org)" "www.silverimagingcanada.com"
208.115.111.249 - - [25/Jul/2010:00:51:24 -0700] "GET /logs/access_100212.log HTTP/1.1" 200 347745 "-" "Mozilla/5.0 (compatible; DotBot/1.1; http://www.dotnetdotcom.org/, crawler@dotnetdotcom.org)" "www.silverimagingcanada.com"
208.115.111.249 - - [25/Jul/2010:00:51:25 -0700] "GET /logs/access_100312.log HTTP/1.1" 200 424970 "-" "Mozilla/5.0 (compatible; DotBot/1.1; http://www.dotnetdotcom.org/, crawler@dotnetdotcom.org)" "www.silverimagingcanada.com"
208.115.111.249 - - [25/Jul/2010:00:51:26 -0700] "GET /logs/access_100412.log HTTP/1.1" 200 367347 "-" "Mozilla/5.0 (compatible; DotBot/1.1; http://www.dotnetdotcom.org/, crawler@dotnetdotcom.org)" "www.silverimagingcanada.com"
208.115.111.249 - - [25/Jul/2010:00:51:27 -0700] "GET /logs/access_100512.log HTTP/1.1" 200 358554 "-" "Mozilla/5.0 (compatible; DotBot/1.1; http://www.dotnetdotcom.org/, crawler@dotnetdotcom.org)" "www.silverimagingcanada.com"
208.115.111.249 - - [25/Jul/2010:00:51:28 -0700] "GET /logs/access_100612.log HTTP/1.1" 200 388011 "-" "Mozilla/5.0 (compatible; DotBot/1.1; http://www.dotnetdotcom.org/, crawler@dotnetdotcom.org)" "www.silverimagingcanada.com"
208.115.111.249 - - [25/Jul/2010:00:51:28 -0700] "GET /logs/scripts.log HTTP/1.1" 200 282 "-" "Mozilla/5.0 (compatible; DotBot/1.1; http://www.dotnetdotcom.org/, crawler@dotnetdotcom.org)" "www.silverimagingcanada.com"
12.187.220.66 - - [25/Jul/2010:01:48:42 -0700] "GET /sitebuilder/images/IMG_1184-420x310.jpg HTTP/1.1" 200 30969 "http://dotheton.com/index.php?topic=1721.0" "Mozilla/5.0 (Windows; U; Windows NT 5.1; en-US; rv:1.9.2.8) Gecko/20100722 Firefox/3.6.8 ( .NET CLR 3.5.30729)" "silverimagingcanada.com"
12.187.220.66 - - [25/Jul/2010:01:48:43 -0700] "GET /sitebuilder/images/img053-365x267.jpg HTTP/1.1" 200 19523 "http://dotheton.com/index.php?topic=1721.0" "Mozilla/5.0 (Windows; U; Windows NT 5.1; en-US; rv:1.9.2.8) Gecko/20100722 Firefox/3.6.8 ( .NET CLR 3.5.30729)" "silverimagingcanada.com"
12.187.220.66 - - [25/Jul/2010:01:48:43 -0700] "GET /sitebuilder/images/img052-374x274.jpg HTTP/1.1" 200 18043 "http://dotheton.com/index.php?topic=1721.0" "Mozilla/5.0 (Windows; U; Windows NT 5.1; en-US; rv:1.9.2.8) Gecko/20100722 Firefox/3.6.8 ( .NET CLR 3.5.30729)" "silverimagingcanada.com"
12.187.220.66 - - [25/Jul/2010:01:48:43 -0700] "GET /sitebuilder/images/img056-393x289.jpg HTTP/1.1" 200 20721 "http://dotheton.com/index.php?topic=1721.0" "Mozilla/5.0 (Windows; U; Windows NT 5.1; en-US; rv:1.9.2.8) Gecko/20100722 Firefox/3.6.8 ( .NET CLR 3.5.30729)" "silverimagingcanada.com"
208.80.193.121 - - [25/Jul/2010:01:51:22 -0700] "GET / HTTP/1.0" 200 1723 "-" "Mozilla/4.0 (compatible; MSIE 7.0; Windows NT 5.1; {626B604C-D125-5C82-EAEB-464F9C1BDBEE}; .NET CLR 1.0.3705; .NET CLR 2.0.50727; .NET CLR 1.1.4322)" "www.silverimagingcanada.com"
12.187.220.66 - - [25/Jul/2010:02:16:56 -0700] "GET /sitebuilder/images/IMG_0937-312x416.jpg HTTP/1.1" 200 20123 "http://www.dotheton.com/forum/index.php?PHPSESSID=50f413fcfffd0d834f0bd14b0e55dcb8&topic=1721.10" "Mozilla/5.0 (Windows; U; Windows NT 5.1; en-US; rv:1.9.2.8) Gecko/20100722 Firefox/3.6.8 ( .NET CLR 3.5.30729)" "silverimagingcanada.com"
12.187.220.66 - - [25/Jul/2010:02:16:56 -0700] "GET /sitebuilder/images/IMG_0961-417x308.jpg HTTP/1.0" 200 11717 "http://www.dotheton.com/forum/index.php?PHPSESSID=50f413fcfffd0d834f0bd14b0e55dcb8&topic=1721.10" "Mozilla/5.0 (Windows; U; Windows NT 5.1; en-US; rv:1.9.2.8) Gecko/20100722 Firefox/3.6.8 ( .NET CLR 3.5.30729)" "silverimagingcanada.com"
12.187.220.66 - - [25/Jul/2010:02:16:56 -0700] "GET /sitebuilder/images/IMG_0939-380x278.jpg HTTP/1.1" 200 15324 "http://www.dotheton.com/forum/index.php?PHPSESSID=50f413fcfffd0d834f0bd14b0e55dcb8&topic=1721.10" "Mozilla/5.0 (Windows; U; Windows NT 5.1; en-US; rv:1.9.2.8) Gecko/20100722 Firefox/3.6.8 ( .NET CLR 3.5.30729)" "silverimagingcanada.com"
12.187.220.66 - - [25/Jul/2010:02:17:05 -0700] "GET /sitebuilder/images/img129-405x298.jpg HTTP/1.1" 200 17041 "http://www.dotheton.com/forum/index.php?PHPSESSID=50f413fcfffd0d834f0bd14b0e55dcb8&topic=1721.10" "Mozilla/5.0 (Windows; U; Windows NT 5.1; en-US; rv:1.9.2.8) Gecko/20100722 Firefox/3.6.8 ( .NET CLR 3.5.30729)" "silverimagingcanada.com"
12.187.220.66 - - [25/Jul/2010:02:17:09 -0700] "GET /sitebuilder/images/IMG_1272-351x257.jpg HTTP/1.1" 200 23815 "http://www.dotheton.com/forum/index.php?PHPSESSID=50f413fcfffd0d834f0bd14b0e55dcb8&topic=1721.10" "Mozilla/5.0 (Windows; U; Windows NT 5.1; en-US; rv:1.9.2.8) Gecko/20100722 Firefox/3.6.8 ( .NET CLR 3.5.30729)" "silverimagingcanada.com"
12.187.220.66 - - [25/Jul/2010:02:17:10 -0700] "GET /sitebuilder/images/IMG_1276-406x299.jpg HTTP/1.1" 200 31845 "http://www.dotheton.com/forum/index.php?PHPSESSID=50f413fcfffd0d834f0bd14b0e55dcb8&topic=1721.10" "Mozilla/5.0 (Windows; U; Windows NT 5.1; en-US; rv:1.9.2.8) Gecko/20100722 Firefox/3.6.8 ( .NET CLR 3.5.30729)" "silverimagingcanada.com"
12.187.220.66 - - [25/Jul/2010:02:17:15 -0700] "GET /sitebuilder/images/IMG_1288-451x334.jpg HTTP/1.1" 200 25996 "http://www.dotheton.com/forum/index.php?PHPSESSID=50f413fcfffd0d834f0bd14b0e55dcb8&topic=1721.10" "Mozilla/5.0 (Windows; U; Windows NT 5.1; en-US; rv:1.9.2.8) Gecko/20100722 Firefox/3.6.8 ( .NET CLR 3.5.30729)" "silverimagingcanada.com"
12.187.220.66 - - [25/Jul/2010:02:20:47 -0700] "GET /sitebuilder/images/img135-317x428.jpg HTTP/1.1" 200 25396 "http://www.dotheton.com/forum/index.php?topic=1721.30" "Mozilla/5.0 (Windows; U; Windows NT 5.1; en-US; rv:1.9.2.8) Gecko/20100722 Firefox/3.6.8 ( .NET CLR 3.5.30729)" "silverimagingcanada.com"
12.187.220.66 - - [25/Jul/2010:02:20:47 -0700] "GET /sitebuilder/images/img144-352x257.jpg HTTP/1.1" 200 12721 "http://www.dotheton.com/forum/index.php?topic=1721.30" "Mozilla/5.0 (Windows; U; Windows NT 5.1; en-US; rv:1.9.2.8) Gecko/20100722 Firefox/3.6.8 ( .NET CLR 3.5.30729)" "silverimagingcanada.com"
12.187.220.66 - - [25/Jul/2010:02:20:47 -0700] "GET /sitebuilder/images/img1412-430x317.jpg HTTP/1.1" 200 28270 "http://www.dotheton.com/forum/index.php?topic=1721.30" "Mozilla/5.0 (Windows; U; Windows NT 5.1; en-US; rv:1.9.2.8) Gecko/20100722 Firefox/3.6.8 ( .NET CLR 3.5.30729)" "silverimagingcanada.com"
12.187.220.66 - - [25/Jul/2010:02:20:47 -0700] "GET /sitebuilder/images/img138-399x293.jpg HTTP/1.1" 200 24204 "http://www.dotheton.com/forum/index.php?topic=1721.30" "Mozilla/5.0 (Windows; U; Windows NT 5.1; en-US; rv:1.9.2.8) Gecko/20100722 Firefox/3.6.8 ( .NET CLR 3.5.30729)" "silverimagingcanada.com"
12.187.220.66 - - [25/Jul/2010:02:20:47 -0700] "GET /sitebuilder/images/tank1-257x350.jpg HTTP/1.1" 200 11565 "http://www.dotheton.com/forum/index.php?topic=1721.30" "Mozilla/5.0 (Windows; U; Windows NT 5.1; en-US; rv:1.9.2.8) Gecko/20100722 Firefox/3.6.8 ( .NET CLR 3.5.30729)" "silverimagingcanada.com"
12.187.220.66 - - [25/Jul/2010:02:20:47 -0700] "GET /sitebuilder/images/tank2-272x195.jpg HTTP/1.1" 200 7366 "http://www.dotheton.com/forum/index.php?topic=1721.30" "Mozilla/5.0 (Windows; U; Windows NT 5.1; en-US; rv:1.9.2.8) Gecko/20100722 Firefox/3.6.8 ( .NET CLR 3.5.30729)" "silverimagingcanada.com"
12.187.220.66 - - [25/Jul/2010:02:27:32 -0700] "GET /sitebuilder/images/Bullet_Signals-295x237.jpg HTTP/1.1" 200 16322 "http://www.dotheton.com/forum/index.php?topic=1721.90" "Mozilla/5.0 (Windows; U; Windows NT 5.1; en-US; rv:1.9.2.8) Gecko/20100722 Firefox/3.6.8 ( .NET CLR 3.5.30729)" "silverimagingcanada.com"
12.187.220.66 - - [25/Jul/2010:02:27:32 -0700] "GET /sitebuilder/images/Bullet_Signals2-278x251.jpg HTTP/1.1" 200 18028 "http://www.dotheton.com/forum/index.php?topic=1721.90" "Mozilla/5.0 (Windows; U; Windows NT 5.1; en-US; rv:1.9.2.8) Gecko/20100722 Firefox/3.6.8 ( .NET CLR 3.5.30729)" "silverimagingcanada.com"
67.195.115.86 - - [25/Jul/2010:02:35:46 -0700] "GET /robots.txt HTTP/1.0" 404 - "-" "Mozilla/5.0 (compatible; Yahoo! Slurp; http://help.yahoo.com/help/us/ysearch/slurp)" "www.silverimagingcanada.com"
67.195.115.86 - - [25/Jul/2010:02:35:47 -0700] "GET /?D=A HTTP/1.0" 200 1723 "-" "Mozilla/5.0 (compatible; Yahoo! Slurp/3.0; http://help.yahoo.com/help/us/ysearch/slurp)" "www.silverimagingcanada.com"
66.249.65.130 - - [25/Jul/2010:03:18:57 -0700] "GET /robots.txt HTTP/1.1" 404 - "-" "Googlebot-Image/1.0" "silverimagingcanada.com"
66.249.65.176 - - [25/Jul/2010:03:18:57 -0700] "GET /sitebuilder/images/navbar-0-mouseOver-90171.png HTTP/1.1" 200 1115 "-" "Googlebot-Image/1.0" "silverimagingcanada.com"
66.249.65.137 - - [25/Jul/2010:03:18:57 -0700] "GET /sitebuilder/images/navbar-0-mouseOver-57295.png HTTP/1.1" 200 282 "-" "Googlebot-Image/1.0" "silverimagingcanada.com"
66.249.65.186 - - [25/Jul/2010:03:18:57 -0700] "GET /sitebuilder/images/IMG_0077-252x339.jpg HTTP/1.1" 200 11202 "-" "Googlebot-Image/1.0" "silverimagingcanada.com"
95.108.150.235 - - [25/Jul/2010:03:19:40 -0700] "GET /robots.txt HTTP/1.1" 404 - "-" "Mozilla/5.0 (compatible; YandexBot/3.0; MirrorDetector; +http://yandex.com/bots)" "silverimagingcanada.com"
95.108.150.235 - - [25/Jul/2010:03:19:40 -0700] "GET /robots.txt HTTP/1.1" 404 - "-" "Mozilla/5.0 (compatible; YandexBot/3.0; MirrorDetector; +http://yandex.com/bots)" "www.silverimagingcanada.com"
95.108.150.235 - - [25/Jul/2010:03:19:41 -0700] "GET / HTTP/1.1" 200 1739 "-" "Mozilla/5.0 (compatible; YandexBot/3.0; MirrorDetector; +http://yandex.com/bots)" "silverimagingcanada.com"
95.108.150.235 - - [25/Jul/2010:03:19:41 -0700] "GET / HTTP/1.1" 200 1739 "-" "Mozilla/5.0 (compatible; YandexBot/3.0; MirrorDetector; +http://yandex.com/bots)" "www.silverimagingcanada.com"
95.108.150.235 - - [25/Jul/2010:03:19:42 -0700] "GET / HTTP/1.1" 200 1739 "-" "Mozilla/5.0 (compatible; YandexBot/3.0; MirrorDetector; +http://yandex.com/bots)" "silverimagingcanada.com"
95.108.150.235 - - [25/Jul/2010:03:19:42 -0700] "GET / HTTP/1.1" 200 1739 "-" "Mozilla/5.0 (compatible; YandexBot/3.0; MirrorDetector; +http://yandex.com/bots)" "www.silverimagingcanada.com"
208.115.111.249 - - [25/Jul/2010:03:42:52 -0700] "GET /robots.txt HTTP/1.1" 404 - "-" "Mozilla/5.0 (compatible; DotBot/1.1; http://www.dotnetdotcom.org/, crawler@dotnetdotcom.org)" "www.silverimagingcanada.com"
207.46.194.85 - - [25/Jul/2010:04:11:11 -0700] "GET /robots.txt HTTP/1.1" 404 - "-" "msnbot-media/1.1 (+http://search.msn.com/msnbot.htm)" "www.silverimagingcanada.com"
207.46.194.85 - - [25/Jul/2010:04:11:11 -0700] "GET /sitebuilder/images/Gay_DVR_Splash_Screen2-581x435.jpg HTTP/1.1" 200 25628 "-" "msnbot-media/1.1 (+http://search.msn.com/msnbot.htm)" "www.silverimagingcanada.com"
66.249.65.151 - - [25/Jul/2010:04:48:25 -0700] "GET /clipart/buttons/themes/elegant_blue/inactive.gif HTTP/1.1" 200 871 "-" "Googlebot-Image/1.0" "silverimagingcanada.com"
66.249.65.186 - - [25/Jul/2010:04:48:25 -0700] "GET /clipart/buttons/themes/elegant_blue/active.gif HTTP/1.1" 200 239 "-" "Googlebot-Image/1.0" "silverimagingcanada.com"
67.195.115.86 - - [25/Jul/2010:05:04:49 -0700] "GET /logs/?S=A HTTP/1.0" 200 2924 "-" "Mozilla/5.0 (compatible; Yahoo! Slurp/3.0; http://help.yahoo.com/help/us/ysearch/slurp)" "www.silverimagingcanada.com"
208.115.111.249 - - [25/Jul/2010:05:13:24 -0700] "GET /logs/?M=A HTTP/1.1" 200 2940 "-" "Mozilla/5.0 (compatible; DotBot/1.1; http://www.dotnetdotcom.org/, crawler@dotnetdotcom.org)" "www.silverimagingcanada.com"
208.115.111.249 - - [25/Jul/2010:05:13:24 -0700] "GET /logs/?N=D HTTP/1.1" 200 2940 "-" "Mozilla/5.0 (compatible; DotBot/1.1; http://www.dotnetdotcom.org/, crawler@dotnetdotcom.org)" "www.silverimagingcanada.com"
208.115.111.249 - - [25/Jul/2010:05:13:25 -0700] "GET /logs/?S=A HTTP/1.1" 200 2940 "-" "Mozilla/5.0 (compatible; DotBot/1.1; http://www.dotnetdotcom.org/, crawler@dotnetdotcom.org)" "www.silverimagingcanada.com"
208.115.111.249 - - [25/Jul/2010:05:13:28 -0700] "GET /media/Las_Vegas_082.avi HTTP/1.1" 200 2752512 "-" "Mozilla/5.0 (compatible; DotBot/1.1; http://www.dotnetdotcom.org/, crawler@dotnetdotcom.org)" "www.silverimagingcanada.com"
208.115.111.249 - - [25/Jul/2010:05:13:29 -0700] "GET /media/MVI_0343.AVI HTTP/1.1" 200 2752512 "-" "Mozilla/5.0 (compatible; DotBot/1.1; http://www.dotnetdotcom.org/, crawler@dotnetdotcom.org)" "www.silverimagingcanada.com"
208.115.111.249 - - [25/Jul/2010:05:13:29 -0700] "GET /media/PHILIPS_DVD_VR_-_Bonus_0111.avi HTTP/1.0" 200 2818048 "-" "Mozilla/5.0 (compatible; DotBot/1.1; http://www.dotnetdotcom.org/, crawler@dotnetdotcom.org)" "www.silverimagingcanada.com"
67.195.115.86 - - [25/Jul/2010:05:17:14 -0700] "GET /sounds/ HTTP/1.0" 200 648 "-" "Mozilla/5.0 (compatible; Yahoo! Slurp/3.0; http://help.yahoo.com/help/us/ysearch/slurp)" "www.silverimagingcanada.com"
67.195.115.86 - - [25/Jul/2010:05:19:15 -0700] "GET /sounds/?N=D HTTP/1.0" 200 648 "-" "Mozilla/5.0 (compatible; Yahoo! Slurp/3.0; http://help.yahoo.com/help/us/ysearch/slurp)" "www.silverimagingcanada.com"
67.195.115.86 - - [25/Jul/2010:05:21:19 -0700] "GET /sounds/?N=A HTTP/1.0" 200 648 "-" "Mozilla/5.0 (compatible; Yahoo! Slurp/3.0; http://help.yahoo.com/help/us/ysearch/slurp)" "www.silverimagingcanada.com"
67.195.115.86 - - [25/Jul/2010:06:01:05 -0700] "GET /tmp/?S=A HTTP/1.0" 200 504 "-" "Mozilla/5.0 (compatible; Yahoo! Slurp/3.0; http://help.yahoo.com/help/us/ysearch/slurp)" "www.silverimagingcanada.com"
67.195.115.86 - - [25/Jul/2010:06:02:29 -0700] "GET /scripts/?D=A HTTP/1.0" 200 650 "-" "Mozilla/5.0 (compatible; Yahoo! Slurp/3.0; http://help.yahoo.com/help/us/ysearch/slurp)" "www.silverimagingcanada.com"
61.90.66.85 - - [25/Jul/2010:06:12:05 -0700] "GET /sitebuilder/images/Gay_DVR_Splash_Screen2-581x435.jpg HTTP/1.1" 200 25628 "http://www.google.co.th/imglanding?q=gay%20hentai&imgurl=http://hentaiporncomics.com/thumbs/GayComicsnnYtiOY3.jpg&imgrefurl=http://yaoicomics.vox.com/&usg=__uLE6gzhrfeUVFiqvGvL49Hrd70M=&h=240&w=180&sz=18&hl=th&itbs=1&tbnid=GUgaO4QQnEkaKM:&tbnh=110&tbnw=83&prev=/images%3Fq%3Dgay%2Bhentai%26hl%3Dth%26sa%3DG%26ndsp%3D20%26tbs%3Disch:1%26prmd%3Dvi&sa=G&ndsp=20&tbs=isch:1&prmd=vi&start=0" "Mozilla/5.0 (Windows; U; Windows NT 5.1; en-US) AppleWebKit/533.4 (KHTML, like Gecko) Chrome/5.0.375.99 Safari/533.4" "www.silverimagingcanada.com"
208.115.111.249 - - [25/Jul/2010:07:11:47 -0700] "GET /robots.txt HTTP/1.1" 404 - "-" "Mozilla/5.0 (compatible; DotBot/1.1; http://www.dotnetdotcom.org/, crawler@dotnetdotcom.org)" "www.silverimagingcanada.com"
66.249.65.139 - - [25/Jul/2010:07:53:04 -0700] "GET /sitebuilder/images/lookwere_your_noggin_cant-1-474x53.jpg HTTP/1.1" 200 6330 "-" "Googlebot-Image/1.0" "silverimagingcanada.com"
66.249.65.168 - - [25/Jul/2010:07:53:07 -0700] "GET /sitebuilder/images/navbar-4-inactive-16265.png HTTP/1.1" 200 1189 "-" "Googlebot-Image/1.0" "silverimagingcanada.com"
66.249.65.165 - - [25/Jul/2010:07:53:07 -0700] "GET /sitebuilder/images/navbar-1-active-28984.png HTTP/1.1" 200 366 "-" "Googlebot-Image/1.0" "silverimagingcanada.com"
66.249.65.180 - - [25/Jul/2010:07:53:08 -0700] "GET /sitebuilder/images/Complete_Bag_3_pieces_total-178x121.jpg HTTP/1.1" 200 3989 "-" "Googlebot-Image/1.0" "silverimagingcanada.com"
208.115.111.249 - - [25/Jul/2010:07:53:36 -0700] "GET /media/?D=A HTTP/1.1" 200 2086 "-" "Mozilla/5.0 (compatible; DotBot/1.1; http://www.dotnetdotcom.org/, crawler@dotnetdotcom.org)" "www.silverimagingcanada.com"
208.115.111.249 - - [25/Jul/2010:07:53:37 -0700] "GET /media/?M=A HTTP/1.1" 200 2086 "-" "Mozilla/5.0 (compatible; DotBot/1.1; http://www.dotnetdotcom.org/, crawler@dotnetdotcom.org)" "www.silverimagingcanada.com"
208.115.111.249 - - [25/Jul/2010:07:53:38 -0700] "GET /media/?N=D HTTP/1.1" 200 2086 "-" "Mozilla/5.0 (compatible; DotBot/1.1; http://www.dotnetdotcom.org/, crawler@dotnetdotcom.org)" "www.silverimagingcanada.com"
208.115.111.249 - - [25/Jul/2010:07:53:39 -0700] "GET /media/?S=A HTTP/1.1" 200 2086 "-" "Mozilla/5.0 (compatible; DotBot/1.1; http://www.dotnetdotcom.org/, crawler@dotnetdotcom.org)" "www.silverimagingcanada.com"
208.115.111.249 - - [25/Jul/2010:07:53:40 -0700] "GET /sitebuilder/scripts/?D=A HTTP/1.1" 200 702 "-" "Mozilla/5.0 (compatible; DotBot/1.1; http://www.dotnetdotcom.org/, crawler@dotnetdotcom.org)" "www.silverimagingcanada.com"
208.115.111.249 - - [25/Jul/2010:07:53:41 -0700] "GET /sitebuilder/scripts/layers.js HTTP/1.1" 200 4045 "-" "Mozilla/5.0 (compatible; DotBot/1.1; http://www.dotnetdotcom.org/, crawler@dotnetdotcom.org)" "www.silverimagingcanada.com"
66.249.65.139 - - [25/Jul/2010:07:54:45 -0700] "GET /sitebuilder/images/lookwere_your_noggin_cant-1-474x53.jpg HTTP/1.1" 200 6330 "-" "Googlebot-Image/1.0" "silverimagingcanada.com"
67.195.115.86 - - [25/Jul/2010:07:56:33 -0700] "GET /tmp/?D=A HTTP/1.0" 200 504 "-" "Mozilla/5.0 (compatible; Yahoo! Slurp/3.0; http://help.yahoo.com/help/us/ysearch/slurp)" "www.silverimagingcanada.com"
66.249.65.186 - - [25/Jul/2010:08:07:08 -0700] "GET /clipart/images/sidebars/grayDotTexture.jpg HTTP/1.1" 200 1352 "-" "Googlebot-Image/1.0" "silverimagingcanada.com"
66.249.65.184 - - [25/Jul/2010:08:07:09 -0700] "GET /clipart/images/sidebars/metalRivetsDown.jpg HTTP/1.1" 200 30099 "-" "Googlebot-Image/1.0" "silverimagingcanada.com"
67.195.115.86 - - [25/Jul/2010:09:01:43 -0700] "GET /sounds/?S=A HTTP/1.0" 200 648 "-" "Mozilla/5.0 (compatible; Yahoo! Slurp/3.0; http://help.yahoo.com/help/us/ysearch/slurp)" "www.silverimagingcanada.com"
67.195.115.86 - - [25/Jul/2010:09:26:23 -0700] "GET /logs/access_090712.log HTTP/1.0" 200 710507 "-" "Mozilla/5.0 (compatible; Yahoo! Slurp/3.0; http://help.yahoo.com/help/us/ysearch/slurp)" "www.silverimagingcanada.com"
67.195.115.86 - - [25/Jul/2010:10:30:56 -0700] "GET /sounds/?D=A HTTP/1.0" 200 648 "-" "Mozilla/5.0 (compatible; Yahoo! Slurp/3.0; http://help.yahoo.com/help/us/ysearch/slurp)" "www.silverimagingcanada.com"
208.115.111.249 - - [25/Jul/2010:10:48:50 -0700] "GET /robots.txt HTTP/1.1" 404 - "-" "Mozilla/5.0 (compatible; DotBot/1.1; http://www.dotnetdotcom.org/, crawler@dotnetdotcom.org)" "www.silverimagingcanada.com"
208.115.111.249 - - [25/Jul/2010:12:05:19 -0700] "GET /?D=D HTTP/1.1" 200 1739 "-" "Mozilla/5.0 (compatible; DotBot/1.1; http://www.dotnetdotcom.org/, crawler@dotnetdotcom.org)" "www.silverimagingcanada.com"
208.115.111.249 - - [25/Jul/2010:12:05:19 -0700] "GET /?M=D HTTP/1.1" 200 1739 "-" "Mozilla/5.0 (compatible; DotBot/1.1; http://www.dotnetdotcom.org/, crawler@dotnetdotcom.org)" "www.silverimagingcanada.com"
208.115.111.249 - - [25/Jul/2010:12:05:20 -0700] "GET /?S=D HTTP/1.1" 200 1739 "-" "Mozilla/5.0 (compatible; DotBot/1.1; http://www.dotnetdotcom.org/, crawler@dotnetdotcom.org)" "www.silverimagingcanada.com"
208.115.111.249 - - [25/Jul/2010:12:05:21 -0700] "GET /clipart/?N=A HTTP/1.1" 200 1350 "-" "Mozilla/5.0 (compatible; DotBot/1.1; http://www.dotnetdotcom.org/, crawler@dotnetdotcom.org)" "www.silverimagingcanada.com"
208.115.111.249 - - [25/Jul/2010:12:05:21 -0700] "GET /navigation_bars/?D=D HTTP/1.1" 200 683 "-" "Mozilla/5.0 (compatible; DotBot/1.1; http://www.dotnetdotcom.org/, crawler@dotnetdotcom.org)" "www.silverimagingcanada.com"
208.115.111.249 - - [25/Jul/2010:12:05:22 -0700] "GET /navigation_bars/?M=D HTTP/1.1" 200 683 "-" "Mozilla/5.0 (compatible; DotBot/1.1; http://www.dotnetdotcom.org/, crawler@dotnetdotcom.org)" "www.silverimagingcanada.com"
208.115.111.249 - - [25/Jul/2010:12:05:23 -0700] "GET /navigation_bars/?S=D HTTP/1.1" 200 683 "-" "Mozilla/5.0 (compatible; DotBot/1.1; http://www.dotnetdotcom.org/, crawler@dotnetdotcom.org)" "www.silverimagingcanada.com"
208.115.111.249 - - [25/Jul/2010:12:05:24 -0700] "GET /sitebuilder/scripts/?M=A HTTP/1.1" 200 702 "-" "Mozilla/5.0 (compatible; DotBot/1.1; http://www.dotnetdotcom.org/, crawler@dotnetdotcom.org)" "www.silverimagingcanada.com"
208.115.111.249 - - [25/Jul/2010:12:05:24 -0700] "GET /sitebuilder/scripts/?N=D HTTP/1.1" 200 702 "-" "Mozilla/5.0 (compatible; DotBot/1.1; http://www.dotnetdotcom.org/, crawler@dotnetdotcom.org)" "www.silverimagingcanada.com"
208.115.111.249 - - [25/Jul/2010:12:05:25 -0700] "GET /sitebuilder/scripts/?S=A HTTP/1.1" 200 702 "-" "Mozilla/5.0 (compatible; DotBot/1.1; http://www.dotnetdotcom.org/, crawler@dotnetdotcom.org)" "www.silverimagingcanada.com"
93.158.144.27 - - [25/Jul/2010:13:13:30 -0700] "GET /media/vegaswedding.mov HTTP/1.1" 200 786432 "-" "Mozilla/5.0 (compatible; YandexBot/3.0; +http://yandex.com/bots)" "www.silverimagingcanada.com"
72.205.225.221 - - [25/Jul/2010:13:54:50 -0700] "GET /sitebuilder/images/IMG_0342-444x328.jpg HTTP/1.1" 200 14174 "http://camerahacks.10.forumer.com/a/change-a-stupid-splash-screen-on-a-dvrcamera_post3239.html" "Mozilla/5.0 (Windows; U; Windows NT 6.0; en-US; rv:2.0b1) Gecko/20100630 Firefox/4.0b1 (.NET CLR 3.5.30729)" "www.silverimagingcanada.com"
72.205.225.221 - - [25/Jul/2010:13:54:50 -0700] "GET /sitebuilder/images/IMG_0332-476x353.jpg HTTP/1.1" 200 33138 "http://camerahacks.10.forumer.com/a/change-a-stupid-splash-screen-on-a-dvrcamera_post3239.html" "Mozilla/5.0 (Windows; U; Windows NT 6.0; en-US; rv:2.0b1) Gecko/20100630 Firefox/4.0b1 (.NET CLR 3.5.30729)" "www.silverimagingcanada.com"
72.205.225.221 - - [25/Jul/2010:13:54:50 -0700] "GET /sitebuilder/images/IMG_0330-444x329.jpg HTTP/1.1" 200 35303 "http://camerahacks.10.forumer.com/a/change-a-stupid-splash-screen-on-a-dvrcamera_post3239.html" "Mozilla/5.0 (Windows; U; Windows NT 6.0; en-US; rv:2.0b1) Gecko/20100630 Firefox/4.0b1 (.NET CLR 3.5.30729)" "www.silverimagingcanada.com"
208.115.111.249 - - [25/Jul/2010:14:15:57 -0700] "GET /robots.txt HTTP/1.1" 404 - "-" "Mozilla/5.0 (compatible; DotBot/1.1; http://www.dotnetdotcom.org/, crawler@dotnetdotcom.org)" "www.silverimagingcanada.com"
80.169.225.41 - - [25/Jul/2010:16:02:30 -0700] "GET /robots.txt HTTP/1.0" 404 - "-" "Wget/1.11.1" "www.silverimagingcanada.com"
208.115.111.249 - - [25/Jul/2010:16:24:20 -0700] "GET /clipart/?D=A HTTP/1.1" 200 1350 "-" "Mozilla/5.0 (compatible; DotBot/1.1; http://www.dotnetdotcom.org/, crawler@dotnetdotcom.org)" "www.silverimagingcanada.com"
208.115.111.249 - - [25/Jul/2010:16:24:21 -0700] "GET /clipart/?N=D HTTP/1.1" 200 1350 "-" "Mozilla/5.0 (compatible; DotBot/1.1; http://www.dotnetdotcom.org/, crawler@dotnetdotcom.org)" "www.silverimagingcanada.com"
208.115.111.249 - - [25/Jul/2010:16:24:22 -0700] "GET /scripts/?D=D HTTP/1.1" 200 666 "-" "Mozilla/5.0 (compatible; DotBot/1.1; http://www.dotnetdotcom.org/, crawler@dotnetdotcom.org)" "www.silverimagingcanada.com"
208.115.111.249 - - [25/Jul/2010:16:24:22 -0700] "GET /scripts/?M=D HTTP/1.1" 200 666 "-" "Mozilla/5.0 (compatible; DotBot/1.1; http://www.dotnetdotcom.org/, crawler@dotnetdotcom.org)" "www.silverimagingcanada.com"
208.115.111.249 - - [25/Jul/2010:16:24:23 -0700] "GET /scripts/?S=D HTTP/1.1" 200 666 "-" "Mozilla/5.0 (compatible; DotBot/1.1; http://www.dotnetdotcom.org/, crawler@dotnetdotcom.org)" "www.silverimagingcanada.com"
208.115.111.249 - - [25/Jul/2010:16:24:23 -0700] "GET /sitebuilder/?N=A HTTP/1.1" 200 948 "-" "Mozilla/5.0 (compatible; DotBot/1.1; http://www.dotnetdotcom.org/, crawler@dotnetdotcom.org)" "www.silverimagingcanada.com"
208.115.111.249 - - [25/Jul/2010:16:24:23 -0700] "GET /sitebuilder/?N=D HTTP/1.1" 200 948 "-" "Mozilla/5.0 (compatible; DotBot/1.1; http://www.dotnetdotcom.org/, crawler@dotnetdotcom.org)" "www.silverimagingcanada.com"
208.115.111.249 - - [25/Jul/2010:16:24:24 -0700] "GET /sounds/?D=D HTTP/1.1" 200 664 "-" "Mozilla/5.0 (compatible; DotBot/1.1; http://www.dotnetdotcom.org/, crawler@dotnetdotcom.org)" "www.silverimagingcanada.com"
208.115.111.249 - - [25/Jul/2010:16:24:24 -0700] "GET /sounds/?M=D HTTP/1.1" 200 664 "-" "Mozilla/5.0 (compatible; DotBot/1.1; http://www.dotnetdotcom.org/, crawler@dotnetdotcom.org)" "www.silverimagingcanada.com"
208.115.111.249 - - [25/Jul/2010:16:24:25 -0700] "GET /sounds/?S=D HTTP/1.1" 200 664 "-" "Mozilla/5.0 (compatible; DotBot/1.1; http://www.dotnetdotcom.org/, crawler@dotnetdotcom.org)" "www.silverimagingcanada.com"
93.158.144.27 - - [25/Jul/2010:16:48:04 -0700] "GET /robots.txt HTTP/1.1" 404 - "-" "Mozilla/5.0 (compatible; YandexBot/3.0; +http://yandex.com/bots)" "www.silverimagingcanada.com"
208.115.111.249 - - [25/Jul/2010:17:41:07 -0700] "GET /robots.txt HTTP/1.1" 404 - "-" "Mozilla/5.0 (compatible; DotBot/1.1; http://www.dotnetdotcom.org/, crawler@dotnetdotcom.org)" "www.silverimagingcanada.com"
208.115.111.249 - - [25/Jul/2010:18:28:52 -0700] "GET /?N=A HTTP/1.1" 200 1739 "-" "Mozilla/5.0 (compatible; DotBot/1.1; http://www.dotnetdotcom.org/, crawler@dotnetdotcom.org)" "www.silverimagingcanada.com"
208.115.111.249 - - [25/Jul/2010:18:28:52 -0700] "GET /clipart/?M=A HTTP/1.1" 200 1350 "-" "Mozilla/5.0 (compatible; DotBot/1.1; http://www.dotnetdotcom.org/, crawler@dotnetdotcom.org)" "www.silverimagingcanada.com"
208.115.111.249 - - [25/Jul/2010:18:28:53 -0700] "GET /clipart/?S=A HTTP/1.1" 200 1350 "-" "Mozilla/5.0 (compatible; DotBot/1.1; http://www.dotnetdotcom.org/, crawler@dotnetdotcom.org)" "www.silverimagingcanada.com"
208.115.111.249 - - [25/Jul/2010:18:28:54 -0700] "GET /clipart/backgrounds/ HTTP/1.1" 200 696 "-" "Mozilla/5.0 (compatible; DotBot/1.1; http://www.dotnetdotcom.org/, crawler@dotnetdotcom.org)" "www.silverimagingcanada.com"
208.115.111.249 - - [25/Jul/2010:18:28:54 -0700] "GET /clipart/bullets/ HTTP/1.1" 200 962 "-" "Mozilla/5.0 (compatible; DotBot/1.1; http://www.dotnetdotcom.org/, crawler@dotnetdotcom.org)" "www.silverimagingcanada.com"
208.115.111.249 - - [25/Jul/2010:18:28:55 -0700] "GET /clipart/buttons/ HTTP/1.1" 200 956 "-" "Mozilla/5.0 (compatible; DotBot/1.1; http://www.dotnetdotcom.org/, crawler@dotnetdotcom.org)" "www.silverimagingcanada.com"
208.115.111.249 - - [25/Jul/2010:18:28:55 -0700] "GET /clipart/images/ HTTP/1.1" 200 993 "-" "Mozilla/5.0 (compatible; DotBot/1.1; http://www.dotnetdotcom.org/, crawler@dotnetdotcom.org)" "www.silverimagingcanada.com"
208.115.111.249 - - [25/Jul/2010:18:28:56 -0700] "GET /clipart/pageHeaders/ HTTP/1.1" 200 1322 "-" "Mozilla/5.0 (compatible; DotBot/1.1; http://www.dotnetdotcom.org/, crawler@dotnetdotcom.org)" "www.silverimagingcanada.com"
208.115.111.249 - - [25/Jul/2010:18:28:57 -0700] "GET /clipart/photos/ HTTP/1.1" 200 687 "-" "Mozilla/5.0 (compatible; DotBot/1.1; http://www.dotnetdotcom.org/, crawler@dotnetdotcom.org)" "www.silverimagingcanada.com"
208.115.111.249 - - [25/Jul/2010:18:28:58 -0700] "GET /navigation_bars/?N=D HTTP/1.1" 200 683 "-" "Mozilla/5.0 (compatible; DotBot/1.1; http://www.dotnetdotcom.org/, crawler@dotnetdotcom.org)" "www.silverimagingcanada.com"
66.249.65.152 - - [25/Jul/2010:18:46:27 -0700] "GET /robots.txt HTTP/1.1" 404 - "-" "Mozilla/5.0 (compatible; Googlebot/2.1; +http://www.google.com/bot.html)" "www.silverimagingcanada.com"
66.249.65.150 - - [25/Jul/2010:18:46:27 -0700] "GET /cammod HTTP/1.1" 404 - "-" "Mozilla/5.0 (compatible; Googlebot/2.1; +http://www.google.com/bot.html)" "www.silverimagingcanada.com"
212.117.164.64 - - [25/Jul/2010:19:11:22 -0700] "GET /logs/access_100612.log HTTP/1.0" 200 388011 "http://www.silverimagingcanada.com/logs/access_100612.log" "Mozilla/4.0 (compatible; MSIE 6.0; Windows NT 5.1; .NET CLR 1.1.4322; FDM)" "www.silverimagingcanada.com"
93.158.144.27 - - [25/Jul/2010:19:39:33 -0700] "GET /logs/access_091212.log HTTP/1.1" 200 230465 "-" "Mozilla/5.0 (compatible; YandexBot/3.0; +http://yandex.com/bots)" "www.silverimagingcanada.com"
208.115.111.249 - - [25/Jul/2010:21:13:44 -0700] "GET /robots.txt HTTP/1.1" 404 - "-" "Mozilla/5.0 (compatible; DotBot/1.1; http://www.dotnetdotcom.org/, crawler@dotnetdotcom.org)" "www.silverimagingcanada.com"
208.115.111.249 - - [25/Jul/2010:22:23:11 -0700] "GET /images/?D=D HTTP/1.1" 200 526 "-" "Mozilla/5.0 (compatible; DotBot/1.1; http://www.dotnetdotcom.org/, crawler@dotnetdotcom.org)" "www.silverimagingcanada.com"
208.115.111.249 - - [25/Jul/2010:22:23:11 -0700] "GET /navigation_bars/?N=A HTTP/1.1" 200 683 "-" "Mozilla/5.0 (compatible; DotBot/1.1; http://www.dotnetdotcom.org/, crawler@dotnetdotcom.org)" "www.silverimagingcanada.com"
208.115.111.249 - - [25/Jul/2010:22:23:12 -0700] "GET /scripts/?N=D HTTP/1.1" 200 666 "-" "Mozilla/5.0 (compatible; DotBot/1.1; http://www.dotnetdotcom.org/, crawler@dotnetdotcom.org)" "www.silverimagingcanada.com"
208.115.111.249 - - [25/Jul/2010:22:23:12 -0700] "GET /sitebuilder/?D=A HTTP/1.1" 200 948 "-" "Mozilla/5.0 (compatible; DotBot/1.1; http://www.dotnetdotcom.org/, crawler@dotnetdotcom.org)" "www.silverimagingcanada.com"
208.115.111.249 - - [25/Jul/2010:22:23:13 -0700] "GET /sitebuilder/?M=A HTTP/1.1" 200 948 "-" "Mozilla/5.0 (compatible; DotBot/1.1; http://www.dotnetdotcom.org/, crawler@dotnetdotcom.org)" "www.silverimagingcanada.com"
208.115.111.249 - - [25/Jul/2010:22:23:13 -0700] "GET /sitebuilder/?S=A HTTP/1.1" 200 948 "-" "Mozilla/5.0 (compatible; DotBot/1.1; http://www.dotnetdotcom.org/, crawler@dotnetdotcom.org)" "www.silverimagingcanada.com"
208.115.111.249 - - [25/Jul/2010:22:23:14 -0700] "GET /sitebuilder/images/ HTTP/1.1" 200 55010 "-" "Mozilla/5.0 (compatible; DotBot/1.1; http://www.dotnetdotcom.org/, crawler@dotnetdotcom.org)" "www.silverimagingcanada.com"
208.115.111.249 - - [25/Jul/2010:22:23:15 -0700] "GET /sitebuilder/scripts/ HTTP/1.1" 200 702 "-" "Mozilla/5.0 (compatible; DotBot/1.1; http://www.dotnetdotcom.org/, crawler@dotnetdotcom.org)" "www.silverimagingcanada.com"
208.115.111.249 - - [25/Jul/2010:22:23:15 -0700] "GET /sitebuilder/server_meta.txt HTTP/1.1" 200 15718 "-" "Mozilla/5.0 (compatible; DotBot/1.1; http://www.dotnetdotcom.org/, crawler@dotnetdotcom.org)" "www.silverimagingcanada.com"
208.115.111.249 - - [25/Jul/2010:22:23:16 -0700] "GET /sounds/?N=D HTTP/1.1" 200 664 "-" "Mozilla/5.0 (compatible; DotBot/1.1; http://www.dotnetdotcom.org/, crawler@dotnetdotcom.org)" "www.silverimagingcanada.com"
93.158.144.27 - - [25/Jul/2010:23:15:36 -0700] "GET /clipart/bullets/ HTTP/1.1" 200 962 "-" "Mozilla/5.0 (compatible; YandexBot/3.0; +http://yandex.com/bots)" "www.silverimagingcanada.com"
67.195.115.86 - - [25/Jul/2010:23:34:59 -0700] "GET /robots.txt HTTP/1.0" 404 - "-" "Mozilla/5.0 (compatible; Yahoo! Slurp; http://help.yahoo.com/help/us/ysearch/slurp)" "www.silverimagingcanada.com"
67.195.115.86 - - [25/Jul/2010:23:35:00 -0700] "GET /scripts/ HTTP/1.0" 200 650 "-" "Mozilla/5.0 (compatible; Yahoo! Slurp/3.0; http://help.yahoo.com/help/us/ysearch/slurp)" "www.silverimagingcanada.com"
67.195.115.86 - - [25/Jul/2010:23:39:58 -0700] "GET /sitebuilder/ HTTP/1.0" 200 932 "-" "Mozilla/5.0 (compatible; Yahoo! Slurp/3.0; http://help.yahoo.com/help/us/ysearch/slurp)" "www.silverimagingcanada.com"
208.115.111.249 - - [26/Jul/2010:00:45:53 -0700] "GET /robots.txt HTTP/1.1" 404 - "-" "Mozilla/5.0 (compatible; DotBot/1.1; http://www.dotnetdotcom.org/, crawler@dotnetdotcom.org)" "www.silverimagingcanada.com"
67.195.115.86 - - [26/Jul/2010:01:32:08 -0700] "GET /navigation_bars/ HTTP/1.0" 200 667 "-" "Mozilla/5.0 (compatible; Yahoo! Slurp/3.0; http://help.yahoo.com/help/us/ysearch/slurp)" "www.silverimagingcanada.com"
208.115.111.249 - - [26/Jul/2010:01:35:25 -0700] "GET /images/?M=D HTTP/1.1" 200 526 "-" "Mozilla/5.0 (compatible; DotBot/1.1; http://www.dotnetdotcom.org/, crawler@dotnetdotcom.org)" "www.silverimagingcanada.com"
208.115.111.249 - - [26/Jul/2010:01:35:26 -0700] "GET /images/?S=D HTTP/1.1" 200 526 "-" "Mozilla/5.0 (compatible; DotBot/1.1; http://www.dotnetdotcom.org/, crawler@dotnetdotcom.org)" "www.silverimagingcanada.com"
208.115.111.249 - - [26/Jul/2010:01:35:26 -0700] "GET /navigation_bars/?D=A HTTP/1.1" 200 683 "-" "Mozilla/5.0 (compatible; DotBot/1.1; http://www.dotnetdotcom.org/, crawler@dotnetdotcom.org)" "www.silverimagingcanada.com"
208.115.111.249 - - [26/Jul/2010:01:35:27 -0700] "GET /navigation_bars/?M=A HTTP/1.1" 200 683 "-" "Mozilla/5.0 (compatible; DotBot/1.1; http://www.dotnetdotcom.org/, crawler@dotnetdotcom.org)" "www.silverimagingcanada.com"
208.115.111.249 - - [26/Jul/2010:01:35:27 -0700] "GET /navigation_bars/?S=A HTTP/1.1" 200 683 "-" "Mozilla/5.0 (compatible; DotBot/1.1; http://www.dotnetdotcom.org/, crawler@dotnetdotcom.org)" "www.silverimagingcanada.com"
208.115.111.249 - - [26/Jul/2010:01:35:28 -0700] "GET /scripts/?N=A HTTP/1.1" 200 666 "-" "Mozilla/5.0 (compatible; DotBot/1.1; http://www.dotnetdotcom.org/, crawler@dotnetdotcom.org)" "www.silverimagingcanada.com"
208.115.111.249 - - [26/Jul/2010:01:35:28 -0700] "GET /sounds/?N=A HTTP/1.1" 200 664 "-" "Mozilla/5.0 (compatible; DotBot/1.1; http://www.dotnetdotcom.org/, crawler@dotnetdotcom.org)" "www.silverimagingcanada.com"
208.115.111.249 - - [26/Jul/2010:01:35:29 -0700] "GET /tmp/?D=D HTTP/1.1" 200 520 "-" "Mozilla/5.0 (compatible; DotBot/1.1; http://www.dotnetdotcom.org/, crawler@dotnetdotcom.org)" "www.silverimagingcanada.com"
208.115.111.249 - - [26/Jul/2010:01:35:29 -0700] "GET /tmp/?M=D HTTP/1.1" 200 520 "-" "Mozilla/5.0 (compatible; DotBot/1.1; http://www.dotnetdotcom.org/, crawler@dotnetdotcom.org)" "www.silverimagingcanada.com"
208.115.111.249 - - [26/Jul/2010:01:35:30 -0700] "GET /tmp/?S=D HTTP/1.1" 200 520 "-" "Mozilla/5.0 (compatible; DotBot/1.1; http://www.dotnetdotcom.org/, crawler@dotnetdotcom.org)" "www.silverimagingcanada.com"
93.158.144.27 - - [26/Jul/2010:01:52:51 -0700] "GET /clipart/buttons/paypal/buy_now/ HTTP/1.1" 200 742 "-" "Mozilla/5.0 (compatible; YandexBot/3.0; +http://yandex.com/bots)" "www.silverimagingcanada.com"
66.249.65.148 - - [26/Jul/2010:02:22:30 -0700] "GET /robots.txt HTTP/1.1" 404 - "-" "Googlebot-Image/1.0" "silverimagingcanada.com"
66.249.65.152 - - [26/Jul/2010:02:22:30 -0700] "GET /sitebuilder/images/backdoor1-334x402.jpg HTTP/1.1" 200 49622 "-" "Googlebot-Image/1.0" "silverimagingcanada.com"
208.80.193.121 - - [26/Jul/2010:03:10:18 -0700] "GET / HTTP/1.0" 200 1723 "-" "Mozilla/4.0 (compatible; MSIE 7.0; Windows NT 5.1; Hotbar 4.5.0.0; .NET CLR 1.0.3705; .NET CLR 1.1.4322; .NET CLR 2.0.50727)" "silverimagingcanada.com"
67.195.115.86 - - [26/Jul/2010:03:18:58 -0700] "GET /robots.txt HTTP/1.0" 404 - "-" "Mozilla/5.0 (compatible; Yahoo! Slurp; http://help.yahoo.com/help/us/ysearch/slurp)" "www.silverimagingcanada.com"
67.195.115.86 - - [26/Jul/2010:03:18:59 -0700] "GET /?M=A HTTP/1.0" 200 1723 "-" "Mozilla/5.0 (compatible; Yahoo! Slurp/3.0; http://help.yahoo.com/help/us/ysearch/slurp)" "www.silverimagingcanada.com"
66.249.65.147 - - [26/Jul/2010:04:02:46 -0700] "GET /clipart/buttons/themes/elegant_blue/mouseOver.gif HTTP/1.1" 200 875 "-" "Googlebot-Image/1.0" "silverimagingcanada.com"
208.115.111.249 - - [26/Jul/2010:04:27:40 -0700] "GET /robots.txt HTTP/1.1" 404 - "-" "Mozilla/5.0 (compatible; DotBot/1.1; http://www.dotnetdotcom.org/, crawler@dotnetdotcom.org)" "www.silverimagingcanada.com"
93.158.144.27 - - [26/Jul/2010:04:30:16 -0700] "GET /sitebuilder/scripts/layers.js HTTP/1.1" 200 4045 "-" "Mozilla/5.0 (compatible; YandexBot/3.0; +http://yandex.com/bots)" "www.silverimagingcanada.com"
208.115.111.249 - - [26/Jul/2010:05:15:44 -0700] "GET /?N=D HTTP/1.1" 200 1739 "-" "Mozilla/5.0 (compatible; DotBot/1.1; http://www.dotnetdotcom.org/, crawler@dotnetdotcom.org)" "www.silverimagingcanada.com"
208.115.111.249 - - [26/Jul/2010:05:15:44 -0700] "GET /images/?N=D HTTP/1.1" 200 526 "-" "Mozilla/5.0 (compatible; DotBot/1.1; http://www.dotnetdotcom.org/, crawler@dotnetdotcom.org)" "www.silverimagingcanada.com"
208.115.111.249 - - [26/Jul/2010:05:15:45 -0700] "GET /navigation_bars/navbar.nav HTTP/1.1" 200 643 "-" "Mozilla/5.0 (compatible; DotBot/1.1; http://www.dotnetdotcom.org/, crawler@dotnetdotcom.org)" "www.silverimagingcanada.com"
208.115.111.249 - - [26/Jul/2010:05:15:46 -0700] "GET /scripts/?D=A HTTP/1.1" 200 666 "-" "Mozilla/5.0 (compatible; DotBot/1.1; http://www.dotnetdotcom.org/, crawler@dotnetdotcom.org)" "www.silverimagingcanada.com"
208.115.111.249 - - [26/Jul/2010:05:15:46 -0700] "GET /scripts/?M=A HTTP/1.1" 200 666 "-" "Mozilla/5.0 (compatible; DotBot/1.1; http://www.dotnetdotcom.org/, crawler@dotnetdotcom.org)" "www.silverimagingcanada.com"
208.115.111.249 - - [26/Jul/2010:05:15:47 -0700] "GET /scripts/?S=A HTTP/1.1" 200 666 "-" "Mozilla/5.0 (compatible; DotBot/1.1; http://www.dotnetdotcom.org/, crawler@dotnetdotcom.org)" "www.silverimagingcanada.com"
208.115.111.249 - - [26/Jul/2010:05:15:48 -0700] "GET /sounds/?D=A HTTP/1.1" 200 664 "-" "Mozilla/5.0 (compatible; DotBot/1.1; http://www.dotnetdotcom.org/, crawler@dotnetdotcom.org)" "www.silverimagingcanada.com"
208.115.111.249 - - [26/Jul/2010:05:15:49 -0700] "GET /sounds/?M=A HTTP/1.1" 200 664 "-" "Mozilla/5.0 (compatible; DotBot/1.1; http://www.dotnetdotcom.org/, crawler@dotnetdotcom.org)" "www.silverimagingcanada.com"
208.115.111.249 - - [26/Jul/2010:05:15:49 -0700] "GET /sounds/?S=A HTTP/1.1" 200 664 "-" "Mozilla/5.0 (compatible; DotBot/1.1; http://www.dotnetdotcom.org/, crawler@dotnetdotcom.org)" "www.silverimagingcanada.com"
208.115.111.249 - - [26/Jul/2010:05:15:50 -0700] "GET /tmp/?N=D HTTP/1.1" 200 520 "-" "Mozilla/5.0 (compatible; DotBot/1.1; http://www.dotnetdotcom.org/, crawler@dotnetdotcom.org)" "www.silverimagingcanada.com"
66.249.65.131 - - [26/Jul/2010:06:52:26 -0700] "GET /sitebuilder/images/navbar-0-inactive-15124.png HTTP/1.1" 200 420 "-" "Googlebot-Image/1.0" "silverimagingcanada.com"
66.249.65.173 - - [26/Jul/2010:06:52:29 -0700] "GET /sitebuilder/images/PICT0008-2-216x152.jpg HTTP/1.0" 200 9498 "-" "Googlebot-Image/1.0" "silverimagingcanada.com"
66.249.65.156 - - [26/Jul/2010:06:52:31 -0700] "GET /sitebuilder/images/sewertape-133x55.jpg HTTP/1.1" 200 2557 "-" "Googlebot-Image/1.0" "silverimagingcanada.com"
66.249.65.183 - - [26/Jul/2010:06:52:34 -0700] "GET /sitebuilder/images/navbar-1-mouseOver-29078.png HTTP/1.1" 200 539 "-" "Googlebot-Image/1.0" "silverimagingcanada.com"
66.249.65.162 - - [26/Jul/2010:06:52:41 -0700] "GET /sitebuilder/images/navbar-2-mouseOver-16202.png HTTP/1.1" 200 483 "-" "Googlebot-Image/1.0" "silverimagingcanada.com"
66.249.65.163 - - [26/Jul/2010:07:09:17 -0700] "GET /clipart/photos/business/gear.jpg HTTP/1.1" 200 4910 "-" "Googlebot-Image/1.0" "silverimagingcanada.com"
174.121.240.147 - - [26/Jul/2010:07:24:37 -0700] "GET /logs//index.php?option=com_ninjarsssyndicator&controller=../../../../../../../../../../../../../../../proc/self/environ%00 HTTP/1.1" 404 - "-" "libwww-perl/5.810" "www.silverimagingcanada.com"
174.121.240.147 - - [26/Jul/2010:07:24:38 -0700] "GET /index.php?option=com_ninjarsssyndicator&controller=../../../../../../../../../../../../../../../proc/self/environ%00 HTTP/1.1" 404 - "-" "libwww-perl/5.810" "www.silverimagingcanada.com"
174.121.240.147 - - [26/Jul/2010:07:25:10 -0700] "GET /logs//index.php?option=com_ninjarsssyndicator&controller=../../../../../../../../../../../../../../../proc/self/environ%00 HTTP/1.1" 404 - "-" "libwww-perl/5.810" "www.silverimagingcanada.com"
174.121.240.147 - - [26/Jul/2010:07:25:10 -0700] "GET /index.php?option=com_ninjarsssyndicator&controller=../../../../../../../../../../../../../../../proc/self/environ%00 HTTP/1.1" 404 - "-" "libwww-perl/5.810" "www.silverimagingcanada.com"
208.115.111.249 - - [26/Jul/2010:08:15:29 -0700] "GET /robots.txt HTTP/1.1" 404 - "-" "Mozilla/5.0 (compatible; DotBot/1.1; http://www.dotnetdotcom.org/, crawler@dotnetdotcom.org)" "www.silverimagingcanada.com"
71.13.32.165 - - [26/Jul/2010:08:49:37 -0700] "GET /robots.txt HTTP/1.0" 404 - "-" "Mozilla/5.0 (compatible; MJ12bot/v1.3.3; http://www.majestic12.co.uk/bot.php?+)" "www.silverimagingcanada.com"
71.13.32.165 - - [26/Jul/2010:08:58:10 -0700] "GET / HTTP/1.1" 200 1739 "-" "Mozilla/5.0 (compatible; MJ12bot/v1.3.3; http://www.majestic12.co.uk/bot.php?+)" "www.silverimagingcanada.com"
208.115.111.249 - - [26/Jul/2010:09:38:01 -0700] "GET /?D=A HTTP/1.1" 200 1739 "-" "Mozilla/5.0 (compatible; DotBot/1.1; http://www.dotnetdotcom.org/, crawler@dotnetdotcom.org)" "www.silverimagingcanada.com"
208.115.111.249 - - [26/Jul/2010:09:38:02 -0700] "GET /?M=A HTTP/1.1" 200 1739 "-" "Mozilla/5.0 (compatible; DotBot/1.1; http://www.dotnetdotcom.org/, crawler@dotnetdotcom.org)" "www.silverimagingcanada.com"
208.115.111.249 - - [26/Jul/2010:09:38:02 -0700] "GET /?S=A HTTP/1.1" 200 1739 "-" "Mozilla/5.0 (compatible; DotBot/1.1; http://www.dotnetdotcom.org/, crawler@dotnetdotcom.org)" "www.silverimagingcanada.com"
208.115.111.249 - - [26/Jul/2010:09:38:03 -0700] "GET /images/ HTTP/1.1" 200 526 "-" "Mozilla/5.0 (compatible; DotBot/1.1; http://www.dotnetdotcom.org/, crawler@dotnetdotcom.org)" "www.silverimagingcanada.com"
208.115.111.249 - - [26/Jul/2010:09:38:04 -0700] "GET /media/ HTTP/1.1" 200 2086 "-" "Mozilla/5.0 (compatible; DotBot/1.1; http://www.dotnetdotcom.org/, crawler@dotnetdotcom.org)" "www.silverimagingcanada.com"
208.115.111.249 - - [26/Jul/2010:09:38:04 -0700] "GET /navigation_bars/ HTTP/1.1" 200 683 "-" "Mozilla/5.0 (compatible; DotBot/1.1; http://www.dotnetdotcom.org/, crawler@dotnetdotcom.org)" "www.silverimagingcanada.com"
208.115.111.249 - - [26/Jul/2010:09:38:05 -0700] "GET /scripts/ HTTP/1.1" 200 666 "-" "Mozilla/5.0 (compatible; DotBot/1.1; http://www.dotnetdotcom.org/, crawler@dotnetdotcom.org)" "www.silverimagingcanada.com"
208.115.111.249 - - [26/Jul/2010:09:38:05 -0700] "GET /scripts/layers.js HTTP/1.1" 200 4045 "-" "Mozilla/5.0 (compatible; DotBot/1.1; http://www.dotnetdotcom.org/, crawler@dotnetdotcom.org)" "www.silverimagingcanada.com"
208.115.111.249 - - [26/Jul/2010:09:38:06 -0700] "GET /sounds/ HTTP/1.1" 200 664 "-" "Mozilla/5.0 (compatible; DotBot/1.1; http://www.dotnetdotcom.org/, crawler@dotnetdotcom.org)" "www.silverimagingcanada.com"
208.115.111.249 - - [26/Jul/2010:09:38:06 -0700] "GET /sounds/tender.mid HTTP/1.1" 200 7807 "-" "Mozilla/5.0 (compatible; DotBot/1.1; http://www.dotnetdotcom.org/, crawler@dotnetdotcom.org)" "www.silverimagingcanada.com"
93.158.144.27 - - [26/Jul/2010:09:41:01 -0700] "GET /clipart/buttons/paypal/ HTTP/1.1" 200 710 "-" "Mozilla/5.0 (compatible; YandexBot/3.0; +http://yandex.com/bots)" "www.silverimagingcanada.com"
207.46.13.90 - - [26/Jul/2010:10:06:30 -0700] "GET /robots.txt HTTP/1.1" 404 - "-" "msnbot/2.0b (+http://search.msn.com/msnbot.htm)" "silverimagingcanada.com"
207.46.13.90 - - [26/Jul/2010:10:10:58 -0700] "GET / HTTP/1.1" 200 1739 "-" "msnbot/2.0b (+http://search.msn.com/msnbot.htm)" "silverimagingcanada.com"
203.82.94.28 - - [26/Jul/2010:11:17:07 -0700] "GET /sitebuilder/images/Gay_DVR_Splash_Screen2-581x435.jpg HTTP/1.1" 200 25628 "http://www.google.com.my/imglanding?q=hentai%20gay&imgurl=http://images.tribe.net/tribe/upload/photo/ac8/bdc/ac8bdca8-8463-4f34-a929-b0d65fed16be&imgrefurl=http://tribes.tribenetwork.com/gayhentailovers/photos/ac8bdca8-8463-4f34-a929-b0d65fed16be&usg=__psz6RIG_zSyWTqq8MuAvJT_Ewk0=&h=500&w=476&sz=29&hl=en&itbs=1&tbnid=aqp0e4m29wJhZM:&tbnh=130&tbnw=124&prev=/images%3Fq%3Dhentai%2Bgay%26hl%3Den%26sa%3DG%26gbv%3D2%26tbs%3Disch:1&sa=G&gbv=2&tbs=isch:1&start=0" "Mozilla/5.0 (Windows; U; Windows NT 6.1; en-US; rv:1.9.1.3) Gecko/20090824 YFF35 Firefox/3.5.3 GTB7.1 ( .NET CLR 3.5.30729)" "www.silverimagingcanada.com"
208.80.193.39 - - [26/Jul/2010:11:25:41 -0700] "GET / HTTP/1.0" 200 1723 "-" "Mozilla/4.0 (compatible; MSIE 6.0; Windows 98; Avant Browser [avantbrowser.com])" "www.silverimagingcanada.com"
208.115.111.249 - - [26/Jul/2010:12:06:54 -0700] "GET /robots.txt HTTP/1.1" 404 - "-" "Mozilla/5.0 (compatible; DotBot/1.1; http://www.dotnetdotcom.org/, crawler@dotnetdotcom.org)" "www.silverimagingcanada.com"
72.11.87.44 - - [26/Jul/2010:12:07:07 -0700] "GET / HTTP/1.0" 200 1723 "-" "Mozilla/5.0 (X11; U; Linux i686 (x86_64); en-US; rv:1.8.0.1) Gecko/20060124 Firefox/1.5.0.1" "silverimagingcanada.com"
208.115.111.249 - - [26/Jul/2010:12:45:00 -0700] "GET /clipart/ HTTP/1.1" 200 1350 "-" "Mozilla/5.0 (compatible; DotBot/1.1; http://www.dotnetdotcom.org/, crawler@dotnetdotcom.org)" "www.silverimagingcanada.com"
208.115.111.249 - - [26/Jul/2010:12:45:02 -0700] "GET /images/?D=A HTTP/1.1" 200 526 "-" "Mozilla/5.0 (compatible; DotBot/1.1; http://www.dotnetdotcom.org/, crawler@dotnetdotcom.org)" "www.silverimagingcanada.com"
208.115.111.249 - - [26/Jul/2010:12:45:03 -0700] "GET /images/?M=A HTTP/1.1" 200 526 "-" "Mozilla/5.0 (compatible; DotBot/1.1; http://www.dotnetdotcom.org/, crawler@dotnetdotcom.org)" "www.silverimagingcanada.com"
208.115.111.249 - - [26/Jul/2010:12:45:04 -0700] "GET /images/?N=A HTTP/1.1" 200 526 "-" "Mozilla/5.0 (compatible; DotBot/1.1; http://www.dotnetdotcom.org/, crawler@dotnetdotcom.org)" "www.silverimagingcanada.com"
208.115.111.249 - - [26/Jul/2010:12:45:05 -0700] "GET /images/?S=A HTTP/1.1" 200 526 "-" "Mozilla/5.0 (compatible; DotBot/1.1; http://www.dotnetdotcom.org/, crawler@dotnetdotcom.org)" "www.silverimagingcanada.com"
208.115.111.249 - - [26/Jul/2010:12:45:07 -0700] "GET /logs/ HTTP/1.1" 200 2940 "-" "Mozilla/5.0 (compatible; DotBot/1.1; http://www.dotnetdotcom.org/, crawler@dotnetdotcom.org)" "www.silverimagingcanada.com"
208.115.111.249 - - [26/Jul/2010:12:45:28 -0700] "GET /sitebuilder/ HTTP/1.1" 200 948 "-" "Mozilla/5.0 (compatible; DotBot/1.1; http://www.dotnetdotcom.org/, crawler@dotnetdotcom.org)" "www.silverimagingcanada.com"
208.115.111.249 - - [26/Jul/2010:12:45:30 -0700] "GET /tmp/ HTTP/1.1" 200 520 "-" "Mozilla/5.0 (compatible; DotBot/1.1; http://www.dotnetdotcom.org/, crawler@dotnetdotcom.org)" "www.silverimagingcanada.com"
208.115.111.249 - - [26/Jul/2010:12:45:31 -0700] "GET /tmp/?D=A HTTP/1.1" 200 520 "-" "Mozilla/5.0 (compatible; DotBot/1.1; http://www.dotnetdotcom.org/, crawler@dotnetdotcom.org)" "www.silverimagingcanada.com"
208.115.111.249 - - [26/Jul/2010:12:45:33 -0700] "GET /tmp/?N=A HTTP/1.1" 200 520 "-" "Mozilla/5.0 (compatible; DotBot/1.1; http://www.dotnetdotcom.org/, crawler@dotnetdotcom.org)" "www.silverimagingcanada.com"
67.195.114.46 - - [26/Jul/2010:13:49:41 -0700] "GET /robots.txt HTTP/1.0" 404 - "-" "Mozilla/5.0 (compatible; Yahoo! Slurp; http://help.yahoo.com/help/us/ysearch/slurp)" "silverimagingcanada.com"
67.195.114.46 - - [26/Jul/2010:13:49:41 -0700] "GET /navigation_bars/ HTTP/1.0" 200 667 "-" "Mozilla/5.0 (compatible; Yahoo! Slurp/3.0; http://help.yahoo.com/help/us/ysearch/slurp)" "silverimagingcanada.com"
208.115.111.249 - - [26/Jul/2010:16:29:06 -0700] "GET / HTTP/1.1" 200 1739 "-" "Mozilla/5.0 (compatible; DotBot/1.1; http://www.dotnetdotcom.org/, crawler@dotnetdotcom.org)" "www.silverimagingcanada.com"
208.115.111.249 - - [26/Jul/2010:16:29:07 -0700] "GET /tmp/?M=A HTTP/1.1" 200 520 "-" "Mozilla/5.0 (compatible; DotBot/1.1; http://www.dotnetdotcom.org/, crawler@dotnetdotcom.org)" "www.silverimagingcanada.com"
208.115.111.249 - - [26/Jul/2010:16:29:08 -0700] "GET /tmp/?S=A HTTP/1.1" 200 520 "-" "Mozilla/5.0 (compatible; DotBot/1.1; http://www.dotnetdotcom.org/, crawler@dotnetdotcom.org)" "www.silverimagingcanada.com"
67.195.115.86 - - [26/Jul/2010:17:37:55 -0700] "GET /robots.txt HTTP/1.0" 404 - "-" "Mozilla/5.0 (compatible; Yahoo! Slurp; http://help.yahoo.com/help/us/ysearch/slurp)" "www.silverimagingcanada.com"
67.195.115.86 - - [26/Jul/2010:17:37:55 -0700] "GET /media/ HTTP/1.0" 200 2070 "-" "Mozilla/5.0 (compatible; Yahoo! Slurp/3.0; http://help.yahoo.com/help/us/ysearch/slurp)" "www.silverimagingcanada.com"
66.249.65.146 - - [26/Jul/2010:20:07:44 -0700] "GET /robots.txt HTTP/1.1" 404 - "-" "Googlebot-Image/1.0" "www.silverimagingcanada.com"
