67.16.94.2 - - [21/Apr/2009:07:55:23 -0700] "GET /robots.txt HTTP/1.0" 404 275 "-" "Gigabot/3.0 (http://www.gigablast.com/spider.html)" "www.silverimagingcanada.com"
67.16.94.2 - - [21/Apr/2009:07:55:23 -0700] "GET / HTTP/1.0" 200 9912 "-" "Gigabot/3.0 (http://www.gigablast.com/spider.html)" "www.silverimagingcanada.com"
72.30.65.46 - - [21/Apr/2009:10:43:40 -0700] "GET /index.html HTTP/1.0" 200 9912 "-" "Mozilla/5.0 (compatible; Yahoo! Slurp/3.0; http://help.yahoo.com/help/us/ysearch/slurp)" "www.silverimagingcanada.com"
208.80.195.36 - - [21/Apr/2009:11:33:55 -0700] "GET / HTTP/1.0" 200 9912 "-" "Mozilla/4.0 (compatible; MSIE 6.0; Windows NT 5.1; {ED6CD145-0416-6626-6B4D-8659A1A7A2D6}; .NET CLR 1.1.4322)" "silverimagingcanada.com"
66.249.72.146 - - [21/Apr/2009:14:30:29 -0700] "GET /robots.txt HTTP/1.1" 404 275 "-" "Googlebot-Image/1.0" "silverimagingcanada.com"
66.249.72.146 - - [21/Apr/2009:14:30:29 -0700] "GET /sitebuilder/images/ZoneLabelwithpic3-184x115.jpg HTTP/1.1" 200 5311 "-" "Googlebot-Image/1.0" "silverimagingcanada.com"
64.56.65.37 - - [21/Apr/2009:14:58:08 -0700] "GET / HTTP/1.1" 200 9912 "http://www.keywordspy.com/keyword-research/silverimagingcanada.com" "Mozilla/4.0 (compatible; MSIE 7.0; Windows NT 5.1; Alexa Toolbar)" "silverimagingcanada.com"
64.56.65.37 - - [21/Apr/2009:14:58:08 -0700] "GET / HTTP/1.1" 200 9912 "http://www.keywordspy.com/keyword-research/silverimagingcanada.com" "Mozilla/4.0 (compatible; MSIE 7.0; Windows NT 5.1; Alexa Toolbar)" "silverimagingcanada.com"
64.56.65.37 - - [21/Apr/2009:14:58:09 -0700] "GET / HTTP/1.1" 200 9912 "http://www.keywordspy.com/keyword-research/silverimagingcanada.com" "Mozilla/4.0 (compatible; MSIE 7.0; Windows NT 5.1; Alexa Toolbar)" "silverimagingcanada.com"
66.249.72.146 - - [21/Apr/2009:17:14:14 -0700] "GET /sitebuilder/images/ZoneLabelwithpic-316x211.jpg HTTP/1.1" 200 11931 "-" "Googlebot-Image/1.0" "silverimagingcanada.com"
72.30.79.45 - - [21/Apr/2009:18:40:15 -0700] "GET /Products.html HTTP/1.0" 200 6789 "-" "Mozilla/5.0 (compatible; Yahoo! Slurp/3.0; http://help.yahoo.com/help/us/ysearch/slurp)" "silverimagingcanada.com"
208.80.195.34 - - [22/Apr/2009:03:55:54 -0700] "GET / HTTP/1.0" 200 9912 "-" "Mozilla/4.0 (compatible; MSIE 7.0; Windows NT 5.1; MathPlayer 2.0; .NET CLR 1.1.4322; Comcast; Comcast)" "www.silverimagingcanada.com"
72.30.65.46 - - [22/Apr/2009:06:49:05 -0700] "GET /aboutme.html HTTP/1.0" 200 11885 "-" "Mozilla/5.0 (compatible; Yahoo! Slurp/3.0; http://help.yahoo.com/help/us/ysearch/slurp)" "www.silverimagingcanada.com"
66.249.72.140 - - [22/Apr/2009:10:32:55 -0700] "GET /robots.txt HTTP/1.1" 404 275 "-" "Googlebot-Image/1.0" "www.silverimagingcanada.com"
66.249.72.140 - - [22/Apr/2009:10:32:55 -0700] "GET /sitebuilder/images/Gay_DVR_Splash_Screen2-581x435.jpg HTTP/1.1" 304 - "-" "Googlebot-Image/1.0" "www.silverimagingcanada.com"
93.158.151.24 - - [22/Apr/2009:14:32:36 -0700] "GET /robots.txt HTTP/1.1" 404 275 "-" "Yandex/1.01.001 (compatible; Win16; I)" "www.silverimagingcanada.com"
93.158.151.24 - - [22/Apr/2009:14:32:37 -0700] "GET / HTTP/1.1" 200 9912 "-" "Yandex/1.01.001 (compatible; Win16; I)" "www.silverimagingcanada.com"
208.80.195.44 - - [22/Apr/2009:16:42:31 -0700] "GET / HTTP/1.0" 200 9912 "-" "Mozilla/4.0 (compatible; MSIE 6.0; Windows NT 5.1; SV1; .NET CLR 1.1.4322; MSN 6.1; MSNbMSFT; MSNmen-ca; MSNc00; v5m)" "silverimagingcanada.com"
66.249.72.146 - - [22/Apr/2009:21:44:47 -0700] "GET /sitebuilder/images/IMG_0342-2-174x119.jpg HTTP/1.1" 200 3977 "-" "Googlebot-Image/1.0" "silverimagingcanada.com"
67.16.94.2 - - [23/Apr/2009:07:55:20 -0700] "GET /robots.txt HTTP/1.0" 404 275 "-" "Gigabot/3.0 (http://www.gigablast.com/spider.html)" "www.silverimagingcanada.com"
67.16.94.2 - - [23/Apr/2009:07:55:20 -0700] "GET / HTTP/1.0" 200 9912 "-" "Gigabot/3.0 (http://www.gigablast.com/spider.html)" "www.silverimagingcanada.com"
208.80.195.39 - - [23/Apr/2009:11:17:30 -0700] "GET / HTTP/1.0" 200 9912 "-" "Mozilla/4.0 (compatible; MSIE 7.0; Windows NT 5.1; FunWebProducts; .NET CLR 2.0.50727; .NET CLR 1.1.4322; InfoPath.1)" "www.silverimagingcanada.com"
189.168.37.17 - - [23/Apr/2009:13:35:59 -0700] "GET /sitebuilder/images/Gay_DVR_Splash_Screen2-581x435.jpg HTTP/1.1" 200 25628 "http://camerahacks.10.forumer.com/a/change-a-stupid-splash-screen-on-a-dvrcamera_post3239.html" "Mozilla/4.0 (compatible; MSIE 7.0; Windows NT 5.1)" "www.silverimagingcanada.com"
189.168.37.17 - - [23/Apr/2009:13:35:59 -0700] "GET /sitebuilder/images/IMG_0332-476x353.jpg HTTP/1.1" 200 33138 "http://camerahacks.10.forumer.com/a/change-a-stupid-splash-screen-on-a-dvrcamera_post3239.html" "Mozilla/4.0 (compatible; MSIE 7.0; Windows NT 5.1)" "www.silverimagingcanada.com"
189.168.37.17 - - [23/Apr/2009:13:36:01 -0700] "GET /sitebuilder/images/IMG_0342-444x328.jpg HTTP/1.1" 200 14174 "http://camerahacks.10.forumer.com/a/change-a-stupid-splash-screen-on-a-dvrcamera_post3239.html" "Mozilla/4.0 (compatible; MSIE 7.0; Windows NT 5.1)" "www.silverimagingcanada.com"
189.168.37.17 - - [23/Apr/2009:13:36:01 -0700] "GET /sitebuilder/images/IMG_0330-444x329.jpg HTTP/1.1" 200 35303 "http://camerahacks.10.forumer.com/a/change-a-stupid-splash-screen-on-a-dvrcamera_post3239.html" "Mozilla/4.0 (compatible; MSIE 7.0; Windows NT 5.1)" "www.silverimagingcanada.com"
97.73.64.159 - - [23/Apr/2009:17:54:26 -0700] "GET /sitebuilder/images/IMG_0166-355x260.jpg HTTP/1.1" 200 20599 "http://images.search.yahoo.com/images/view?back=http%3A%2F%2Fimages.search.yahoo.com%2Fsearch%2Fimages%3Fp%3D78%2Bhonda%2Bhawk%26ei%3Dutf-8%26y%3DSearch%26fr%3Dmy-myy%26xargs%3D0%26pstart%3D1%26b%3D21%26ni%3D20&w=355&h=260&imgurl=www.silverimagingcanada.com%2Fsitebuilder%2Fimages%2FIMG_0166-355x260.jpg&rurl=http%3A%2F%2Fwww.hondabikes.net%2Fforum%2Farchive%2F78-cb400t-hawk-ii-newbie-project-5059.htm&size=22.2kB&name=IMG_0166-355x260...&p=78+honda+hawk&oid=0b6549827e537a76&no=33&tt=46&b=21&ni=20&sigr=12hpidlvk&sigi=1230cuvoc&sigb=13k93ifeb" "Mozilla/4.0 (compatible; MSIE 6.0; Windows NT 5.1; SV1; .NET CLR 1.0.3705; .NET CLR 1.1.4322; Media Center PC 4.0)" "www.silverimagingcanada.com"
97.73.64.159 - - [23/Apr/2009:17:54:30 -0700] "GET /sitebuilder/images/IMG_0166-355x260.jpg HTTP/1.1" 200 20599 "http://images.search.yahoo.com/images/view?back=http%3A%2F%2Fimages.search.yahoo.com%2Fsearch%2Fimages%3Fp%3D78%2Bhonda%2Bhawk%26ei%3Dutf-8%26y%3DSearch%26fr%3Dmy-myy%26xargs%3D0%26pstart%3D1%26b%3D21%26ni%3D20&w=355&h=260&imgurl=www.silverimagingcanada.com%2Fsitebuilder%2Fimages%2FIMG_0166-355x260.jpg&rurl=http%3A%2F%2Fwww.hondabikes.net%2Fforum%2Farchive%2F78-cb400t-hawk-ii-newbie-project-5059.htm&size=22.2kB&name=IMG_0166-355x260...&p=78+honda+hawk&oid=0b6549827e537a76&no=33&tt=46&b=21&ni=20&sigr=12hpidlvk&sigi=1230cuvoc&sigb=13k93ifeb" "Mozilla/4.0 (compatible; MSIE 6.0; Windows NT 5.1; SV1; .NET CLR 1.0.3705; .NET CLR 1.1.4322; Media Center PC 4.0)" "www.silverimagingcanada.com"
97.73.64.159 - - [23/Apr/2009:17:54:42 -0700] "GET /sitebuilder/images/IMG_0347-380x279.jpg HTTP/1.1" 200 23443 "http://www.hondabikes.net/forum/archive/78-cb400t-hawk-ii-newbie-project-5059.htm" "Mozilla/4.0 (compatible; MSIE 6.0; Windows NT 5.1; SV1; .NET CLR 1.0.3705; .NET CLR 1.1.4322; Media Center PC 4.0)" "www.silverimagingcanada.com"
65.12.49.42 - - [23/Apr/2009:20:35:21 -0700] "GET /sitebuilder/images/IMG_1184-420x310.jpg HTTP/1.1" 200 30969 "http://dotheton.com/index.php?topic=1721.0" "Mozilla/5.0 (Windows; U; Windows NT 6.0; en-US; rv:1.9.0.9) Gecko/2009040821 Firefox/3.0.9" "silverimagingcanada.com"
65.12.49.42 - - [23/Apr/2009:20:35:22 -0700] "GET /sitebuilder/images/IMG_0939-380x278.jpg HTTP/1.1" 200 15324 "http://dotheton.com/index.php?topic=1721.0" "Mozilla/5.0 (Windows; U; Windows NT 6.0; en-US; rv:1.9.0.9) Gecko/2009040821 Firefox/3.0.9" "silverimagingcanada.com"
65.12.49.42 - - [23/Apr/2009:20:35:22 -0700] "GET /sitebuilder/images/IMG_0937-312x416.jpg HTTP/1.1" 200 20123 "http://dotheton.com/index.php?topic=1721.0" "Mozilla/5.0 (Windows; U; Windows NT 6.0; en-US; rv:1.9.0.9) Gecko/2009040821 Firefox/3.0.9" "silverimagingcanada.com"
65.12.49.42 - - [23/Apr/2009:20:35:22 -0700] "GET /sitebuilder/images/img052-374x274.jpg HTTP/1.1" 200 18043 "http://dotheton.com/index.php?topic=1721.0" "Mozilla/5.0 (Windows; U; Windows NT 6.0; en-US; rv:1.9.0.9) Gecko/2009040821 Firefox/3.0.9" "silverimagingcanada.com"
65.12.49.42 - - [23/Apr/2009:20:35:22 -0700] "GET /sitebuilder/images/img053-365x267.jpg HTTP/1.1" 200 19523 "http://dotheton.com/index.php?topic=1721.0" "Mozilla/5.0 (Windows; U; Windows NT 6.0; en-US; rv:1.9.0.9) Gecko/2009040821 Firefox/3.0.9" "silverimagingcanada.com"
65.12.49.42 - - [23/Apr/2009:20:35:22 -0700] "GET /sitebuilder/images/img056-393x289.jpg HTTP/1.1" 200 20721 "http://dotheton.com/index.php?topic=1721.0" "Mozilla/5.0 (Windows; U; Windows NT 6.0; en-US; rv:1.9.0.9) Gecko/2009040821 Firefox/3.0.9" "silverimagingcanada.com"
65.12.49.42 - - [23/Apr/2009:20:35:27 -0700] "GET /sitebuilder/images/IMG_0961-417x308.jpg HTTP/1.1" 200 11717 "http://dotheton.com/index.php?topic=1721.0" "Mozilla/5.0 (Windows; U; Windows NT 6.0; en-US; rv:1.9.0.9) Gecko/2009040821 Firefox/3.0.9" "silverimagingcanada.com"
65.12.49.42 - - [23/Apr/2009:20:40:14 -0700] "GET /sitebuilder/images/img129-405x298.jpg HTTP/1.1" 200 17041 "http://dotheton.com/index.php?PHPSESSID=a59f1929a885000e0b494333ea9ee049&topic=1721.15" "Mozilla/5.0 (Windows; U; Windows NT 6.0; en-US; rv:1.9.0.9) Gecko/2009040821 Firefox/3.0.9" "silverimagingcanada.com"
65.12.49.42 - - [23/Apr/2009:20:40:14 -0700] "GET /sitebuilder/images/IMG_1288-451x334.jpg HTTP/1.1" 200 25996 "http://dotheton.com/index.php?PHPSESSID=a59f1929a885000e0b494333ea9ee049&topic=1721.15" "Mozilla/5.0 (Windows; U; Windows NT 6.0; en-US; rv:1.9.0.9) Gecko/2009040821 Firefox/3.0.9" "silverimagingcanada.com"
65.12.49.42 - - [23/Apr/2009:20:40:14 -0700] "GET /sitebuilder/images/IMG_1276-406x299.jpg HTTP/1.1" 200 31845 "http://dotheton.com/index.php?PHPSESSID=a59f1929a885000e0b494333ea9ee049&topic=1721.15" "Mozilla/5.0 (Windows; U; Windows NT 6.0; en-US; rv:1.9.0.9) Gecko/2009040821 Firefox/3.0.9" "silverimagingcanada.com"
65.12.49.42 - - [23/Apr/2009:20:40:14 -0700] "GET /sitebuilder/images/IMG_1272-351x257.jpg HTTP/1.1" 200 23815 "http://dotheton.com/index.php?PHPSESSID=a59f1929a885000e0b494333ea9ee049&topic=1721.15" "Mozilla/5.0 (Windows; U; Windows NT 6.0; en-US; rv:1.9.0.9) Gecko/2009040821 Firefox/3.0.9" "silverimagingcanada.com"
65.12.49.42 - - [23/Apr/2009:20:43:05 -0700] "GET /sitebuilder/images/img1412-430x317.jpg HTTP/1.1" 200 28270 "http://dotheton.com/index.php?topic=1721.30" "Mozilla/5.0 (Windows; U; Windows NT 6.0; en-US; rv:1.9.0.9) Gecko/2009040821 Firefox/3.0.9" "silverimagingcanada.com"
65.12.49.42 - - [23/Apr/2009:20:43:05 -0700] "GET /sitebuilder/images/img138-399x293.jpg HTTP/1.1" 200 24204 "http://dotheton.com/index.php?topic=1721.30" "Mozilla/5.0 (Windows; U; Windows NT 6.0; en-US; rv:1.9.0.9) Gecko/2009040821 Firefox/3.0.9" "silverimagingcanada.com"
65.12.49.42 - - [23/Apr/2009:20:43:05 -0700] "GET /sitebuilder/images/img135-317x428.jpg HTTP/1.1" 200 25396 "http://dotheton.com/index.php?topic=1721.30" "Mozilla/5.0 (Windows; U; Windows NT 6.0; en-US; rv:1.9.0.9) Gecko/2009040821 Firefox/3.0.9" "silverimagingcanada.com"
65.12.49.42 - - [23/Apr/2009:20:43:05 -0700] "GET /sitebuilder/images/img144-352x257.jpg HTTP/1.1" 200 12721 "http://dotheton.com/index.php?topic=1721.30" "Mozilla/5.0 (Windows; U; Windows NT 6.0; en-US; rv:1.9.0.9) Gecko/2009040821 Firefox/3.0.9" "silverimagingcanada.com"
65.12.49.42 - - [23/Apr/2009:20:43:05 -0700] "GET /sitebuilder/images/tank1-257x350.jpg HTTP/1.1" 200 11565 "http://dotheton.com/index.php?topic=1721.30" "Mozilla/5.0 (Windows; U; Windows NT 6.0; en-US; rv:1.9.0.9) Gecko/2009040821 Firefox/3.0.9" "silverimagingcanada.com"
65.12.49.42 - - [23/Apr/2009:20:43:05 -0700] "GET /sitebuilder/images/tank2-272x195.jpg HTTP/1.1" 200 7366 "http://dotheton.com/index.php?topic=1721.30" "Mozilla/5.0 (Windows; U; Windows NT 6.0; en-US; rv:1.9.0.9) Gecko/2009040821 Firefox/3.0.9" "silverimagingcanada.com"
72.30.65.46 - - [23/Apr/2009:22:04:18 -0700] "GET /contactus.html HTTP/1.0" 200 10792 "-" "Mozilla/5.0 (compatible; Yahoo! Slurp/3.0; http://help.yahoo.com/help/us/ysearch/slurp)" "www.silverimagingcanada.com"
75.70.103.168 - - [23/Apr/2009:22:28:52 -0700] "GET /sitebuilder/images/IMG_1184-420x310.jpg HTTP/1.1" 200 30969 "http://dotheton.com/index.php?topic=1721.0" "Mozilla/5.0 (Windows; U; Windows NT 5.1; en-US) AppleWebKit/525.19 (KHTML, like Gecko) Chrome/1.0.154.53 Safari/525.19" "silverimagingcanada.com"
75.70.103.168 - - [23/Apr/2009:22:28:52 -0700] "GET /sitebuilder/images/img053-365x267.jpg HTTP/1.1" 200 19523 "http://dotheton.com/index.php?topic=1721.0" "Mozilla/5.0 (Windows; U; Windows NT 5.1; en-US) AppleWebKit/525.19 (KHTML, like Gecko) Chrome/1.0.154.53 Safari/525.19" "silverimagingcanada.com"
75.70.103.168 - - [23/Apr/2009:22:28:52 -0700] "GET /sitebuilder/images/img056-393x289.jpg HTTP/1.1" 200 20721 "http://dotheton.com/index.php?topic=1721.0" "Mozilla/5.0 (Windows; U; Windows NT 5.1; en-US) AppleWebKit/525.19 (KHTML, like Gecko) Chrome/1.0.154.53 Safari/525.19" "silverimagingcanada.com"
75.70.103.168 - - [23/Apr/2009:22:28:52 -0700] "GET /sitebuilder/images/img052-374x274.jpg HTTP/1.1" 200 18043 "http://dotheton.com/index.php?topic=1721.0" "Mozilla/5.0 (Windows; U; Windows NT 5.1; en-US) AppleWebKit/525.19 (KHTML, like Gecko) Chrome/1.0.154.53 Safari/525.19" "silverimagingcanada.com"
75.70.103.168 - - [23/Apr/2009:22:28:53 -0700] "GET /sitebuilder/images/IMG_0939-380x278.jpg HTTP/1.1" 200 15324 "http://dotheton.com/index.php?topic=1721.0" "Mozilla/5.0 (Windows; U; Windows NT 5.1; en-US) AppleWebKit/525.19 (KHTML, like Gecko) Chrome/1.0.154.53 Safari/525.19" "silverimagingcanada.com"
75.70.103.168 - - [23/Apr/2009:22:28:53 -0700] "GET /sitebuilder/images/IMG_0937-312x416.jpg HTTP/1.1" 200 20123 "http://dotheton.com/index.php?topic=1721.0" "Mozilla/5.0 (Windows; U; Windows NT 5.1; en-US) AppleWebKit/525.19 (KHTML, like Gecko) Chrome/1.0.154.53 Safari/525.19" "silverimagingcanada.com"
75.70.103.168 - - [23/Apr/2009:22:28:53 -0700] "GET /sitebuilder/images/IMG_0961-417x308.jpg HTTP/1.1" 200 11717 "http://dotheton.com/index.php?topic=1721.0" "Mozilla/5.0 (Windows; U; Windows NT 5.1; en-US) AppleWebKit/525.19 (KHTML, like Gecko) Chrome/1.0.154.53 Safari/525.19" "silverimagingcanada.com"
208.80.195.37 - - [24/Apr/2009:01:00:49 -0700] "GET / HTTP/1.0" 200 9912 "-" "Mozilla/4.0 (compatible; MSIE 6.0; Windows NT 5.1; SV1; MyIE2; Maxthon; .NET CLR 1.1.4322; IEMB3)" "silverimagingcanada.com"
72.30.65.46 - - [24/Apr/2009:01:08:36 -0700] "GET /Products.html HTTP/1.0" 200 6789 "-" "Mozilla/5.0 (compatible; Yahoo! Slurp/3.0; http://help.yahoo.com/help/us/ysearch/slurp)" "www.silverimagingcanada.com"
66.249.72.146 - - [24/Apr/2009:03:17:40 -0700] "GET /robots.txt HTTP/1.1" 404 275 "-" "Googlebot-Image/1.0" "silverimagingcanada.com"
66.249.72.146 - - [24/Apr/2009:03:17:40 -0700] "GET /sitebuilder/images/img053-365x267.jpg HTTP/1.1" 200 19523 "-" "Googlebot-Image/1.0" "silverimagingcanada.com"
72.30.65.46 - - [24/Apr/2009:03:19:20 -0700] "GET /Products.html HTTP/1.0" 304 - "-" "Mozilla/5.0 (compatible; Yahoo! Slurp/3.0; http://help.yahoo.com/help/us/ysearch/slurp)" "www.silverimagingcanada.com"
66.249.72.146 - - [24/Apr/2009:03:20:55 -0700] "GET /sitebuilder/images/img052-374x274.jpg HTTP/1.1" 200 18043 "-" "Googlebot-Image/1.0" "silverimagingcanada.com"
66.249.72.146 - - [24/Apr/2009:03:49:39 -0700] "GET /sitebuilder/images/img056-393x289.jpg HTTP/1.1" 200 20721 "-" "Googlebot-Image/1.0" "silverimagingcanada.com"
72.30.79.45 - - [24/Apr/2009:03:57:54 -0700] "GET /contactus.html HTTP/1.0" 200 10792 "-" "Mozilla/5.0 (compatible; Yahoo! Slurp/3.0; http://help.yahoo.com/help/us/ysearch/slurp)" "silverimagingcanada.com"
66.110.128.212 - - [24/Apr/2009:05:58:18 -0700] "GET /ZoneAlarm.html HTTP/1.1" 200 12958 "http://www.google.ca/search?hl=fr&q=freeze+detection&meta=&aq=f&oq=" "Mozilla/4.0 (compatible; MSIE 7.0; Windows NT 5.1; .NET CLR 1.1.4322; .NET CLR 2.0.50727; .NET CLR 3.0.4506.2152; .NET CLR 3.5.30729)" "silverimagingcanada.com"
66.110.128.212 - - [24/Apr/2009:05:58:19 -0700] "GET /sitebuilder/images/ZoneLabelwithpic2-325x216.jpg HTTP/1.0" 200 12093 "http://silverimagingcanada.com/ZoneAlarm.html" "Mozilla/4.0 (compatible; MSIE 7.0; Windows NT 5.1; .NET CLR 1.1.4322; .NET CLR 2.0.50727; .NET CLR 3.0.4506.2152; .NET CLR 3.5.30729)" "silverimagingcanada.com"
66.110.128.212 - - [24/Apr/2009:05:58:20 -0700] "GET /images/product-fineline-30-2_copy.jpg HTTP/1.1" 200 23848 "http://silverimagingcanada.com/ZoneAlarm.html" "Mozilla/4.0 (compatible; MSIE 7.0; Windows NT 5.1; .NET CLR 1.1.4322; .NET CLR 2.0.50727; .NET CLR 3.0.4506.2152; .NET CLR 3.5.30729)" "silverimagingcanada.com"
66.110.128.212 - - [24/Apr/2009:05:58:20 -0700] "GET /images/Northern_Tundra.JPG HTTP/1.1" 200 980141 "http://silverimagingcanada.com/ZoneAlarm.html" "Mozilla/4.0 (compatible; MSIE 7.0; Windows NT 5.1; .NET CLR 1.1.4322; .NET CLR 2.0.50727; .NET CLR 3.0.4506.2152; .NET CLR 3.5.30729)" "silverimagingcanada.com"
66.110.128.212 - - [24/Apr/2009:05:58:21 -0700] "GET /sitebuilder/images/baseboardwindow2-338x247.jpg HTTP/1.1" 200 12546 "http://silverimagingcanada.com/ZoneAlarm.html" "Mozilla/4.0 (compatible; MSIE 7.0; Windows NT 5.1; .NET CLR 1.1.4322; .NET CLR 2.0.50727; .NET CLR 3.0.4506.2152; .NET CLR 3.5.30729)" "silverimagingcanada.com"
66.110.128.212 - - [24/Apr/2009:05:58:22 -0700] "GET /sitebuilder/images/baseboardwindow_copy-355x262.jpg HTTP/1.1" 200 11122 "http://silverimagingcanada.com/ZoneAlarm.html" "Mozilla/4.0 (compatible; MSIE 7.0; Windows NT 5.1; .NET CLR 1.1.4322; .NET CLR 2.0.50727; .NET CLR 3.0.4506.2152; .NET CLR 3.5.30729)" "silverimagingcanada.com"
66.110.128.212 - - [24/Apr/2009:05:58:23 -0700] "GET /sitebuilder/images/Switches_copy-242x311.jpg HTTP/1.1" 200 14876 "http://silverimagingcanada.com/ZoneAlarm.html" "Mozilla/4.0 (compatible; MSIE 7.0; Windows NT 5.1; .NET CLR 1.1.4322; .NET CLR 2.0.50727; .NET CLR 3.0.4506.2152; .NET CLR 3.5.30729)" "silverimagingcanada.com"
66.110.128.212 - - [24/Apr/2009:05:58:23 -0700] "GET /sitebuilder/images/Battery-206x323.jpg HTTP/1.1" 200 14604 "http://silverimagingcanada.com/ZoneAlarm.html" "Mozilla/4.0 (compatible; MSIE 7.0; Windows NT 5.1; .NET CLR 1.1.4322; .NET CLR 2.0.50727; .NET CLR 3.0.4506.2152; .NET CLR 3.5.30729)" "silverimagingcanada.com"
66.110.128.212 - - [24/Apr/2009:05:58:24 -0700] "GET /sitebuilder/images/navbar-0-inactive-90061.png HTTP/1.1" 200 1094 "http://silverimagingcanada.com/ZoneAlarm.html" "Mozilla/4.0 (compatible; MSIE 7.0; Windows NT 5.1; .NET CLR 1.1.4322; .NET CLR 2.0.50727; .NET CLR 3.0.4506.2152; .NET CLR 3.5.30729)" "silverimagingcanada.com"
66.110.128.212 - - [24/Apr/2009:05:58:24 -0700] "GET /sitebuilder/images/navbar-1-inactive-90186.png HTTP/1.1" 200 1185 "http://silverimagingcanada.com/ZoneAlarm.html" "Mozilla/4.0 (compatible; MSIE 7.0; Windows NT 5.1; .NET CLR 1.1.4322; .NET CLR 2.0.50727; .NET CLR 3.0.4506.2152; .NET CLR 3.5.30729)" "silverimagingcanada.com"
66.110.128.212 - - [24/Apr/2009:05:58:24 -0700] "GET /sitebuilder/images/navbar-2-inactive-90264.png HTTP/1.1" 200 1235 "http://silverimagingcanada.com/ZoneAlarm.html" "Mozilla/4.0 (compatible; MSIE 7.0; Windows NT 5.1; .NET CLR 1.1.4322; .NET CLR 2.0.50727; .NET CLR 3.0.4506.2152; .NET CLR 3.5.30729)" "silverimagingcanada.com"
66.110.128.212 - - [24/Apr/2009:05:58:24 -0700] "GET / HTTP/1.1" 200 9912 "http://silverimagingcanada.com/ZoneAlarm.html" "Mozilla/4.0 (compatible; MSIE 7.0; Windows NT 5.1; .NET CLR 1.1.4322; .NET CLR 2.0.50727; .NET CLR 3.0.4506.2152; .NET CLR 3.5.30729)" "silverimagingcanada.com"
66.110.128.212 - - [24/Apr/2009:05:58:25 -0700] "GET /sitebuilder/images/navbar-3-inactive-90342.png HTTP/1.1" 200 1300 "http://silverimagingcanada.com/ZoneAlarm.html" "Mozilla/4.0 (compatible; MSIE 7.0; Windows NT 5.1; .NET CLR 1.1.4322; .NET CLR 2.0.50727; .NET CLR 3.0.4506.2152; .NET CLR 3.5.30729)" "silverimagingcanada.com"
66.110.128.212 - - [24/Apr/2009:05:58:25 -0700] "GET /sitebuilder/images/navbar-4-inactive-16265.png HTTP/1.1" 200 1189 "http://silverimagingcanada.com/ZoneAlarm.html" "Mozilla/4.0 (compatible; MSIE 7.0; Windows NT 5.1; .NET CLR 1.1.4322; .NET CLR 2.0.50727; .NET CLR 3.0.4506.2152; .NET CLR 3.5.30729)" "silverimagingcanada.com"
66.110.128.212 - - [24/Apr/2009:05:58:25 -0700] "GET /images/SilverLogo_copy.jpg HTTP/1.1" 200 29409 "http://silverimagingcanada.com/ZoneAlarm.html" "Mozilla/4.0 (compatible; MSIE 7.0; Windows NT 5.1; .NET CLR 1.1.4322; .NET CLR 2.0.50727; .NET CLR 3.0.4506.2152; .NET CLR 3.5.30729)" "silverimagingcanada.com"
66.110.128.212 - - [24/Apr/2009:05:58:27 -0700] "GET /favicon.ico HTTP/1.1" 200 1406 "-" "Mozilla/4.0 (compatible; MSIE 7.0; Windows NT 5.1; .NET CLR 1.1.4322; .NET CLR 2.0.50727; .NET CLR 3.0.4506.2152; .NET CLR 3.5.30729)" "silverimagingcanada.com"
66.110.128.212 - - [24/Apr/2009:06:15:12 -0700] "GET /sitebuilder/images/navbar-0-mouseOver-90171.png HTTP/1.1" 200 1115 "http://silverimagingcanada.com/ZoneAlarm.html" "Mozilla/4.0 (compatible; MSIE 7.0; Windows NT 5.1; .NET CLR 1.1.4322; .NET CLR 2.0.50727; .NET CLR 3.0.4506.2152; .NET CLR 3.5.30729)" "silverimagingcanada.com"
72.30.65.46 - - [24/Apr/2009:06:15:20 -0700] "GET / HTTP/1.0" 200 9912 "-" "Mozilla/5.0 (compatible; Yahoo! Slurp/3.0; http://help.yahoo.com/help/us/ysearch/slurp)" "www.silverimagingcanada.com"
66.249.72.146 - - [24/Apr/2009:06:27:35 -0700] "GET /sitebuilder/images/IMG_1184-420x310.jpg HTTP/1.1" 200 30969 "-" "Googlebot-Image/1.0" "silverimagingcanada.com"
66.249.72.146 - - [24/Apr/2009:06:53:08 -0700] "GET /sitebuilder/images/IMG_0961-417x308.jpg HTTP/1.1" 200 11717 "-" "Googlebot-Image/1.0" "silverimagingcanada.com"
66.249.72.146 - - [24/Apr/2009:06:53:15 -0700] "GET /sitebuilder/images/IMG_0939-380x278.jpg HTTP/1.1" 200 15324 "-" "Googlebot-Image/1.0" "silverimagingcanada.com"
66.249.72.146 - - [24/Apr/2009:06:54:17 -0700] "GET /sitebuilder/images/IMG_0937-312x416.jpg HTTP/1.1" 200 20123 "-" "Googlebot-Image/1.0" "silverimagingcanada.com"
70.116.29.29 - - [24/Apr/2009:11:20:21 -0700] "GET /sitebuilder/images/img052-374x274.jpg HTTP/1.1" 200 18043 "http://dotheton.com/index.php?topic=1721.0" "Mozilla/5.0 (Windows; U; Windows NT 5.1; en-US; rv:1.9.0.8) Gecko/2009032609 Firefox/3.0.8" "silverimagingcanada.com"
70.116.29.29 - - [24/Apr/2009:11:20:21 -0700] "GET /sitebuilder/images/img053-365x267.jpg HTTP/1.1" 200 19523 "http://dotheton.com/index.php?topic=1721.0" "Mozilla/5.0 (Windows; U; Windows NT 5.1; en-US; rv:1.9.0.8) Gecko/2009032609 Firefox/3.0.8" "silverimagingcanada.com"
70.116.29.29 - - [24/Apr/2009:11:20:21 -0700] "GET /sitebuilder/images/img056-393x289.jpg HTTP/1.1" 200 20721 "http://dotheton.com/index.php?topic=1721.0" "Mozilla/5.0 (Windows; U; Windows NT 5.1; en-US; rv:1.9.0.8) Gecko/2009032609 Firefox/3.0.8" "silverimagingcanada.com"
70.116.29.29 - - [24/Apr/2009:11:20:21 -0700] "GET /sitebuilder/images/IMG_1184-420x310.jpg HTTP/1.1" 200 30969 "http://dotheton.com/index.php?topic=1721.0" "Mozilla/5.0 (Windows; U; Windows NT 5.1; en-US; rv:1.9.0.8) Gecko/2009032609 Firefox/3.0.8" "silverimagingcanada.com"
70.116.29.29 - - [24/Apr/2009:11:20:21 -0700] "GET /sitebuilder/images/IMG_0937-312x416.jpg HTTP/1.1" 200 20123 "http://dotheton.com/index.php?topic=1721.0" "Mozilla/5.0 (Windows; U; Windows NT 5.1; en-US; rv:1.9.0.8) Gecko/2009032609 Firefox/3.0.8" "silverimagingcanada.com"
70.116.29.29 - - [24/Apr/2009:11:20:21 -0700] "GET /sitebuilder/images/IMG_0939-380x278.jpg HTTP/1.1" 200 15324 "http://dotheton.com/index.php?topic=1721.0" "Mozilla/5.0 (Windows; U; Windows NT 5.1; en-US; rv:1.9.0.8) Gecko/2009032609 Firefox/3.0.8" "silverimagingcanada.com"
70.116.29.29 - - [24/Apr/2009:11:20:22 -0700] "GET /sitebuilder/images/IMG_0961-417x308.jpg HTTP/1.1" 200 11717 "http://dotheton.com/index.php?topic=1721.0" "Mozilla/5.0 (Windows; U; Windows NT 5.1; en-US; rv:1.9.0.8) Gecko/2009032609 Firefox/3.0.8" "silverimagingcanada.com"
70.116.29.29 - - [24/Apr/2009:11:23:44 -0700] "GET /sitebuilder/images/img129-405x298.jpg HTTP/1.1" 200 17041 "http://dotheton.com/index.php?topic=1721.15" "Mozilla/5.0 (Windows; U; Windows NT 5.1; en-US; rv:1.9.0.8) Gecko/2009032609 Firefox/3.0.8" "silverimagingcanada.com"
70.116.29.29 - - [24/Apr/2009:11:23:44 -0700] "GET /sitebuilder/images/IMG_1288-451x334.jpg HTTP/1.1" 200 25996 "http://dotheton.com/index.php?topic=1721.15" "Mozilla/5.0 (Windows; U; Windows NT 5.1; en-US; rv:1.9.0.8) Gecko/2009032609 Firefox/3.0.8" "silverimagingcanada.com"
70.116.29.29 - - [24/Apr/2009:11:23:44 -0700] "GET /sitebuilder/images/IMG_1272-351x257.jpg HTTP/1.1" 200 23815 "http://dotheton.com/index.php?topic=1721.15" "Mozilla/5.0 (Windows; U; Windows NT 5.1; en-US; rv:1.9.0.8) Gecko/2009032609 Firefox/3.0.8" "silverimagingcanada.com"
70.116.29.29 - - [24/Apr/2009:11:23:44 -0700] "GET /sitebuilder/images/IMG_1276-406x299.jpg HTTP/1.1" 200 31845 "http://dotheton.com/index.php?topic=1721.15" "Mozilla/5.0 (Windows; U; Windows NT 5.1; en-US; rv:1.9.0.8) Gecko/2009032609 Firefox/3.0.8" "silverimagingcanada.com"
70.116.29.29 - - [24/Apr/2009:11:26:21 -0700] "GET /sitebuilder/images/img138-399x293.jpg HTTP/1.1" 200 24204 "http://dotheton.com/index.php?topic=1721.30" "Mozilla/5.0 (Windows; U; Windows NT 5.1; en-US; rv:1.9.0.8) Gecko/2009032609 Firefox/3.0.8" "silverimagingcanada.com"
70.116.29.29 - - [24/Apr/2009:11:26:21 -0700] "GET /sitebuilder/images/img144-352x257.jpg HTTP/1.1" 200 12721 "http://dotheton.com/index.php?topic=1721.30" "Mozilla/5.0 (Windows; U; Windows NT 5.1; en-US; rv:1.9.0.8) Gecko/2009032609 Firefox/3.0.8" "silverimagingcanada.com"
70.116.29.29 - - [24/Apr/2009:11:26:21 -0700] "GET /sitebuilder/images/img135-317x428.jpg HTTP/1.1" 200 25396 "http://dotheton.com/index.php?topic=1721.30" "Mozilla/5.0 (Windows; U; Windows NT 5.1; en-US; rv:1.9.0.8) Gecko/2009032609 Firefox/3.0.8" "silverimagingcanada.com"
70.116.29.29 - - [24/Apr/2009:11:26:21 -0700] "GET /sitebuilder/images/img1412-430x317.jpg HTTP/1.1" 200 28270 "http://dotheton.com/index.php?topic=1721.30" "Mozilla/5.0 (Windows; U; Windows NT 5.1; en-US; rv:1.9.0.8) Gecko/2009032609 Firefox/3.0.8" "silverimagingcanada.com"
70.116.29.29 - - [24/Apr/2009:11:26:21 -0700] "GET /sitebuilder/images/tank1-257x350.jpg HTTP/1.1" 200 11565 "http://dotheton.com/index.php?topic=1721.30" "Mozilla/5.0 (Windows; U; Windows NT 5.1; en-US; rv:1.9.0.8) Gecko/2009032609 Firefox/3.0.8" "silverimagingcanada.com"
70.116.29.29 - - [24/Apr/2009:11:26:21 -0700] "GET /sitebuilder/images/tank2-272x195.jpg HTTP/1.1" 200 7366 "http://dotheton.com/index.php?topic=1721.30" "Mozilla/5.0 (Windows; U; Windows NT 5.1; en-US; rv:1.9.0.8) Gecko/2009032609 Firefox/3.0.8" "silverimagingcanada.com"
70.116.29.29 - - [24/Apr/2009:11:39:18 -0700] "GET /sitebuilder/images/Bullet_Signals-295x237.jpg HTTP/1.1" 200 16322 "http://dotheton.com/index.php?topic=1721.90" "Mozilla/5.0 (Windows; U; Windows NT 5.1; en-US; rv:1.9.0.8) Gecko/2009032609 Firefox/3.0.8" "silverimagingcanada.com"
70.116.29.29 - - [24/Apr/2009:11:39:18 -0700] "GET /sitebuilder/images/Bullet_Signals2-278x251.jpg HTTP/1.1" 200 18028 "http://dotheton.com/index.php?topic=1721.90" "Mozilla/5.0 (Windows; U; Windows NT 5.1; en-US; rv:1.9.0.8) Gecko/2009032609 Firefox/3.0.8" "silverimagingcanada.com"
66.235.124.34 - - [24/Apr/2009:12:16:30 -0700] "GET /robots.txt HTTP/1.1" 404 275 "-" "Mozilla/5.0 (compatible; Ask Jeeves/Teoma; +http://about.ask.com/en/docs/about/webmasters.shtml)" "www.silverimagingcanada.com"
66.235.124.34 - - [24/Apr/2009:12:16:30 -0700] "GET / HTTP/1.1" 200 9912 "-" "Mozilla/5.0 (compatible; Ask Jeeves/Teoma; +http://about.ask.com/en/docs/about/webmasters.shtml)" "www.silverimagingcanada.com"
208.80.195.39 - - [24/Apr/2009:17:29:35 -0700] "GET / HTTP/1.0" 200 9912 "-" "Mozilla/4.0 (compatible; MSIE 6.0; Windows NT 5.1; SV1; SpamBlockerUtility 4.7.7; Windows-Media-Player/10.00.00.3990)" "www.silverimagingcanada.com"
68.145.170.160 - - [24/Apr/2009:17:38:28 -0700] "GET / HTTP/1.1" 200 9912 "http://www.flickr.com/people/canuckplumbr/" "Mozilla/4.0 (compatible; MSIE 7.0; Windows NT 5.1; GTB5; .NET CLR 2.0.50727; .NET CLR 1.1.4322)" "www.silverimagingcanada.com"
68.145.170.160 - - [24/Apr/2009:17:38:29 -0700] "GET /clipart/bullets/twoDots.gif HTTP/1.1" 200 114 "http://www.silverimagingcanada.com/" "Mozilla/4.0 (compatible; MSIE 7.0; Windows NT 5.1; GTB5; .NET CLR 2.0.50727; .NET CLR 1.1.4322)" "www.silverimagingcanada.com"
68.145.170.160 - - [24/Apr/2009:17:38:29 -0700] "GET /sitebuilder/images/navbar-0-active-90139.png HTTP/1.1" 200 1116 "http://www.silverimagingcanada.com/" "Mozilla/4.0 (compatible; MSIE 7.0; Windows NT 5.1; GTB5; .NET CLR 2.0.50727; .NET CLR 1.1.4322)" "www.silverimagingcanada.com"
68.145.170.160 - - [24/Apr/2009:17:38:29 -0700] "GET / HTTP/1.1" 200 9912 "http://www.silverimagingcanada.com/" "Mozilla/4.0 (compatible; MSIE 7.0; Windows NT 5.1; GTB5; .NET CLR 2.0.50727; .NET CLR 1.1.4322)" "www.silverimagingcanada.com"
68.145.170.160 - - [24/Apr/2009:17:38:29 -0700] "GET /sitebuilder/images/navbar-1-inactive-90186.png HTTP/1.1" 200 1185 "http://www.silverimagingcanada.com/" "Mozilla/4.0 (compatible; MSIE 7.0; Windows NT 5.1; GTB5; .NET CLR 2.0.50727; .NET CLR 1.1.4322)" "www.silverimagingcanada.com"
68.145.170.160 - - [24/Apr/2009:17:38:29 -0700] "GET /sitebuilder/images/navbar-2-inactive-90264.png HTTP/1.1" 200 1235 "http://www.silverimagingcanada.com/" "Mozilla/4.0 (compatible; MSIE 7.0; Windows NT 5.1; GTB5; .NET CLR 2.0.50727; .NET CLR 1.1.4322)" "www.silverimagingcanada.com"
68.145.170.160 - - [24/Apr/2009:17:38:30 -0700] "GET /sitebuilder/images/navbar-3-inactive-90342.png HTTP/1.1" 200 1300 "http://www.silverimagingcanada.com/" "Mozilla/4.0 (compatible; MSIE 7.0; Windows NT 5.1; GTB5; .NET CLR 2.0.50727; .NET CLR 1.1.4322)" "www.silverimagingcanada.com"
68.145.170.160 - - [24/Apr/2009:17:38:30 -0700] "GET /sitebuilder/images/navbar-4-inactive-16265.png HTTP/1.1" 200 1189 "http://www.silverimagingcanada.com/" "Mozilla/4.0 (compatible; MSIE 7.0; Windows NT 5.1; GTB5; .NET CLR 2.0.50727; .NET CLR 1.1.4322)" "www.silverimagingcanada.com"
68.145.170.160 - - [24/Apr/2009:17:38:30 -0700] "GET /sitebuilder/images/CADD1-248x159.jpg HTTP/1.1" 200 9406 "http://www.silverimagingcanada.com/" "Mozilla/4.0 (compatible; MSIE 7.0; Windows NT 5.1; GTB5; .NET CLR 2.0.50727; .NET CLR 1.1.4322)" "www.silverimagingcanada.com"
68.145.170.160 - - [24/Apr/2009:17:38:30 -0700] "GET /sitebuilder/images/Captured_2005-6-7_00001-265x188.jpg HTTP/1.1" 200 4822 "http://www.silverimagingcanada.com/" "Mozilla/4.0 (compatible; MSIE 7.0; Windows NT 5.1; GTB5; .NET CLR 2.0.50727; .NET CLR 1.1.4322)" "www.silverimagingcanada.com"
68.145.170.160 - - [24/Apr/2009:17:38:30 -0700] "GET /sitebuilder/images/S4020060-433x320.jpg HTTP/1.1" 200 10922 "http://www.silverimagingcanada.com/" "Mozilla/4.0 (compatible; MSIE 7.0; Windows NT 5.1; GTB5; .NET CLR 2.0.50727; .NET CLR 1.1.4322)" "www.silverimagingcanada.com"
68.145.170.160 - - [24/Apr/2009:17:38:31 -0700] "GET /images/SilverLogo_copy.jpg HTTP/1.1" 200 29409 "http://www.silverimagingcanada.com/" "Mozilla/4.0 (compatible; MSIE 7.0; Windows NT 5.1; GTB5; .NET CLR 2.0.50727; .NET CLR 1.1.4322)" "www.silverimagingcanada.com"
68.145.170.160 - - [24/Apr/2009:17:38:31 -0700] "GET /sitebuilder/images/ZAwithbox-292x178.jpg HTTP/1.1" 200 6030 "http://www.silverimagingcanada.com/" "Mozilla/4.0 (compatible; MSIE 7.0; Windows NT 5.1; GTB5; .NET CLR 2.0.50727; .NET CLR 1.1.4322)" "www.silverimagingcanada.com"
68.145.170.160 - - [24/Apr/2009:17:38:32 -0700] "GET /images/Cavcam_Brush4.jpg HTTP/1.1" 200 2918949 "http://www.silverimagingcanada.com/" "Mozilla/4.0 (compatible; MSIE 7.0; Windows NT 5.1; GTB5; .NET CLR 2.0.50727; .NET CLR 1.1.4322)" "www.silverimagingcanada.com"
68.145.170.160 - - [24/Apr/2009:17:38:32 -0700] "GET /favicon.ico HTTP/1.1" 200 1406 "-" "Mozilla/4.0 (compatible; MSIE 7.0; Windows NT 5.1; GTB5; .NET CLR 2.0.50727; .NET CLR 1.1.4322)" "www.silverimagingcanada.com"
68.145.170.160 - - [24/Apr/2009:17:38:32 -0700] "GET /sitebuilder/images/navbar-1-mouseOver-90249.png HTTP/1.1" 200 1211 "http://www.silverimagingcanada.com/" "Mozilla/4.0 (compatible; MSIE 7.0; Windows NT 5.1; GTB5; .NET CLR 2.0.50727; .NET CLR 1.1.4322)" "www.silverimagingcanada.com"
68.145.170.160 - - [24/Apr/2009:17:38:33 -0700] "GET /favicon.ico HTTP/1.1" 304 - "-" "Mozilla/5.0 (compatible; Google Desktop)" "www.silverimagingcanada.com"
72.30.65.46 - - [24/Apr/2009:18:13:17 -0700] "GET /cammod.html HTTP/1.0" 200 17014 "-" "Mozilla/5.0 (compatible; Yahoo! Slurp/3.0; http://help.yahoo.com/help/us/ysearch/slurp)" "www.silverimagingcanada.com"
62.169.232.59 - - [25/Apr/2009:01:31:37 -0700] "HEAD / HTTP/1.1" 200 0 "-" "Mozilla/4.0 (compatible; MSIE 7.0; Windows NT 5.2; .NET CLR 1.1.4322; .NET CLR 3.0.04506.30; .NET CLR 2.0.50727; .NET CLR 3.0.04506.648)" "www.silverimagingcanada.com"
208.80.195.42 - - [25/Apr/2009:06:16:26 -0700] "GET / HTTP/1.0" 200 9912 "-" "Mozilla/4.0 (compatible; MSIE 7.0; Windows NT 5.1; FunWebProducts; .NET CLR 1.1.4322; .NET CLR 2.0.50727; InfoPath.1; ZangoToolbar 4.8.3)" "silverimagingcanada.com"
66.249.72.146 - - [25/Apr/2009:10:07:37 -0700] "GET /robots.txt HTTP/1.0" 404 275 "-" "Googlebot-Image/1.0" "silverimagingcanada.com"
66.249.72.146 - - [25/Apr/2009:10:07:37 -0700] "GET /sitebuilder/images/S4020048-366x257.jpg HTTP/1.1" 200 8385 "-" "Googlebot-Image/1.0" "silverimagingcanada.com"
67.16.94.2 - - [25/Apr/2009:13:00:44 -0700] "GET /robots.txt HTTP/1.0" 404 275 "-" "Gigabot/3.0 (http://www.gigablast.com/spider.html)" "www.silverimagingcanada.com"
67.16.94.2 - - [25/Apr/2009:13:00:45 -0700] "GET / HTTP/1.0" 200 9912 "-" "Gigabot/3.0 (http://www.gigablast.com/spider.html)" "www.silverimagingcanada.com"
72.30.65.46 - - [25/Apr/2009:13:06:28 -0700] "GET /MechScan.html HTTP/1.0" 200 7439 "-" "Mozilla/5.0 (compatible; Yahoo! Slurp/3.0; http://help.yahoo.com/help/us/ysearch/slurp)" "www.silverimagingcanada.com"
69.181.76.222 - - [25/Apr/2009:17:26:36 -0700] "GET /sitebuilder/images/IMG_1184-420x310.jpg HTTP/1.1" 200 30969 "http://dotheton.com/index.php?topic=1721.0" "Mozilla/5.0 (Macintosh; U; PPC Mac OS X 10.5; en-US; rv:1.9.0.9) Gecko/2009040820 Firefox/3.0.9" "silverimagingcanada.com"
69.181.76.222 - - [25/Apr/2009:17:26:36 -0700] "GET /sitebuilder/images/img052-374x274.jpg HTTP/1.1" 200 18043 "http://dotheton.com/index.php?topic=1721.0" "Mozilla/5.0 (Macintosh; U; PPC Mac OS X 10.5; en-US; rv:1.9.0.9) Gecko/2009040820 Firefox/3.0.9" "silverimagingcanada.com"
69.181.76.222 - - [25/Apr/2009:17:26:36 -0700] "GET /sitebuilder/images/img053-365x267.jpg HTTP/1.1" 200 19523 "http://dotheton.com/index.php?topic=1721.0" "Mozilla/5.0 (Macintosh; U; PPC Mac OS X 10.5; en-US; rv:1.9.0.9) Gecko/2009040820 Firefox/3.0.9" "silverimagingcanada.com"
69.181.76.222 - - [25/Apr/2009:17:26:36 -0700] "GET /sitebuilder/images/img056-393x289.jpg HTTP/1.1" 200 20721 "http://dotheton.com/index.php?topic=1721.0" "Mozilla/5.0 (Macintosh; U; PPC Mac OS X 10.5; en-US; rv:1.9.0.9) Gecko/2009040820 Firefox/3.0.9" "silverimagingcanada.com"
69.137.98.22 - - [25/Apr/2009:18:42:39 -0700] "GET /sitebuilder/images/IMG_0419-240x321.jpg HTTP/1.1" 200 23573 "http://dotheton.com/index.php?topic=3172.0" "Mozilla/5.0 (Windows; U; Windows NT 5.1; en-US; rv:1.9.0.1) Gecko/2008070208 Firefox/3.0.1" "silverimagingcanada.com"
208.80.195.32 - - [25/Apr/2009:22:47:25 -0700] "GET / HTTP/1.0" 200 9912 "-" "Mozilla/4.0 (compatible; MSIE 7.0; Windows NT 5.1; 3B 2.3)" "www.silverimagingcanada.com"
72.30.65.46 - - [26/Apr/2009:02:00:24 -0700] "GET /products1.html HTTP/1.0" 200 6447 "-" "Mozilla/5.0 (compatible; Yahoo! Slurp/3.0; http://help.yahoo.com/help/us/ysearch/slurp)" "www.silverimagingcanada.com"
66.249.72.146 - - [26/Apr/2009:05:13:20 -0700] "GET /robots.txt HTTP/1.1" 404 275 "-" "Googlebot-Image/1.0" "silverimagingcanada.com"
66.249.72.146 - - [26/Apr/2009:05:13:20 -0700] "GET /sitebuilder/images/S4020048-252x171.jpg HTTP/1.1" 200 4887 "-" "Googlebot-Image/1.0" "silverimagingcanada.com"
66.249.72.146 - - [26/Apr/2009:11:10:47 -0700] "GET /sitebuilder/images/PICT0008-2-216x152.jpg HTTP/1.1" 200 9498 "-" "Googlebot-Image/1.0" "silverimagingcanada.com"
208.80.195.43 - - [26/Apr/2009:11:53:00 -0700] "GET / HTTP/1.0" 200 9912 "-" "Mozilla/4.0 (compatible; MSIE 7.0; Windows NT 5.1; FunWebProducts; .NET CLR 1.0.3705; .NET CLR 1.1.4322; Media Center PC 3.1; SpamBlockerUtility 4.8.4)" "silverimagingcanada.com"
72.30.65.46 - - [26/Apr/2009:12:08:08 -0700] "GET /index.html HTTP/1.0" 200 9912 "-" "Mozilla/5.0 (compatible; Yahoo! Slurp/3.0; http://help.yahoo.com/help/us/ysearch/slurp)" "www.silverimagingcanada.com"
98.229.31.153 - - [26/Apr/2009:14:17:42 -0700] "GET /sitebuilder/images/img053-365x267.jpg HTTP/1.1" 200 19523 "http://dotheton.com/index.php?topic=1721.0" "Mozilla/4.0 (compatible; MSIE 6.0; Windows NT 5.1; SV1; GTB5; .NET CLR 1.1.4322; .NET CLR 2.0.50727; Windows-Media-Player/10.00.00.3990)" "silverimagingcanada.com"
66.249.72.146 - - [26/Apr/2009:14:19:58 -0700] "GET /sitebuilder/images/CavcaM-310x81.jpg HTTP/1.1" 200 6074 "-" "Googlebot-Image/1.0" "silverimagingcanada.com"
72.30.65.46 - - [26/Apr/2009:15:01:43 -0700] "GET /aboutme.html HTTP/1.0" 200 11885 "-" "Mozilla/5.0 (compatible; Yahoo! Slurp/3.0; http://help.yahoo.com/help/us/ysearch/slurp)" "www.silverimagingcanada.com"
98.129.136.186 - - [26/Apr/2009:17:13:17 -0700] "GET /CameraSites.html HTTP/1.1" 200 6344 "-" "Mozilla/4.0 (compatible; MSIE 6.0; Windows NT 5.1)" "www.silverimagingcanada.com"
98.129.136.186 - - [26/Apr/2009:17:13:20 -0700] "GET /CameraSites.html HTTP/1.1" 200 6344 "-" "Mozilla/5.0 (Windows; U; Windows NT 5.1; en-US; rv:1.8.0.6) Gecko/20060728 Firefox/1.5.0.6" "www.silverimagingcanada.com"
98.129.136.186 - - [26/Apr/2009:17:13:23 -0700] "GET /CameraSites.html HTTP/1.1" 200 6344 "-" "Mozilla/4.0 (compatible; MSIE 7.0; Windows NT 5.1)" "www.silverimagingcanada.com"
70.219.224.128 - - [26/Apr/2009:17:45:03 -0700] "GET /sitebuilder/images/img052-374x274.jpg HTTP/1.1" 200 18043 "http://dotheton.com/index.php?topic=1721.0" "Mozilla/5.0 (Macintosh; U; PPC Mac OS X 10_4_11; en) AppleWebKit/525.27.1 (KHTML, like Gecko) Version/3.2.1 Safari/525.27.1" "silverimagingcanada.com"
70.219.224.128 - - [26/Apr/2009:17:45:03 -0700] "GET /sitebuilder/images/IMG_1184-420x310.jpg HTTP/1.1" 200 30969 "http://dotheton.com/index.php?topic=1721.0" "Mozilla/5.0 (Macintosh; U; PPC Mac OS X 10_4_11; en) AppleWebKit/525.27.1 (KHTML, like Gecko) Version/3.2.1 Safari/525.27.1" "silverimagingcanada.com"
70.219.224.128 - - [26/Apr/2009:17:45:03 -0700] "GET /sitebuilder/images/img053-365x267.jpg HTTP/1.1" 200 19523 "http://dotheton.com/index.php?topic=1721.0" "Mozilla/5.0 (Macintosh; U; PPC Mac OS X 10_4_11; en) AppleWebKit/525.27.1 (KHTML, like Gecko) Version/3.2.1 Safari/525.27.1" "silverimagingcanada.com"
70.219.224.128 - - [26/Apr/2009:17:45:03 -0700] "GET /sitebuilder/images/img056-393x289.jpg HTTP/1.1" 200 20721 "http://dotheton.com/index.php?topic=1721.0" "Mozilla/5.0 (Macintosh; U; PPC Mac OS X 10_4_11; en) AppleWebKit/525.27.1 (KHTML, like Gecko) Version/3.2.1 Safari/525.27.1" "silverimagingcanada.com"
70.219.224.128 - - [26/Apr/2009:17:45:04 -0700] "GET /sitebuilder/images/IMG_0939-380x278.jpg HTTP/1.1" 200 15324 "http://dotheton.com/index.php?topic=1721.0" "Mozilla/5.0 (Macintosh; U; PPC Mac OS X 10_4_11; en) AppleWebKit/525.27.1 (KHTML, like Gecko) Version/3.2.1 Safari/525.27.1" "silverimagingcanada.com"
70.219.224.128 - - [26/Apr/2009:17:45:04 -0700] "GET /sitebuilder/images/IMG_0937-312x416.jpg HTTP/1.1" 200 20123 "http://dotheton.com/index.php?topic=1721.0" "Mozilla/5.0 (Macintosh; U; PPC Mac OS X 10_4_11; en) AppleWebKit/525.27.1 (KHTML, like Gecko) Version/3.2.1 Safari/525.27.1" "silverimagingcanada.com"
70.219.224.128 - - [26/Apr/2009:17:45:04 -0700] "GET /sitebuilder/images/IMG_0961-417x308.jpg HTTP/1.1" 200 11717 "http://dotheton.com/index.php?topic=1721.0" "Mozilla/5.0 (Macintosh; U; PPC Mac OS X 10_4_11; en) AppleWebKit/525.27.1 (KHTML, like Gecko) Version/3.2.1 Safari/525.27.1" "silverimagingcanada.com"
70.219.224.128 - - [26/Apr/2009:17:45:55 -0700] "GET /sitebuilder/images/IMG_1276-406x299.jpg HTTP/1.1" 200 31845 "http://dotheton.com/index.php?topic=1721.15" "Mozilla/5.0 (Macintosh; U; PPC Mac OS X 10_4_11; en) AppleWebKit/525.27.1 (KHTML, like Gecko) Version/3.2.1 Safari/525.27.1" "silverimagingcanada.com"
70.219.224.128 - - [26/Apr/2009:17:45:55 -0700] "GET /sitebuilder/images/img129-405x298.jpg HTTP/1.1" 200 17041 "http://dotheton.com/index.php?topic=1721.15" "Mozilla/5.0 (Macintosh; U; PPC Mac OS X 10_4_11; en) AppleWebKit/525.27.1 (KHTML, like Gecko) Version/3.2.1 Safari/525.27.1" "silverimagingcanada.com"
70.219.224.128 - - [26/Apr/2009:17:45:55 -0700] "GET /sitebuilder/images/IMG_1272-351x257.jpg HTTP/1.1" 200 23815 "http://dotheton.com/index.php?topic=1721.15" "Mozilla/5.0 (Macintosh; U; PPC Mac OS X 10_4_11; en) AppleWebKit/525.27.1 (KHTML, like Gecko) Version/3.2.1 Safari/525.27.1" "silverimagingcanada.com"
70.219.224.128 - - [26/Apr/2009:17:45:55 -0700] "GET /sitebuilder/images/IMG_1288-451x334.jpg HTTP/1.1" 200 25996 "http://dotheton.com/index.php?topic=1721.15" "Mozilla/5.0 (Macintosh; U; PPC Mac OS X 10_4_11; en) AppleWebKit/525.27.1 (KHTML, like Gecko) Version/3.2.1 Safari/525.27.1" "silverimagingcanada.com"
70.219.224.128 - - [26/Apr/2009:17:48:15 -0700] "GET /sitebuilder/images/img144-352x257.jpg HTTP/1.1" 200 12721 "http://dotheton.com/index.php?topic=1721.30" "Mozilla/5.0 (Macintosh; U; PPC Mac OS X 10_4_11; en) AppleWebKit/525.27.1 (KHTML, like Gecko) Version/3.2.1 Safari/525.27.1" "silverimagingcanada.com"
70.219.224.128 - - [26/Apr/2009:17:48:15 -0700] "GET /sitebuilder/images/img1412-430x317.jpg HTTP/1.1" 200 28270 "http://dotheton.com/index.php?topic=1721.30" "Mozilla/5.0 (Macintosh; U; PPC Mac OS X 10_4_11; en) AppleWebKit/525.27.1 (KHTML, like Gecko) Version/3.2.1 Safari/525.27.1" "silverimagingcanada.com"
70.219.224.128 - - [26/Apr/2009:17:48:15 -0700] "GET /sitebuilder/images/img135-317x428.jpg HTTP/1.1" 200 25396 "http://dotheton.com/index.php?topic=1721.30" "Mozilla/5.0 (Macintosh; U; PPC Mac OS X 10_4_11; en) AppleWebKit/525.27.1 (KHTML, like Gecko) Version/3.2.1 Safari/525.27.1" "silverimagingcanada.com"
70.219.224.128 - - [26/Apr/2009:17:48:15 -0700] "GET /sitebuilder/images/img138-399x293.jpg HTTP/1.1" 200 24204 "http://dotheton.com/index.php?topic=1721.30" "Mozilla/5.0 (Macintosh; U; PPC Mac OS X 10_4_11; en) AppleWebKit/525.27.1 (KHTML, like Gecko) Version/3.2.1 Safari/525.27.1" "silverimagingcanada.com"
70.219.224.128 - - [26/Apr/2009:17:48:16 -0700] "GET /sitebuilder/images/tank1-257x350.jpg HTTP/1.1" 200 11565 "http://dotheton.com/index.php?topic=1721.30" "Mozilla/5.0 (Macintosh; U; PPC Mac OS X 10_4_11; en) AppleWebKit/525.27.1 (KHTML, like Gecko) Version/3.2.1 Safari/525.27.1" "silverimagingcanada.com"
70.219.224.128 - - [26/Apr/2009:17:48:17 -0700] "GET /sitebuilder/images/tank2-272x195.jpg HTTP/1.1" 200 7366 "http://dotheton.com/index.php?topic=1721.30" "Mozilla/5.0 (Macintosh; U; PPC Mac OS X 10_4_11; en) AppleWebKit/525.27.1 (KHTML, like Gecko) Version/3.2.1 Safari/525.27.1" "silverimagingcanada.com"
70.219.224.128 - - [26/Apr/2009:17:52:16 -0700] "GET /sitebuilder/images/Bullet_Signals2-278x251.jpg HTTP/1.1" 200 18028 "http://dotheton.com/index.php?topic=1721.90" "Mozilla/5.0 (Macintosh; U; PPC Mac OS X 10_4_11; en) AppleWebKit/525.27.1 (KHTML, like Gecko) Version/3.2.1 Safari/525.27.1" "silverimagingcanada.com"
70.219.224.128 - - [26/Apr/2009:17:52:16 -0700] "GET /sitebuilder/images/Bullet_Signals-295x237.jpg HTTP/1.1" 200 16322 "http://dotheton.com/index.php?topic=1721.90" "Mozilla/5.0 (Macintosh; U; PPC Mac OS X 10_4_11; en) AppleWebKit/525.27.1 (KHTML, like Gecko) Version/3.2.1 Safari/525.27.1" "silverimagingcanada.com"
208.111.154.15 - - [26/Apr/2009:18:25:03 -0700] "GET /robots.txt HTTP/1.1" 404 275 "-" "Mozilla/5.0 (compatible; Charlotte/1.1; http://www.searchme.com/support/)" "www.silverimagingcanada.com"
208.111.154.15 - - [26/Apr/2009:18:25:03 -0700] "GET /cammod2.html HTTP/1.1" 200 7845 "-" "Mozilla/5.0 (compatible; Charlotte/1.1; http://www.searchme.com/support/)" "www.silverimagingcanada.com"
66.249.72.146 - - [27/Apr/2009:01:39:40 -0700] "GET /robots.txt HTTP/1.1" 404 275 "-" "Googlebot-Image/1.0" "silverimagingcanada.com"
66.249.72.146 - - [27/Apr/2009:01:39:40 -0700] "GET /sitebuilder/images/S4020063-290x368.jpg HTTP/1.1" 200 18483 "-" "Googlebot-Image/1.0" "silverimagingcanada.com"
208.80.195.37 - - [27/Apr/2009:04:21:33 -0700] "GET / HTTP/1.0" 200 9912 "-" "Mozilla/4.0 (compatible; MSIE 7.0; Windows NT 5.1; YPC 3.2.0; (R1 1.5; yplus 5.1.03b); .NET CLR 1.1.4322; IEMB3; IEMB3)" "www.silverimagingcanada.com"
72.30.65.46 - - [27/Apr/2009:09:26:21 -0700] "GET /ZoneAlarm.html HTTP/1.0" 200 12958 "-" "Mozilla/5.0 (compatible; Yahoo! Slurp/3.0; http://help.yahoo.com/help/us/ysearch/slurp)" "www.silverimagingcanada.com"
66.235.124.34 - - [27/Apr/2009:15:36:56 -0700] "GET /robots.txt HTTP/1.1" 404 275 "-" "Mozilla/5.0 (compatible; Ask Jeeves/Teoma; +http://about.ask.com/en/docs/about/webmasters.shtml)" "www.silverimagingcanada.com"
66.235.124.34 - - [27/Apr/2009:15:36:56 -0700] "GET / HTTP/1.1" 200 9912 "-" "Mozilla/5.0 (compatible; Ask Jeeves/Teoma; +http://about.ask.com/en/docs/about/webmasters.shtml)" "www.silverimagingcanada.com"
93.158.151.24 - - [27/Apr/2009:16:15:30 -0700] "GET /robots.txt HTTP/1.1" 404 275 "-" "Yandex/1.01.001 (compatible; Win16; I)" "www.silverimagingcanada.com"
93.158.151.24 - - [27/Apr/2009:16:15:31 -0700] "GET / HTTP/1.1" 200 9912 "-" "Yandex/1.01.001 (compatible; Win16; I)" "www.silverimagingcanada.com"
208.80.195.37 - - [27/Apr/2009:17:25:15 -0700] "GET / HTTP/1.0" 200 9912 "-" "Mozilla/4.0 (compatible; MSIE 6.0; Windows NT 5.1; Supplied by Tesco.net; Sky Broadband)" "silverimagingcanada.com"
72.30.65.46 - - [27/Apr/2009:19:24:02 -0700] "GET /Products.html HTTP/1.0" 200 6789 "-" "Mozilla/5.0 (compatible; Yahoo! Slurp/3.0; http://help.yahoo.com/help/us/ysearch/slurp)" "www.silverimagingcanada.com"
67.16.94.2 - - [28/Apr/2009:01:42:01 -0700] "GET /robots.txt HTTP/1.0" 404 275 "-" "Gigabot/3.0 (http://www.gigablast.com/spider.html)" "www.silverimagingcanada.com"
67.16.94.2 - - [28/Apr/2009:01:42:01 -0700] "GET / HTTP/1.0" 200 9912 "-" "Gigabot/3.0 (http://www.gigablast.com/spider.html)" "www.silverimagingcanada.com"
174.129.127.6 - - [28/Apr/2009:07:06:17 -0700] "GET /robots.txt HTTP/1.1" 404 275 "-" "AISearchBot (Email: aisearchbot@gmail.com; If your web site doesn't want to be crawled, please send us a email.)" "www.silverimagingcanada.com"
208.80.195.31 - - [28/Apr/2009:10:01:00 -0700] "GET / HTTP/1.0" 200 9912 "-" "Mozilla/4.0 (compatible; MSIE 7.0; Windows NT 5.1; NovaPacs Viewer 6.0.197.0; (R1 1.5); .NET CLR 1.0.3705; .NET CLR 1.1.4322; Media Center PC 4.0)" "www.silverimagingcanada.com"
66.249.72.7 - - [28/Apr/2009:16:24:05 -0700] "GET /robots.txt HTTP/1.1" 404 275 "-" "Googlebot-Image/1.0" "silverimagingcanada.com"
66.249.72.7 - - [28/Apr/2009:16:24:05 -0700] "GET /sitebuilder/images/Captured_2005-6-7_00001-241x171.jpg HTTP/1.1" 200 4210 "-" "Googlebot-Image/1.0" "silverimagingcanada.com"
130.127.65.211 - - [28/Apr/2009:17:55:38 -0700] "GET /sitebuilder/images/IMG_0419-240x321.jpg HTTP/1.1" 200 23573 "http://dotheton.com/index.php?topic=3172.0" "Mozilla/5.0 (Macintosh; U; Intel Mac OS X 10.5; en-US; rv:1.9.0.9) Gecko/2009040820 Firefox/3.0.9" "silverimagingcanada.com"
98.193.26.205 - - [28/Apr/2009:20:29:29 -0700] "GET /sitebuilder/images/tank1-257x350.jpg HTTP/1.1" 200 11565 "http://dotheton.com/index.php?topic=1721.msg31689" "Mozilla/5.0 (Macintosh; U; Intel Mac OS X 10.5; en-US; rv:1.9.0.5) Gecko/2008120121 Firefox/3.0.5" "silverimagingcanada.com"
98.193.26.205 - - [28/Apr/2009:20:29:29 -0700] "GET /sitebuilder/images/img138-399x293.jpg HTTP/1.1" 200 24204 "http://dotheton.com/index.php?topic=1721.msg31689" "Mozilla/5.0 (Macintosh; U; Intel Mac OS X 10.5; en-US; rv:1.9.0.5) Gecko/2008120121 Firefox/3.0.5" "silverimagingcanada.com"
98.193.26.205 - - [28/Apr/2009:20:29:29 -0700] "GET /sitebuilder/images/img135-317x428.jpg HTTP/1.1" 200 25396 "http://dotheton.com/index.php?topic=1721.msg31689" "Mozilla/5.0 (Macintosh; U; Intel Mac OS X 10.5; en-US; rv:1.9.0.5) Gecko/2008120121 Firefox/3.0.5" "silverimagingcanada.com"
98.193.26.205 - - [28/Apr/2009:20:29:29 -0700] "GET /sitebuilder/images/tank2-272x195.jpg HTTP/1.1" 200 7366 "http://dotheton.com/index.php?topic=1721.msg31689" "Mozilla/5.0 (Macintosh; U; Intel Mac OS X 10.5; en-US; rv:1.9.0.5) Gecko/2008120121 Firefox/3.0.5" "silverimagingcanada.com"
98.193.26.205 - - [28/Apr/2009:20:29:29 -0700] "GET /sitebuilder/images/img144-352x257.jpg HTTP/1.1" 200 12721 "http://dotheton.com/index.php?topic=1721.msg31689" "Mozilla/5.0 (Macintosh; U; Intel Mac OS X 10.5; en-US; rv:1.9.0.5) Gecko/2008120121 Firefox/3.0.5" "silverimagingcanada.com"
98.193.26.205 - - [28/Apr/2009:20:29:29 -0700] "GET /sitebuilder/images/img1412-430x317.jpg HTTP/1.1" 200 28270 "http://dotheton.com/index.php?topic=1721.msg31689" "Mozilla/5.0 (Macintosh; U; Intel Mac OS X 10.5; en-US; rv:1.9.0.5) Gecko/2008120121 Firefox/3.0.5" "silverimagingcanada.com"
208.80.195.37 - - [28/Apr/2009:22:16:51 -0700] "GET / HTTP/1.0" 200 9912 "-" "Mozilla/4.0 (compatible; MSIE 7.0; Windows NT 5.1; {A667BF0E-B040-4EA3-98EC-6B12F0CCF73C}; YPC 3.2.0; FunWebProducts)" "silverimagingcanada.com"
66.249.72.7 - - [29/Apr/2009:08:17:55 -0700] "GET /sitebuilder/images/S4020048-272x219.jpg HTTP/1.1" 200 5949 "-" "Googlebot-Image/1.0" "silverimagingcanada.com"
