82.99.30.44 - - [11/May/2009:22:30:32 -0700] "GET /sitebuilder/images/IMG_1105-292x211.jpg HTTP/1.0" 200 12634 "http://www.silverimagingcanada.com/cammod.html" "Mozilla/4.0 (compatible; MSIE 6.0; Windows NT 5.1)" "www.silverimagingcanada.com"
82.99.30.44 - - [11/May/2009:22:30:32 -0700] "GET /sitebuilder/images/IMG_1104-298x216.jpg HTTP/1.0" 200 12600 "http://www.silverimagingcanada.com/cammod.html" "Mozilla/4.0 (compatible; MSIE 6.0; Windows NT 5.1)" "www.silverimagingcanada.com"
82.99.30.44 - - [11/May/2009:22:30:32 -0700] "GET /sitebuilder/images/IMG_1106-294x211.jpg HTTP/1.0" 200 13541 "http://www.silverimagingcanada.com/cammod.html" "Mozilla/4.0 (compatible; MSIE 6.0; Windows NT 5.1)" "www.silverimagingcanada.com"
82.99.30.44 - - [11/May/2009:22:30:32 -0700] "GET /sitebuilder/images/IMG_1115-278x200.jpg HTTP/1.0" 200 11449 "http://www.silverimagingcanada.com/cammod.html" "Mozilla/4.0 (compatible; MSIE 6.0; Windows NT 5.1)" "www.silverimagingcanada.com"
82.99.30.44 - - [11/May/2009:22:30:32 -0700] "GET /sitebuilder/images/IMG_1116-276x198.jpg HTTP/1.0" 200 10722 "http://www.silverimagingcanada.com/cammod.html" "Mozilla/4.0 (compatible; MSIE 6.0; Windows NT 5.1)" "www.silverimagingcanada.com"
82.99.30.44 - - [11/May/2009:22:30:32 -0700] "GET /sitebuilder/images/IMG_1122-276x198.jpg HTTP/1.0" 200 10302 "http://www.silverimagingcanada.com/cammod.html" "Mozilla/4.0 (compatible; MSIE 6.0; Windows NT 5.1)" "www.silverimagingcanada.com"
82.99.30.44 - - [11/May/2009:22:30:32 -0700] "GET /sitebuilder/images/IMG_1110-291x208.jpg HTTP/1.0" 200 11320 "http://www.silverimagingcanada.com/cammod.html" "Mozilla/4.0 (compatible; MSIE 6.0; Windows NT 5.1)" "www.silverimagingcanada.com"
82.99.30.44 - - [11/May/2009:22:30:32 -0700] "GET /sitebuilder/images/IMG_1114-284x203.jpg HTTP/1.0" 200 11265 "http://www.silverimagingcanada.com/cammod.html" "Mozilla/4.0 (compatible; MSIE 6.0; Windows NT 5.1)" "www.silverimagingcanada.com"
82.99.30.44 - - [11/May/2009:22:30:32 -0700] "GET /sitebuilder/images/IMG_1112-288x207.jpg HTTP/1.0" 200 9422 "http://www.silverimagingcanada.com/cammod.html" "Mozilla/4.0 (compatible; MSIE 6.0; Windows NT 5.1)" "www.silverimagingcanada.com"
82.99.30.44 - - [11/May/2009:22:30:32 -0700] "GET /sitebuilder/images/IMG_1103-675x443.jpg HTTP/1.0" 200 17818 "http://www.silverimagingcanada.com/cammod.html" "Mozilla/4.0 (compatible; MSIE 6.0; Windows NT 5.1)" "www.silverimagingcanada.com"
82.99.30.44 - - [11/May/2009:22:32:58 -0700] "GET /sitebuilder/images/Boilercam-247x219.jpg HTTP/1.0" 200 10750 "http://www.silverimagingcanada.com/Products.html" "Mozilla/4.0 (compatible; MSIE 6.0; Windows NT 5.1)" "www.silverimagingcanada.com"
82.99.30.44 - - [11/May/2009:22:32:58 -0700] "GET /sitebuilder/images/ZoneLabelwithpic-316x211.jpg HTTP/1.0" 200 11931 "http://www.silverimagingcanada.com/Products.html" "Mozilla/4.0 (compatible; MSIE 6.0; Windows NT 5.1)" "www.silverimagingcanada.com"
82.99.30.67 - - [11/May/2009:23:52:09 -0700] "GET /sitebuilder/images/2-227x159.jpg HTTP/1.0" 200 6136 "http://www.silverimagingcanada.com/aboutme.html" "Mozilla/4.0 (compatible; MSIE 6.0; Windows NT 5.1)" "www.silverimagingcanada.com"
82.99.30.67 - - [11/May/2009:23:52:09 -0700] "GET /sitebuilder/images/CMOS-1-180x112.jpg HTTP/1.0" 200 3327 "http://www.silverimagingcanada.com/aboutme.html" "Mozilla/4.0 (compatible; MSIE 6.0; Windows NT 5.1)" "www.silverimagingcanada.com"
82.99.30.67 - - [11/May/2009:23:52:09 -0700] "GET /sitebuilder/images/Cavcam_Brush4-179x261.jpg HTTP/1.0" 200 8423 "http://www.silverimagingcanada.com/aboutme.html" "Mozilla/4.0 (compatible; MSIE 6.0; Windows NT 5.1)" "www.silverimagingcanada.com"
82.99.30.67 - - [11/May/2009:23:52:09 -0700] "GET /sitebuilder/images/Complete_Bag_3_pieces_total-178x121.jpg HTTP/1.0" 200 3989 "http://www.silverimagingcanada.com/aboutme.html" "Mozilla/4.0 (compatible; MSIE 6.0; Windows NT 5.1)" "www.silverimagingcanada.com"
82.99.30.67 - - [11/May/2009:23:52:09 -0700] "GET /sitebuilder/images/S4020048-252x171.jpg HTTP/1.0" 200 4887 "http://www.silverimagingcanada.com/aboutme.html" "Mozilla/4.0 (compatible; MSIE 6.0; Windows NT 5.1)" "www.silverimagingcanada.com"
82.99.30.67 - - [11/May/2009:23:52:09 -0700] "GET /sitebuilder/images/ZoneLabelwithpic3-184x115.jpg HTTP/1.0" 200 5311 "http://www.silverimagingcanada.com/aboutme.html" "Mozilla/4.0 (compatible; MSIE 6.0; Windows NT 5.1)" "www.silverimagingcanada.com"
82.99.30.67 - - [11/May/2009:23:52:09 -0700] "GET /sitebuilder/images/PICT0043-1-216x152.jpg HTTP/1.0" 200 5185 "http://www.silverimagingcanada.com/aboutme.html" "Mozilla/4.0 (compatible; MSIE 6.0; Windows NT 5.1)" "www.silverimagingcanada.com"
82.99.30.67 - - [11/May/2009:23:52:09 -0700] "GET /sitebuilder/images/Captured_2005-6-7_00003-132x99.jpg HTTP/1.0" 200 2847 "http://www.silverimagingcanada.com/aboutme.html" "Mozilla/4.0 (compatible; MSIE 6.0; Windows NT 5.1)" "www.silverimagingcanada.com"
82.99.30.67 - - [11/May/2009:23:52:09 -0700] "GET /sitebuilder/images/Picture_003-217x152.jpg HTTP/1.0" 200 6174 "http://www.silverimagingcanada.com/aboutme.html" "Mozilla/4.0 (compatible; MSIE 6.0; Windows NT 5.1)" "www.silverimagingcanada.com"
82.99.30.67 - - [11/May/2009:23:52:09 -0700] "GET /sitebuilder/images/PICT0008-2-216x152.jpg HTTP/1.0" 200 9498 "http://www.silverimagingcanada.com/aboutme.html" "Mozilla/4.0 (compatible; MSIE 6.0; Windows NT 5.1)" "www.silverimagingcanada.com"
82.99.30.67 - - [11/May/2009:23:52:09 -0700] "GET /sitebuilder/images/whitelighton-140x110.jpg HTTP/1.0" 200 3120 "http://www.silverimagingcanada.com/aboutme.html" "Mozilla/4.0 (compatible; MSIE 6.0; Windows NT 5.1)" "www.silverimagingcanada.com"
82.99.30.67 - - [11/May/2009:23:52:09 -0700] "GET /sitebuilder/images/pipe4_001-200x128.png HTTP/1.0" 200 58455 "http://www.silverimagingcanada.com/aboutme.html" "Mozilla/4.0 (compatible; MSIE 6.0; Windows NT 5.1)" "www.silverimagingcanada.com"
67.16.94.2 - - [11/May/2009:23:56:32 -0700] "GET /robots.txt HTTP/1.0" 404 275 "-" "Gigabot/3.0 (http://www.gigablast.com/spider.html)" "www.silverimagingcanada.com"
67.16.94.2 - - [11/May/2009:23:56:32 -0700] "GET / HTTP/1.0" 200 9912 "-" "Gigabot/3.0 (http://www.gigablast.com/spider.html)" "www.silverimagingcanada.com"
74.6.17.184 - - [12/May/2009:00:32:46 -0700] "GET /cammod.html HTTP/1.0" 200 17014 "-" "Mozilla/5.0 (compatible; Yahoo! Slurp/3.0; http://help.yahoo.com/help/us/ysearch/slurp)" "www.silverimagingcanada.com"
208.80.195.34 - - [12/May/2009:01:33:51 -0700] "GET / HTTP/1.0" 200 9912 "-" "Mozilla/4.0 (compatible; MSIE 6.0; Windows NT 5.1; YPC 3.2.0; (R1 1.5; yplus 5.3.04b); .NET CLR 1.0.3705)" "silverimagingcanada.com"
66.249.72.146 - - [12/May/2009:03:56:05 -0700] "GET /robots.txt HTTP/1.1" 404 275 "-" "Googlebot-Image/1.0" "silverimagingcanada.com"
66.249.72.146 - - [12/May/2009:03:56:05 -0700] "GET /clipart/bullets/twoDots.gif HTTP/1.0" 200 114 "-" "Googlebot-Image/1.0" "silverimagingcanada.com"
12.54.128.7 - - [12/May/2009:06:11:09 -0700] "GET /sitebuilder/images/IMG_0347-380x279.jpg HTTP/1.1" 200 23443 "http://www.hondabikes.net/forum/archive/78-cb400t-hawk-ii-newbie-project-5059.htm" "Mozilla/4.0 (compatible; MSIE 6.0; Windows NT 5.1; SV1; .NET CLR 2.0.50727; MS-RTC LM 8)" "www.silverimagingcanada.com"
12.54.128.7 - - [12/May/2009:06:11:09 -0700] "GET /sitebuilder/images/IMG_0166-355x260.jpg HTTP/1.1" 200 20599 "http://www.hondabikes.net/forum/archive/78-cb400t-hawk-ii-newbie-project-5059.htm" "Mozilla/4.0 (compatible; MSIE 6.0; Windows NT 5.1; SV1; .NET CLR 2.0.50727; MS-RTC LM 8)" "www.silverimagingcanada.com"
38.105.83.11 - - [12/May/2009:06:30:07 -0700] "GET / HTTP/1.1" 200 9912 "-" "Mozilla/4.0 (compatible; MSIE 7.0; Windows NT 5.2)" "www.silverimagingcanada.com"
38.105.83.11 - - [12/May/2009:06:30:08 -0700] "GET /index.html HTTP/1.1" 200 9912 "http://www.silverimagingcanada.com/" "Mozilla/4.0 (compatible; MSIE 7.0; Windows NT 5.2)" "www.silverimagingcanada.com"
38.105.83.11 - - [12/May/2009:06:30:08 -0700] "GET /cammod.html HTTP/1.1" 200 17014 "http://www.silverimagingcanada.com/" "Mozilla/4.0 (compatible; MSIE 7.0; Windows NT 5.2)" "www.silverimagingcanada.com"
38.105.83.11 - - [12/May/2009:06:30:09 -0700] "GET /aboutme.html HTTP/1.1" 200 11885 "http://www.silverimagingcanada.com/" "Mozilla/4.0 (compatible; MSIE 7.0; Windows NT 5.2)" "www.silverimagingcanada.com"
38.105.83.11 - - [12/May/2009:06:30:09 -0700] "GET /Products.html HTTP/1.1" 200 6789 "http://www.silverimagingcanada.com/" "Mozilla/4.0 (compatible; MSIE 7.0; Windows NT 5.2)" "www.silverimagingcanada.com"
38.105.83.11 - - [12/May/2009:06:30:10 -0700] "GET /contactus.html HTTP/1.1" 200 10792 "http://www.silverimagingcanada.com/" "Mozilla/4.0 (compatible; MSIE 7.0; Windows NT 5.2)" "www.silverimagingcanada.com"
38.105.83.11 - - [12/May/2009:06:30:12 -0700] "GET /products1.html HTTP/1.1" 200 6447 "http://www.silverimagingcanada.com/Products.html" "Mozilla/4.0 (compatible; MSIE 7.0; Windows NT 5.2)" "www.silverimagingcanada.com"
38.105.83.11 - - [12/May/2009:06:30:13 -0700] "GET /ZoneAlarm.html HTTP/1.1" 200 12958 "http://www.silverimagingcanada.com/Products.html" "Mozilla/4.0 (compatible; MSIE 7.0; Windows NT 5.2)" "www.silverimagingcanada.com"
38.105.83.11 - - [12/May/2009:06:30:13 -0700] "GET /MechScan.html HTTP/1.1" 200 7439 "http://www.silverimagingcanada.com/Products.html" "Mozilla/4.0 (compatible; MSIE 7.0; Windows NT 5.2)" "www.silverimagingcanada.com"
38.105.83.11 - - [12/May/2009:06:30:14 -0700] "GET /cammod2.html HTTP/1.1" 200 7845 "http://www.silverimagingcanada.com/cammod.html" "Mozilla/4.0 (compatible; MSIE 7.0; Windows NT 5.2)" "www.silverimagingcanada.com"
209.195.155.62 - - [12/May/2009:10:05:51 -0700] "GET /sitebuilder/images/img052-374x274.jpg HTTP/1.1" 200 18043 "http://dotheton.com/index.php?topic=1721.0" "Mozilla/5.0 (Windows; U; Windows NT 6.0; en-US; rv:1.9.0.10) Gecko/2009042316 Firefox/3.0.10 (.NET CLR 3.5.30729)" "silverimagingcanada.com"
209.195.155.62 - - [12/May/2009:10:05:51 -0700] "GET /sitebuilder/images/IMG_1184-420x310.jpg HTTP/1.1" 200 30969 "http://dotheton.com/index.php?topic=1721.0" "Mozilla/5.0 (Windows; U; Windows NT 6.0; en-US; rv:1.9.0.10) Gecko/2009042316 Firefox/3.0.10 (.NET CLR 3.5.30729)" "silverimagingcanada.com"
209.195.155.62 - - [12/May/2009:10:05:51 -0700] "GET /sitebuilder/images/img056-393x289.jpg HTTP/1.1" 200 20721 "http://dotheton.com/index.php?topic=1721.0" "Mozilla/5.0 (Windows; U; Windows NT 6.0; en-US; rv:1.9.0.10) Gecko/2009042316 Firefox/3.0.10 (.NET CLR 3.5.30729)" "silverimagingcanada.com"
209.195.155.62 - - [12/May/2009:10:05:51 -0700] "GET /sitebuilder/images/img053-365x267.jpg HTTP/1.1" 200 19523 "http://dotheton.com/index.php?topic=1721.0" "Mozilla/5.0 (Windows; U; Windows NT 6.0; en-US; rv:1.9.0.10) Gecko/2009042316 Firefox/3.0.10 (.NET CLR 3.5.30729)" "silverimagingcanada.com"
209.195.155.62 - - [12/May/2009:10:05:51 -0700] "GET /sitebuilder/images/IMG_0939-380x278.jpg HTTP/1.1" 200 15324 "http://dotheton.com/index.php?topic=1721.0" "Mozilla/5.0 (Windows; U; Windows NT 6.0; en-US; rv:1.9.0.10) Gecko/2009042316 Firefox/3.0.10 (.NET CLR 3.5.30729)" "silverimagingcanada.com"
209.195.155.62 - - [12/May/2009:10:05:51 -0700] "GET /sitebuilder/images/IMG_0937-312x416.jpg HTTP/1.1" 200 20123 "http://dotheton.com/index.php?topic=1721.0" "Mozilla/5.0 (Windows; U; Windows NT 6.0; en-US; rv:1.9.0.10) Gecko/2009042316 Firefox/3.0.10 (.NET CLR 3.5.30729)" "silverimagingcanada.com"
209.195.155.62 - - [12/May/2009:10:05:51 -0700] "GET /sitebuilder/images/IMG_0961-417x308.jpg HTTP/1.1" 200 11717 "http://dotheton.com/index.php?topic=1721.0" "Mozilla/5.0 (Windows; U; Windows NT 6.0; en-US; rv:1.9.0.10) Gecko/2009042316 Firefox/3.0.10 (.NET CLR 3.5.30729)" "silverimagingcanada.com"
216.129.119.45 - - [12/May/2009:10:49:39 -0700] "GET /robots.txt HTTP/1.0" 404 275 "-" "Mozilla/5.0 (Twiceler-0.9 http://www.cuil.com/twiceler/robot.html)" "www.silverimagingcanada.com"
66.249.72.161 - - [12/May/2009:15:20:21 -0700] "GET /robots.txt HTTP/1.1" 404 275 "-" "Googlebot-Image/1.0" "www.silverimagingcanada.com"
66.249.72.161 - - [12/May/2009:15:20:21 -0700] "GET /sitebuilder/images/IMG_1104-298x216.jpg HTTP/1.1" 304 - "-" "Googlebot-Image/1.0" "www.silverimagingcanada.com"
122.162.72.41 - - [12/May/2009:15:44:47 -0700] "GET / HTTP/1.0" 200 9912 "-" "Mozilla/3.0 (compatible)" "silverimagingcanada.com"
208.80.195.32 - - [12/May/2009:16:09:37 -0700] "GET / HTTP/1.0" 200 9912 "-" "Mozilla/4.0 (compatible; MSIE 6.0; Windows NT 5.1; SV1; .NET CLR 1.0.3705; .NET CLR 1.1.4322; Media Center PC 4.0; MSN 9.0; MSNbMSNI; MSNmen-us; MSNcIA)" "www.silverimagingcanada.com"
216.129.119.49 - - [12/May/2009:18:50:00 -0700] "GET /robots.txt HTTP/1.0" 404 275 "-" "Mozilla/5.0 (Twiceler-0.9 http://www.cuil.com/twiceler/robot.html)" "silverimagingcanada.com"
66.249.72.146 - - [12/May/2009:19:52:58 -0700] "GET /sitebuilder/images/CMOS-1-235x166.jpg HTTP/1.1" 200 6058 "-" "Googlebot-Image/1.0" "silverimagingcanada.com"
67.54.183.142 - - [12/May/2009:20:51:38 -0700] "GET /sitebuilder/images/IMG_1184-420x310.jpg HTTP/1.1" 200 30969 "http://dotheton.com/index.php?topic=1721.0" "Mozilla/4.0 (compatible; MSIE 8.0; Windows NT 6.0; Trident/4.0; SLCC1; .NET CLR 2.0.50727; Media Center PC 5.0; .NET CLR 3.5.30729; .NET CLR 3.0.30618; MSN Optimized;US)" "silverimagingcanada.com"
67.54.183.142 - - [12/May/2009:20:51:43 -0700] "GET /sitebuilder/images/img056-393x289.jpg HTTP/1.1" 200 20721 "http://dotheton.com/index.php?topic=1721.0" "Mozilla/4.0 (compatible; MSIE 8.0; Windows NT 6.0; Trident/4.0; SLCC1; .NET CLR 2.0.50727; Media Center PC 5.0; .NET CLR 3.5.30729; .NET CLR 3.0.30618; MSN Optimized;US)" "silverimagingcanada.com"
67.54.183.142 - - [12/May/2009:20:51:43 -0700] "GET /sitebuilder/images/img052-374x274.jpg HTTP/1.1" 200 18043 "http://dotheton.com/index.php?topic=1721.0" "Mozilla/4.0 (compatible; MSIE 8.0; Windows NT 6.0; Trident/4.0; SLCC1; .NET CLR 2.0.50727; Media Center PC 5.0; .NET CLR 3.5.30729; .NET CLR 3.0.30618; MSN Optimized;US)" "silverimagingcanada.com"
67.54.183.142 - - [12/May/2009:20:51:43 -0700] "GET /sitebuilder/images/IMG_0939-380x278.jpg HTTP/1.1" 200 15324 "http://dotheton.com/index.php?topic=1721.0" "Mozilla/4.0 (compatible; MSIE 8.0; Windows NT 6.0; Trident/4.0; SLCC1; .NET CLR 2.0.50727; Media Center PC 5.0; .NET CLR 3.5.30729; .NET CLR 3.0.30618; MSN Optimized;US)" "silverimagingcanada.com"
67.54.183.142 - - [12/May/2009:20:51:43 -0700] "GET /sitebuilder/images/IMG_0937-312x416.jpg HTTP/1.1" 200 20123 "http://dotheton.com/index.php?topic=1721.0" "Mozilla/4.0 (compatible; MSIE 8.0; Windows NT 6.0; Trident/4.0; SLCC1; .NET CLR 2.0.50727; Media Center PC 5.0; .NET CLR 3.5.30729; .NET CLR 3.0.30618; MSN Optimized;US)" "silverimagingcanada.com"
67.54.183.142 - - [12/May/2009:20:51:43 -0700] "GET /sitebuilder/images/IMG_0961-417x308.jpg HTTP/1.1" 200 11717 "http://dotheton.com/index.php?topic=1721.0" "Mozilla/4.0 (compatible; MSIE 8.0; Windows NT 6.0; Trident/4.0; SLCC1; .NET CLR 2.0.50727; Media Center PC 5.0; .NET CLR 3.5.30729; .NET CLR 3.0.30618; MSN Optimized;US)" "silverimagingcanada.com"
67.54.183.142 - - [12/May/2009:20:51:46 -0700] "GET /sitebuilder/images/img053-365x267.jpg HTTP/1.1" 200 19523 "http://dotheton.com/index.php?topic=1721.0" "Mozilla/4.0 (compatible; MSIE 8.0; Windows NT 6.0; Trident/4.0; SLCC1; .NET CLR 2.0.50727; Media Center PC 5.0; .NET CLR 3.5.30729; .NET CLR 3.0.30618; MSN Optimized;US)" "silverimagingcanada.com"
193.47.80.51 - - [12/May/2009:21:12:08 -0700] "GET /robots.txt HTTP/1.1" 404 275 "-" "Mozilla/5.0 (compatible; Exabot/3.0; +http://www.exabot.com/go/robot)" "www.silverimagingcanada.com"
193.47.80.51 - - [12/May/2009:21:12:08 -0700] "GET / HTTP/1.1" 304 - "-" "Mozilla/5.0 (compatible; Exabot/3.0; +http://www.exabot.com/go/robot)" "www.silverimagingcanada.com"
82.99.30.18 - - [12/May/2009:23:18:36 -0700] "GET /sitebuilder/images/IMG_1119-292x210.jpg HTTP/1.0" 200 12990 "http://www.silverimagingcanada.com/cammod2.html" "Mozilla/4.0 (compatible; MSIE 6.0; Windows NT 5.1)" "www.silverimagingcanada.com"
82.99.30.18 - - [12/May/2009:23:18:36 -0700] "GET /sitebuilder/images/IMG_1117-291x210.jpg HTTP/1.0" 200 13036 "http://www.silverimagingcanada.com/cammod2.html" "Mozilla/4.0 (compatible; MSIE 6.0; Windows NT 5.1)" "www.silverimagingcanada.com"
82.99.30.18 - - [12/May/2009:23:18:36 -0700] "GET /sitebuilder/images/IMG_1118-295x212.jpg HTTP/1.0" 200 13808 "http://www.silverimagingcanada.com/cammod2.html" "Mozilla/4.0 (compatible; MSIE 6.0; Windows NT 5.1)" "www.silverimagingcanada.com"
82.99.30.18 - - [12/May/2009:23:20:52 -0700] "GET /sitebuilder/images/baseboardwindow_copy-355x262.jpg HTTP/1.0" 200 11122 "http://www.silverimagingcanada.com/ZoneAlarm.html" "Mozilla/4.0 (compatible; MSIE 6.0; Windows NT 5.1)" "www.silverimagingcanada.com"
82.99.30.18 - - [12/May/2009:23:20:52 -0700] "GET /sitebuilder/images/ZoneLabelwithpic2-325x216.jpg HTTP/1.0" 200 12093 "http://www.silverimagingcanada.com/ZoneAlarm.html" "Mozilla/4.0 (compatible; MSIE 6.0; Windows NT 5.1)" "www.silverimagingcanada.com"
82.99.30.18 - - [12/May/2009:23:20:52 -0700] "GET /sitebuilder/images/baseboardwindow2-338x247.jpg HTTP/1.0" 200 12546 "http://www.silverimagingcanada.com/ZoneAlarm.html" "Mozilla/4.0 (compatible; MSIE 6.0; Windows NT 5.1)" "www.silverimagingcanada.com"
82.99.30.18 - - [12/May/2009:23:20:52 -0700] "GET /sitebuilder/images/Battery-206x323.jpg HTTP/1.0" 200 14604 "http://www.silverimagingcanada.com/ZoneAlarm.html" "Mozilla/4.0 (compatible; MSIE 6.0; Windows NT 5.1)" "www.silverimagingcanada.com"
82.99.30.18 - - [12/May/2009:23:20:52 -0700] "GET /sitebuilder/images/Switches_copy-242x311.jpg HTTP/1.0" 200 14876 "http://www.silverimagingcanada.com/ZoneAlarm.html" "Mozilla/4.0 (compatible; MSIE 6.0; Windows NT 5.1)" "www.silverimagingcanada.com"
82.99.30.18 - - [12/May/2009:23:20:52 -0700] "GET /images/product-fineline-30-2_copy.jpg HTTP/1.0" 200 23848 "http://www.silverimagingcanada.com/ZoneAlarm.html" "Mozilla/4.0 (compatible; MSIE 6.0; Windows NT 5.1)" "www.silverimagingcanada.com"
93.158.151.24 - - [12/May/2009:23:28:34 -0700] "GET /robots.txt HTTP/1.1" 404 275 "-" "Yandex/1.01.001 (compatible; Win16; I)" "www.silverimagingcanada.com"
93.158.151.24 - - [12/May/2009:23:28:34 -0700] "GET / HTTP/1.1" 200 9912 "-" "Yandex/1.01.001 (compatible; Win16; I)" "www.silverimagingcanada.com"
208.80.195.32 - - [13/May/2009:02:45:12 -0700] "GET / HTTP/1.0" 200 9912 "-" "Mozilla/4.0 (compatible; MSIE 6.0; America Online Browser 1.1; rev1.2; Windows NT 5.1; SV1; FunWebProducts; iebar; acc=ownsya; .NET CLR 1.1.4322; .NET CLR 2.0.50727)" "silverimagingcanada.com"
65.55.210.139 - - [13/May/2009:07:17:37 -0700] "GET /robots.txt HTTP/1.1" 404 275 "-" "msnbot/1.1 (+http://search.msn.com/msnbot.htm)" "silverimagingcanada.com"
65.55.210.139 - - [13/May/2009:07:17:37 -0700] "GET /aboutme.html HTTP/1.1" 200 11885 "-" "msnbot/1.1 (+http://search.msn.com/msnbot.htm)" "silverimagingcanada.com"
66.235.124.34 - - [13/May/2009:08:08:02 -0700] "GET /robots.txt HTTP/1.1" 404 275 "-" "Mozilla/5.0 (compatible; Ask Jeeves/Teoma; +http://about.ask.com/en/docs/about/webmasters.shtml)" "www.silverimagingcanada.com"
66.235.124.34 - - [13/May/2009:08:08:02 -0700] "GET / HTTP/1.1" 200 9912 "-" "Mozilla/5.0 (compatible; Ask Jeeves/Teoma; +http://about.ask.com/en/docs/about/webmasters.shtml)" "www.silverimagingcanada.com"
66.249.72.146 - - [13/May/2009:09:21:16 -0700] "GET /robots.txt HTTP/1.1" 404 275 "-" "Googlebot-Image/1.0" "silverimagingcanada.com"
66.249.72.146 - - [13/May/2009:09:21:16 -0700] "GET /sitebuilder/images/Cavcam_Brush2-323x240.jpg HTTP/1.1" 200 6763 "-" "Googlebot-Image/1.0" "silverimagingcanada.com"
72.94.249.34 - - [13/May/2009:10:47:46 -0700] "GET / HTTP/1.1" 200 9912 "-" "Mozilla/4.0 (compatible; MSIE 6.0; Windows NT 5.1; SV1; .NET CLR 1.1.4322)" "www.silverimagingcanada.com"
216.129.119.45 - - [13/May/2009:12:21:12 -0700] "GET /robots.txt HTTP/1.0" 404 275 "-" "Mozilla/5.0 (Twiceler-0.9 http://www.cuil.com/twiceler/robot.html)" "www.silverimagingcanada.com"
74.92.32.65 - - [13/May/2009:12:23:18 -0700] "GET /sitebuilder/images/IMG_1184-420x310.jpg HTTP/1.1" 200 30969 "http://dotheton.com/index.php?topic=1721.0" "Mozilla/5.0 (Windows; U; Windows NT 5.1; en-US; rv:1.9.0.10) Gecko/2009042316 Firefox/3.0.10" "silverimagingcanada.com"
74.92.32.65 - - [13/May/2009:12:23:18 -0700] "GET /sitebuilder/images/img052-374x274.jpg HTTP/1.1" 200 18043 "http://dotheton.com/index.php?topic=1721.0" "Mozilla/5.0 (Windows; U; Windows NT 5.1; en-US; rv:1.9.0.10) Gecko/2009042316 Firefox/3.0.10" "silverimagingcanada.com"
74.92.32.65 - - [13/May/2009:12:23:18 -0700] "GET /sitebuilder/images/img053-365x267.jpg HTTP/1.1" 200 19523 "http://dotheton.com/index.php?topic=1721.0" "Mozilla/5.0 (Windows; U; Windows NT 5.1; en-US; rv:1.9.0.10) Gecko/2009042316 Firefox/3.0.10" "silverimagingcanada.com"
74.92.32.65 - - [13/May/2009:12:23:18 -0700] "GET /sitebuilder/images/img056-393x289.jpg HTTP/1.1" 200 20721 "http://dotheton.com/index.php?topic=1721.0" "Mozilla/5.0 (Windows; U; Windows NT 5.1; en-US; rv:1.9.0.10) Gecko/2009042316 Firefox/3.0.10" "silverimagingcanada.com"
74.92.32.65 - - [13/May/2009:12:23:18 -0700] "GET /sitebuilder/images/IMG_0939-380x278.jpg HTTP/1.1" 200 15324 "http://dotheton.com/index.php?topic=1721.0" "Mozilla/5.0 (Windows; U; Windows NT 5.1; en-US; rv:1.9.0.10) Gecko/2009042316 Firefox/3.0.10" "silverimagingcanada.com"
74.92.32.65 - - [13/May/2009:12:23:18 -0700] "GET /sitebuilder/images/IMG_0961-417x308.jpg HTTP/1.1" 200 11717 "http://dotheton.com/index.php?topic=1721.0" "Mozilla/5.0 (Windows; U; Windows NT 5.1; en-US; rv:1.9.0.10) Gecko/2009042316 Firefox/3.0.10" "silverimagingcanada.com"
74.92.32.65 - - [13/May/2009:12:23:18 -0700] "GET /sitebuilder/images/IMG_0937-312x416.jpg HTTP/1.1" 200 20123 "http://dotheton.com/index.php?topic=1721.0" "Mozilla/5.0 (Windows; U; Windows NT 5.1; en-US; rv:1.9.0.10) Gecko/2009042316 Firefox/3.0.10" "silverimagingcanada.com"
208.80.195.51 - - [13/May/2009:17:16:54 -0700] "GET / HTTP/1.0" 200 9912 "-" "Mozilla/4.0 (compatible; MSIE 6.0; Windows NT 5.1; SV1; SIMBAR Enabled; SIMBAR={EC275FF8-2182-45e8-A194-16EC687B161C}; SIMBAR=0; .NET CLR 1.1.4322)" "www.silverimagingcanada.com"
208.80.195.44 - - [14/May/2009:03:47:38 -0700] "GET / HTTP/1.0" 200 9912 "-" "Mozilla/4.0 (compatible; MSIE 6.0; Windows NT 5.1; SV1; .NET CLR 1.0.3705; .NET CLR 1.1.4322; Media Center PC 4.0; .NET CLR 2.0.50727; ImageShack Toolbar 3.0.6)" "silverimagingcanada.com"
193.47.80.51 - - [14/May/2009:05:46:44 -0700] "GET /robots.txt HTTP/1.1" 404 275 "-" "Mozilla/5.0 (compatible; Exabot/3.0; +http://www.exabot.com/go/robot)" "www.silverimagingcanada.com"
193.47.80.51 - - [14/May/2009:05:46:44 -0700] "GET / HTTP/1.1" 304 - "-" "Mozilla/5.0 (compatible; Exabot/3.0; +http://www.exabot.com/go/robot)" "www.silverimagingcanada.com"
72.30.65.58 - - [14/May/2009:09:19:33 -0700] "GET / HTTP/1.0" 200 9912 "-" "Mozilla/5.0 (compatible; Yahoo! Slurp/3.0; http://help.yahoo.com/help/us/ysearch/slurp)" "silverimagingcanada.com"
96.33.91.53 - - [14/May/2009:17:01:21 -0700] "GET /sitebuilder/images/IMG_0347-380x279.jpg HTTP/1.1" 200 23443 "http://www.hondabikes.net/forum/archive/78-cb400t-hawk-ii-newbie-project-5059.htm" "Mozilla/4.0 (compatible; MSIE 8.0; Windows NT 5.1; Trident/4.0; Mozilla/4.0 (compatible; MSIE 6.0; Windows NT 5.1; SV1) ; .NET CLR 1.1.4322; .NET CLR 2.0.50727; yie8)" "www.silverimagingcanada.com"
96.33.91.53 - - [14/May/2009:17:01:21 -0700] "GET /sitebuilder/images/IMG_0166-355x260.jpg HTTP/1.1" 200 20599 "http://www.hondabikes.net/forum/archive/78-cb400t-hawk-ii-newbie-project-5059.htm" "Mozilla/4.0 (compatible; MSIE 8.0; Windows NT 5.1; Trident/4.0; Mozilla/4.0 (compatible; MSIE 6.0; Windows NT 5.1; SV1) ; .NET CLR 1.1.4322; .NET CLR 2.0.50727; yie8)" "www.silverimagingcanada.com"
208.80.195.34 - - [14/May/2009:17:49:34 -0700] "GET / HTTP/1.0" 200 9912 "-" "Mozilla/4.0 (compatible; MSIE 6.0; Windows NT 5.1; YPC 3.0.0; yplus 4.1.00b)" "www.silverimagingcanada.com"
209.152.49.87 - - [14/May/2009:18:34:14 -0700] "GET /sitebuilder/images/img053-365x267.jpg HTTP/1.1" 200 19523 "http://dotheton.com/index.php?topic=1721.0" "Mozilla/5.0 (Windows; U; Windows NT 5.1; en-US; rv:1.9.0.7) Gecko/2009021910 Firefox/3.0.7 (.NET CLR 3.5.30729)" "silverimagingcanada.com"
209.152.49.87 - - [14/May/2009:18:34:14 -0700] "GET /sitebuilder/images/IMG_0939-380x278.jpg HTTP/1.1" 200 15324 "http://dotheton.com/index.php?topic=1721.0" "Mozilla/5.0 (Windows; U; Windows NT 5.1; en-US; rv:1.9.0.7) Gecko/2009021910 Firefox/3.0.7 (.NET CLR 3.5.30729)" "silverimagingcanada.com"
209.152.49.87 - - [14/May/2009:18:34:14 -0700] "GET /sitebuilder/images/img056-393x289.jpg HTTP/1.1" 200 20721 "http://dotheton.com/index.php?topic=1721.0" "Mozilla/5.0 (Windows; U; Windows NT 5.1; en-US; rv:1.9.0.7) Gecko/2009021910 Firefox/3.0.7 (.NET CLR 3.5.30729)" "silverimagingcanada.com"
209.152.49.87 - - [14/May/2009:18:34:14 -0700] "GET /sitebuilder/images/IMG_1184-420x310.jpg HTTP/1.1" 200 30969 "http://dotheton.com/index.php?topic=1721.0" "Mozilla/5.0 (Windows; U; Windows NT 5.1; en-US; rv:1.9.0.7) Gecko/2009021910 Firefox/3.0.7 (.NET CLR 3.5.30729)" "silverimagingcanada.com"
209.152.49.87 - - [14/May/2009:18:34:14 -0700] "GET /sitebuilder/images/IMG_0961-417x308.jpg HTTP/1.1" 200 11717 "http://dotheton.com/index.php?topic=1721.0" "Mozilla/5.0 (Windows; U; Windows NT 5.1; en-US; rv:1.9.0.7) Gecko/2009021910 Firefox/3.0.7 (.NET CLR 3.5.30729)" "silverimagingcanada.com"
66.249.72.146 - - [14/May/2009:19:14:00 -0700] "GET /robots.txt HTTP/1.1" 404 275 "-" "Googlebot-Image/1.0" "silverimagingcanada.com"
66.249.72.146 - - [14/May/2009:19:14:00 -0700] "GET /sitebuilder/images/PICT0043-1-216x152.jpg HTTP/1.1" 200 5185 "-" "Googlebot-Image/1.0" "silverimagingcanada.com"
209.147.167.24 - - [15/May/2009:01:21:19 -0700] "GET /sitebuilder/images/IMG_0166-355x260.jpg HTTP/1.1" 200 20599 "-" "Mozilla/5.0 (Windows; U; Windows NT 6.0; en-US; rv:1.9.0.10) Gecko/2009042316 Firefox/3.0.10 (.NET CLR 3.5.30729)" "www.silverimagingcanada.com"
208.80.195.28 - - [15/May/2009:04:21:48 -0700] "GET / HTTP/1.0" 200 9912 "-" "Mozilla/4.0 (compatible; MSIE 7.0; Windows NT 5.1; sbcydsl 3.12; YPC 3.2.0; .NET CLR 1.0.3705; .NET CLR 1.1.4322; .NET CLR 2.0.50727; IEMB3; IEMB3; yplus 5.1.04b)" "silverimagingcanada.com"
66.249.72.146 - - [15/May/2009:08:30:18 -0700] "GET /robots.txt HTTP/1.1" 404 275 "-" "Googlebot-Image/1.0" "silverimagingcanada.com"
66.249.72.146 - - [15/May/2009:08:30:18 -0700] "GET /sitebuilder/images/Captured_2005-6-7_00003-132x99.jpg HTTP/1.1" 200 2847 "-" "Googlebot-Image/1.0" "silverimagingcanada.com"
66.249.72.146 - - [15/May/2009:11:11:39 -0700] "GET /sitebuilder/images/baseboardwindow_copy-355x262.jpg HTTP/1.1" 200 11122 "-" "Googlebot-Image/1.0" "silverimagingcanada.com"
66.249.72.146 - - [15/May/2009:15:35:42 -0700] "GET /sitebuilder/images/Complete_Bag_3_pieces_total-178x121.jpg HTTP/1.1" 200 3989 "-" "Googlebot-Image/1.0" "silverimagingcanada.com"
87.113.138.11 - - [15/May/2009:16:34:13 -0700] "GET /cammod.html HTTP/1.0" 200 17014 "-" "Mozilla/4.0 (compatible; MSIE 6.0; Windows NT 5.1; SV1)" "www.silverimagingcanada.com"
87.113.138.11 - - [15/May/2009:16:34:37 -0700] "GET /products.html HTTP/1.0" 404 275 "-" "Mozilla/4.0 (compatible; MSIE 6.0; Windows NT 5.1; SV1)" "www.silverimagingcanada.com"
66.249.72.146 - - [15/May/2009:16:36:49 -0700] "GET /sitebuilder/images/baseboardwindow2-338x247.jpg HTTP/1.1" 200 12546 "-" "Googlebot-Image/1.0" "silverimagingcanada.com"
193.47.80.51 - - [15/May/2009:17:33:11 -0700] "GET /robots.txt HTTP/1.1" 404 275 "-" "Mozilla/5.0 (compatible; Exabot/3.0; +http://www.exabot.com/go/robot)" "www.silverimagingcanada.com"
193.47.80.51 - - [15/May/2009:17:33:11 -0700] "GET / HTTP/1.1" 200 9912 "-" "Mozilla/5.0 (compatible; Exabot/3.0; +http://www.exabot.com/go/robot)" "www.silverimagingcanada.com"
66.249.72.146 - - [15/May/2009:18:11:35 -0700] "GET /sitebuilder/images/S4020076-298x215.jpg HTTP/1.1" 200 5411 "-" "Googlebot-Image/1.0" "silverimagingcanada.com"
208.80.195.34 - - [15/May/2009:18:43:23 -0700] "GET / HTTP/1.0" 200 9912 "-" "Mozilla/4.0 (compatible; MSIE 6.0; Windows NT 5.1; {543020A5-E057-F08B-14C4-3B56744C58DB}; .NET CLR 1.1.4322)" "www.silverimagingcanada.com"
66.235.124.71 - - [16/May/2009:03:08:17 -0700] "GET /robots.txt HTTP/1.0" 404 275 "-" "Mozilla/5.0 (compatible; Ask Jeeves/Teoma; +http://about.ask.com/en/docs/about/webmasters.shtml)" "www.silverimagingcanada.com"
66.235.124.71 - - [16/May/2009:03:08:18 -0700] "GET /sitebuilder/images/IMG_0347-380x279.jpg HTTP/1.0" 200 23443 "-" "Mozilla/5.0 (compatible; Ask Jeeves/Teoma; +http://about.ask.com/en/docs/about/webmasters.shtml)" "www.silverimagingcanada.com"
67.16.94.2 - - [16/May/2009:04:16:25 -0700] "GET /robots.txt HTTP/1.0" 404 275 "-" "Gigabot/3.0 (http://www.gigablast.com/spider.html)" "www.silverimagingcanada.com"
67.16.94.2 - - [16/May/2009:04:16:26 -0700] "GET / HTTP/1.0" 200 9912 "-" "Gigabot/3.0 (http://www.gigablast.com/spider.html)" "www.silverimagingcanada.com"
208.80.195.120 - - [16/May/2009:05:20:33 -0700] "GET / HTTP/1.0" 200 9912 "-" "Mozilla/4.0 (compatible; MSIE 7.0; Windows NT 5.1; InfoPath.1; PeoplePal 3.0; .NET CLR 1.1.4322; MSN 9.0;MSN 9.1; MSNbMSNI; MSNmen-us; MSNcIA)" "silverimagingcanada.com"
93.158.151.24 - - [16/May/2009:18:37:24 -0700] "GET /robots.txt HTTP/1.1" 404 275 "-" "Yandex/1.01.001 (compatible; Win16; I)" "www.silverimagingcanada.com"
93.158.151.24 - - [16/May/2009:18:37:24 -0700] "GET / HTTP/1.1" 200 9912 "-" "Yandex/1.01.001 (compatible; Win16; I)" "www.silverimagingcanada.com"
66.249.72.146 - - [16/May/2009:19:14:53 -0700] "GET /sitebuilder/images/PICT0043-1-216x152.jpg HTTP/1.1" 200 5185 "-" "Googlebot-Image/1.0" "silverimagingcanada.com"
208.80.195.34 - - [16/May/2009:19:42:33 -0700] "GET / HTTP/1.0" 200 9912 "-" "Mozilla/4.0 (compatible; MSIE 6.0; Windows NT 5.1; SV1; TCom_MAX270; .NET CLR 1.1.4322)" "www.silverimagingcanada.com"
66.249.72.146 - - [16/May/2009:23:55:08 -0700] "GET /sitebuilder/images/IMG_0158-1-237x168.jpg HTTP/1.1" 200 4828 "-" "Googlebot-Image/1.0" "silverimagingcanada.com"
66.235.124.34 - - [17/May/2009:01:47:15 -0700] "GET /robots.txt HTTP/1.1" 404 275 "-" "Mozilla/5.0 (compatible; Ask Jeeves/Teoma; +http://about.ask.com/en/docs/about/webmasters.shtml)" "www.silverimagingcanada.com"
66.235.124.34 - - [17/May/2009:01:47:15 -0700] "GET / HTTP/1.1" 200 9912 "-" "Mozilla/5.0 (compatible; Ask Jeeves/Teoma; +http://about.ask.com/en/docs/about/webmasters.shtml)" "www.silverimagingcanada.com"
89.242.115.69 - - [17/May/2009:03:49:23 -0700] "GET /sitebuilder/images/IMG_0419-240x321.jpg HTTP/1.1" 200 23573 "http://dotheton.com/index.php?topic=3172.0" "Mozilla/4.0 (compatible; MSIE 7.0; Windows NT 5.1; GTB6; .NET CLR 1.1.4322; .NET CLR 2.0.50727; OfficeLiveConnector.1.3; OfficeLivePatch.0.0)" "silverimagingcanada.com"
208.80.195.30 - - [17/May/2009:06:18:05 -0700] "GET / HTTP/1.0" 200 9912 "-" "Mozilla/4.0 (compatible; MSIE 6.0; Windows NT 5.1; SV1; .NET CLR 1.0.3705; .NET CLR 1.1.4322; Media Center PC 3.1; HbTools 4.8.2)" "silverimagingcanada.com"
66.249.72.146 - - [17/May/2009:06:57:50 -0700] "GET /robots.txt HTTP/1.1" 404 275 "-" "Googlebot-Image/1.0" "silverimagingcanada.com"
66.249.72.146 - - [17/May/2009:06:57:50 -0700] "GET /sitebuilder/images/Captured_2005-6-7_00003-132x99.jpg HTTP/1.1" 200 2847 "-" "Googlebot-Image/1.0" "silverimagingcanada.com"
83.145.98.93 - - [17/May/2009:09:24:11 -0700] "GET /sitebuilder/images/Gay_DVR_Splash_Screen2-581x435.jpg HTTP/1.1" 200 25628 "-" "Mozilla/4.0 (compatible; MSIE 5.5; Windows 98)" "www.silverimagingcanada.com"
173.33.108.85 - - [17/May/2009:09:30:54 -0700] "GET /sitebuilder/images/IMG_1184-420x310.jpg HTTP/1.1" 200 30969 "http://dotheton.com/index.php?topic=1721.0" "Mozilla/5.0 (Macintosh; U; Intel Mac OS X 10.5; en-US; rv:1.9.0.10) Gecko/2009042315 Firefox/3.0.10" "silverimagingcanada.com"
173.33.108.85 - - [17/May/2009:09:30:55 -0700] "GET /sitebuilder/images/img052-374x274.jpg HTTP/1.1" 200 18043 "http://dotheton.com/index.php?topic=1721.0" "Mozilla/5.0 (Macintosh; U; Intel Mac OS X 10.5; en-US; rv:1.9.0.10) Gecko/2009042315 Firefox/3.0.10" "silverimagingcanada.com"
173.33.108.85 - - [17/May/2009:09:30:55 -0700] "GET /sitebuilder/images/img056-393x289.jpg HTTP/1.1" 200 20721 "http://dotheton.com/index.php?topic=1721.0" "Mozilla/5.0 (Macintosh; U; Intel Mac OS X 10.5; en-US; rv:1.9.0.10) Gecko/2009042315 Firefox/3.0.10" "silverimagingcanada.com"
173.33.108.85 - - [17/May/2009:09:30:55 -0700] "GET /sitebuilder/images/img053-365x267.jpg HTTP/1.1" 200 19523 "http://dotheton.com/index.php?topic=1721.0" "Mozilla/5.0 (Macintosh; U; Intel Mac OS X 10.5; en-US; rv:1.9.0.10) Gecko/2009042315 Firefox/3.0.10" "silverimagingcanada.com"
173.33.108.85 - - [17/May/2009:09:30:55 -0700] "GET /sitebuilder/images/IMG_0937-312x416.jpg HTTP/1.1" 200 20123 "http://dotheton.com/index.php?topic=1721.0" "Mozilla/5.0 (Macintosh; U; Intel Mac OS X 10.5; en-US; rv:1.9.0.10) Gecko/2009042315 Firefox/3.0.10" "silverimagingcanada.com"
173.33.108.85 - - [17/May/2009:09:30:55 -0700] "GET /sitebuilder/images/IMG_0939-380x278.jpg HTTP/1.1" 200 15324 "http://dotheton.com/index.php?topic=1721.0" "Mozilla/5.0 (Macintosh; U; Intel Mac OS X 10.5; en-US; rv:1.9.0.10) Gecko/2009042315 Firefox/3.0.10" "silverimagingcanada.com"
173.33.108.85 - - [17/May/2009:09:30:55 -0700] "GET /sitebuilder/images/IMG_0961-417x308.jpg HTTP/1.1" 200 11717 "http://dotheton.com/index.php?topic=1721.0" "Mozilla/5.0 (Macintosh; U; Intel Mac OS X 10.5; en-US; rv:1.9.0.10) Gecko/2009042315 Firefox/3.0.10" "silverimagingcanada.com"
66.249.72.146 - - [17/May/2009:10:16:31 -0700] "GET /sitebuilder/images/CAVCAM_Brush-321x284.jpg HTTP/1.1" 200 6278 "-" "Googlebot-Image/1.0" "silverimagingcanada.com"
173.33.108.85 - - [17/May/2009:11:53:21 -0700] "GET /sitebuilder/images/IMG_1276-406x299.jpg HTTP/1.1" 200 31845 "http://dotheton.com/index.php?topic=1721.15" "Mozilla/5.0 (Macintosh; U; Intel Mac OS X 10.5; en-US; rv:1.9.0.10) Gecko/2009042315 Firefox/3.0.10" "silverimagingcanada.com"
173.33.108.85 - - [17/May/2009:11:53:21 -0700] "GET /sitebuilder/images/img129-405x298.jpg HTTP/1.1" 200 17041 "http://dotheton.com/index.php?topic=1721.15" "Mozilla/5.0 (Macintosh; U; Intel Mac OS X 10.5; en-US; rv:1.9.0.10) Gecko/2009042315 Firefox/3.0.10" "silverimagingcanada.com"
173.33.108.85 - - [17/May/2009:11:53:21 -0700] "GET /sitebuilder/images/IMG_1272-351x257.jpg HTTP/1.1" 200 23815 "http://dotheton.com/index.php?topic=1721.15" "Mozilla/5.0 (Macintosh; U; Intel Mac OS X 10.5; en-US; rv:1.9.0.10) Gecko/2009042315 Firefox/3.0.10" "silverimagingcanada.com"
173.33.108.85 - - [17/May/2009:11:53:21 -0700] "GET /sitebuilder/images/IMG_1288-451x334.jpg HTTP/1.1" 200 25996 "http://dotheton.com/index.php?topic=1721.15" "Mozilla/5.0 (Macintosh; U; Intel Mac OS X 10.5; en-US; rv:1.9.0.10) Gecko/2009042315 Firefox/3.0.10" "silverimagingcanada.com"
173.33.108.85 - - [17/May/2009:11:53:46 -0700] "GET /sitebuilder/images/img135-317x428.jpg HTTP/1.1" 200 25396 "http://dotheton.com/index.php?topic=1721.30" "Mozilla/5.0 (Macintosh; U; Intel Mac OS X 10.5; en-US; rv:1.9.0.10) Gecko/2009042315 Firefox/3.0.10" "silverimagingcanada.com"
173.33.108.85 - - [17/May/2009:11:53:46 -0700] "GET /sitebuilder/images/img138-399x293.jpg HTTP/1.1" 200 24204 "http://dotheton.com/index.php?topic=1721.30" "Mozilla/5.0 (Macintosh; U; Intel Mac OS X 10.5; en-US; rv:1.9.0.10) Gecko/2009042315 Firefox/3.0.10" "silverimagingcanada.com"
173.33.108.85 - - [17/May/2009:11:53:47 -0700] "GET /sitebuilder/images/tank1-257x350.jpg HTTP/1.1" 200 11565 "http://dotheton.com/index.php?topic=1721.30" "Mozilla/5.0 (Macintosh; U; Intel Mac OS X 10.5; en-US; rv:1.9.0.10) Gecko/2009042315 Firefox/3.0.10" "silverimagingcanada.com"
173.33.108.85 - - [17/May/2009:11:54:00 -0700] "GET /sitebuilder/images/img1412-430x317.jpg HTTP/1.1" 200 28270 "http://dotheton.com/index.php?topic=1721.30" "Mozilla/5.0 (Macintosh; U; Intel Mac OS X 10.5; en-US; rv:1.9.0.10) Gecko/2009042315 Firefox/3.0.10" "silverimagingcanada.com"
173.33.108.85 - - [17/May/2009:11:54:00 -0700] "GET /sitebuilder/images/img144-352x257.jpg HTTP/1.1" 200 12721 "http://dotheton.com/index.php?topic=1721.30" "Mozilla/5.0 (Macintosh; U; Intel Mac OS X 10.5; en-US; rv:1.9.0.10) Gecko/2009042315 Firefox/3.0.10" "silverimagingcanada.com"
173.33.108.85 - - [17/May/2009:11:54:02 -0700] "GET /sitebuilder/images/tank2-272x195.jpg HTTP/1.1" 200 7366 "http://dotheton.com/index.php?topic=1721.30" "Mozilla/5.0 (Macintosh; U; Intel Mac OS X 10.5; en-US; rv:1.9.0.10) Gecko/2009042315 Firefox/3.0.10" "silverimagingcanada.com"
173.33.108.85 - - [17/May/2009:11:55:27 -0700] "GET /sitebuilder/images/Bullet_Signals-295x237.jpg HTTP/1.1" 200 16322 "http://dotheton.com/index.php?topic=1721.90" "Mozilla/5.0 (Macintosh; U; Intel Mac OS X 10.5; en-US; rv:1.9.0.10) Gecko/2009042315 Firefox/3.0.10" "silverimagingcanada.com"
173.33.108.85 - - [17/May/2009:11:55:27 -0700] "GET /sitebuilder/images/Bullet_Signals2-278x251.jpg HTTP/1.1" 200 18028 "http://dotheton.com/index.php?topic=1721.90" "Mozilla/5.0 (Macintosh; U; Intel Mac OS X 10.5; en-US; rv:1.9.0.10) Gecko/2009042315 Firefox/3.0.10" "silverimagingcanada.com"
24.118.183.95 - - [17/May/2009:11:57:37 -0700] "GET /sitebuilder/images/IMG_1184-420x310.jpg HTTP/1.1" 200 30969 "http://dotheton.com/index.php?topic=1721.0" "Mozilla/4.0 (compatible; MSIE 7.0; Windows NT 5.1; GTB6; .NET CLR 1.1.4322)" "silverimagingcanada.com"
24.118.183.95 - - [17/May/2009:11:57:37 -0700] "GET /sitebuilder/images/img053-365x267.jpg HTTP/1.1" 200 19523 "http://dotheton.com/index.php?topic=1721.0" "Mozilla/4.0 (compatible; MSIE 7.0; Windows NT 5.1; GTB6; .NET CLR 1.1.4322)" "silverimagingcanada.com"
24.118.183.95 - - [17/May/2009:11:57:37 -0700] "GET /sitebuilder/images/IMG_0939-380x278.jpg HTTP/1.1" 200 15324 "http://dotheton.com/index.php?topic=1721.0" "Mozilla/4.0 (compatible; MSIE 7.0; Windows NT 5.1; GTB6; .NET CLR 1.1.4322)" "silverimagingcanada.com"
24.118.183.95 - - [17/May/2009:11:57:37 -0700] "GET /sitebuilder/images/IMG_0937-312x416.jpg HTTP/1.1" 200 20123 "http://dotheton.com/index.php?topic=1721.0" "Mozilla/4.0 (compatible; MSIE 7.0; Windows NT 5.1; GTB6; .NET CLR 1.1.4322)" "silverimagingcanada.com"
24.118.183.95 - - [17/May/2009:12:09:17 -0700] "GET /sitebuilder/images/Bullet_Signals-295x237.jpg HTTP/1.1" 200 16322 "http://dotheton.com/index.php?PHPSESSID=c50ecee0d244e3e7e91a783934c84f42&topic=1721.90" "Mozilla/4.0 (compatible; MSIE 7.0; Windows NT 5.1; GTB6; .NET CLR 1.1.4322)" "silverimagingcanada.com"
24.118.183.95 - - [17/May/2009:12:09:17 -0700] "GET /sitebuilder/images/Bullet_Signals2-278x251.jpg HTTP/1.1" 200 18028 "http://dotheton.com/index.php?PHPSESSID=c50ecee0d244e3e7e91a783934c84f42&topic=1721.90" "Mozilla/4.0 (compatible; MSIE 7.0; Windows NT 5.1; GTB6; .NET CLR 1.1.4322)" "silverimagingcanada.com"
72.30.142.233 - - [17/May/2009:13:14:00 -0700] "GET /contactus.html HTTP/1.0" 200 10792 "-" "Mozilla/5.0 (compatible; Yahoo! Slurp/3.0; http://help.yahoo.com/help/us/ysearch/slurp)" "www.silverimagingcanada.com"
174.88.132.69 - - [17/May/2009:18:04:09 -0700] "GET /sitebuilder/images/IMG_0347-380x279.jpg HTTP/1.1" 200 23443 "http://www.hondabikes.net/forum//viewtopic.php?p=20257&sid=0dfc7db67428bbcc6a9211a28cc3f7f4" "Mozilla/4.0 (compatible; MSIE 6.0; Windows NT 5.1; SV1; .NET CLR 2.0.50727)" "www.silverimagingcanada.com"
174.88.132.69 - - [17/May/2009:18:04:09 -0700] "GET /sitebuilder/images/IMG_0166-355x260.jpg HTTP/1.1" 200 20599 "http://www.hondabikes.net/forum//viewtopic.php?p=20257&sid=0dfc7db67428bbcc6a9211a28cc3f7f4" "Mozilla/4.0 (compatible; MSIE 6.0; Windows NT 5.1; SV1; .NET CLR 2.0.50727)" "www.silverimagingcanada.com"
72.30.142.233 - - [17/May/2009:18:35:57 -0700] "GET /Products.html HTTP/1.0" 200 6789 "-" "Mozilla/5.0 (compatible; Yahoo! Slurp/3.0; http://help.yahoo.com/help/us/ysearch/slurp)" "www.silverimagingcanada.com"
66.249.72.146 - - [17/May/2009:19:05:47 -0700] "GET /robots.txt HTTP/1.1" 404 275 "-" "Googlebot-Image/1.0" "silverimagingcanada.com"
66.249.72.146 - - [17/May/2009:19:05:47 -0700] "GET /sitebuilder/images/baseboardwindow2-338x247.jpg HTTP/1.1" 200 12546 "-" "Googlebot-Image/1.0" "silverimagingcanada.com"
66.249.72.146 - - [17/May/2009:20:10:07 -0700] "GET /sitebuilder/images/S4020076-298x215.jpg HTTP/1.0" 200 5411 "-" "Googlebot-Image/1.0" "silverimagingcanada.com"
208.80.195.38 - - [17/May/2009:20:33:26 -0700] "GET / HTTP/1.0" 200 9912 "-" "Mozilla/4.0 (compatible; MSIE 6.0; Windows NT 5.1; YPC 3.0.3; SV1)" "www.silverimagingcanada.com"
66.98.226.35 - - [17/May/2009:21:54:40 -0700] "GET /CameraSites.html HTTP/1.1" 200 6344 "-" "Xenu Link Sleuth 1.3c" "www.silverimagingcanada.com"
193.47.80.51 - - [18/May/2009:01:23:14 -0700] "GET /robots.txt HTTP/1.1" 404 275 "-" "Mozilla/5.0 (compatible; Exabot/3.0; +http://www.exabot.com/go/robot)" "www.silverimagingcanada.com"
193.47.80.51 - - [18/May/2009:01:23:14 -0700] "GET / HTTP/1.1" 200 9912 "-" "Mozilla/5.0 (compatible; Exabot/3.0; +http://www.exabot.com/go/robot)" "www.silverimagingcanada.com"
72.30.142.233 - - [18/May/2009:04:01:19 -0700] "GET / HTTP/1.0" 200 9912 "-" "Mozilla/5.0 (compatible; Yahoo! Slurp/3.0; http://help.yahoo.com/help/us/ysearch/slurp)" "www.silverimagingcanada.com"
208.80.195.32 - - [18/May/2009:07:15:09 -0700] "GET / HTTP/1.0" 200 9912 "-" "Mozilla/4.0 (compatible; MSIE 6.0; Windows NT 5.1; SV1; .NET CLR 1.0.3705; .NET CLR 1.1.4322; Media Center PC 4.0; SpamBlockerUtility 4.7.7; PeoplePal 3.0)" "silverimagingcanada.com"
78.147.9.255 - - [18/May/2009:13:55:06 -0700] "GET /sitebuilder/images/IMG_1216-364x267.jpg HTTP/1.1" 200 23168 "http://dotheton.com/index.php?topic=1443.0" "Mozilla/4.0 (compatible; MSIE 7.0; Windows NT 5.1; GTB6; .NET CLR 1.1.4322; .NET CLR 2.0.50727; OfficeLiveConnector.1.3; OfficeLivePatch.0.0)" "www.silverimagingcanada.com"
78.147.9.255 - - [18/May/2009:13:55:06 -0700] "GET /sitebuilder/images/IMG_0166-2-336x245.jpg HTTP/1.1" 200 18263 "http://dotheton.com/index.php?topic=1443.0" "Mozilla/4.0 (compatible; MSIE 7.0; Windows NT 5.1; GTB6; .NET CLR 1.1.4322; .NET CLR 2.0.50727; OfficeLiveConnector.1.3; OfficeLivePatch.0.0)" "www.silverimagingcanada.com"
78.147.9.255 - - [18/May/2009:13:55:07 -0700] "GET /sitebuilder/images/Las_Vegas_034-394x290.jpg HTTP/1.1" 200 29097 "http://dotheton.com/index.php?topic=1443.0" "Mozilla/4.0 (compatible; MSIE 7.0; Windows NT 5.1; GTB6; .NET CLR 1.1.4322; .NET CLR 2.0.50727; OfficeLiveConnector.1.3; OfficeLivePatch.0.0)" "www.silverimagingcanada.com"
72.30.142.233 - - [18/May/2009:16:30:24 -0700] "GET /ZoneAlarm.html HTTP/1.0" 200 12958 "-" "Mozilla/5.0 (compatible; Yahoo! Slurp/3.0; http://help.yahoo.com/help/us/ysearch/slurp)" "www.silverimagingcanada.com"
72.30.142.233 - - [18/May/2009:21:06:20 -0700] "GET /aboutme.html HTTP/1.0" 200 11885 "-" "Mozilla/5.0 (compatible; Yahoo! Slurp/3.0; http://help.yahoo.com/help/us/ysearch/slurp)" "www.silverimagingcanada.com"
208.80.195.38 - - [18/May/2009:21:19:11 -0700] "GET / HTTP/1.0" 200 9912 "-" "Mozilla/4.0 (compatible; MSIE 6.0; Windows 98; Win 9x 4.90; YPC 3.0.1; yplus 4.1.00b)" "www.silverimagingcanada.com"
72.30.142.233 - - [18/May/2009:21:19:40 -0700] "GET /products1.html HTTP/1.0" 200 6447 "-" "Mozilla/5.0 (compatible; Yahoo! Slurp/3.0; http://help.yahoo.com/help/us/ysearch/slurp)" "www.silverimagingcanada.com"
66.249.72.146 - - [18/May/2009:21:49:26 -0700] "GET /robots.txt HTTP/1.1" 404 275 "-" "Googlebot-Image/1.0" "silverimagingcanada.com"
66.249.72.146 - - [18/May/2009:21:49:26 -0700] "GET /sitebuilder/images/PICT0043-1-216x152.jpg HTTP/1.1" 200 5185 "-" "Googlebot-Image/1.0" "silverimagingcanada.com"
98.112.182.63 - - [19/May/2009:00:40:44 -0700] "GET /sitebuilder/images/img052-374x274.jpg HTTP/1.1" 200 18043 "http://dotheton.com/index.php?topic=1721.0" "Mozilla/4.0 (compatible; MSIE 7.0; Windows NT 5.1; Mozilla/4.0 (compatible; MSIE 6.0; Windows NT 5.1; SV1) )" "silverimagingcanada.com"
98.112.182.63 - - [19/May/2009:00:40:44 -0700] "GET /sitebuilder/images/IMG_1184-420x310.jpg HTTP/1.0" 200 30969 "http://dotheton.com/index.php?topic=1721.0" "Mozilla/4.0 (compatible; MSIE 7.0; Windows NT 5.1; Mozilla/4.0 (compatible; MSIE 6.0; Windows NT 5.1; SV1) )" "silverimagingcanada.com"
98.112.182.63 - - [19/May/2009:00:40:46 -0700] "GET /sitebuilder/images/img053-365x267.jpg HTTP/1.1" 200 19523 "http://dotheton.com/index.php?topic=1721.0" "Mozilla/4.0 (compatible; MSIE 7.0; Windows NT 5.1; Mozilla/4.0 (compatible; MSIE 6.0; Windows NT 5.1; SV1) )" "silverimagingcanada.com"
98.112.182.63 - - [19/May/2009:00:40:47 -0700] "GET /sitebuilder/images/img056-393x289.jpg HTTP/1.1" 200 20721 "http://dotheton.com/index.php?topic=1721.0" "Mozilla/4.0 (compatible; MSIE 7.0; Windows NT 5.1; Mozilla/4.0 (compatible; MSIE 6.0; Windows NT 5.1; SV1) )" "silverimagingcanada.com"
98.112.182.63 - - [19/May/2009:00:40:47 -0700] "GET /sitebuilder/images/IMG_0937-312x416.jpg HTTP/1.1" 200 20123 "http://dotheton.com/index.php?topic=1721.0" "Mozilla/4.0 (compatible; MSIE 7.0; Windows NT 5.1; Mozilla/4.0 (compatible; MSIE 6.0; Windows NT 5.1; SV1) )" "silverimagingcanada.com"
98.112.182.63 - - [19/May/2009:00:40:48 -0700] "GET /sitebuilder/images/IMG_0939-380x278.jpg HTTP/1.1" 200 15324 "http://dotheton.com/index.php?topic=1721.0" "Mozilla/4.0 (compatible; MSIE 7.0; Windows NT 5.1; Mozilla/4.0 (compatible; MSIE 6.0; Windows NT 5.1; SV1) )" "silverimagingcanada.com"
98.112.182.63 - - [19/May/2009:00:40:48 -0700] "GET /sitebuilder/images/IMG_0961-417x308.jpg HTTP/1.1" 200 11717 "http://dotheton.com/index.php?topic=1721.0" "Mozilla/4.0 (compatible; MSIE 7.0; Windows NT 5.1; Mozilla/4.0 (compatible; MSIE 6.0; Windows NT 5.1; SV1) )" "silverimagingcanada.com"
72.28.153.175 - - [19/May/2009:01:04:15 -0700] "GET /sitebuilder/images/img052-374x274.jpg HTTP/1.1" 200 18043 "http://dotheton.com/index.php?topic=1721.0" "Mozilla/5.0 (Macintosh; U; Intel Mac OS X 10_4_11; en) AppleWebKit/525.27.1 (KHTML, like Gecko) Version/3.2.1 Safari/525.27.1" "silverimagingcanada.com"
72.28.153.175 - - [19/May/2009:01:04:15 -0700] "GET /sitebuilder/images/img053-365x267.jpg HTTP/1.1" 200 19523 "http://dotheton.com/index.php?topic=1721.0" "Mozilla/5.0 (Macintosh; U; Intel Mac OS X 10_4_11; en) AppleWebKit/525.27.1 (KHTML, like Gecko) Version/3.2.1 Safari/525.27.1" "silverimagingcanada.com"
72.28.153.175 - - [19/May/2009:01:04:15 -0700] "GET /sitebuilder/images/img056-393x289.jpg HTTP/1.1" 200 20721 "http://dotheton.com/index.php?topic=1721.0" "Mozilla/5.0 (Macintosh; U; Intel Mac OS X 10_4_11; en) AppleWebKit/525.27.1 (KHTML, like Gecko) Version/3.2.1 Safari/525.27.1" "silverimagingcanada.com"
122.161.43.216 - - [19/May/2009:05:17:14 -0700] "GET /contactus.html HTTP/1.0" 200 10792 "http://mail.google.com/mail/?ui=2&ik=83b094ae1e&view=att&th=12157d69957612ab&attid=0.1&disp=vah&realattid=f_fuwaxmp60&zw" "Mozilla/5.0 (Windows; U; Windows NT 5.1; en-GB; rv:1.9.0.1) Gecko/2008070208 Firefox/3.0.1" "silverimagingcanada.com"
122.161.43.216 - - [19/May/2009:05:17:16 -0700] "GET /sitebuilder/images/navbar-1-inactive-90186.png HTTP/1.1" 200 1185 "http://silverimagingcanada.com/contactus.html" "Mozilla/5.0 (Windows; U; Windows NT 5.1; en-GB; rv:1.9.0.1) Gecko/2008070208 Firefox/3.0.1" "silverimagingcanada.com"
122.161.43.216 - - [19/May/2009:05:17:16 -0700] "GET /sitebuilder/images/navbar-0-inactive-90061.png HTTP/1.1" 200 1094 "http://silverimagingcanada.com/contactus.html" "Mozilla/5.0 (Windows; U; Windows NT 5.1; en-GB; rv:1.9.0.1) Gecko/2008070208 Firefox/3.0.1" "silverimagingcanada.com"
122.161.43.216 - - [19/May/2009:05:17:16 -0700] "GET /sitebuilder/images/navbar-2-active-90296.png HTTP/1.0" 200 1227 "http://silverimagingcanada.com/contactus.html" "Mozilla/5.0 (Windows; U; Windows NT 5.1; en-GB; rv:1.9.0.1) Gecko/2008070208 Firefox/3.0.1" "silverimagingcanada.com"
122.161.43.216 - - [19/May/2009:05:17:16 -0700] "GET /sitebuilder/images/navbar-3-inactive-90342.png HTTP/1.0" 200 1300 "http://silverimagingcanada.com/contactus.html" "Mozilla/5.0 (Windows; U; Windows NT 5.1; en-GB; rv:1.9.0.1) Gecko/2008070208 Firefox/3.0.1" "silverimagingcanada.com"
122.161.43.216 - - [19/May/2009:05:17:16 -0700] "GET /sitebuilder/images/navbar-4-inactive-16265.png HTTP/1.1" 200 1189 "http://silverimagingcanada.com/contactus.html" "Mozilla/5.0 (Windows; U; Windows NT 5.1; en-GB; rv:1.9.0.1) Gecko/2008070208 Firefox/3.0.1" "silverimagingcanada.com"
122.161.43.216 - - [19/May/2009:05:17:16 -0700] "GET /images/SilverLogo_copy.jpg HTTP/1.0" 200 29409 "http://silverimagingcanada.com/contactus.html" "Mozilla/5.0 (Windows; U; Windows NT 5.1; en-GB; rv:1.9.0.1) Gecko/2008070208 Firefox/3.0.1" "silverimagingcanada.com"
122.161.43.216 - - [19/May/2009:05:17:23 -0700] "GET /favicon.ico HTTP/1.1" 200 1406 "-" "Mozilla/5.0 (Windows; U; Windows NT 5.1; en-GB; rv:1.9.0.1) Gecko/2008070208 Firefox/3.0.1" "silverimagingcanada.com"
66.235.124.34 - - [19/May/2009:07:36:12 -0700] "GET /robots.txt HTTP/1.1" 404 275 "-" "Mozilla/5.0 (compatible; Ask Jeeves/Teoma; +http://about.ask.com/en/docs/about/webmasters.shtml)" "www.silverimagingcanada.com"
66.235.124.34 - - [19/May/2009:07:36:12 -0700] "GET /aboutme.html HTTP/1.1" 200 11885 "-" "Mozilla/5.0 (compatible; Ask Jeeves/Teoma; +http://about.ask.com/en/docs/about/webmasters.shtml)" "www.silverimagingcanada.com"
217.212.224.183 - - [19/May/2009:07:53:40 -0700] "GET /robots.txt HTTP/1.0" 404 275 "-" "psbot/0.1 (+http://www.picsearch.com/bot.html)" "www.silverimagingcanada.com"
217.212.224.181 - - [19/May/2009:07:53:40 -0700] "GET /MechScan.html HTTP/1.0" 200 7439 "-" "psbot/0.1 (+http://www.picsearch.com/bot.html)" "www.silverimagingcanada.com"
208.80.195.42 - - [19/May/2009:08:13:28 -0700] "GET / HTTP/1.0" 200 9912 "-" "Mozilla/4.0 (compatible; MSIE 6.0; Windows NT 5.1; {BD8C440B-99C5-6B86-0119-E9892E66F3A1})" "silverimagingcanada.com"
