67.16.94.2 - - [18/Jul/2009:02:39:56 -0700] "GET /robots.txt HTTP/1.0" 404 275 "-" "Gigabot/3.0 (http://www.gigablast.com/spider.html)" "www.silverimagingcanada.com"
67.16.94.2 - - [18/Jul/2009:02:39:56 -0700] "GET / HTTP/1.0" 200 1723 "-" "Gigabot/3.0 (http://www.gigablast.com/spider.html)" "www.silverimagingcanada.com"
124.115.1.7 - - [18/Jul/2009:03:06:57 -0700] "GET / HTTP/1.1" 200 1739 "http://www.silverimagingcanada.com/" "Mozilla/4.0 (compatible; MSIE 6.0; Windows NT 5.1)" "www.silverimagingcanada.com"
80.193.86.26 - - [18/Jul/2009:04:00:36 -0700] "GET /cammod2.html HTTP/1.0" 404 275 "http://www.google.co.uk/search?hl=en&q=cammod2&btnG=Google+Search&meta=&aq=f&oq=" "Mozilla/4.0 (compatible; MSIE 6.0; Windows NT 5.1; SV1; .NET CLR 1.1.4322)" "silverimagingcanada.com"
58.61.164.39 - - [18/Jul/2009:05:27:09 -0700] "GET / HTTP/1.1" 200 1739 "http://www.silverimagingcanada.com/" "Mozilla/4.0 (compatible; MSIE 6.0; Windows NT 5.1)" "www.silverimagingcanada.com"
58.61.164.40 - - [18/Jul/2009:07:32:57 -0700] "GET / HTTP/1.1" 200 1739 "http://www.silverimagingcanada.com/" "Mozilla/4.0 (compatible; MSIE 6.0; Windows NT 5.1)" "www.silverimagingcanada.com"
114.80.93.71 - - [18/Jul/2009:07:56:35 -0700] "GET / HTTP/1.1" 200 1739 "http://www.silverimagingcanada.com/" "Mozilla/4.0 (compatible; MSIE 6.0; Windows NT 5.1)" "www.silverimagingcanada.com"
208.80.195.54 - - [18/Jul/2009:08:17:22 -0700] "GET / HTTP/1.0" 200 1723 "-" "Mozilla/4.0 (compatible; MSIE 6.0; Windows NT 5.1; SV1; SIMBAR={3B8D2A87-E265-47c6-9D70-8D026CB55533})" "silverimagingcanada.com"
124.115.1.8 - - [18/Jul/2009:10:46:27 -0700] "GET / HTTP/1.1" 200 1739 "http://www.silverimagingcanada.com/" "Mozilla/4.0 (compatible; MSIE 6.0; Windows NT 5.1)" "www.silverimagingcanada.com"
66.249.65.143 - - [18/Jul/2009:10:52:14 -0700] "GET /robots.txt HTTP/1.1" 404 275 "-" "Googlebot-Image/1.0" "www.silverimagingcanada.com"
66.249.65.143 - - [18/Jul/2009:10:52:14 -0700] "GET /sitebuilder/images/IMG_0330-444x329.jpg HTTP/1.1" 200 35303 "-" "Googlebot-Image/1.0" "www.silverimagingcanada.com"
77.88.25.27 - - [18/Jul/2009:13:57:17 -0700] "GET /robots.txt HTTP/1.1" 404 275 "-" "Yandex/1.01.001 (compatible; Win16; I)" "www.silverimagingcanada.com"
58.61.164.139 - - [18/Jul/2009:17:06:41 -0700] "GET / HTTP/1.1" 200 1739 "http://www.silverimagingcanada.com/" "Mozilla/4.0 (compatible; MSIE 6.0; Windows NT 5.1)" "www.silverimagingcanada.com"
208.80.195.54 - - [18/Jul/2009:19:08:00 -0700] "GET / HTTP/1.0" 200 1723 "-" "Mozilla/4.0 (compatible; MSIE 6.0; Windows NT 5.1; acc=; acc=none; (none); .NET CLR 1.0.3705; .NET CLR 1.1.4322)" "www.silverimagingcanada.com"
58.61.164.140 - - [18/Jul/2009:19:22:40 -0700] "GET / HTTP/1.1" 200 1739 "http://www.silverimagingcanada.com/" "Mozilla/4.0 (compatible; MSIE 6.0; Windows NT 5.1)" "www.silverimagingcanada.com"
58.61.164.141 - - [18/Jul/2009:20:57:08 -0700] "GET / HTTP/1.1" 200 1739 "http://www.silverimagingcanada.com/" "Mozilla/4.0 (compatible; MSIE 6.0; Windows NT 5.1)" "www.silverimagingcanada.com"
38.105.83.10 - - [18/Jul/2009:21:49:26 -0700] "GET / HTTP/1.1" 200 1739 "-" "Mozilla/4.0 (compatible; MSIE 7.0; Windows NT 5.2)" "www.silverimagingcanada.com"
38.105.83.10 - - [18/Jul/2009:21:49:57 -0700] "GET /navigation_bars/ HTTP/1.1" 200 683 "http://www.silverimagingcanada.com/" "Mozilla/4.0 (compatible; MSIE 7.0; Windows NT 5.2)" "www.silverimagingcanada.com"
38.105.83.10 - - [18/Jul/2009:21:49:58 -0700] "GET /sitebuilder/ HTTP/1.1" 200 948 "http://www.silverimagingcanada.com/" "Mozilla/4.0 (compatible; MSIE 7.0; Windows NT 5.2)" "www.silverimagingcanada.com"
38.105.83.10 - - [18/Jul/2009:21:50:02 -0700] "GET /clipart/ HTTP/1.1" 200 1350 "http://www.silverimagingcanada.com/" "Mozilla/4.0 (compatible; MSIE 7.0; Windows NT 5.2)" "www.silverimagingcanada.com"
38.105.83.10 - - [18/Jul/2009:21:50:03 -0700] "GET /tmp/ HTTP/1.1" 200 520 "http://www.silverimagingcanada.com/" "Mozilla/4.0 (compatible; MSIE 7.0; Windows NT 5.2)" "www.silverimagingcanada.com"
38.105.83.10 - - [18/Jul/2009:21:50:06 -0700] "GET /media/ HTTP/1.1" 200 2086 "http://www.silverimagingcanada.com/" "Mozilla/4.0 (compatible; MSIE 7.0; Windows NT 5.2)" "www.silverimagingcanada.com"
38.105.83.10 - - [18/Jul/2009:21:50:06 -0700] "GET /scripts/ HTTP/1.1" 200 666 "http://www.silverimagingcanada.com/" "Mozilla/4.0 (compatible; MSIE 7.0; Windows NT 5.2)" "www.silverimagingcanada.com"
38.105.83.10 - - [18/Jul/2009:21:50:08 -0700] "GET /images/ HTTP/1.1" 200 526 "http://www.silverimagingcanada.com/" "Mozilla/4.0 (compatible; MSIE 7.0; Windows NT 5.2)" "www.silverimagingcanada.com"
38.105.83.10 - - [18/Jul/2009:21:50:09 -0700] "GET /logs/ HTTP/1.1" 200 2231 "http://www.silverimagingcanada.com/" "Mozilla/4.0 (compatible; MSIE 7.0; Windows NT 5.2)" "www.silverimagingcanada.com"
38.105.83.10 - - [18/Jul/2009:21:50:10 -0700] "GET /sounds/ HTTP/1.1" 200 664 "http://www.silverimagingcanada.com/" "Mozilla/4.0 (compatible; MSIE 7.0; Windows NT 5.2)" "www.silverimagingcanada.com"
38.105.83.10 - - [18/Jul/2009:21:51:20 -0700] "GET /logs/access_090312.log HTTP/1.1" 200 196608 "http://www.silverimagingcanada.com/logs/" "Mozilla/4.0 (compatible; MSIE 7.0; Windows NT 5.2)" "www.silverimagingcanada.com"
38.105.83.10 - - [18/Jul/2009:21:51:22 -0700] "GET /logs/access_090512.log HTTP/1.1" 200 131072 "http://www.silverimagingcanada.com/logs/" "Mozilla/4.0 (compatible; MSIE 7.0; Windows NT 5.2)" "www.silverimagingcanada.com"
38.105.83.10 - - [18/Jul/2009:21:51:22 -0700] "GET /logs/access_090112.log HTTP/1.1" 200 65536 "http://www.silverimagingcanada.com/logs/" "Mozilla/4.0 (compatible; MSIE 7.0; Windows NT 5.2)" "www.silverimagingcanada.com"
38.105.83.10 - - [18/Jul/2009:21:51:26 -0700] "GET /logs/access_081212.log HTTP/1.1" 200 65536 "http://www.silverimagingcanada.com/logs/" "Mozilla/4.0 (compatible; MSIE 7.0; Windows NT 5.2)" "www.silverimagingcanada.com"
38.105.83.10 - - [18/Jul/2009:21:51:28 -0700] "GET /logs/access_090212.log HTTP/1.1" 200 65536 "http://www.silverimagingcanada.com/logs/" "Mozilla/4.0 (compatible; MSIE 7.0; Windows NT 5.2)" "www.silverimagingcanada.com"
38.105.83.10 - - [18/Jul/2009:21:51:31 -0700] "GET /logs/access_080912.log HTTP/1.1" 200 65536 "http://www.silverimagingcanada.com/logs/" "Mozilla/4.0 (compatible; MSIE 7.0; Windows NT 5.2)" "www.silverimagingcanada.com"
38.105.83.10 - - [18/Jul/2009:21:51:33 -0700] "GET /logs/access_090612.log HTTP/1.1" 200 65536 "http://www.silverimagingcanada.com/logs/" "Mozilla/4.0 (compatible; MSIE 7.0; Windows NT 5.2)" "www.silverimagingcanada.com"
38.105.83.10 - - [18/Jul/2009:21:51:36 -0700] "GET /logs/access_081012.log HTTP/1.1" 200 65536 "http://www.silverimagingcanada.com/logs/" "Mozilla/4.0 (compatible; MSIE 7.0; Windows NT 5.2)" "www.silverimagingcanada.com"
38.105.83.10 - - [18/Jul/2009:21:51:38 -0700] "GET /logs/access_090712.log HTTP/1.1" 200 65536 "http://www.silverimagingcanada.com/logs/" "Mozilla/4.0 (compatible; MSIE 7.0; Windows NT 5.2)" "www.silverimagingcanada.com"
38.105.83.10 - - [18/Jul/2009:21:51:38 -0700] "GET /navigation_bars/navbar.nav HTTP/1.1" 200 643 "http://www.silverimagingcanada.com/navigation_bars/" "Mozilla/4.0 (compatible; MSIE 7.0; Windows NT 5.2)" "www.silverimagingcanada.com"
38.105.83.10 - - [18/Jul/2009:21:51:39 -0700] "GET /sitebuilder/scripts/ HTTP/1.1" 200 702 "http://www.silverimagingcanada.com/sitebuilder/" "Mozilla/4.0 (compatible; MSIE 7.0; Windows NT 5.2)" "www.silverimagingcanada.com"
38.105.83.10 - - [18/Jul/2009:21:51:40 -0700] "GET /sitebuilder/images/ HTTP/1.1" 200 55010 "http://www.silverimagingcanada.com/sitebuilder/" "Mozilla/4.0 (compatible; MSIE 7.0; Windows NT 5.2)" "www.silverimagingcanada.com"
38.105.83.10 - - [18/Jul/2009:21:51:41 -0700] "GET /sitebuilder/server_meta.txt HTTP/1.1" 200 15718 "http://www.silverimagingcanada.com/sitebuilder/" "Mozilla/4.0 (compatible; MSIE 7.0; Windows NT 5.2)" "www.silverimagingcanada.com"
38.105.83.10 - - [18/Jul/2009:21:51:42 -0700] "GET /clipart/pageHeaders/ HTTP/1.1" 200 1322 "http://www.silverimagingcanada.com/clipart/" "Mozilla/4.0 (compatible; MSIE 7.0; Windows NT 5.2)" "www.silverimagingcanada.com"
38.105.83.10 - - [18/Jul/2009:21:51:44 -0700] "GET /clipart/photos/ HTTP/1.1" 200 687 "http://www.silverimagingcanada.com/clipart/" "Mozilla/4.0 (compatible; MSIE 7.0; Windows NT 5.2)" "www.silverimagingcanada.com"
38.105.83.10 - - [18/Jul/2009:21:51:45 -0700] "GET /clipart/bullets/ HTTP/1.1" 200 962 "http://www.silverimagingcanada.com/clipart/" "Mozilla/4.0 (compatible; MSIE 7.0; Windows NT 5.2)" "www.silverimagingcanada.com"
38.105.83.10 - - [18/Jul/2009:21:51:46 -0700] "GET /clipart/backgrounds/ HTTP/1.1" 200 696 "http://www.silverimagingcanada.com/clipart/" "Mozilla/4.0 (compatible; MSIE 7.0; Windows NT 5.2)" "www.silverimagingcanada.com"
38.105.83.10 - - [18/Jul/2009:21:51:47 -0700] "GET /clipart/buttons/ HTTP/1.1" 200 956 "http://www.silverimagingcanada.com/clipart/" "Mozilla/4.0 (compatible; MSIE 7.0; Windows NT 5.2)" "www.silverimagingcanada.com"
38.105.83.10 - - [18/Jul/2009:21:51:47 -0700] "GET /clipart/images/ HTTP/1.1" 200 993 "http://www.silverimagingcanada.com/clipart/" "Mozilla/4.0 (compatible; MSIE 7.0; Windows NT 5.2)" "www.silverimagingcanada.com"
38.105.83.10 - - [18/Jul/2009:21:53:20 -0700] "GET /clipart/buttons/paypal/ HTTP/1.1" 200 710 "http://www.silverimagingcanada.com/clipart/buttons/" "Mozilla/4.0 (compatible; MSIE 7.0; Windows NT 5.2)" "www.silverimagingcanada.com"
38.105.83.10 - - [18/Jul/2009:21:53:23 -0700] "GET /clipart/buttons/themes/ HTTP/1.1" 200 1122 "http://www.silverimagingcanada.com/clipart/buttons/" "Mozilla/4.0 (compatible; MSIE 7.0; Windows NT 5.2)" "www.silverimagingcanada.com"
38.105.83.10 - - [18/Jul/2009:21:53:24 -0700] "GET /clipart/buttons/blank/ HTTP/1.1" 200 719 "http://www.silverimagingcanada.com/clipart/buttons/" "Mozilla/4.0 (compatible; MSIE 7.0; Windows NT 5.2)" "www.silverimagingcanada.com"
38.105.83.10 - - [18/Jul/2009:21:53:24 -0700] "GET /clipart/backgrounds/sidebar/ HTTP/1.1" 200 744 "http://www.silverimagingcanada.com/clipart/backgrounds/" "Mozilla/4.0 (compatible; MSIE 7.0; Windows NT 5.2)" "www.silverimagingcanada.com"
38.105.83.10 - - [18/Jul/2009:21:53:26 -0700] "GET /clipart/bullets/arrows/ HTTP/1.1" 200 725 "http://www.silverimagingcanada.com/clipart/bullets/" "Mozilla/4.0 (compatible; MSIE 7.0; Windows NT 5.2)" "www.silverimagingcanada.com"
38.105.83.10 - - [18/Jul/2009:21:53:28 -0700] "GET /clipart/bullets/numbers/ HTTP/1.1" 200 722 "http://www.silverimagingcanada.com/clipart/bullets/" "Mozilla/4.0 (compatible; MSIE 7.0; Windows NT 5.2)" "www.silverimagingcanada.com"
38.105.83.10 - - [18/Jul/2009:21:53:29 -0700] "GET /clipart/photos/business/ HTTP/1.1" 200 711 "http://www.silverimagingcanada.com/clipart/photos/" "Mozilla/4.0 (compatible; MSIE 7.0; Windows NT 5.2)" "www.silverimagingcanada.com"
38.105.83.10 - - [18/Jul/2009:21:53:31 -0700] "GET /clipart/images/sidebars/ HTTP/1.1" 200 1311 "http://www.silverimagingcanada.com/clipart/images/" "Mozilla/4.0 (compatible; MSIE 7.0; Windows NT 5.2)" "www.silverimagingcanada.com"
38.105.83.10 - - [18/Jul/2009:21:55:03 -0700] "GET /clipart/buttons/themes/beam/ HTTP/1.1" 200 1010 "http://www.silverimagingcanada.com/clipart/buttons/themes/" "Mozilla/4.0 (compatible; MSIE 7.0; Windows NT 5.2)" "www.silverimagingcanada.com"
38.105.83.10 - - [18/Jul/2009:21:55:06 -0700] "GET /clipart/buttons/themes/rounded_blue/ HTTP/1.1" 200 1026 "http://www.silverimagingcanada.com/clipart/buttons/themes/" "Mozilla/4.0 (compatible; MSIE 7.0; Windows NT 5.2)" "www.silverimagingcanada.com"
38.105.83.10 - - [18/Jul/2009:21:55:08 -0700] "GET /clipart/buttons/themes/elegant_blue/ HTTP/1.1" 200 1026 "http://www.silverimagingcanada.com/clipart/buttons/themes/" "Mozilla/4.0 (compatible; MSIE 7.0; Windows NT 5.2)" "www.silverimagingcanada.com"
38.105.83.10 - - [18/Jul/2009:21:55:08 -0700] "GET /clipart/buttons/themes/gray/ HTTP/1.1" 200 1010 "http://www.silverimagingcanada.com/clipart/buttons/themes/" "Mozilla/4.0 (compatible; MSIE 7.0; Windows NT 5.2)" "www.silverimagingcanada.com"
38.105.83.10 - - [18/Jul/2009:21:55:10 -0700] "GET /clipart/buttons/paypal/buy_now/ HTTP/1.1" 200 742 "http://www.silverimagingcanada.com/clipart/buttons/paypal/" "Mozilla/4.0 (compatible; MSIE 7.0; Windows NT 5.2)" "www.silverimagingcanada.com"
124.115.1.7 - - [18/Jul/2009:21:57:58 -0700] "GET / HTTP/1.1" 200 1739 "http://www.silverimagingcanada.com/" "Mozilla/4.0 (compatible; MSIE 6.0; Windows NT 5.1)" "www.silverimagingcanada.com"
66.249.65.143 - - [19/Jul/2009:02:14:52 -0700] "GET /sitebuilder/images/Boiler_Cam1-600x450.jpg HTTP/1.1" 200 56103 "-" "Googlebot-Image/1.0" "silverimagingcanada.com"
58.61.164.39 - - [19/Jul/2009:02:41:50 -0700] "GET / HTTP/1.1" 200 1739 "http://www.silverimagingcanada.com/" "Mozilla/4.0 (compatible; MSIE 6.0; Windows NT 5.1)" "www.silverimagingcanada.com"
58.61.164.40 - - [19/Jul/2009:03:01:17 -0700] "GET / HTTP/1.1" 200 1739 "http://www.silverimagingcanada.com/" "Mozilla/4.0 (compatible; MSIE 6.0; Windows NT 5.1)" "www.silverimagingcanada.com"
66.235.124.17 - - [19/Jul/2009:03:24:07 -0700] "GET /robots.txt HTTP/1.1" 404 275 "-" "Mozilla/5.0 (compatible; Ask Jeeves/Teoma; +http://about.ask.com/en/docs/about/webmasters.shtml)" "www.silverimagingcanada.com"
66.235.124.17 - - [19/Jul/2009:03:24:07 -0700] "GET / HTTP/1.1" 200 1739 "-" "Mozilla/5.0 (compatible; Ask Jeeves/Teoma; +http://about.ask.com/en/docs/about/webmasters.shtml)" "www.silverimagingcanada.com"
122.162.67.72 - - [19/Jul/2009:03:57:36 -0700] "GET / HTTP/1.0" 200 1723 "-" "Mozilla/3.0 (compatible)" "silverimagingcanada.com"
208.80.195.55 - - [19/Jul/2009:04:29:44 -0700] "GET / HTTP/1.0" 200 1723 "-" "Mozilla/4.0 (compatible; MSIE 6.0; Windows NT 5.1; SV1; FunWebProducts; Mozilla/4.0 (compatible; MSIE 6.0; Windows NT 5.1; SV1) ; .NET CLR 1.1.4322; .NET CLR 2.0.50727)" "silverimagingcanada.com"
114.80.93.71 - - [19/Jul/2009:05:02:48 -0700] "GET / HTTP/1.1" 200 1739 "http://www.silverimagingcanada.com/" "Mozilla/4.0 (compatible; MSIE 6.0; Windows NT 5.1)" "www.silverimagingcanada.com"
77.88.25.27 - - [19/Jul/2009:05:14:22 -0700] "GET / HTTP/1.1" 200 1739 "-" "Yandex/1.01.001 (compatible; Win16; I)" "www.silverimagingcanada.com"
124.115.1.8 - - [19/Jul/2009:08:27:48 -0700] "GET / HTTP/1.1" 200 1739 "http://www.silverimagingcanada.com/" "Mozilla/4.0 (compatible; MSIE 6.0; Windows NT 5.1)" "www.silverimagingcanada.com"
174.100.249.30 - - [19/Jul/2009:11:32:52 -0700] "GET /sitebuilder/images/IMG_1184-420x310.jpg HTTP/1.1" 200 30969 "http://dotheton.com/index.php?topic=1721.0" "Mozilla/5.0 (Macintosh; U; PPC Mac OS X 10.4; en-US; rv:1.9.0.11) Gecko/2009060214 Firefox/3.0.11" "silverimagingcanada.com"
174.100.249.30 - - [19/Jul/2009:11:32:52 -0700] "GET /sitebuilder/images/img053-365x267.jpg HTTP/1.1" 200 19523 "http://dotheton.com/index.php?topic=1721.0" "Mozilla/5.0 (Macintosh; U; PPC Mac OS X 10.4; en-US; rv:1.9.0.11) Gecko/2009060214 Firefox/3.0.11" "silverimagingcanada.com"
174.100.249.30 - - [19/Jul/2009:11:32:52 -0700] "GET /sitebuilder/images/img052-374x274.jpg HTTP/1.1" 200 18043 "http://dotheton.com/index.php?topic=1721.0" "Mozilla/5.0 (Macintosh; U; PPC Mac OS X 10.4; en-US; rv:1.9.0.11) Gecko/2009060214 Firefox/3.0.11" "silverimagingcanada.com"
174.100.249.30 - - [19/Jul/2009:11:32:52 -0700] "GET /sitebuilder/images/img056-393x289.jpg HTTP/1.1" 200 20721 "http://dotheton.com/index.php?topic=1721.0" "Mozilla/5.0 (Macintosh; U; PPC Mac OS X 10.4; en-US; rv:1.9.0.11) Gecko/2009060214 Firefox/3.0.11" "silverimagingcanada.com"
174.100.249.30 - - [19/Jul/2009:11:32:52 -0700] "GET /sitebuilder/images/IMG_0961-417x308.jpg HTTP/1.1" 200 11717 "http://dotheton.com/index.php?topic=1721.0" "Mozilla/5.0 (Macintosh; U; PPC Mac OS X 10.4; en-US; rv:1.9.0.11) Gecko/2009060214 Firefox/3.0.11" "silverimagingcanada.com"
174.100.249.30 - - [19/Jul/2009:11:32:52 -0700] "GET /sitebuilder/images/IMG_0937-312x416.jpg HTTP/1.1" 200 20123 "http://dotheton.com/index.php?topic=1721.0" "Mozilla/5.0 (Macintosh; U; PPC Mac OS X 10.4; en-US; rv:1.9.0.11) Gecko/2009060214 Firefox/3.0.11" "silverimagingcanada.com"
174.100.249.30 - - [19/Jul/2009:11:32:52 -0700] "GET /sitebuilder/images/IMG_0939-380x278.jpg HTTP/1.1" 200 15324 "http://dotheton.com/index.php?topic=1721.0" "Mozilla/5.0 (Macintosh; U; PPC Mac OS X 10.4; en-US; rv:1.9.0.11) Gecko/2009060214 Firefox/3.0.11" "silverimagingcanada.com"
174.100.249.30 - - [19/Jul/2009:11:34:58 -0700] "GET /sitebuilder/images/IMG_1272-351x257.jpg HTTP/1.1" 200 23815 "http://dotheton.com/index.php?topic=1721.15" "Mozilla/5.0 (Macintosh; U; PPC Mac OS X 10.4; en-US; rv:1.9.0.11) Gecko/2009060214 Firefox/3.0.11" "silverimagingcanada.com"
174.100.249.30 - - [19/Jul/2009:11:34:58 -0700] "GET /sitebuilder/images/IMG_1276-406x299.jpg HTTP/1.1" 200 31845 "http://dotheton.com/index.php?topic=1721.15" "Mozilla/5.0 (Macintosh; U; PPC Mac OS X 10.4; en-US; rv:1.9.0.11) Gecko/2009060214 Firefox/3.0.11" "silverimagingcanada.com"
174.100.249.30 - - [19/Jul/2009:11:34:59 -0700] "GET /sitebuilder/images/IMG_1288-451x334.jpg HTTP/1.1" 200 25996 "http://dotheton.com/index.php?topic=1721.15" "Mozilla/5.0 (Macintosh; U; PPC Mac OS X 10.4; en-US; rv:1.9.0.11) Gecko/2009060214 Firefox/3.0.11" "silverimagingcanada.com"
174.100.249.30 - - [19/Jul/2009:11:34:59 -0700] "GET /sitebuilder/images/img129-405x298.jpg HTTP/1.1" 200 17041 "http://dotheton.com/index.php?topic=1721.15" "Mozilla/5.0 (Macintosh; U; PPC Mac OS X 10.4; en-US; rv:1.9.0.11) Gecko/2009060214 Firefox/3.0.11" "silverimagingcanada.com"
174.100.249.30 - - [19/Jul/2009:11:35:16 -0700] "GET /sitebuilder/images/img144-352x257.jpg HTTP/1.1" 200 12721 "http://dotheton.com/index.php?topic=1721.30" "Mozilla/5.0 (Macintosh; U; PPC Mac OS X 10.4; en-US; rv:1.9.0.11) Gecko/2009060214 Firefox/3.0.11" "silverimagingcanada.com"
174.100.249.30 - - [19/Jul/2009:11:35:16 -0700] "GET /sitebuilder/images/img135-317x428.jpg HTTP/1.1" 200 25396 "http://dotheton.com/index.php?topic=1721.30" "Mozilla/5.0 (Macintosh; U; PPC Mac OS X 10.4; en-US; rv:1.9.0.11) Gecko/2009060214 Firefox/3.0.11" "silverimagingcanada.com"
174.100.249.30 - - [19/Jul/2009:11:35:16 -0700] "GET /sitebuilder/images/img1412-430x317.jpg HTTP/1.1" 200 28270 "http://dotheton.com/index.php?topic=1721.30" "Mozilla/5.0 (Macintosh; U; PPC Mac OS X 10.4; en-US; rv:1.9.0.11) Gecko/2009060214 Firefox/3.0.11" "silverimagingcanada.com"
174.100.249.30 - - [19/Jul/2009:11:35:16 -0700] "GET /sitebuilder/images/img138-399x293.jpg HTTP/1.1" 200 24204 "http://dotheton.com/index.php?topic=1721.30" "Mozilla/5.0 (Macintosh; U; PPC Mac OS X 10.4; en-US; rv:1.9.0.11) Gecko/2009060214 Firefox/3.0.11" "silverimagingcanada.com"
174.100.249.30 - - [19/Jul/2009:11:35:16 -0700] "GET /sitebuilder/images/tank2-272x195.jpg HTTP/1.1" 200 7366 "http://dotheton.com/index.php?topic=1721.30" "Mozilla/5.0 (Macintosh; U; PPC Mac OS X 10.4; en-US; rv:1.9.0.11) Gecko/2009060214 Firefox/3.0.11" "silverimagingcanada.com"
174.100.249.30 - - [19/Jul/2009:11:35:16 -0700] "GET /sitebuilder/images/tank1-257x350.jpg HTTP/1.1" 200 11565 "http://dotheton.com/index.php?topic=1721.30" "Mozilla/5.0 (Macintosh; U; PPC Mac OS X 10.4; en-US; rv:1.9.0.11) Gecko/2009060214 Firefox/3.0.11" "silverimagingcanada.com"
70.74.164.46 - - [19/Jul/2009:12:24:54 -0700] "GET /sitebuilder/images/img056-393x289.jpg HTTP/1.1" 200 20721 "http://dotheton.com/index.php?topic=1721.0" "Mozilla/5.0 (Windows; U; Windows NT 5.1; en-US; rv:1.9.0.4) Gecko/2008102920 Firefox/3.0.4" "silverimagingcanada.com"
70.74.164.46 - - [19/Jul/2009:12:24:54 -0700] "GET /sitebuilder/images/IMG_1184-420x310.jpg HTTP/1.1" 200 30969 "http://dotheton.com/index.php?topic=1721.0" "Mozilla/5.0 (Windows; U; Windows NT 5.1; en-US; rv:1.9.0.4) Gecko/2008102920 Firefox/3.0.4" "silverimagingcanada.com"
75.73.250.54 - - [19/Jul/2009:12:52:28 -0700] "GET /sitebuilder/images/img1412-430x317.jpg HTTP/1.1" 200 28270 "http://dotheton.com/index.php?topic=1721.30" "Mozilla/4.0 (compatible; MSIE 7.0; Windows NT 5.1; NET_mmhpset)" "silverimagingcanada.com"
75.73.250.54 - - [19/Jul/2009:12:52:29 -0700] "GET /sitebuilder/images/img138-399x293.jpg HTTP/1.1" 200 24204 "http://dotheton.com/index.php?topic=1721.30" "Mozilla/4.0 (compatible; MSIE 7.0; Windows NT 5.1; NET_mmhpset)" "silverimagingcanada.com"
75.73.250.54 - - [19/Jul/2009:12:52:29 -0700] "GET /sitebuilder/images/tank1-257x350.jpg HTTP/1.1" 200 11565 "http://dotheton.com/index.php?topic=1721.30" "Mozilla/4.0 (compatible; MSIE 7.0; Windows NT 5.1; NET_mmhpset)" "silverimagingcanada.com"
208.80.195.36 - - [19/Jul/2009:15:39:14 -0700] "GET / HTTP/1.0" 200 1723 "-" "Mozilla/4.0 (compatible; MSIE 7.0; Windows NT 5.1; Media Center PC 3.0; .NET CLR 1.0.3705; .NET CLR 1.1.4322; ImageShack Toolbar 3.0.3)" "www.silverimagingcanada.com"
58.61.164.140 - - [19/Jul/2009:16:05:32 -0700] "GET / HTTP/1.1" 200 1739 "http://www.silverimagingcanada.com/" "Mozilla/4.0 (compatible; MSIE 6.0; Windows NT 5.1)" "www.silverimagingcanada.com"
58.61.164.141 - - [19/Jul/2009:16:23:16 -0700] "GET / HTTP/1.1" 200 1739 "http://www.silverimagingcanada.com/" "Mozilla/4.0 (compatible; MSIE 6.0; Windows NT 5.1)" "www.silverimagingcanada.com"
58.61.164.139 - - [19/Jul/2009:17:18:30 -0700] "GET / HTTP/1.1" 200 1739 "http://www.silverimagingcanada.com/" "Mozilla/4.0 (compatible; MSIE 6.0; Windows NT 5.1)" "www.silverimagingcanada.com"
69.138.61.200 - - [19/Jul/2009:17:55:19 -0700] "GET /sitebuilder/images/Las_Vegas_034-394x290.jpg HTTP/1.1" 200 29097 "-" "Mozilla/5.0 (Windows; U; Windows NT 5.1; en-US; rv:1.9.0.11) Gecko/2009060215 Firefox/3.0.11" "www.silverimagingcanada.com"
69.138.61.200 - - [19/Jul/2009:17:55:19 -0700] "GET /sitebuilder/images/IMG_0166-2-336x245.jpg HTTP/1.1" 200 18263 "-" "Mozilla/5.0 (Windows; U; Windows NT 5.1; en-US; rv:1.9.0.11) Gecko/2009060215 Firefox/3.0.11" "www.silverimagingcanada.com"
69.138.61.200 - - [19/Jul/2009:17:55:19 -0700] "GET /sitebuilder/images/IMG_1216-364x267.jpg HTTP/1.1" 200 23168 "-" "Mozilla/5.0 (Windows; U; Windows NT 5.1; en-US; rv:1.9.0.11) Gecko/2009060215 Firefox/3.0.11" "www.silverimagingcanada.com"
66.249.65.143 - - [19/Jul/2009:18:46:29 -0700] "GET /robots.txt HTTP/1.1" 404 275 "-" "Googlebot-Image/1.0" "silverimagingcanada.com"
66.249.65.143 - - [19/Jul/2009:18:46:29 -0700] "GET /sitebuilder/images/Captured_2005-6-7_00001-241x171.jpg HTTP/1.1" 200 4210 "-" "Googlebot-Image/1.0" "silverimagingcanada.com"
87.127.26.122 - - [19/Jul/2009:19:38:28 -0700] "GET /sitebuilder/images/img053-365x267.jpg HTTP/1.1" 200 19523 "http://dotheton.com/index.php?topic=1721.0" "Mozilla/4.0 (compatible; MSIE 8.0; Windows NT 6.0; Trident/4.0; SLCC1; .NET CLR 2.0.50727; Media Center PC 5.0; .NET CLR 3.5.30729; .NET CLR 3.0.30618)" "silverimagingcanada.com"
87.127.26.122 - - [19/Jul/2009:19:38:28 -0700] "GET /sitebuilder/images/IMG_0937-312x416.jpg HTTP/1.1" 200 20123 "http://dotheton.com/index.php?topic=1721.0" "Mozilla/4.0 (compatible; MSIE 8.0; Windows NT 6.0; Trident/4.0; SLCC1; .NET CLR 2.0.50727; Media Center PC 5.0; .NET CLR 3.5.30729; .NET CLR 3.0.30618)" "silverimagingcanada.com"
87.127.26.122 - - [19/Jul/2009:19:38:28 -0700] "GET /sitebuilder/images/IMG_0939-380x278.jpg HTTP/1.1" 200 15324 "http://dotheton.com/index.php?topic=1721.0" "Mozilla/4.0 (compatible; MSIE 8.0; Windows NT 6.0; Trident/4.0; SLCC1; .NET CLR 2.0.50727; Media Center PC 5.0; .NET CLR 3.5.30729; .NET CLR 3.0.30618)" "silverimagingcanada.com"
87.127.26.122 - - [19/Jul/2009:19:38:29 -0700] "GET /sitebuilder/images/IMG_0961-417x308.jpg HTTP/1.1" 200 11717 "http://dotheton.com/index.php?topic=1721.0" "Mozilla/4.0 (compatible; MSIE 8.0; Windows NT 6.0; Trident/4.0; SLCC1; .NET CLR 2.0.50727; Media Center PC 5.0; .NET CLR 3.5.30729; .NET CLR 3.0.30618)" "silverimagingcanada.com"
58.61.164.39 - - [19/Jul/2009:20:14:58 -0700] "GET / HTTP/1.1" 200 1739 "http://www.silverimagingcanada.com/" "Mozilla/4.0 (compatible; MSIE 6.0; Windows NT 5.1)" "www.silverimagingcanada.com"
58.61.164.41 - - [19/Jul/2009:20:42:59 -0700] "GET /robots.txt HTTP/1.1" 404 275 "http://www.silverimagingcanada.com/robots.txt" "Sosospider+(+http://help.soso.com/webspider.htm)" "www.silverimagingcanada.com"
208.80.195.38 - - [20/Jul/2009:01:07:30 -0700] "GET / HTTP/1.0" 200 1723 "-" "Mozilla/4.0 (compatible; MSIE 6.0; Windows NT 5.0; T312461; (R1 1.1); .NET CLR 1.1.4322; InfoPath.1; .NET CLR 2.0.50727)" "silverimagingcanada.com"
67.79.5.186 - - [20/Jul/2009:01:53:02 -0700] "GET /sitebuilder/images/IMG_0342-444x328.jpg HTTP/1.1" 200 14174 "-" "-" "www.silverimagingcanada.com"
72.30.142.172 - - [20/Jul/2009:05:22:03 -0700] "GET / HTTP/1.0" 200 1723 "-" "Mozilla/5.0 (compatible; Yahoo! Slurp/3.0; http://help.yahoo.com/help/us/ysearch/slurp)" "silverimagingcanada.com"
67.16.94.2 - - [20/Jul/2009:05:44:13 -0700] "GET /robots.txt HTTP/1.0" 404 275 "-" "Gigabot/3.0 (http://www.gigablast.com/spider.html)" "www.silverimagingcanada.com"
67.16.94.2 - - [20/Jul/2009:05:44:13 -0700] "GET / HTTP/1.0" 200 1723 "-" "Gigabot/3.0 (http://www.gigablast.com/spider.html)" "www.silverimagingcanada.com"
122.162.67.72 - - [20/Jul/2009:08:33:17 -0700] "GET / HTTP/1.0" 200 1723 "-" "Mozilla/3.0 (compatible)" "silverimagingcanada.com"
208.80.195.36 - - [20/Jul/2009:11:45:13 -0700] "GET / HTTP/1.0" 200 1723 "-" "Mozilla/4.0 (compatible; MSIE 7.0; Windows NT 5.1; Creative ZENcast v1.02.08; .NET CLR 2.0.50727; MSN 9.0;MSN 9.1; MSNbMSNI; MSNmen-us; MSNcOTH)" "www.silverimagingcanada.com"
208.80.195.44 - - [20/Jul/2009:21:36:44 -0700] "GET / HTTP/1.0" 200 1723 "-" "Mozilla/4.0 (compatible; MSIE 7.0; Windows NT 5.1; QS 4.2.1.0; InfoPath.1; .NET CLR 2.0.50727; .NET CLR 1.1.4322)" "silverimagingcanada.com"
67.195.115.27 - - [21/Jul/2009:02:36:51 -0700] "GET / HTTP/1.0" 200 1723 "-" "Mozilla/5.0 (compatible; Yahoo! Slurp/3.0; http://help.yahoo.com/help/us/ysearch/slurp)" "www.silverimagingcanada.com"
66.235.124.17 - - [21/Jul/2009:08:06:39 -0700] "GET /robots.txt HTTP/1.1" 404 275 "-" "Mozilla/5.0 (compatible; Ask Jeeves/Teoma; +http://about.ask.com/en/docs/about/webmasters.shtml)" "silverimagingcanada.com"
66.235.124.17 - - [21/Jul/2009:08:06:39 -0700] "GET / HTTP/1.1" 200 1739 "-" "Mozilla/5.0 (compatible; Ask Jeeves/Teoma; +http://about.ask.com/en/docs/about/webmasters.shtml)" "silverimagingcanada.com"
208.80.195.38 - - [21/Jul/2009:08:36:48 -0700] "GET / HTTP/1.0" 200 1723 "-" "Mozilla/4.0 (compatible; MSIE 6.0; Windows NT 5.1; SV1; FunWebProducts; .NET CLR 1.1.4322; ZangoToolbar 4.8.2; yplus 5.1.04b)" "www.silverimagingcanada.com"
66.235.124.17 - - [21/Jul/2009:12:41:57 -0700] "GET /robots.txt HTTP/1.1" 404 275 "-" "Mozilla/5.0 (compatible; Ask Jeeves/Teoma; +http://about.ask.com/en/docs/about/webmasters.shtml)" "www.silverimagingcanada.com"
66.235.124.17 - - [21/Jul/2009:12:41:57 -0700] "GET / HTTP/1.1" 200 1739 "-" "Mozilla/5.0 (compatible; Ask Jeeves/Teoma; +http://about.ask.com/en/docs/about/webmasters.shtml)" "www.silverimagingcanada.com"
208.115.111.245 - - [21/Jul/2009:14:02:46 -0700] "GET /robots.txt HTTP/1.1" 404 275 "-" "Mozilla/5.0 (compatible; DotBot/1.1; http://www.dotnetdotcom.org/, crawler@dotnetdotcom.org)" "www.silverimagingcanada.com"
122.162.67.72 - - [21/Jul/2009:14:04:27 -0700] "GET / HTTP/1.0" 200 1723 "-" "Mozilla/3.0 (compatible)" "silverimagingcanada.com"
208.115.111.245 - - [21/Jul/2009:16:13:03 -0700] "GET /robots.txt HTTP/1.1" 404 275 "-" "Mozilla/5.0 (compatible; DotBot/1.1; http://www.dotnetdotcom.org/, crawler@dotnetdotcom.org)" "www.silverimagingcanada.com"
208.115.111.245 - - [21/Jul/2009:16:52:31 -0700] "GET /MechScan.html HTTP/1.1" 404 275 "-" "Mozilla/5.0 (compatible; DotBot/1.1; http://www.dotnetdotcom.org/, crawler@dotnetdotcom.org)" "www.silverimagingcanada.com"
208.115.111.245 - - [21/Jul/2009:16:52:32 -0700] "GET /Products.html HTTP/1.1" 404 275 "-" "Mozilla/5.0 (compatible; DotBot/1.1; http://www.dotnetdotcom.org/, crawler@dotnetdotcom.org)" "www.silverimagingcanada.com"
208.115.111.245 - - [21/Jul/2009:16:52:33 -0700] "GET /ZoneAlarm.html HTTP/1.1" 404 275 "-" "Mozilla/5.0 (compatible; DotBot/1.1; http://www.dotnetdotcom.org/, crawler@dotnetdotcom.org)" "www.silverimagingcanada.com"
208.115.111.245 - - [21/Jul/2009:16:52:34 -0700] "GET /cammod.html HTTP/1.1" 404 275 "-" "Mozilla/5.0 (compatible; DotBot/1.1; http://www.dotnetdotcom.org/, crawler@dotnetdotcom.org)" "www.silverimagingcanada.com"
208.115.111.245 - - [21/Jul/2009:16:52:35 -0700] "GET /cammod2.html HTTP/1.1" 404 275 "-" "Mozilla/5.0 (compatible; DotBot/1.1; http://www.dotnetdotcom.org/, crawler@dotnetdotcom.org)" "www.silverimagingcanada.com"
208.115.111.245 - - [21/Jul/2009:16:52:36 -0700] "GET /contactus.html HTTP/1.1" 404 275 "-" "Mozilla/5.0 (compatible; DotBot/1.1; http://www.dotnetdotcom.org/, crawler@dotnetdotcom.org)" "www.silverimagingcanada.com"
208.115.111.245 - - [21/Jul/2009:16:52:37 -0700] "GET /index.html HTTP/1.1" 404 275 "-" "Mozilla/5.0 (compatible; DotBot/1.1; http://www.dotnetdotcom.org/, crawler@dotnetdotcom.org)" "www.silverimagingcanada.com"
208.115.111.245 - - [21/Jul/2009:16:52:38 -0700] "GET /products1.html HTTP/1.1" 404 275 "-" "Mozilla/5.0 (compatible; DotBot/1.1; http://www.dotnetdotcom.org/, crawler@dotnetdotcom.org)" "www.silverimagingcanada.com"
117.199.80.235 - - [21/Jul/2009:17:09:32 -0700] "GET /sitebuilder/images/IMG_0332-476x353.jpg HTTP/1.1" 200 33138 "http://images.google.co.in/imgres?imgurl=http://www.silverimagingcanada.com/sitebuilder/images/IMG_0332-476x353.jpg&imgrefurl=http://camerahacks.10.forumer.com/a/change-a-stupid-splash-screen-on-a-dvrcamera_post3239.html&usg=__J0-j-q5aEA77NnbHC-97aCwRK0o=&h=353&w=476&sz=33&hl=en&start=49&tbnid=y79UvoyOvIOuDM:&tbnh=96&tbnw=129&prev=/images%3Fq%3Dsunplus%2Bspca536%26gbv%3D2%26ndsp%3D20%26hl%3Den%26sa%3DN%26start%3D40" "Mozilla/5.0 (Windows; U; Windows NT 5.1; en-US; rv:1.9.0.11) Gecko/2009060215 Firefox/3.0.11" "www.silverimagingcanada.com"
99.141.153.17 - - [21/Jul/2009:17:23:44 -0700] "GET /sitebuilder/images/img052-374x274.jpg HTTP/1.1" 200 18043 "http://dotheton.com/index.php?topic=1721.0" "Mozilla/4.0 (compatible; MSIE 8.0; Windows NT 6.0; WOW64; Trident/4.0; SLCC1; .NET CLR 2.0.50727; Media Center PC 5.0; .NET CLR 3.5.30729; .NET CLR 3.0.30618)" "silverimagingcanada.com"
99.141.153.17 - - [21/Jul/2009:17:23:44 -0700] "GET /sitebuilder/images/img056-393x289.jpg HTTP/1.1" 200 20721 "http://dotheton.com/index.php?topic=1721.0" "Mozilla/4.0 (compatible; MSIE 8.0; Windows NT 6.0; WOW64; Trident/4.0; SLCC1; .NET CLR 2.0.50727; Media Center PC 5.0; .NET CLR 3.5.30729; .NET CLR 3.0.30618)" "silverimagingcanada.com"
99.141.153.17 - - [21/Jul/2009:17:23:44 -0700] "GET /sitebuilder/images/img053-365x267.jpg HTTP/1.1" 200 19523 "http://dotheton.com/index.php?topic=1721.0" "Mozilla/4.0 (compatible; MSIE 8.0; Windows NT 6.0; WOW64; Trident/4.0; SLCC1; .NET CLR 2.0.50727; Media Center PC 5.0; .NET CLR 3.5.30729; .NET CLR 3.0.30618)" "silverimagingcanada.com"
99.141.153.17 - - [21/Jul/2009:17:23:44 -0700] "GET /sitebuilder/images/IMG_1184-420x310.jpg HTTP/1.1" 200 30969 "http://dotheton.com/index.php?topic=1721.0" "Mozilla/4.0 (compatible; MSIE 8.0; Windows NT 6.0; WOW64; Trident/4.0; SLCC1; .NET CLR 2.0.50727; Media Center PC 5.0; .NET CLR 3.5.30729; .NET CLR 3.0.30618)" "silverimagingcanada.com"
99.141.153.17 - - [21/Jul/2009:17:23:44 -0700] "GET /sitebuilder/images/IMG_0937-312x416.jpg HTTP/1.1" 200 20123 "http://dotheton.com/index.php?topic=1721.0" "Mozilla/4.0 (compatible; MSIE 8.0; Windows NT 6.0; WOW64; Trident/4.0; SLCC1; .NET CLR 2.0.50727; Media Center PC 5.0; .NET CLR 3.5.30729; .NET CLR 3.0.30618)" "silverimagingcanada.com"
99.141.153.17 - - [21/Jul/2009:17:23:44 -0700] "GET /sitebuilder/images/IMG_0939-380x278.jpg HTTP/1.1" 200 15324 "http://dotheton.com/index.php?topic=1721.0" "Mozilla/4.0 (compatible; MSIE 8.0; Windows NT 6.0; WOW64; Trident/4.0; SLCC1; .NET CLR 2.0.50727; Media Center PC 5.0; .NET CLR 3.5.30729; .NET CLR 3.0.30618)" "silverimagingcanada.com"
99.141.153.17 - - [21/Jul/2009:17:23:44 -0700] "GET /sitebuilder/images/IMG_0961-417x308.jpg HTTP/1.0" 200 11717 "http://dotheton.com/index.php?topic=1721.0" "Mozilla/4.0 (compatible; MSIE 8.0; Windows NT 6.0; WOW64; Trident/4.0; SLCC1; .NET CLR 2.0.50727; Media Center PC 5.0; .NET CLR 3.5.30729; .NET CLR 3.0.30618)" "silverimagingcanada.com"
216.104.15.142 - - [21/Jul/2009:17:55:13 -0700] "GET /ZoneAlarm.html HTTP/1.0" 404 275 "-" "Mozilla/4.0 (compatible; MSIE 6.0; Windows NT 5.1)" "silverimagingcanada.com"
208.80.195.54 - - [21/Jul/2009:18:09:54 -0700] "GET / HTTP/1.0" 200 1723 "-" "Mozilla/4.0 (compatible; MSIE 7.0; Windows NT 5.1; FunWebProducts; ga=MDAxMzIwOTZiMmEx; .NET CLR 1.1.4322; IEMB3; .NET CLR 2.0.50727; IEMB3)" "silverimagingcanada.com"
58.61.164.41 - - [21/Jul/2009:18:41:53 -0700] "GET /robots.txt HTTP/1.1" 404 275 "http://www.silverimagingcanada.com/robots.txt" "Sosospider+(+http://help.soso.com/webspider.htm)" "www.silverimagingcanada.com"
208.115.111.245 - - [21/Jul/2009:19:04:07 -0700] "GET / HTTP/1.1" 200 1739 "-" "Mozilla/5.0 (compatible; DotBot/1.1; http://www.dotnetdotcom.org/, crawler@dotnetdotcom.org)" "www.silverimagingcanada.com"
208.115.111.245 - - [21/Jul/2009:19:04:08 -0700] "GET /aboutme.html HTTP/1.1" 404 275 "-" "Mozilla/5.0 (compatible; DotBot/1.1; http://www.dotnetdotcom.org/, crawler@dotnetdotcom.org)" "www.silverimagingcanada.com"
66.249.72.45 - - [22/Jul/2009:04:15:03 -0700] "GET /robots.txt HTTP/1.1" 404 275 "-" "Googlebot-Image/1.0" "silverimagingcanada.com"
66.249.72.45 - - [22/Jul/2009:04:15:04 -0700] "GET /sitebuilder/images/IMG_1105-292x211.jpg HTTP/1.1" 200 12634 "-" "Googlebot-Image/1.0" "silverimagingcanada.com"
208.80.195.38 - - [22/Jul/2009:05:15:40 -0700] "GET / HTTP/1.0" 200 1723 "-" "Mozilla/4.0 (compatible; MSIE 6.0; Windows NT 5.0; SIMBAR Enabled; SIMBAR={095FFCD9-84CF-4b3a-B861-EB767BC65205})" "www.silverimagingcanada.com"
66.249.72.45 - - [22/Jul/2009:06:23:20 -0700] "GET /robots.txt HTTP/1.1" 404 275 "-" "Googlebot-Image/1.0" "www.silverimagingcanada.com"
66.249.72.45 - - [22/Jul/2009:06:23:20 -0700] "GET /sitebuilder/images/IMG_1122-276x198.jpg HTTP/1.1" 200 10302 "-" "Googlebot-Image/1.0" "www.silverimagingcanada.com"
97.102.104.187 - - [22/Jul/2009:14:47:16 -0700] "GET /sitebuilder/images/img138-399x293.jpg HTTP/1.1" 200 24204 "http://dotheton.com/index.php?topic=1721.msg28548" "Mozilla/4.0 (compatible; MSIE 7.0; Windows NT 5.1; InfoPath.2)" "silverimagingcanada.com"
97.102.104.187 - - [22/Jul/2009:14:47:16 -0700] "GET /sitebuilder/images/img1412-430x317.jpg HTTP/1.1" 200 28270 "http://dotheton.com/index.php?topic=1721.msg28548" "Mozilla/4.0 (compatible; MSIE 7.0; Windows NT 5.1; InfoPath.2)" "silverimagingcanada.com"
97.102.104.187 - - [22/Jul/2009:14:47:16 -0700] "GET /sitebuilder/images/img144-352x257.jpg HTTP/1.1" 200 12721 "http://dotheton.com/index.php?topic=1721.msg28548" "Mozilla/4.0 (compatible; MSIE 7.0; Windows NT 5.1; InfoPath.2)" "silverimagingcanada.com"
97.102.104.187 - - [22/Jul/2009:14:47:16 -0700] "GET /sitebuilder/images/img135-317x428.jpg HTTP/1.1" 200 25396 "http://dotheton.com/index.php?topic=1721.msg28548" "Mozilla/4.0 (compatible; MSIE 7.0; Windows NT 5.1; InfoPath.2)" "silverimagingcanada.com"
97.102.104.187 - - [22/Jul/2009:14:47:16 -0700] "GET /sitebuilder/images/tank2-272x195.jpg HTTP/1.1" 200 7366 "http://dotheton.com/index.php?topic=1721.msg28548" "Mozilla/4.0 (compatible; MSIE 7.0; Windows NT 5.1; InfoPath.2)" "silverimagingcanada.com"
97.102.104.187 - - [22/Jul/2009:14:47:16 -0700] "GET /sitebuilder/images/tank1-257x350.jpg HTTP/1.1" 200 11565 "http://dotheton.com/index.php?topic=1721.msg28548" "Mozilla/4.0 (compatible; MSIE 7.0; Windows NT 5.1; InfoPath.2)" "silverimagingcanada.com"
207.38.43.30 - - [22/Jul/2009:14:54:53 -0700] "GET /sitebuilder/images/IMG_1184-420x310.jpg HTTP/1.1" 200 30969 "http://dotheton.com/index.php?topic=1721.0" "Mozilla/5.0 (Windows; U; Windows NT 5.1; en-US; rv:1.9.1.1) Gecko/20090715 Firefox/3.5.1" "silverimagingcanada.com"
207.38.43.30 - - [22/Jul/2009:14:54:54 -0700] "GET /sitebuilder/images/img052-374x274.jpg HTTP/1.1" 200 18043 "http://dotheton.com/index.php?topic=1721.0" "Mozilla/5.0 (Windows; U; Windows NT 5.1; en-US; rv:1.9.1.1) Gecko/20090715 Firefox/3.5.1" "silverimagingcanada.com"
207.38.43.30 - - [22/Jul/2009:14:54:54 -0700] "GET /sitebuilder/images/img053-365x267.jpg HTTP/1.1" 200 19523 "http://dotheton.com/index.php?topic=1721.0" "Mozilla/5.0 (Windows; U; Windows NT 5.1; en-US; rv:1.9.1.1) Gecko/20090715 Firefox/3.5.1" "silverimagingcanada.com"
207.38.43.30 - - [22/Jul/2009:14:54:54 -0700] "GET /sitebuilder/images/img056-393x289.jpg HTTP/1.1" 200 20721 "http://dotheton.com/index.php?topic=1721.0" "Mozilla/5.0 (Windows; U; Windows NT 5.1; en-US; rv:1.9.1.1) Gecko/20090715 Firefox/3.5.1" "silverimagingcanada.com"
207.38.43.30 - - [22/Jul/2009:14:54:54 -0700] "GET /sitebuilder/images/IMG_0939-380x278.jpg HTTP/1.1" 200 15324 "http://dotheton.com/index.php?topic=1721.0" "Mozilla/5.0 (Windows; U; Windows NT 5.1; en-US; rv:1.9.1.1) Gecko/20090715 Firefox/3.5.1" "silverimagingcanada.com"
207.38.43.30 - - [22/Jul/2009:14:54:54 -0700] "GET /sitebuilder/images/IMG_0937-312x416.jpg HTTP/1.0" 200 20123 "http://dotheton.com/index.php?topic=1721.0" "Mozilla/5.0 (Windows; U; Windows NT 5.1; en-US; rv:1.9.1.1) Gecko/20090715 Firefox/3.5.1" "silverimagingcanada.com"
207.38.43.30 - - [22/Jul/2009:14:54:54 -0700] "GET /sitebuilder/images/IMG_0961-417x308.jpg HTTP/1.1" 200 11717 "http://dotheton.com/index.php?topic=1721.0" "Mozilla/5.0 (Windows; U; Windows NT 5.1; en-US; rv:1.9.1.1) Gecko/20090715 Firefox/3.5.1" "silverimagingcanada.com"
208.80.195.33 - - [22/Jul/2009:14:57:01 -0700] "GET / HTTP/1.0" 200 1723 "-" "Mozilla/4.0 (compatible; MSIE 6.0; America Online Browser 1.1; rev1.2; Windows NT 5.1; SV1; ga=MDAxM2Q0MWNmZjE2; SIMBAR Enabled; SIMBAR={5237D847-6174-4f84-A951-715FD05F9130}; .NET CLR 1.0.3705; .NET CLR 1.1.4322; Media Center PC 4.0; .NET CLR 2.0.50727)" "silverimagingcanada.com"
207.38.43.30 - - [22/Jul/2009:14:58:26 -0700] "GET /sitebuilder/images/img129-405x298.jpg HTTP/1.1" 200 17041 "http://dotheton.com/index.php?topic=1721.15" "Mozilla/5.0 (Windows; U; Windows NT 5.1; en-US; rv:1.9.1.1) Gecko/20090715 Firefox/3.5.1" "silverimagingcanada.com"
207.38.43.30 - - [22/Jul/2009:14:58:26 -0700] "GET /sitebuilder/images/IMG_1288-451x334.jpg HTTP/1.1" 200 25996 "http://dotheton.com/index.php?topic=1721.15" "Mozilla/5.0 (Windows; U; Windows NT 5.1; en-US; rv:1.9.1.1) Gecko/20090715 Firefox/3.5.1" "silverimagingcanada.com"
207.38.43.30 - - [22/Jul/2009:14:58:26 -0700] "GET /sitebuilder/images/IMG_1272-351x257.jpg HTTP/1.1" 200 23815 "http://dotheton.com/index.php?topic=1721.15" "Mozilla/5.0 (Windows; U; Windows NT 5.1; en-US; rv:1.9.1.1) Gecko/20090715 Firefox/3.5.1" "silverimagingcanada.com"
207.38.43.30 - - [22/Jul/2009:14:58:26 -0700] "GET /sitebuilder/images/IMG_1276-406x299.jpg HTTP/1.1" 200 31845 "http://dotheton.com/index.php?topic=1721.15" "Mozilla/5.0 (Windows; U; Windows NT 5.1; en-US; rv:1.9.1.1) Gecko/20090715 Firefox/3.5.1" "silverimagingcanada.com"
207.38.43.30 - - [22/Jul/2009:14:59:42 -0700] "GET /sitebuilder/images/img138-399x293.jpg HTTP/1.1" 200 24204 "http://dotheton.com/index.php?topic=1721.30" "Mozilla/5.0 (Windows; U; Windows NT 5.1; en-US; rv:1.9.1.1) Gecko/20090715 Firefox/3.5.1" "silverimagingcanada.com"
207.38.43.30 - - [22/Jul/2009:14:59:42 -0700] "GET /sitebuilder/images/img144-352x257.jpg HTTP/1.1" 200 12721 "http://dotheton.com/index.php?topic=1721.30" "Mozilla/5.0 (Windows; U; Windows NT 5.1; en-US; rv:1.9.1.1) Gecko/20090715 Firefox/3.5.1" "silverimagingcanada.com"
207.38.43.30 - - [22/Jul/2009:14:59:42 -0700] "GET /sitebuilder/images/tank1-257x350.jpg HTTP/1.1" 200 11565 "http://dotheton.com/index.php?topic=1721.30" "Mozilla/5.0 (Windows; U; Windows NT 5.1; en-US; rv:1.9.1.1) Gecko/20090715 Firefox/3.5.1" "silverimagingcanada.com"
207.38.43.30 - - [22/Jul/2009:14:59:42 -0700] "GET /sitebuilder/images/tank2-272x195.jpg HTTP/1.1" 200 7366 "http://dotheton.com/index.php?topic=1721.30" "Mozilla/5.0 (Windows; U; Windows NT 5.1; en-US; rv:1.9.1.1) Gecko/20090715 Firefox/3.5.1" "silverimagingcanada.com"
207.38.43.30 - - [22/Jul/2009:15:08:56 -0700] "GET /sitebuilder/images/Bullet_Signals-295x237.jpg HTTP/1.1" 200 16322 "http://dotheton.com/index.php?topic=1721.90" "Mozilla/5.0 (Windows; U; Windows NT 5.1; en-US; rv:1.9.1.1) Gecko/20090715 Firefox/3.5.1" "silverimagingcanada.com"
207.38.43.30 - - [22/Jul/2009:15:08:56 -0700] "GET /sitebuilder/images/Bullet_Signals2-278x251.jpg HTTP/1.1" 200 18028 "http://dotheton.com/index.php?topic=1721.90" "Mozilla/5.0 (Windows; U; Windows NT 5.1; en-US; rv:1.9.1.1) Gecko/20090715 Firefox/3.5.1" "silverimagingcanada.com"
96.19.8.104 - - [22/Jul/2009:15:13:32 -0700] "GET /sitebuilder/images/img052-374x274.jpg HTTP/1.1" 200 18043 "http://dotheton.com/index.php?topic=1721.0" "Mozilla/5.0 (Windows; U; Windows NT 5.1; en-US; rv:1.9.0.11) Gecko/2009060215 Firefox/3.0.11" "silverimagingcanada.com"
96.19.8.104 - - [22/Jul/2009:15:13:32 -0700] "GET /sitebuilder/images/img056-393x289.jpg HTTP/1.1" 200 20721 "http://dotheton.com/index.php?topic=1721.0" "Mozilla/5.0 (Windows; U; Windows NT 5.1; en-US; rv:1.9.0.11) Gecko/2009060215 Firefox/3.0.11" "silverimagingcanada.com"
96.19.8.104 - - [22/Jul/2009:15:13:32 -0700] "GET /sitebuilder/images/IMG_0939-380x278.jpg HTTP/1.1" 200 15324 "http://dotheton.com/index.php?topic=1721.0" "Mozilla/5.0 (Windows; U; Windows NT 5.1; en-US; rv:1.9.0.11) Gecko/2009060215 Firefox/3.0.11" "silverimagingcanada.com"
96.19.8.104 - - [22/Jul/2009:15:13:32 -0700] "GET /sitebuilder/images/IMG_0961-417x308.jpg HTTP/1.1" 200 11717 "http://dotheton.com/index.php?topic=1721.0" "Mozilla/5.0 (Windows; U; Windows NT 5.1; en-US; rv:1.9.0.11) Gecko/2009060215 Firefox/3.0.11" "silverimagingcanada.com"
96.19.8.104 - - [22/Jul/2009:15:14:59 -0700] "GET /sitebuilder/images/IMG_1272-351x257.jpg HTTP/1.1" 200 23815 "http://dotheton.com/index.php?topic=1721.15" "Mozilla/5.0 (Windows; U; Windows NT 5.1; en-US; rv:1.9.0.11) Gecko/2009060215 Firefox/3.0.11" "silverimagingcanada.com"
96.19.8.104 - - [22/Jul/2009:15:14:59 -0700] "GET /sitebuilder/images/IMG_1276-406x299.jpg HTTP/1.1" 200 31845 "http://dotheton.com/index.php?topic=1721.15" "Mozilla/5.0 (Windows; U; Windows NT 5.1; en-US; rv:1.9.0.11) Gecko/2009060215 Firefox/3.0.11" "silverimagingcanada.com"
96.19.8.104 - - [22/Jul/2009:15:17:42 -0700] "GET /sitebuilder/images/img1412-430x317.jpg HTTP/1.1" 200 28270 "http://dotheton.com/index.php?topic=1721.30" "Mozilla/5.0 (Windows; U; Windows NT 5.1; en-US; rv:1.9.0.11) Gecko/2009060215 Firefox/3.0.11" "silverimagingcanada.com"
96.19.8.104 - - [22/Jul/2009:15:17:42 -0700] "GET /sitebuilder/images/img138-399x293.jpg HTTP/1.1" 200 24204 "http://dotheton.com/index.php?topic=1721.30" "Mozilla/5.0 (Windows; U; Windows NT 5.1; en-US; rv:1.9.0.11) Gecko/2009060215 Firefox/3.0.11" "silverimagingcanada.com"
96.19.8.104 - - [22/Jul/2009:15:17:42 -0700] "GET /sitebuilder/images/img135-317x428.jpg HTTP/1.1" 200 25396 "http://dotheton.com/index.php?topic=1721.30" "Mozilla/5.0 (Windows; U; Windows NT 5.1; en-US; rv:1.9.0.11) Gecko/2009060215 Firefox/3.0.11" "silverimagingcanada.com"
96.19.8.104 - - [22/Jul/2009:15:17:42 -0700] "GET /sitebuilder/images/tank1-257x350.jpg HTTP/1.1" 200 11565 "http://dotheton.com/index.php?topic=1721.30" "Mozilla/5.0 (Windows; U; Windows NT 5.1; en-US; rv:1.9.0.11) Gecko/2009060215 Firefox/3.0.11" "silverimagingcanada.com"
96.19.8.104 - - [22/Jul/2009:15:25:33 -0700] "GET /sitebuilder/images/Bullet_Signals2-278x251.jpg HTTP/1.1" 200 18028 "http://dotheton.com/index.php?topic=1721.90" "Mozilla/5.0 (Windows; U; Windows NT 5.1; en-US; rv:1.9.0.11) Gecko/2009060215 Firefox/3.0.11" "silverimagingcanada.com"
65.55.220.196 - - [22/Jul/2009:17:06:39 -0700] "GET /sitebuilder/images/Gay_DVR_Splash_Screen2-581x435.jpg HTTP/1.1" 200 25628 "-" "WinHttp" "www.silverimagingcanada.com"
72.225.202.214 - - [22/Jul/2009:18:36:06 -0700] "GET /sitebuilder/images/img052-374x274.jpg HTTP/1.1" 200 18043 "http://dotheton.com/index.php?topic=1721.0" "Mozilla/5.0 (Windows; U; Windows NT 6.0; en-US) AppleWebKit/530.5 (KHTML, like Gecko) Chrome/2.0.172.37 Safari/530.5" "silverimagingcanada.com"
72.225.202.214 - - [22/Jul/2009:18:36:07 -0700] "GET /sitebuilder/images/IMG_0937-312x416.jpg HTTP/1.1" 200 20123 "http://dotheton.com/index.php?topic=1721.0" "Mozilla/5.0 (Windows; U; Windows NT 6.0; en-US) AppleWebKit/530.5 (KHTML, like Gecko) Chrome/2.0.172.37 Safari/530.5" "silverimagingcanada.com"
58.61.164.39 - - [23/Jul/2009:00:23:45 -0700] "GET / HTTP/1.1" 200 1739 "http://www.silverimagingcanada.com/" "Mozilla/4.0 (compatible; MSIE 6.0; Windows NT 5.1)" "www.silverimagingcanada.com"
58.61.164.40 - - [23/Jul/2009:00:55:29 -0700] "GET / HTTP/1.1" 200 1739 "http://www.silverimagingcanada.com/" "Mozilla/4.0 (compatible; MSIE 6.0; Windows NT 5.1)" "www.silverimagingcanada.com"
124.115.1.7 - - [23/Jul/2009:00:55:46 -0700] "GET / HTTP/1.1" 200 1739 "http://www.silverimagingcanada.com/" "Mozilla/4.0 (compatible; MSIE 6.0; Windows NT 5.1)" "www.silverimagingcanada.com"
58.61.164.141 - - [23/Jul/2009:00:57:49 -0700] "GET / HTTP/1.1" 200 1739 "http://www.silverimagingcanada.com/" "Mozilla/4.0 (compatible; MSIE 6.0; Windows NT 5.1)" "www.silverimagingcanada.com"
58.61.164.140 - - [23/Jul/2009:02:01:47 -0700] "GET / HTTP/1.1" 200 1739 "http://www.silverimagingcanada.com/" "Mozilla/4.0 (compatible; MSIE 6.0; Windows NT 5.1)" "www.silverimagingcanada.com"
208.80.195.39 - - [23/Jul/2009:02:15:54 -0700] "GET / HTTP/1.0" 200 1723 "-" "Mozilla/4.0 (compatible; MSIE 6.0; Windows NT 5.1; Avant Browser; MEGAUPLOAD 1.0)" "www.silverimagingcanada.com"
124.115.1.8 - - [23/Jul/2009:04:22:11 -0700] "GET / HTTP/1.1" 200 1739 "http://www.silverimagingcanada.com/" "Mozilla/4.0 (compatible; MSIE 6.0; Windows NT 5.1)" "www.silverimagingcanada.com"
114.80.93.71 - - [23/Jul/2009:04:51:33 -0700] "GET / HTTP/1.0" 200 1723 "http://www.silverimagingcanada.com/" "Mozilla/4.0 (compatible; MSIE 6.0; Windows NT 5.1)" "www.silverimagingcanada.com"
58.61.164.139 - - [23/Jul/2009:06:53:31 -0700] "GET / HTTP/1.1" 200 1739 "http://www.silverimagingcanada.com/" "Mozilla/4.0 (compatible; MSIE 6.0; Windows NT 5.1)" "www.silverimagingcanada.com"
65.55.220.196 - - [23/Jul/2009:07:38:43 -0700] "GET /sitebuilder/images/Gay_DVR_Splash_Screen2-581x435.jpg HTTP/1.1" 200 25628 "-" "WinHttp" "www.silverimagingcanada.com"
67.68.41.196 - - [23/Jul/2009:11:24:21 -0700] "GET /sitebuilder/images/IMG_1184-420x310.jpg HTTP/1.1" 200 30969 "http://dotheton.com/index.php?topic=1721.0" "Mozilla/4.0 (compatible; MSIE 8.0; Windows NT 6.0; Trident/4.0; SLCC1; .NET CLR 2.0.50727; Media Center PC 5.0; .NET CLR 3.0.04506)" "silverimagingcanada.com"
67.68.41.196 - - [23/Jul/2009:11:24:22 -0700] "GET /sitebuilder/images/img052-374x274.jpg HTTP/1.1" 200 18043 "http://dotheton.com/index.php?topic=1721.0" "Mozilla/4.0 (compatible; MSIE 8.0; Windows NT 6.0; Trident/4.0; SLCC1; .NET CLR 2.0.50727; Media Center PC 5.0; .NET CLR 3.0.04506)" "silverimagingcanada.com"
67.68.41.196 - - [23/Jul/2009:11:24:22 -0700] "GET /sitebuilder/images/img056-393x289.jpg HTTP/1.1" 200 20721 "http://dotheton.com/index.php?topic=1721.0" "Mozilla/4.0 (compatible; MSIE 8.0; Windows NT 6.0; Trident/4.0; SLCC1; .NET CLR 2.0.50727; Media Center PC 5.0; .NET CLR 3.0.04506)" "silverimagingcanada.com"
67.68.41.196 - - [23/Jul/2009:11:24:23 -0700] "GET /sitebuilder/images/IMG_0937-312x416.jpg HTTP/1.1" 200 20123 "http://dotheton.com/index.php?topic=1721.0" "Mozilla/4.0 (compatible; MSIE 8.0; Windows NT 6.0; Trident/4.0; SLCC1; .NET CLR 2.0.50727; Media Center PC 5.0; .NET CLR 3.0.04506)" "silverimagingcanada.com"
67.68.41.196 - - [23/Jul/2009:11:24:23 -0700] "GET /sitebuilder/images/img053-365x267.jpg HTTP/1.1" 200 19523 "http://dotheton.com/index.php?topic=1721.0" "Mozilla/4.0 (compatible; MSIE 8.0; Windows NT 6.0; Trident/4.0; SLCC1; .NET CLR 2.0.50727; Media Center PC 5.0; .NET CLR 3.0.04506)" "silverimagingcanada.com"
67.68.41.196 - - [23/Jul/2009:11:24:23 -0700] "GET /sitebuilder/images/IMG_0961-417x308.jpg HTTP/1.1" 200 11717 "http://dotheton.com/index.php?topic=1721.0" "Mozilla/4.0 (compatible; MSIE 8.0; Windows NT 6.0; Trident/4.0; SLCC1; .NET CLR 2.0.50727; Media Center PC 5.0; .NET CLR 3.0.04506)" "silverimagingcanada.com"
67.68.41.196 - - [23/Jul/2009:11:24:27 -0700] "GET /sitebuilder/images/IMG_0939-380x278.jpg HTTP/1.1" 200 15324 "http://dotheton.com/index.php?topic=1721.0" "Mozilla/4.0 (compatible; MSIE 8.0; Windows NT 6.0; Trident/4.0; SLCC1; .NET CLR 2.0.50727; Media Center PC 5.0; .NET CLR 3.0.04506)" "silverimagingcanada.com"
208.80.195.54 - - [23/Jul/2009:12:07:42 -0700] "GET / HTTP/1.0" 200 1723 "-" "Mozilla/4.0 (compatible; MSIE 6.0; Windows NT 5.1; SV1; INFOAVE5; .NET CLR 1.0.3705; .NET CLR 1.1.4322; Media Center PC 4.0)" "silverimagingcanada.com"
122.162.67.72 - - [23/Jul/2009:16:05:29 -0700] "GET / HTTP/1.0" 200 1723 "-" "Mozilla/3.0 (compatible)" "silverimagingcanada.com"
64.161.253.50 - - [23/Jul/2009:16:37:54 -0700] "GET /sitebuilder/images/Gay_DVR_Splash_Screen2-581x435.jpg HTTP/1.1" 200 25628 "http://camerahacks.10.forumer.com/a/change-a-stupid-splash-screen-on-a-dvrcamera_post3239.html" "Mozilla/5.0 (Windows; U; Windows NT 5.1; en-US) AppleWebKit/530.5 (KHTML, like Gecko) Chrome/2.0.172.37 Safari/530.5" "www.silverimagingcanada.com"
64.161.253.50 - - [23/Jul/2009:16:37:54 -0700] "GET /sitebuilder/images/IMG_0342-444x328.jpg HTTP/1.1" 200 14174 "http://camerahacks.10.forumer.com/a/change-a-stupid-splash-screen-on-a-dvrcamera_post3239.html" "Mozilla/5.0 (Windows; U; Windows NT 5.1; en-US) AppleWebKit/530.5 (KHTML, like Gecko) Chrome/2.0.172.37 Safari/530.5" "www.silverimagingcanada.com"
