66.249.72.235 - - [03/Aug/2009:02:49:34 -0700] "GET /sitebuilder/images/IMG_1119-292x210.jpg HTTP/1.1" 200 12990 "-" "Googlebot-Image/1.0" "silverimagingcanada.com"
208.80.195.47 - - [03/Aug/2009:04:09:07 -0700] "GET / HTTP/1.0" 200 1723 "-" "Mozilla/4.0 (compatible; MSIE 6.0; Windows 98; Win 9x 4.90; Compaq; YComp 5.0.0.0)" "silverimagingcanada.com"
216.55.89.227 - - [03/Aug/2009:12:40:57 -0700] "GET /sitebuilder/images/IMG_1184-420x310.jpg HTTP/1.1" 200 30969 "http://dotheton.com/index.php?topic=1721.0" "Mozilla/5.0 (Macintosh; U; Intel Mac OS X 10.5; en-US; rv:1.9.0.12) Gecko/2009070609 Firefox/3.0.12" "silverimagingcanada.com"
216.55.89.227 - - [03/Aug/2009:12:40:57 -0700] "GET /sitebuilder/images/img052-374x274.jpg HTTP/1.1" 200 18043 "http://dotheton.com/index.php?topic=1721.0" "Mozilla/5.0 (Macintosh; U; Intel Mac OS X 10.5; en-US; rv:1.9.0.12) Gecko/2009070609 Firefox/3.0.12" "silverimagingcanada.com"
216.55.89.227 - - [03/Aug/2009:12:40:57 -0700] "GET /sitebuilder/images/img056-393x289.jpg HTTP/1.1" 200 20721 "http://dotheton.com/index.php?topic=1721.0" "Mozilla/5.0 (Macintosh; U; Intel Mac OS X 10.5; en-US; rv:1.9.0.12) Gecko/2009070609 Firefox/3.0.12" "silverimagingcanada.com"
216.55.89.227 - - [03/Aug/2009:12:40:57 -0700] "GET /sitebuilder/images/img053-365x267.jpg HTTP/1.1" 200 19523 "http://dotheton.com/index.php?topic=1721.0" "Mozilla/5.0 (Macintosh; U; Intel Mac OS X 10.5; en-US; rv:1.9.0.12) Gecko/2009070609 Firefox/3.0.12" "silverimagingcanada.com"
216.55.89.227 - - [03/Aug/2009:12:40:57 -0700] "GET /sitebuilder/images/IMG_0939-380x278.jpg HTTP/1.1" 200 15324 "http://dotheton.com/index.php?topic=1721.0" "Mozilla/5.0 (Macintosh; U; Intel Mac OS X 10.5; en-US; rv:1.9.0.12) Gecko/2009070609 Firefox/3.0.12" "silverimagingcanada.com"
216.55.89.227 - - [03/Aug/2009:12:40:57 -0700] "GET /sitebuilder/images/IMG_0961-417x308.jpg HTTP/1.1" 200 11717 "http://dotheton.com/index.php?topic=1721.0" "Mozilla/5.0 (Macintosh; U; Intel Mac OS X 10.5; en-US; rv:1.9.0.12) Gecko/2009070609 Firefox/3.0.12" "silverimagingcanada.com"
216.55.89.227 - - [03/Aug/2009:12:40:57 -0700] "GET /sitebuilder/images/IMG_0937-312x416.jpg HTTP/1.1" 200 20123 "http://dotheton.com/index.php?topic=1721.0" "Mozilla/5.0 (Macintosh; U; Intel Mac OS X 10.5; en-US; rv:1.9.0.12) Gecko/2009070609 Firefox/3.0.12" "silverimagingcanada.com"
67.16.94.2 - - [03/Aug/2009:13:31:54 -0700] "GET /robots.txt HTTP/1.0" 404 275 "-" "Gigabot/3.0 (http://www.gigablast.com/spider.html)" "www.silverimagingcanada.com"
67.16.94.2 - - [03/Aug/2009:13:31:55 -0700] "GET / HTTP/1.0" 200 1723 "-" "Gigabot/3.0 (http://www.gigablast.com/spider.html)" "www.silverimagingcanada.com"
208.80.195.47 - - [03/Aug/2009:15:24:53 -0700] "GET / HTTP/1.0" 200 1723 "-" "Mozilla/4.0 (compatible; MSIE 6.0; Windows NT 5.1; SV1; Mozilla/4.0 (compatible; MSIE 6.0; Windows NT 5.1; SV1) ; InfoPath.2; .NET CLR 1.1.4322)" "www.silverimagingcanada.com"
65.55.220.197 - - [03/Aug/2009:18:49:42 -0700] "GET /sitebuilder/images/Gay_DVR_Splash_Screen2-581x435.jpg HTTP/1.1" 200 25628 "-" "WinHttp" "www.silverimagingcanada.com"
66.249.65.229 - - [03/Aug/2009:20:03:47 -0700] "GET /robots.txt HTTP/1.1" 404 275 "-" "Googlebot-Image/1.0" "silverimagingcanada.com"
66.249.65.229 - - [03/Aug/2009:20:03:47 -0700] "GET /sitebuilder/images/CavcaM-310x81.jpg HTTP/1.1" 200 6074 "-" "Googlebot-Image/1.0" "silverimagingcanada.com"
66.249.65.229 - - [03/Aug/2009:21:29:42 -0700] "GET /sitebuilder/images/Complete_Bag_3_pieces_total-204x142.jpg HTTP/1.1" 200 4852 "-" "Googlebot-Image/1.0" "silverimagingcanada.com"
66.249.65.229 - - [03/Aug/2009:23:01:37 -0700] "GET /images/product-fineline-30-2_copy.jpg HTTP/1.1" 404 275 "-" "Googlebot-Image/1.0" "silverimagingcanada.com"
124.115.1.7 - - [03/Aug/2009:23:38:22 -0700] "GET / HTTP/1.1" 200 1739 "http://www.silverimagingcanada.com/" "Mozilla/4.0 (compatible; MSIE 6.0; Windows NT 5.1)" "www.silverimagingcanada.com"
58.61.164.40 - - [03/Aug/2009:23:51:45 -0700] "GET / HTTP/1.1" 200 1739 "http://www.silverimagingcanada.com/" "Mozilla/4.0 (compatible; MSIE 6.0; Windows NT 5.1)" "www.silverimagingcanada.com"
114.80.93.71 - - [04/Aug/2009:00:05:40 -0700] "GET / HTTP/1.1" 200 1739 "http://www.silverimagingcanada.com/" "Mozilla/4.0 (compatible; MSIE 6.0; Windows NT 5.1)" "www.silverimagingcanada.com"
66.249.65.229 - - [04/Aug/2009:00:07:15 -0700] "GET /sitebuilder/images/S4020048-252x171.jpg HTTP/1.1" 200 4887 "-" "Googlebot-Image/1.0" "silverimagingcanada.com"
58.61.164.39 - - [04/Aug/2009:00:10:02 -0700] "GET / HTTP/1.1" 200 1739 "http://www.silverimagingcanada.com/" "Mozilla/4.0 (compatible; MSIE 6.0; Windows NT 5.1)" "www.silverimagingcanada.com"
58.61.164.140 - - [04/Aug/2009:00:21:04 -0700] "GET / HTTP/1.1" 200 1739 "http://www.silverimagingcanada.com/" "Mozilla/4.0 (compatible; MSIE 6.0; Windows NT 5.1)" "www.silverimagingcanada.com"
66.249.65.229 - - [04/Aug/2009:00:28:12 -0700] "GET /sitebuilder/images/CMOS-1-235x166.jpg HTTP/1.1" 200 6058 "-" "Googlebot-Image/1.0" "silverimagingcanada.com"
208.80.195.121 - - [04/Aug/2009:01:23:10 -0700] "GET / HTTP/1.0" 200 1723 "-" "Mozilla/4.0 (compatible; MSIE 6.0; Windows NT 5.1; SV1; .NET CLR 1.1.4322; InfoPath.1; .NET CLR 2.0.50727; .NET CLR 3.0.04506.30; .NET CLR 3.0.04506.648)" "silverimagingcanada.com"
124.115.1.8 - - [04/Aug/2009:01:58:32 -0700] "GET / HTTP/1.1" 200 1739 "http://www.silverimagingcanada.com/" "Mozilla/4.0 (compatible; MSIE 6.0; Windows NT 5.1)" "www.silverimagingcanada.com"
58.61.164.139 - - [04/Aug/2009:02:15:33 -0700] "GET / HTTP/1.1" 200 1739 "http://www.silverimagingcanada.com/" "Mozilla/4.0 (compatible; MSIE 6.0; Windows NT 5.1)" "www.silverimagingcanada.com"
144.136.114.80 - - [04/Aug/2009:05:26:11 -0700] "GET /sitebuilder/images/IMG_1184-420x310.jpg HTTP/1.0" 200 30969 "http://dotheton.com/index.php?topic=1721.0" "Mozilla/5.0 (Windows; U; Windows NT 6.0; en-US; rv:1.9.0.12) Gecko/2009070611 Firefox/3.0.12 (.NET CLR 3.5.30729)" "silverimagingcanada.com"
144.136.114.80 - - [04/Aug/2009:05:26:11 -0700] "GET /sitebuilder/images/img052-374x274.jpg HTTP/1.1" 200 18043 "http://dotheton.com/index.php?topic=1721.0" "Mozilla/5.0 (Windows; U; Windows NT 6.0; en-US; rv:1.9.0.12) Gecko/2009070611 Firefox/3.0.12 (.NET CLR 3.5.30729)" "silverimagingcanada.com"
144.136.114.80 - - [04/Aug/2009:05:26:11 -0700] "GET /sitebuilder/images/img053-365x267.jpg HTTP/1.1" 200 19523 "http://dotheton.com/index.php?topic=1721.0" "Mozilla/5.0 (Windows; U; Windows NT 6.0; en-US; rv:1.9.0.12) Gecko/2009070611 Firefox/3.0.12 (.NET CLR 3.5.30729)" "silverimagingcanada.com"
144.136.114.80 - - [04/Aug/2009:05:26:12 -0700] "GET /sitebuilder/images/img056-393x289.jpg HTTP/1.1" 200 20721 "http://dotheton.com/index.php?topic=1721.0" "Mozilla/5.0 (Windows; U; Windows NT 6.0; en-US; rv:1.9.0.12) Gecko/2009070611 Firefox/3.0.12 (.NET CLR 3.5.30729)" "silverimagingcanada.com"
144.136.114.80 - - [04/Aug/2009:05:26:12 -0700] "GET /sitebuilder/images/IMG_0939-380x278.jpg HTTP/1.1" 200 15324 "http://dotheton.com/index.php?topic=1721.0" "Mozilla/5.0 (Windows; U; Windows NT 6.0; en-US; rv:1.9.0.12) Gecko/2009070611 Firefox/3.0.12 (.NET CLR 3.5.30729)" "silverimagingcanada.com"
144.136.114.80 - - [04/Aug/2009:05:26:12 -0700] "GET /sitebuilder/images/IMG_0937-312x416.jpg HTTP/1.1" 200 20123 "http://dotheton.com/index.php?topic=1721.0" "Mozilla/5.0 (Windows; U; Windows NT 6.0; en-US; rv:1.9.0.12) Gecko/2009070611 Firefox/3.0.12 (.NET CLR 3.5.30729)" "silverimagingcanada.com"
144.136.114.80 - - [04/Aug/2009:05:26:12 -0700] "GET /sitebuilder/images/IMG_0961-417x308.jpg HTTP/1.1" 200 11717 "http://dotheton.com/index.php?topic=1721.0" "Mozilla/5.0 (Windows; U; Windows NT 6.0; en-US; rv:1.9.0.12) Gecko/2009070611 Firefox/3.0.12 (.NET CLR 3.5.30729)" "silverimagingcanada.com"
66.235.124.71 - - [04/Aug/2009:10:56:26 -0700] "GET /sitebuilder/images/CADD1-248x159.jpg HTTP/1.0" 200 9416 "-" "Mozilla/5.0 (compatible; Ask Jeeves/Teoma; +http://about.ask.com/en/docs/about/webmasters.shtml)" "www.silverimagingcanada.com"
208.80.195.54 - - [04/Aug/2009:12:45:06 -0700] "GET / HTTP/1.0" 200 1723 "-" "Mozilla/4.0 (compatible; MSIE 7.0; Windows NT 5.1; YPC 3.2.0; Ringo; .NET CLR 1.1.4322; FDM; .NET CLR 2.0.50727; ZangoToolbar 4.8.3)" "www.silverimagingcanada.com"
65.55.231.101 - - [04/Aug/2009:13:18:38 -0700] "GET /robots.txt HTTP/1.1" 404 275 "-" "Mozilla/4.0" "silverimagingcanada.com"
65.55.231.101 - - [04/Aug/2009:13:18:38 -0700] "GET /sitebuilder/images/ZAwithbox-292x178.jpg HTTP/1.1" 200 6026 "-" "Mozilla/4.0" "silverimagingcanada.com"
65.55.231.101 - - [04/Aug/2009:13:18:40 -0700] "GET / HTTP/1.1" 200 1739 "-" "Mozilla/4.0" "silverimagingcanada.com"
72.30.79.114 - - [04/Aug/2009:15:06:59 -0700] "GET /aboutus.html HTTP/1.0" 404 275 "-" "Mozilla/5.0 (compatible; Yahoo! Slurp/3.0; http://help.yahoo.com/help/us/ysearch/slurp)" "www.silverimagingcanada.com"
65.55.207.72 - - [04/Aug/2009:15:20:56 -0700] "GET /robots.txt HTTP/1.1" 404 275 "-" "msnbot/2.0b (+http://search.msn.com/msnbot.htm)" "silverimagingcanada.com"
65.55.207.72 - - [04/Aug/2009:15:22:59 -0700] "GET /media/ HTTP/1.1" 200 2086 "-" "msnbot/2.0b (+http://search.msn.com/msnbot.htm)" "silverimagingcanada.com"
70.91.197.168 - - [04/Aug/2009:17:56:41 -0700] "GET / HTTP/1.1" 200 1739 "-" "-" "www.silverimagingcanada.com"
122.161.184.227 - - [04/Aug/2009:18:11:58 -0700] "GET / HTTP/1.0" 200 1723 "-" "Mozilla/3.0 (compatible)" "silverimagingcanada.com"
65.55.220.200 - - [04/Aug/2009:18:29:06 -0700] "GET /sitebuilder/images/Gay_DVR_Splash_Screen2-581x435.jpg HTTP/1.1" 200 25628 "-" "WinHttp" "www.silverimagingcanada.com"
69.137.127.88 - - [04/Aug/2009:22:09:46 -0700] "GET /sitebuilder/images/IMG_1184-420x310.jpg HTTP/1.1" 200 30969 "-" "Opera/9.51 (Macintosh; Intel Mac OS X; U; en)" "silverimagingcanada.com"
69.137.127.88 - - [04/Aug/2009:22:09:46 -0700] "GET /sitebuilder/images/IMG_0937-312x416.jpg HTTP/1.1" 200 20123 "-" "Opera/9.51 (Macintosh; Intel Mac OS X; U; en)" "silverimagingcanada.com"
69.137.127.88 - - [04/Aug/2009:22:09:48 -0700] "GET /sitebuilder/images/img056-393x289.jpg HTTP/1.1" 200 20721 "-" "Opera/9.51 (Macintosh; Intel Mac OS X; U; en)" "silverimagingcanada.com"
69.137.127.88 - - [04/Aug/2009:22:09:48 -0700] "GET /sitebuilder/images/img052-374x274.jpg HTTP/1.1" 200 18043 "-" "Opera/9.51 (Macintosh; Intel Mac OS X; U; en)" "silverimagingcanada.com"
69.137.127.88 - - [04/Aug/2009:22:09:49 -0700] "GET /sitebuilder/images/IMG_0939-380x278.jpg HTTP/1.1" 200 15324 "-" "Opera/9.51 (Macintosh; Intel Mac OS X; U; en)" "silverimagingcanada.com"
69.137.127.88 - - [04/Aug/2009:22:09:50 -0700] "GET /sitebuilder/images/img053-365x267.jpg HTTP/1.1" 200 19523 "-" "Opera/9.51 (Macintosh; Intel Mac OS X; U; en)" "silverimagingcanada.com"
69.137.127.88 - - [04/Aug/2009:22:10:12 -0700] "GET /sitebuilder/images/IMG_0961-417x308.jpg HTTP/1.1" 200 11717 "-" "Opera/9.51 (Macintosh; Intel Mac OS X; U; en)" "silverimagingcanada.com"
208.80.195.54 - - [04/Aug/2009:22:53:25 -0700] "GET / HTTP/1.0" 200 1723 "-" "Mozilla/4.0 (compatible; MSIE 6.0; Windows NT 5.2; .NET CLR 1.1.9438)" "silverimagingcanada.com"
79.129.148.70 - - [05/Aug/2009:09:33:24 -0700] "GET /sitebuilder/images/IMG_1184-420x310.jpg HTTP/1.1" 200 30969 "http://dotheton.com/index.php?PHPSESSID=58208c87883bb767fb2f76a9da8787cc&topic=1721.0" "Mozilla/5.0 (Windows; U; Windows NT 6.0; el; rv:1.9.0.12) Gecko/2009070611 Firefox/3.0.12" "silverimagingcanada.com"
79.129.148.70 - - [05/Aug/2009:09:33:24 -0700] "GET /sitebuilder/images/img052-374x274.jpg HTTP/1.1" 200 18043 "http://dotheton.com/index.php?PHPSESSID=58208c87883bb767fb2f76a9da8787cc&topic=1721.0" "Mozilla/5.0 (Windows; U; Windows NT 6.0; el; rv:1.9.0.12) Gecko/2009070611 Firefox/3.0.12" "silverimagingcanada.com"
79.129.148.70 - - [05/Aug/2009:09:33:24 -0700] "GET /sitebuilder/images/img053-365x267.jpg HTTP/1.1" 200 19523 "http://dotheton.com/index.php?PHPSESSID=58208c87883bb767fb2f76a9da8787cc&topic=1721.0" "Mozilla/5.0 (Windows; U; Windows NT 6.0; el; rv:1.9.0.12) Gecko/2009070611 Firefox/3.0.12" "silverimagingcanada.com"
79.129.148.70 - - [05/Aug/2009:09:33:24 -0700] "GET /sitebuilder/images/img056-393x289.jpg HTTP/1.1" 200 20721 "http://dotheton.com/index.php?PHPSESSID=58208c87883bb767fb2f76a9da8787cc&topic=1721.0" "Mozilla/5.0 (Windows; U; Windows NT 6.0; el; rv:1.9.0.12) Gecko/2009070611 Firefox/3.0.12" "silverimagingcanada.com"
79.129.148.70 - - [05/Aug/2009:09:33:25 -0700] "GET /sitebuilder/images/IMG_0937-312x416.jpg HTTP/1.1" 200 20123 "http://dotheton.com/index.php?PHPSESSID=58208c87883bb767fb2f76a9da8787cc&topic=1721.0" "Mozilla/5.0 (Windows; U; Windows NT 6.0; el; rv:1.9.0.12) Gecko/2009070611 Firefox/3.0.12" "silverimagingcanada.com"
79.129.148.70 - - [05/Aug/2009:09:33:27 -0700] "GET /sitebuilder/images/IMG_0961-417x308.jpg HTTP/1.0" 200 11717 "http://dotheton.com/index.php?PHPSESSID=58208c87883bb767fb2f76a9da8787cc&topic=1721.0" "Mozilla/5.0 (Windows; U; Windows NT 6.0; el; rv:1.9.0.12) Gecko/2009070611 Firefox/3.0.12" "silverimagingcanada.com"
79.129.148.70 - - [05/Aug/2009:09:37:16 -0700] "GET /sitebuilder/images/img129-405x298.jpg HTTP/1.1" 200 17041 "http://dotheton.com/index.php?PHPSESSID=58208c87883bb767fb2f76a9da8787cc&topic=1721.15" "Mozilla/5.0 (Windows; U; Windows NT 6.0; el; rv:1.9.0.12) Gecko/2009070611 Firefox/3.0.12" "silverimagingcanada.com"
79.129.148.70 - - [05/Aug/2009:09:37:16 -0700] "GET /sitebuilder/images/IMG_1288-451x334.jpg HTTP/1.1" 200 25996 "http://dotheton.com/index.php?PHPSESSID=58208c87883bb767fb2f76a9da8787cc&topic=1721.15" "Mozilla/5.0 (Windows; U; Windows NT 6.0; el; rv:1.9.0.12) Gecko/2009070611 Firefox/3.0.12" "silverimagingcanada.com"
79.129.148.70 - - [05/Aug/2009:09:37:16 -0700] "GET /sitebuilder/images/IMG_1276-406x299.jpg HTTP/1.1" 200 31845 "http://dotheton.com/index.php?PHPSESSID=58208c87883bb767fb2f76a9da8787cc&topic=1721.15" "Mozilla/5.0 (Windows; U; Windows NT 6.0; el; rv:1.9.0.12) Gecko/2009070611 Firefox/3.0.12" "silverimagingcanada.com"
79.129.148.70 - - [05/Aug/2009:09:37:16 -0700] "GET /sitebuilder/images/IMG_1272-351x257.jpg HTTP/1.1" 200 23815 "http://dotheton.com/index.php?PHPSESSID=58208c87883bb767fb2f76a9da8787cc&topic=1721.15" "Mozilla/5.0 (Windows; U; Windows NT 6.0; el; rv:1.9.0.12) Gecko/2009070611 Firefox/3.0.12" "silverimagingcanada.com"
79.129.148.70 - - [05/Aug/2009:09:39:29 -0700] "GET /sitebuilder/images/img1412-430x317.jpg HTTP/1.1" 200 28270 "http://dotheton.com/index.php?PHPSESSID=58208c87883bb767fb2f76a9da8787cc&topic=1721.30" "Mozilla/5.0 (Windows; U; Windows NT 6.0; el; rv:1.9.0.12) Gecko/2009070611 Firefox/3.0.12" "silverimagingcanada.com"
79.129.148.70 - - [05/Aug/2009:09:39:29 -0700] "GET /sitebuilder/images/img138-399x293.jpg HTTP/1.0" 200 24204 "http://dotheton.com/index.php?PHPSESSID=58208c87883bb767fb2f76a9da8787cc&topic=1721.30" "Mozilla/5.0 (Windows; U; Windows NT 6.0; el; rv:1.9.0.12) Gecko/2009070611 Firefox/3.0.12" "silverimagingcanada.com"
79.129.148.70 - - [05/Aug/2009:09:39:29 -0700] "GET /sitebuilder/images/img135-317x428.jpg HTTP/1.0" 200 25396 "http://dotheton.com/index.php?PHPSESSID=58208c87883bb767fb2f76a9da8787cc&topic=1721.30" "Mozilla/5.0 (Windows; U; Windows NT 6.0; el; rv:1.9.0.12) Gecko/2009070611 Firefox/3.0.12" "silverimagingcanada.com"
79.129.148.70 - - [05/Aug/2009:09:39:29 -0700] "GET /sitebuilder/images/img144-352x257.jpg HTTP/1.1" 200 12721 "http://dotheton.com/index.php?PHPSESSID=58208c87883bb767fb2f76a9da8787cc&topic=1721.30" "Mozilla/5.0 (Windows; U; Windows NT 6.0; el; rv:1.9.0.12) Gecko/2009070611 Firefox/3.0.12" "silverimagingcanada.com"
79.129.148.70 - - [05/Aug/2009:09:39:30 -0700] "GET /sitebuilder/images/tank1-257x350.jpg HTTP/1.1" 200 11565 "http://dotheton.com/index.php?PHPSESSID=58208c87883bb767fb2f76a9da8787cc&topic=1721.30" "Mozilla/5.0 (Windows; U; Windows NT 6.0; el; rv:1.9.0.12) Gecko/2009070611 Firefox/3.0.12" "silverimagingcanada.com"
79.129.148.70 - - [05/Aug/2009:09:39:30 -0700] "GET /sitebuilder/images/tank2-272x195.jpg HTTP/1.1" 200 7366 "http://dotheton.com/index.php?PHPSESSID=58208c87883bb767fb2f76a9da8787cc&topic=1721.30" "Mozilla/5.0 (Windows; U; Windows NT 6.0; el; rv:1.9.0.12) Gecko/2009070611 Firefox/3.0.12" "silverimagingcanada.com"
65.55.231.88 - - [05/Aug/2009:11:39:50 -0700] "GET /robots.txt HTTP/1.1" 404 275 "-" "Mozilla/4.0" "silverimagingcanada.com"
65.55.231.88 - - [05/Aug/2009:11:39:50 -0700] "GET /sitebuilder/images/Captured_2005-6-7_00001-265x188.jpg HTTP/1.1" 200 4803 "-" "Mozilla/4.0" "silverimagingcanada.com"
58.61.164.41 - - [05/Aug/2009:11:43:08 -0700] "GET /robots.txt HTTP/1.1" 404 275 "http://www.silverimagingcanada.com/robots.txt" "Sosospider+(+http://help.soso.com/webspider.htm)" "www.silverimagingcanada.com"
74.6.22.151 - - [05/Aug/2009:11:49:35 -0700] "GET /aboutme.html HTTP/1.0" 404 275 "-" "Mozilla/5.0 (compatible; Yahoo! Slurp/3.0; http://help.yahoo.com/help/us/ysearch/slurp)" "www.silverimagingcanada.com"
77.88.25.27 - - [05/Aug/2009:11:55:29 -0700] "GET /robots.txt HTTP/1.1" 404 275 "-" "Yandex/1.01.001 (compatible; Win16; I)" "www.silverimagingcanada.com"
12.27.125.242 - - [05/Aug/2009:12:40:12 -0700] "GET / HTTP/1.1" 200 1739 "http://dotheton.com/index.php?action=profile;u=378" "Mozilla/5.0 (Windows; U; Windows NT 5.1; en-US; rv:1.8.1.20) Gecko/20081217 Firefox/2.0.0.20" "www.silverimagingcanada.com"
12.27.125.242 - - [05/Aug/2009:12:40:12 -0700] "GET /favicon.ico HTTP/1.1" 404 275 "-" "Mozilla/5.0 (Windows; U; Windows NT 5.1; en-US; rv:1.8.1.20) Gecko/20081217 Firefox/2.0.0.20" "www.silverimagingcanada.com"
12.27.125.242 - - [05/Aug/2009:12:40:19 -0700] "GET /images/ HTTP/1.1" 200 526 "http://www.silverimagingcanada.com/" "Mozilla/5.0 (Windows; U; Windows NT 5.1; en-US; rv:1.8.1.20) Gecko/20081217 Firefox/2.0.0.20" "www.silverimagingcanada.com"
122.161.184.227 - - [05/Aug/2009:15:02:59 -0700] "GET / HTTP/1.0" 200 1723 "-" "Mozilla/3.0 (compatible)" "silverimagingcanada.com"
74.6.22.151 - - [05/Aug/2009:17:19:06 -0700] "GET /cammod.html HTTP/1.0" 404 275 "-" "Mozilla/5.0 (compatible; Yahoo! Slurp/3.0; http://help.yahoo.com/help/us/ysearch/slurp)" "www.silverimagingcanada.com"
66.235.124.71 - - [05/Aug/2009:18:06:40 -0700] "GET /robots.txt HTTP/1.0" 404 275 "-" "Mozilla/5.0 (compatible; Ask Jeeves/Teoma; +http://about.ask.com/en/docs/about/webmasters.shtml)" "www.silverimagingcanada.com"
66.235.124.71 - - [05/Aug/2009:18:06:41 -0700] "GET /sitebuilder/images/Captured_2005-6-7_00001-265x188.jpg HTTP/1.0" 200 4803 "-" "Mozilla/5.0 (compatible; Ask Jeeves/Teoma; +http://about.ask.com/en/docs/about/webmasters.shtml)" "www.silverimagingcanada.com"
66.235.124.17 - - [05/Aug/2009:18:41:27 -0700] "GET /robots.txt HTTP/1.1" 404 275 "-" "Mozilla/5.0 (compatible; Ask Jeeves/Teoma; +http://about.ask.com/en/docs/about/webmasters.shtml)" "www.silverimagingcanada.com"
66.235.124.17 - - [05/Aug/2009:18:41:27 -0700] "GET / HTTP/1.1" 200 1739 "-" "Mozilla/5.0 (compatible; Ask Jeeves/Teoma; +http://about.ask.com/en/docs/about/webmasters.shtml)" "www.silverimagingcanada.com"
38.100.8.50 - - [05/Aug/2009:19:29:32 -0700] "GET /robots.txt HTTP/1.1" 404 275 "-" "panscient.com" "www.silverimagingcanada.com"
38.100.8.50 - - [05/Aug/2009:19:29:32 -0700] "GET / HTTP/1.1" 200 1739 "-" "panscient.com" "www.silverimagingcanada.com"
38.100.8.50 - - [05/Aug/2009:19:29:33 -0700] "GET /images/ HTTP/1.1" 200 526 "-" "panscient.com" "www.silverimagingcanada.com"
38.100.8.50 - - [05/Aug/2009:19:29:34 -0700] "GET /clipart/ HTTP/1.1" 200 1350 "-" "panscient.com" "www.silverimagingcanada.com"
38.100.8.50 - - [05/Aug/2009:19:29:35 -0700] "GET /images/?M=A HTTP/1.1" 200 526 "-" "panscient.com" "www.silverimagingcanada.com"
38.100.8.50 - - [05/Aug/2009:19:29:36 -0700] "GET /?N=D HTTP/1.1" 200 1739 "-" "panscient.com" "www.silverimagingcanada.com"
38.100.8.50 - - [05/Aug/2009:19:29:37 -0700] "GET /scripts/ HTTP/1.1" 200 666 "-" "panscient.com" "www.silverimagingcanada.com"
38.100.8.50 - - [05/Aug/2009:19:29:38 -0700] "GET /logs/ HTTP/1.1" 200 2088 "-" "panscient.com" "www.silverimagingcanada.com"
38.100.8.50 - - [05/Aug/2009:19:29:40 -0700] "GET /media/ HTTP/1.1" 200 2086 "-" "panscient.com" "www.silverimagingcanada.com"
38.100.8.50 - - [05/Aug/2009:19:29:41 -0700] "GET /scripts/layers.js HTTP/1.1" 200 4045 "-" "panscient.com" "www.silverimagingcanada.com"
38.100.8.50 - - [05/Aug/2009:19:29:42 -0700] "GET /?D=A HTTP/1.1" 200 1739 "-" "panscient.com" "www.silverimagingcanada.com"
38.100.8.50 - - [05/Aug/2009:19:29:44 -0700] "GET /navigation_bars/ HTTP/1.1" 200 683 "-" "panscient.com" "www.silverimagingcanada.com"
38.100.8.50 - - [05/Aug/2009:19:29:45 -0700] "GET /sounds/ HTTP/1.1" 200 664 "-" "panscient.com" "www.silverimagingcanada.com"
38.100.8.50 - - [05/Aug/2009:19:29:47 -0700] "GET /navigation_bars/?S=A HTTP/1.1" 200 683 "-" "panscient.com" "www.silverimagingcanada.com"
38.100.8.50 - - [05/Aug/2009:19:29:48 -0700] "GET /sitebuilder/ HTTP/1.1" 200 948 "-" "panscient.com" "www.silverimagingcanada.com"
38.100.8.50 - - [05/Aug/2009:19:29:49 -0700] "GET /navigation_bars/?S=D HTTP/1.1" 200 683 "-" "panscient.com" "www.silverimagingcanada.com"
38.100.8.50 - - [05/Aug/2009:19:29:50 -0700] "GET /navigation_bars/?N=D HTTP/1.1" 200 683 "-" "panscient.com" "www.silverimagingcanada.com"
38.100.8.50 - - [05/Aug/2009:19:29:51 -0700] "GET /navigation_bars/?N=A HTTP/1.1" 200 683 "-" "panscient.com" "www.silverimagingcanada.com"
38.100.8.50 - - [05/Aug/2009:19:29:52 -0700] "GET /clipart/buttons/ HTTP/1.1" 200 956 "-" "panscient.com" "www.silverimagingcanada.com"
38.100.8.50 - - [05/Aug/2009:19:29:53 -0700] "GET /images/ HTTP/1.1" 200 526 "-" "panscient.com" "www.silverimagingcanada.com"
38.100.8.50 - - [05/Aug/2009:19:29:54 -0700] "GET /?N=D HTTP/1.1" 200 1739 "-" "panscient.com" "www.silverimagingcanada.com"
38.100.8.50 - - [05/Aug/2009:19:29:55 -0700] "GET /?D=A HTTP/1.1" 200 1739 "-" "panscient.com" "www.silverimagingcanada.com"
38.100.8.50 - - [05/Aug/2009:19:29:56 -0700] "GET /?D=D HTTP/1.1" 200 1739 "-" "panscient.com" "www.silverimagingcanada.com"
38.100.8.50 - - [05/Aug/2009:19:29:57 -0700] "GET /?N=A HTTP/1.1" 200 1739 "-" "panscient.com" "www.silverimagingcanada.com"
38.100.8.50 - - [05/Aug/2009:19:29:58 -0700] "GET /?M=A HTTP/1.1" 200 1739 "-" "panscient.com" "www.silverimagingcanada.com"
124.115.1.7 - - [06/Aug/2009:00:12:58 -0700] "GET / HTTP/1.1" 200 1739 "http://www.silverimagingcanada.com/" "Mozilla/4.0 (compatible; MSIE 6.0; Windows NT 5.1)" "www.silverimagingcanada.com"
58.61.164.40 - - [06/Aug/2009:00:23:00 -0700] "GET / HTTP/1.1" 200 1739 "http://www.silverimagingcanada.com/" "Mozilla/4.0 (compatible; MSIE 6.0; Windows NT 5.1)" "www.silverimagingcanada.com"
58.61.164.141 - - [06/Aug/2009:00:35:54 -0700] "GET / HTTP/1.1" 200 1739 "http://www.silverimagingcanada.com/" "Mozilla/4.0 (compatible; MSIE 6.0; Windows NT 5.1)" "www.silverimagingcanada.com"
65.55.108.136 - - [06/Aug/2009:00:47:52 -0700] "GET /robots.txt HTTP/1.1" 404 275 "-" "Mozilla/4.0" "silverimagingcanada.com"
65.55.108.136 - - [06/Aug/2009:00:47:52 -0700] "GET /sitebuilder/images/CADD1-248x159.jpg HTTP/1.1" 200 9416 "-" "Mozilla/4.0" "silverimagingcanada.com"
58.61.164.39 - - [06/Aug/2009:00:52:47 -0700] "GET / HTTP/1.1" 200 1739 "http://www.silverimagingcanada.com/" "Mozilla/4.0 (compatible; MSIE 6.0; Windows NT 5.1)" "www.silverimagingcanada.com"
58.61.164.140 - - [06/Aug/2009:01:41:00 -0700] "GET / HTTP/1.1" 200 1739 "http://www.silverimagingcanada.com/" "Mozilla/4.0 (compatible; MSIE 6.0; Windows NT 5.1)" "www.silverimagingcanada.com"
77.88.25.27 - - [06/Aug/2009:03:00:02 -0700] "GET / HTTP/1.1" 200 1739 "-" "Yandex/1.01.001 (compatible; Win16; I)" "www.silverimagingcanada.com"
124.115.1.8 - - [06/Aug/2009:03:02:39 -0700] "GET / HTTP/1.1" 200 1739 "http://www.silverimagingcanada.com/" "Mozilla/4.0 (compatible; MSIE 6.0; Windows NT 5.1)" "www.silverimagingcanada.com"
208.80.195.36 - - [06/Aug/2009:03:03:41 -0700] "GET / HTTP/1.0" 200 1723 "-" "Mozilla/4.0 (compatible; MSIE 6.0; Windows NT 5.1; byond_3.5; SV1)" "www.silverimagingcanada.com"
58.61.164.139 - - [06/Aug/2009:03:11:29 -0700] "GET / HTTP/1.1" 200 1739 "http://www.silverimagingcanada.com/" "Mozilla/4.0 (compatible; MSIE 6.0; Windows NT 5.1)" "www.silverimagingcanada.com"
66.235.124.17 - - [06/Aug/2009:04:02:40 -0700] "GET / HTTP/1.1" 200 1739 "-" "Mozilla/5.0 (compatible; Ask Jeeves/Teoma; +http://about.ask.com/en/docs/about/webmasters.shtml)" "www.silverimagingcanada.com"
80.174.161.125 - - [06/Aug/2009:09:34:50 -0700] "GET / HTTP/1.1" 200 1739 "http://dotheton.com/index.php?topic=5717.30" "Mozilla/4.0 (compatible; MSIE 7.0; Windows NT 6.0; GTB6; SLCC1; .NET CLR 2.0.50727; Media Center PC 5.0; .NET CLR 3.0.04506)" "www.silverimagingcanada.com"
80.174.161.125 - - [06/Aug/2009:09:34:51 -0700] "GET /favicon.ico HTTP/1.1" 404 275 "-" "Mozilla/4.0 (compatible; MSIE 7.0; Windows NT 6.0; GTB6; SLCC1; .NET CLR 2.0.50727; Media Center PC 5.0; .NET CLR 3.0.04506)" "www.silverimagingcanada.com"
80.174.161.125 - - [06/Aug/2009:09:34:56 -0700] "GET /images/ HTTP/1.1" 200 526 "http://www.silverimagingcanada.com/" "Mozilla/4.0 (compatible; MSIE 7.0; Windows NT 6.0; GTB6; SLCC1; .NET CLR 2.0.50727; Media Center PC 5.0; .NET CLR 3.0.04506)" "www.silverimagingcanada.com"
80.174.161.125 - - [06/Aug/2009:09:35:01 -0700] "GET / HTTP/1.1" 200 1739 "http://www.silverimagingcanada.com/images/" "Mozilla/4.0 (compatible; MSIE 7.0; Windows NT 6.0; GTB6; SLCC1; .NET CLR 2.0.50727; Media Center PC 5.0; .NET CLR 3.0.04506)" "www.silverimagingcanada.com"
58.61.164.41 - - [06/Aug/2009:14:03:13 -0700] "GET /robots.txt HTTP/1.1" 404 275 "http://www.silverimagingcanada.com/robots.txt" "Sosospider+(+http://help.soso.com/webspider.htm)" "www.silverimagingcanada.com"
66.249.65.229 - - [06/Aug/2009:14:54:44 -0700] "GET /robots.txt HTTP/1.1" 404 275 "-" "Mozilla/5.0 (iPhone; U; CPU like Mac OS X; en) AppleWebKit/420+ (KHTML, like Gecko) Version/3.0 Mobile/1A543a Safari/419.3 (compatible; Googlebot-Mobile/2.1; +http://www.google.com/bot.html)" "silverimagingcanada.com"
66.249.65.229 - - [06/Aug/2009:14:54:44 -0700] "GET /index.html HTTP/1.1" 404 275 "-" "Mozilla/5.0 (iPhone; U; CPU like Mac OS X; en) AppleWebKit/420+ (KHTML, like Gecko) Version/3.0 Mobile/1A543a Safari/419.3 (compatible; Googlebot-Mobile/2.1; +http://www.google.com/bot.html)" "silverimagingcanada.com"
66.249.65.229 - - [06/Aug/2009:16:46:05 -0700] "GET / HTTP/1.1" 200 1739 "-" "Mozilla/5.0 (iPhone; U; CPU like Mac OS X; en) AppleWebKit/420+ (KHTML, like Gecko) Version/3.0 Mobile/1A543a Safari/419.3 (compatible; Googlebot-Mobile/2.1; +http://www.google.com/bot.html)" "silverimagingcanada.com"
65.55.220.199 - - [06/Aug/2009:21:21:58 -0700] "GET /sitebuilder/images/Gay_DVR_Splash_Screen2-581x435.jpg HTTP/1.1" 200 25628 "-" "WinHttp" "www.silverimagingcanada.com"
124.115.1.7 - - [06/Aug/2009:21:41:17 -0700] "GET / HTTP/1.1" 200 1739 "http://www.silverimagingcanada.com/" "Mozilla/4.0 (compatible; MSIE 6.0; Windows NT 5.1)" "www.silverimagingcanada.com"
58.61.164.141 - - [06/Aug/2009:21:42:37 -0700] "GET / HTTP/1.1" 200 1739 "http://www.silverimagingcanada.com/" "Mozilla/4.0 (compatible; MSIE 6.0; Windows NT 5.1)" "www.silverimagingcanada.com"
58.61.164.40 - - [06/Aug/2009:21:45:29 -0700] "GET / HTTP/1.1" 200 1739 "http://www.silverimagingcanada.com/" "Mozilla/4.0 (compatible; MSIE 6.0; Windows NT 5.1)" "www.silverimagingcanada.com"
58.61.164.39 - - [06/Aug/2009:22:25:24 -0700] "GET / HTTP/1.1" 200 1739 "http://www.silverimagingcanada.com/" "Mozilla/4.0 (compatible; MSIE 6.0; Windows NT 5.1)" "www.silverimagingcanada.com"
58.61.164.140 - - [06/Aug/2009:22:57:33 -0700] "GET / HTTP/1.1" 200 1739 "http://www.silverimagingcanada.com/" "Mozilla/4.0 (compatible; MSIE 6.0; Windows NT 5.1)" "www.silverimagingcanada.com"
66.249.65.229 - - [07/Aug/2009:00:04:39 -0700] "GET /sitebuilder/images/whitelighton-140x110.jpg HTTP/1.1" 200 2972 "-" "Googlebot-Image/1.0" "silverimagingcanada.com"
208.80.195.33 - - [07/Aug/2009:00:06:54 -0700] "GET / HTTP/1.0" 200 1723 "-" "Mozilla/4.0 (compatible; MSIE 6.0; Windows NT 5.1; {A308CB8C-1D62-F2EE-EABB-AD019E6920AC}; .NET CLR 1.0.3705; .NET CLR 1.1.4322; .NET CLR 2.0.50727)" "silverimagingcanada.com"
124.115.1.8 - - [07/Aug/2009:00:23:31 -0700] "GET / HTTP/1.1" 200 1739 "http://www.silverimagingcanada.com/" "Mozilla/4.0 (compatible; MSIE 6.0; Windows NT 5.1)" "www.silverimagingcanada.com"
74.6.149.100 - - [07/Aug/2009:00:30:18 -0700] "GET /robots.txt HTTP/1.0" 404 275 "-" "Mozilla/5.0 (Yahoo-MMCrawler/4.0; mailto:vertical-crawl-support@yahoo-inc.com)" "silverimagingcanada.com"
74.6.149.100 - - [07/Aug/2009:00:30:18 -0700] "GET /sitebuilder/images/IMG_0937-312x416.jpg HTTP/1.0" 200 20123 "-" "Mozilla/5.0 (Yahoo-MMCrawler/4.0; mailto:vertical-crawl-support@yahoo-inc.com)" "silverimagingcanada.com"
58.61.164.139 - - [07/Aug/2009:00:48:38 -0700] "GET / HTTP/1.1" 200 1739 "http://www.silverimagingcanada.com/" "Mozilla/4.0 (compatible; MSIE 6.0; Windows NT 5.1)" "www.silverimagingcanada.com"
66.249.65.229 - - [07/Aug/2009:01:02:01 -0700] "GET /sitebuilder/images/2-227x159.jpg HTTP/1.1" 200 6136 "-" "Googlebot-Image/1.0" "silverimagingcanada.com"
66.249.65.229 - - [07/Aug/2009:01:26:05 -0700] "GET /sitebuilder/images/baseboardwindow_copy-355x262.jpg HTTP/1.1" 200 11122 "-" "Googlebot-Image/1.0" "silverimagingcanada.com"
66.249.65.229 - - [07/Aug/2009:01:58:57 -0700] "GET /sitebuilder/images/S4020075-393x289.jpg HTTP/1.1" 200 7704 "-" "Googlebot-Image/1.0" "silverimagingcanada.com"
66.249.65.229 - - [07/Aug/2009:02:05:56 -0700] "GET /robots.txt HTTP/1.1" 404 275 "-" "Googlebot-Image/1.0" "www.silverimagingcanada.com"
66.249.65.229 - - [07/Aug/2009:02:05:56 -0700] "GET /sitebuilder/images/IMG_1110-291x208.jpg HTTP/1.1" 200 11320 "-" "Googlebot-Image/1.0" "www.silverimagingcanada.com"
114.80.93.71 - - [07/Aug/2009:02:09:02 -0700] "GET / HTTP/1.1" 200 1739 "http://www.silverimagingcanada.com/" "Mozilla/4.0 (compatible; MSIE 6.0; Windows NT 5.1)" "www.silverimagingcanada.com"
66.249.65.229 - - [07/Aug/2009:02:39:12 -0700] "GET /sitebuilder/images/Boilercam-247x219.jpg HTTP/1.1" 200 10750 "-" "Googlebot-Image/1.0" "silverimagingcanada.com"
74.6.149.100 - - [07/Aug/2009:03:06:18 -0700] "GET /sitebuilder/images/img056-393x289.jpg HTTP/1.0" 200 20721 "-" "Mozilla/5.0 (Yahoo-MMCrawler/4.0; mailto:vertical-crawl-support@yahoo-inc.com)" "silverimagingcanada.com"
74.6.149.100 - - [07/Aug/2009:04:43:01 -0700] "GET /sitebuilder/images/IMG_1184-420x310.jpg HTTP/1.0" 200 30969 "-" "Mozilla/5.0 (Yahoo-MMCrawler/4.0; mailto:vertical-crawl-support@yahoo-inc.com)" "silverimagingcanada.com"
65.55.106.235 - - [07/Aug/2009:05:08:19 -0700] "GET /robots.txt HTTP/1.1" 404 275 "-" "msnbot/2.0b (+http://search.msn.com/msnbot.htm)" "silverimagingcanada.com"
65.55.106.235 - - [07/Aug/2009:05:11:23 -0700] "GET /clipart/ HTTP/1.1" 200 1350 "-" "msnbot/2.0b (+http://search.msn.com/msnbot.htm)" "silverimagingcanada.com"
67.241.183.146 - - [07/Aug/2009:07:30:49 -0700] "GET /sitebuilder/images/img052-374x274.jpg HTTP/1.1" 200 18043 "http://dotheton.com/index.php?topic=1721.0" "Mozilla/5.0 (Macintosh; U; PPC Mac OS X 10_5_7; en-us) AppleWebKit/530.19.2 (KHTML, like Gecko) Version/4.0.2 Safari/530.19" "silverimagingcanada.com"
67.241.183.146 - - [07/Aug/2009:07:30:49 -0700] "GET /sitebuilder/images/img056-393x289.jpg HTTP/1.1" 200 20721 "http://dotheton.com/index.php?topic=1721.0" "Mozilla/5.0 (Macintosh; U; PPC Mac OS X 10_5_7; en-us) AppleWebKit/530.19.2 (KHTML, like Gecko) Version/4.0.2 Safari/530.19" "silverimagingcanada.com"
67.241.183.146 - - [07/Aug/2009:07:30:49 -0700] "GET /sitebuilder/images/IMG_1184-420x310.jpg HTTP/1.1" 200 30969 "http://dotheton.com/index.php?topic=1721.0" "Mozilla/5.0 (Macintosh; U; PPC Mac OS X 10_5_7; en-us) AppleWebKit/530.19.2 (KHTML, like Gecko) Version/4.0.2 Safari/530.19" "silverimagingcanada.com"
67.241.183.146 - - [07/Aug/2009:07:30:49 -0700] "GET /sitebuilder/images/img053-365x267.jpg HTTP/1.1" 200 19523 "http://dotheton.com/index.php?topic=1721.0" "Mozilla/5.0 (Macintosh; U; PPC Mac OS X 10_5_7; en-us) AppleWebKit/530.19.2 (KHTML, like Gecko) Version/4.0.2 Safari/530.19" "silverimagingcanada.com"
67.241.183.146 - - [07/Aug/2009:07:30:51 -0700] "GET /sitebuilder/images/IMG_0961-417x308.jpg HTTP/1.1" 200 11717 "http://dotheton.com/index.php?topic=1721.0" "Mozilla/5.0 (Macintosh; U; PPC Mac OS X 10_5_7; en-us) AppleWebKit/530.19.2 (KHTML, like Gecko) Version/4.0.2 Safari/530.19" "silverimagingcanada.com"
67.241.183.146 - - [07/Aug/2009:07:30:51 -0700] "GET /sitebuilder/images/IMG_0937-312x416.jpg HTTP/1.1" 200 20123 "http://dotheton.com/index.php?topic=1721.0" "Mozilla/5.0 (Macintosh; U; PPC Mac OS X 10_5_7; en-us) AppleWebKit/530.19.2 (KHTML, like Gecko) Version/4.0.2 Safari/530.19" "silverimagingcanada.com"
67.241.183.146 - - [07/Aug/2009:07:30:51 -0700] "GET /sitebuilder/images/IMG_0939-380x278.jpg HTTP/1.1" 200 15324 "http://dotheton.com/index.php?topic=1721.0" "Mozilla/5.0 (Macintosh; U; PPC Mac OS X 10_5_7; en-us) AppleWebKit/530.19.2 (KHTML, like Gecko) Version/4.0.2 Safari/530.19" "silverimagingcanada.com"
74.6.22.151 - - [07/Aug/2009:07:42:28 -0700] "GET / HTTP/1.0" 200 1723 "-" "Mozilla/5.0 (compatible; Yahoo! Slurp/3.0; http://help.yahoo.com/help/us/ysearch/slurp)" "www.silverimagingcanada.com"
67.142.165.31 - - [07/Aug/2009:13:44:35 -0700] "GET /sitebuilder/images/IMG_0342-444x328.jpg HTTP/1.1" 200 14174 "http://images.google.com/images?hl=en&safe=off&um=1&q=pipe+inspection+Camera&sa=N&start=360&ndsp=18" "Mozilla/4.0 (compatible; MSIE 7.0; Windows NT 5.1; .NET CLR 1.1.4322; .NET CLR 2.0.50727; .NET CLR 3.0.4506.2152; .NET CLR 3.5.30729; InfoPath.2)" "www.silverimagingcanada.com"
219.94.133.95 - - [07/Aug/2009:15:32:15 -0700] "GET /sitebuilder/images/IMG_0347-380x279.jpg HTTP/1.0" 200 23443 "-" "-" "www.silverimagingcanada.com"
59.106.23.194 - - [07/Aug/2009:15:32:15 -0700] "GET /sitebuilder/images/IMG_0166-355x260.jpg HTTP/1.0" 200 20599 "-" "Mozilla/2.0" "www.silverimagingcanada.com"
114.80.93.71 - - [07/Aug/2009:16:00:31 -0700] "GET / HTTP/1.1" 200 1739 "http://www.silverimagingcanada.com/" "Mozilla/4.0 (compatible; MSIE 6.0; Windows NT 5.1)" "www.silverimagingcanada.com"
74.6.149.100 - - [07/Aug/2009:16:24:05 -0700] "GET /robots.txt HTTP/1.0" 404 275 "-" "Mozilla/5.0 (Yahoo-MMCrawler/4.0; mailto:vertical-crawl-support@yahoo-inc.com)" "silverimagingcanada.com"
74.6.149.100 - - [07/Aug/2009:16:24:05 -0700] "GET /sitebuilder/images/IMG_0961-417x308.jpg HTTP/1.0" 200 11717 "-" "Mozilla/5.0 (Yahoo-MMCrawler/4.0; mailto:vertical-crawl-support@yahoo-inc.com)" "silverimagingcanada.com"
208.80.195.36 - - [07/Aug/2009:16:33:19 -0700] "GET / HTTP/1.0" 200 1723 "-" "Mozilla/4.0 (compatible; MSIE 6.0; Windows NT 5.1; {64D6823C-EDC0-F4C1-21AF-3E2FA5736585})" "www.silverimagingcanada.com"
74.6.149.100 - - [07/Aug/2009:17:06:06 -0700] "GET /sitebuilder/images/IMG_0939-380x278.jpg HTTP/1.0" 200 15324 "-" "Mozilla/5.0 (Yahoo-MMCrawler/4.0; mailto:vertical-crawl-support@yahoo-inc.com)" "silverimagingcanada.com"
58.61.164.41 - - [07/Aug/2009:17:16:51 -0700] "GET /robots.txt HTTP/1.1" 404 275 "http://www.silverimagingcanada.com/robots.txt" "Sosospider+(+http://help.soso.com/webspider.htm)" "www.silverimagingcanada.com"
66.249.65.229 - - [07/Aug/2009:18:52:20 -0700] "GET /robots.txt HTTP/1.1" 404 275 "-" "Googlebot-Image/1.0" "www.silverimagingcanada.com"
66.249.65.229 - - [07/Aug/2009:18:52:20 -0700] "GET /sitebuilder/images/IMG_1105-292x211.jpg HTTP/1.1" 200 12634 "-" "Googlebot-Image/1.0" "www.silverimagingcanada.com"
74.6.149.100 - - [07/Aug/2009:19:23:57 -0700] "GET /sitebuilder/images/img053-365x267.jpg HTTP/1.0" 200 19523 "-" "Mozilla/5.0 (Yahoo-MMCrawler/4.0; mailto:vertical-crawl-support@yahoo-inc.com)" "silverimagingcanada.com"
66.249.65.229 - - [07/Aug/2009:19:39:01 -0700] "GET /robots.txt HTTP/1.1" 404 275 "-" "Googlebot-Image/1.0" "silverimagingcanada.com"
66.249.65.229 - - [07/Aug/2009:19:39:01 -0700] "GET /sitebuilder/images/IMG_0158-1-237x168.jpg HTTP/1.1" 200 4828 "-" "Googlebot-Image/1.0" "silverimagingcanada.com"
122.246.44.159 - - [07/Aug/2009:21:06:51 -0700] "GET / HTTP/1.0" 200 1723 "-" "Wget/1.10.2 (Red Hat modified)" "www.silverimagingcanada.com"
66.249.65.229 - - [07/Aug/2009:21:21:05 -0700] "GET /sitebuilder/images/IMG_1115-278x200.jpg HTTP/1.1" 200 11449 "-" "Googlebot-Image/1.0" "www.silverimagingcanada.com"
74.6.149.100 - - [07/Aug/2009:21:33:18 -0700] "GET /sitebuilder/images/img052-374x274.jpg HTTP/1.0" 200 18043 "-" "Mozilla/5.0 (Yahoo-MMCrawler/4.0; mailto:vertical-crawl-support@yahoo-inc.com)" "silverimagingcanada.com"
71.154.212.201 - - [07/Aug/2009:21:47:24 -0700] "GET / HTTP/1.1" 200 1739 "-" "Mozilla/4.0 (compatible; MSIE 7.0b; Windows NT 5.1; .NET CLR 1.1.4322)" "www.silverimagingcanada.com"
66.249.65.229 - - [08/Aug/2009:00:44:49 -0700] "GET /sitebuilder/images/PICT0043-1-216x152.jpg HTTP/1.1" 200 5185 "-" "Googlebot-Image/1.0" "silverimagingcanada.com"
66.249.65.229 - - [08/Aug/2009:01:07:16 -0700] "GET /sitebuilder/images/IMG_1112-288x207.jpg HTTP/1.1" 200 9422 "-" "Googlebot-Image/1.0" "www.silverimagingcanada.com"
208.80.195.38 - - [08/Aug/2009:04:01:32 -0700] "GET / HTTP/1.0" 200 1723 "-" "Mozilla/4.0 (compatible; MSIE 6.0; Windows NT 5.1; SV1; acc=jocker; acc=none; (none))" "silverimagingcanada.com"
67.16.94.2 - - [08/Aug/2009:09:12:37 -0700] "GET /robots.txt HTTP/1.0" 404 275 "-" "Gigabot/3.0 (http://www.gigablast.com/spider.html)" "www.silverimagingcanada.com"
67.16.94.2 - - [08/Aug/2009:09:12:38 -0700] "GET / HTTP/1.0" 200 1723 "-" "Gigabot/3.0 (http://www.gigablast.com/spider.html)" "www.silverimagingcanada.com"
208.80.195.38 - - [08/Aug/2009:16:09:15 -0700] "GET / HTTP/1.0" 200 1723 "-" "Mozilla/4.0 (compatible; MSIE 6.0; Windows 98; FunWebProducts; .NET CLR 1.1.4322; yplus 5.1.04b)" "www.silverimagingcanada.com"
66.249.65.229 - - [08/Aug/2009:20:56:12 -0700] "GET /robots.txt HTTP/1.1" 404 275 "-" "Googlebot-Image/1.0" "silverimagingcanada.com"
66.249.65.229 - - [08/Aug/2009:20:56:12 -0700] "GET /sitebuilder/images/ZoneLabelwithpic3-184x115.jpg HTTP/1.1" 200 5311 "-" "Googlebot-Image/1.0" "silverimagingcanada.com"
65.55.220.201 - - [08/Aug/2009:21:02:19 -0700] "GET /sitebuilder/images/Gay_DVR_Splash_Screen2-581x435.jpg HTTP/1.1" 200 25628 "-" "WinHttp" "www.silverimagingcanada.com"
58.61.164.41 - - [08/Aug/2009:21:03:00 -0700] "GET /robots.txt HTTP/1.1" 404 275 "http://www.silverimagingcanada.com/robots.txt" "Sosospider+(+http://help.soso.com/webspider.htm)" "www.silverimagingcanada.com"
66.249.65.229 - - [09/Aug/2009:00:17:03 -0700] "GET /robots.txt HTTP/1.1" 404 275 "-" "Googlebot-Image/1.0" "www.silverimagingcanada.com"
66.249.65.229 - - [09/Aug/2009:00:17:03 -0700] "GET /sitebuilder/images/IMG_1116-276x198.jpg HTTP/1.1" 200 10722 "-" "Googlebot-Image/1.0" "www.silverimagingcanada.com"
66.249.65.229 - - [09/Aug/2009:00:25:25 -0700] "GET /sitebuilder/images/IMG_1118-295x212.jpg HTTP/1.1" 200 13808 "-" "Googlebot-Image/1.0" "silverimagingcanada.com"
124.115.1.7 - - [09/Aug/2009:00:35:38 -0700] "GET / HTTP/1.1" 200 1739 "http://www.silverimagingcanada.com/" "Mozilla/4.0 (compatible; MSIE 6.0; Windows NT 5.1)" "www.silverimagingcanada.com"
58.61.164.40 - - [09/Aug/2009:00:40:40 -0700] "GET / HTTP/1.1" 200 1739 "http://www.silverimagingcanada.com/" "Mozilla/4.0 (compatible; MSIE 6.0; Windows NT 5.1)" "www.silverimagingcanada.com"
58.61.164.141 - - [09/Aug/2009:00:46:47 -0700] "GET / HTTP/1.1" 200 1739 "http://www.silverimagingcanada.com/" "Mozilla/4.0 (compatible; MSIE 6.0; Windows NT 5.1)" "www.silverimagingcanada.com"
58.61.164.39 - - [09/Aug/2009:01:09:51 -0700] "GET / HTTP/1.1" 200 1739 "http://www.silverimagingcanada.com/" "Mozilla/4.0 (compatible; MSIE 6.0; Windows NT 5.1)" "www.silverimagingcanada.com"
66.249.65.229 - - [09/Aug/2009:01:24:25 -0700] "GET /sitebuilder/images/camera2-3-223x132.jpg HTTP/1.1" 200 6411 "-" "Googlebot-Image/1.0" "silverimagingcanada.com"
58.61.164.140 - - [09/Aug/2009:01:44:15 -0700] "GET / HTTP/1.1" 200 1739 "http://www.silverimagingcanada.com/" "Mozilla/4.0 (compatible; MSIE 6.0; Windows NT 5.1)" "www.silverimagingcanada.com"
208.80.195.121 - - [09/Aug/2009:02:34:49 -0700] "GET / HTTP/1.0" 200 1723 "-" "Mozilla/4.0 (compatible; MSIE 6.0; Windows NT 5.1; FunWebProducts; BIGPOND_ADSL_42)" "silverimagingcanada.com"
124.115.1.8 - - [09/Aug/2009:03:03:44 -0700] "GET / HTTP/1.1" 200 1739 "http://www.silverimagingcanada.com/" "Mozilla/4.0 (compatible; MSIE 6.0; Windows NT 5.1)" "www.silverimagingcanada.com"
58.61.164.139 - - [09/Aug/2009:04:04:59 -0700] "GET / HTTP/1.1" 200 1739 "http://www.silverimagingcanada.com/" "Mozilla/4.0 (compatible; MSIE 6.0; Windows NT 5.1)" "www.silverimagingcanada.com"
208.80.195.47 - - [09/Aug/2009:14:42:43 -0700] "GET / HTTP/1.0" 200 1723 "-" "Mozilla/4.0 (compatible; MSIE 6.0; Windows NT 5.1; SV1; Mozilla/4.0(Compatible Mozilla/4.0(Compatible-EmbeddedWB 14.57 http://bsalsa.com/ EmbeddedWB- 14.57 from: http://bsalsa.com/ ; .NET CLR 1.1.4322; .NET CLR 2.0.50727)" "www.silverimagingcanada.com"
71.10.86.106 - - [09/Aug/2009:17:50:41 -0700] "GET /sitebuilder/images/IMG_1184-420x310.jpg HTTP/1.1" 200 30969 "http://dotheton.com/index.php?topic=1721.0" "Mozilla/4.0 (compatible; MSIE 8.0; Windows NT 5.1; Trident/4.0; GTB6; .NET CLR 1.1.4322; .NET CLR 2.0.50727)" "silverimagingcanada.com"
71.10.86.106 - - [09/Aug/2009:17:50:41 -0700] "GET /sitebuilder/images/img056-393x289.jpg HTTP/1.1" 200 20721 "http://dotheton.com/index.php?topic=1721.0" "Mozilla/4.0 (compatible; MSIE 8.0; Windows NT 5.1; Trident/4.0; GTB6; .NET CLR 1.1.4322; .NET CLR 2.0.50727)" "silverimagingcanada.com"
71.10.86.106 - - [09/Aug/2009:17:50:41 -0700] "GET /sitebuilder/images/img052-374x274.jpg HTTP/1.1" 200 18043 "http://dotheton.com/index.php?topic=1721.0" "Mozilla/4.0 (compatible; MSIE 8.0; Windows NT 5.1; Trident/4.0; GTB6; .NET CLR 1.1.4322; .NET CLR 2.0.50727)" "silverimagingcanada.com"
71.10.86.106 - - [09/Aug/2009:17:50:42 -0700] "GET /sitebuilder/images/IMG_0937-312x416.jpg HTTP/1.1" 200 20123 "http://dotheton.com/index.php?topic=1721.0" "Mozilla/4.0 (compatible; MSIE 8.0; Windows NT 5.1; Trident/4.0; GTB6; .NET CLR 1.1.4322; .NET CLR 2.0.50727)" "silverimagingcanada.com"
71.10.86.106 - - [09/Aug/2009:17:50:42 -0700] "GET /sitebuilder/images/IMG_0961-417x308.jpg HTTP/1.1" 200 11717 "http://dotheton.com/index.php?topic=1721.0" "Mozilla/4.0 (compatible; MSIE 8.0; Windows NT 5.1; Trident/4.0; GTB6; .NET CLR 1.1.4322; .NET CLR 2.0.50727)" "silverimagingcanada.com"
71.10.86.106 - - [09/Aug/2009:17:50:42 -0700] "GET /sitebuilder/images/IMG_0939-380x278.jpg HTTP/1.1" 200 15324 "http://dotheton.com/index.php?topic=1721.0" "Mozilla/4.0 (compatible; MSIE 8.0; Windows NT 5.1; Trident/4.0; GTB6; .NET CLR 1.1.4322; .NET CLR 2.0.50727)" "silverimagingcanada.com"
71.10.86.106 - - [09/Aug/2009:17:50:42 -0700] "GET /sitebuilder/images/img053-365x267.jpg HTTP/1.1" 200 19523 "http://dotheton.com/index.php?topic=1721.0" "Mozilla/4.0 (compatible; MSIE 8.0; Windows NT 5.1; Trident/4.0; GTB6; .NET CLR 1.1.4322; .NET CLR 2.0.50727)" "silverimagingcanada.com"
66.249.65.229 - - [09/Aug/2009:22:21:04 -0700] "GET /robots.txt HTTP/1.1" 404 275 "-" "Googlebot-Image/1.0" "silverimagingcanada.com"
66.249.65.229 - - [09/Aug/2009:22:21:05 -0700] "GET /sitebuilder/images/Cavcam_Brush4-179x261.jpg HTTP/1.1" 200 8423 "-" "Googlebot-Image/1.0" "silverimagingcanada.com"
65.55.220.201 - - [09/Aug/2009:22:43:19 -0700] "GET /sitebuilder/images/Gay_DVR_Splash_Screen2-581x435.jpg HTTP/1.1" 200 25628 "-" "WinHttp" "www.silverimagingcanada.com"
58.61.164.140 - - [09/Aug/2009:23:31:56 -0700] "GET / HTTP/1.1" 200 1739 "http://www.silverimagingcanada.com/" "Mozilla/4.0 (compatible; MSIE 6.0; Windows NT 5.1)" "www.silverimagingcanada.com"
58.61.164.41 - - [10/Aug/2009:00:49:15 -0700] "GET /robots.txt HTTP/1.1" 404 275 "http://www.silverimagingcanada.com/robots.txt" "Sosospider+(+http://help.soso.com/webspider.htm)" "www.silverimagingcanada.com"
124.115.1.8 - - [10/Aug/2009:01:00:30 -0700] "GET / HTTP/1.1" 200 1739 "http://www.silverimagingcanada.com/" "Mozilla/4.0 (compatible; MSIE 6.0; Windows NT 5.1)" "www.silverimagingcanada.com"
58.61.164.139 - - [10/Aug/2009:01:01:07 -0700] "GET / HTTP/1.1" 200 1739 "http://www.silverimagingcanada.com/" "Mozilla/4.0 (compatible; MSIE 6.0; Windows NT 5.1)" "www.silverimagingcanada.com"
208.80.195.47 - - [10/Aug/2009:01:21:23 -0700] "GET / HTTP/1.0" 200 1723 "-" "Mozilla/4.0 (compatible; MSIE 7.0; Windows NT 5.1; snprtz|S04635376401727; .NET CLR 1.1.4322)" "silverimagingcanada.com"
193.47.80.51 - - [10/Aug/2009:01:27:56 -0700] "GET /robots.txt HTTP/1.1" 404 275 "-" "Mozilla/5.0 (compatible; Exabot/3.0; +http://www.exabot.com/go/robot)" "www.silverimagingcanada.com"
193.47.80.51 - - [10/Aug/2009:01:27:56 -0700] "GET / HTTP/1.1" 200 1739 "-" "Mozilla/5.0 (compatible; Exabot/3.0; +http://www.exabot.com/go/robot)" "www.silverimagingcanada.com"
65.55.106.183 - - [10/Aug/2009:01:32:42 -0700] "GET /robots.txt HTTP/1.1" 404 275 "-" "msnbot/2.0b (+http://search.msn.com/msnbot.htm)" "silverimagingcanada.com"
65.55.106.183 - - [10/Aug/2009:01:52:35 -0700] "GET /?M=A HTTP/1.1" 200 1739 "-" "msnbot/2.0b (+http://search.msn.com/msnbot.htm)" "silverimagingcanada.com"
67.202.18.226 - - [10/Aug/2009:07:21:37 -0700] "GET / HTTP/1.1" 200 1739 "-" "Mozilla/4.0 (compatible; MSIE 6.0; Windows NT 5.0; .NET CLR 1.0.3705)" "silverimagingcanada.com"
122.173.195.138 - - [10/Aug/2009:12:55:53 -0700] "GET /contactus.html HTTP/1.1" 404 275 "-" "Mozilla/5.0 (Windows; U; Windows NT 5.1; en-US; rv:1.9.0.13) Gecko/2009073022 Firefox/3.0.13" "silverimagingcanada.com"
122.173.195.138 - - [10/Aug/2009:12:55:54 -0700] "GET /favicon.ico HTTP/1.1" 404 275 "-" "Mozilla/5.0 (Windows; U; Windows NT 5.1; en-US; rv:1.9.0.13) Gecko/2009073022 Firefox/3.0.13" "silverimagingcanada.com"
122.173.195.138 - - [10/Aug/2009:12:55:57 -0700] "GET /favicon.ico HTTP/1.1" 404 275 "-" "Mozilla/5.0 (Windows; U; Windows NT 5.1; en-US; rv:1.9.0.13) Gecko/2009073022 Firefox/3.0.13" "silverimagingcanada.com"
208.80.195.36 - - [10/Aug/2009:13:26:27 -0700] "GET / HTTP/1.0" 200 1723 "-" "Mozilla/4.0 (compatible; MSIE 7.0; Windows NT 5.1; SIMBAR={78C027BE-0056-472e-A103-EE85C2AD1FCF}; .NET CLR 1.1.4322; InfoPath.1; .NET CLR 2.0.50727; .NET CLR 3.0.04506.590; .NET CLR 3.5.20706)" "www.silverimagingcanada.com"
122.160.99.22 - - [10/Aug/2009:14:56:28 -0700] "GET /contactus.html HTTP/1.1" 404 275 "-" "Mozilla/5.0 (Windows; U; Windows NT 5.1; en-US; rv:1.9.0.13) Gecko/2009073022 Firefox/3.0.13" "www.silverimagingcanada.com"
122.160.99.22 - - [10/Aug/2009:14:56:32 -0700] "GET /favicon.ico HTTP/1.1" 404 275 "-" "Mozilla/5.0 (Windows; U; Windows NT 5.1; en-US; rv:1.9.0.13) Gecko/2009073022 Firefox/3.0.13" "www.silverimagingcanada.com"
122.160.99.22 - - [10/Aug/2009:14:56:33 -0700] "GET /favicon.ico HTTP/1.1" 404 275 "-" "Mozilla/5.0 (Windows; U; Windows NT 5.1; en-US; rv:1.9.0.13) Gecko/2009073022 Firefox/3.0.13" "www.silverimagingcanada.com"
122.160.99.22 - - [10/Aug/2009:15:04:40 -0700] "GET / HTTP/1.1" 200 1739 "-" "Mozilla/5.0 (Windows; U; Windows NT 5.1; en-US; rv:1.9.0.13) Gecko/2009073022 Firefox/3.0.13" "www.silverimagingcanada.com"
77.88.25.27 - - [10/Aug/2009:18:12:45 -0700] "GET /robots.txt HTTP/1.1" 404 275 "-" "Yandex/1.01.001 (compatible; Win16; I)" "www.silverimagingcanada.com"
65.55.220.201 - - [10/Aug/2009:20:49:24 -0700] "GET /sitebuilder/images/Gay_DVR_Splash_Screen2-581x435.jpg HTTP/1.1" 200 25628 "-" "WinHttp" "www.silverimagingcanada.com"
77.88.25.27 - - [10/Aug/2009:22:19:05 -0700] "GET / HTTP/1.1" 200 1739 "-" "Yandex/1.01.001 (compatible; Win16; I)" "www.silverimagingcanada.com"
208.80.195.55 - - [11/Aug/2009:00:03:53 -0700] "GET / HTTP/1.0" 200 1723 "-" "Mozilla/4.0 (compatible; MSIE 7.0; Windows NT 5.1; .NET CLR 1.1.4322; .NET CLR 2.0.50727; InfoPath.2; InfoPath.1; .NET CLR 3.0.04506.30)" "silverimagingcanada.com"
58.61.164.41 - - [11/Aug/2009:04:34:55 -0700] "GET /robots.txt HTTP/1.1" 404 275 "http://www.silverimagingcanada.com/robots.txt" "Sosospider+(+http://help.soso.com/webspider.htm)" "www.silverimagingcanada.com"
65.55.106.114 - - [11/Aug/2009:05:41:11 -0700] "GET /robots.txt HTTP/1.1" 404 275 "-" "msnbot/2.0b (+http://search.msn.com/msnbot.htm)" "silverimagingcanada.com"
65.55.106.114 - - [11/Aug/2009:05:45:08 -0700] "GET /tmp/ HTTP/1.1" 200 520 "-" "msnbot/2.0b (+http://search.msn.com/msnbot.htm)" "silverimagingcanada.com"
66.210.132.134 - - [11/Aug/2009:07:25:12 -0700] "GET /sitebuilder/images/img056-393x289.jpg HTTP/1.1" 200 20721 "http://dotheton.com/index.php?topic=1721.0" "Mozilla/5.0 (Windows; U; Windows NT 5.1; en-US; rv:1.9.1) Gecko/20090624 Firefox/3.5" "silverimagingcanada.com"
66.210.132.134 - - [11/Aug/2009:07:25:14 -0700] "GET /sitebuilder/images/IMG_1184-420x310.jpg HTTP/1.0" 200 30969 "http://dotheton.com/index.php?topic=1721.0" "Mozilla/5.0 (Windows; U; Windows NT 5.1; en-US; rv:1.9.1) Gecko/20090624 Firefox/3.5" "silverimagingcanada.com"
66.210.132.134 - - [11/Aug/2009:07:25:14 -0700] "GET /sitebuilder/images/img053-365x267.jpg HTTP/1.0" 200 19523 "http://dotheton.com/index.php?topic=1721.0" "Mozilla/5.0 (Windows; U; Windows NT 5.1; en-US; rv:1.9.1) Gecko/20090624 Firefox/3.5" "silverimagingcanada.com"
66.210.132.134 - - [11/Aug/2009:07:25:14 -0700] "GET /sitebuilder/images/IMG_0937-312x416.jpg HTTP/1.0" 200 20123 "http://dotheton.com/index.php?topic=1721.0" "Mozilla/5.0 (Windows; U; Windows NT 5.1; en-US; rv:1.9.1) Gecko/20090624 Firefox/3.5" "silverimagingcanada.com"
66.210.132.134 - - [11/Aug/2009:07:25:14 -0700] "GET /sitebuilder/images/IMG_0961-417x308.jpg HTTP/1.0" 200 11717 "http://dotheton.com/index.php?topic=1721.0" "Mozilla/5.0 (Windows; U; Windows NT 5.1; en-US; rv:1.9.1) Gecko/20090624 Firefox/3.5" "silverimagingcanada.com"
