124.184.171.179 - - [29/Jul/2009:06:04:41 -0700] "GET /sitebuilder/images/IMG_0937-312x416.jpg HTTP/1.1" 200 20123 "http://dotheton.com/index.php?topic=1721.0" "Mozilla/5.0 (Windows; U; Windows NT 5.1; en-US; rv:1.9.0.12) Gecko/2009070611 Firefox/3.0.12" "silverimagingcanada.com"
124.184.171.179 - - [29/Jul/2009:06:04:41 -0700] "GET /sitebuilder/images/IMG_0939-380x278.jpg HTTP/1.1" 200 15324 "http://dotheton.com/index.php?topic=1721.0" "Mozilla/5.0 (Windows; U; Windows NT 5.1; en-US; rv:1.9.0.12) Gecko/2009070611 Firefox/3.0.12" "silverimagingcanada.com"
124.184.171.179 - - [29/Jul/2009:06:04:42 -0700] "GET /sitebuilder/images/IMG_0961-417x308.jpg HTTP/1.1" 200 11717 "http://dotheton.com/index.php?topic=1721.0" "Mozilla/5.0 (Windows; U; Windows NT 5.1; en-US; rv:1.9.0.12) Gecko/2009070611 Firefox/3.0.12" "silverimagingcanada.com"
124.184.171.179 - - [29/Jul/2009:06:08:01 -0700] "GET /sitebuilder/images/img129-405x298.jpg HTTP/1.1" 200 17041 "http://dotheton.com/index.php?PHPSESSID=129cbd40e8e53b9d0ca29d0e2b9d0d5b&topic=1721.15" "Mozilla/5.0 (Windows; U; Windows NT 5.1; en-US; rv:1.9.0.12) Gecko/2009070611 Firefox/3.0.12" "silverimagingcanada.com"
124.184.171.179 - - [29/Jul/2009:06:08:01 -0700] "GET /sitebuilder/images/IMG_1272-351x257.jpg HTTP/1.1" 200 23815 "http://dotheton.com/index.php?PHPSESSID=129cbd40e8e53b9d0ca29d0e2b9d0d5b&topic=1721.15" "Mozilla/5.0 (Windows; U; Windows NT 5.1; en-US; rv:1.9.0.12) Gecko/2009070611 Firefox/3.0.12" "silverimagingcanada.com"
124.184.171.179 - - [29/Jul/2009:06:08:01 -0700] "GET /sitebuilder/images/IMG_1288-451x334.jpg HTTP/1.1" 200 25996 "http://dotheton.com/index.php?PHPSESSID=129cbd40e8e53b9d0ca29d0e2b9d0d5b&topic=1721.15" "Mozilla/5.0 (Windows; U; Windows NT 5.1; en-US; rv:1.9.0.12) Gecko/2009070611 Firefox/3.0.12" "silverimagingcanada.com"
124.184.171.179 - - [29/Jul/2009:06:08:01 -0700] "GET /sitebuilder/images/IMG_1276-406x299.jpg HTTP/1.1" 200 31845 "http://dotheton.com/index.php?PHPSESSID=129cbd40e8e53b9d0ca29d0e2b9d0d5b&topic=1721.15" "Mozilla/5.0 (Windows; U; Windows NT 5.1; en-US; rv:1.9.0.12) Gecko/2009070611 Firefox/3.0.12" "silverimagingcanada.com"
124.184.171.179 - - [29/Jul/2009:06:10:59 -0700] "GET /sitebuilder/images/img138-399x293.jpg HTTP/1.1" 200 24204 "http://dotheton.com/index.php?topic=1721.30" "Mozilla/5.0 (Windows; U; Windows NT 5.1; en-US; rv:1.9.0.12) Gecko/2009070611 Firefox/3.0.12" "silverimagingcanada.com"
124.184.171.179 - - [29/Jul/2009:06:10:59 -0700] "GET /sitebuilder/images/img1412-430x317.jpg HTTP/1.1" 200 28270 "http://dotheton.com/index.php?topic=1721.30" "Mozilla/5.0 (Windows; U; Windows NT 5.1; en-US; rv:1.9.0.12) Gecko/2009070611 Firefox/3.0.12" "silverimagingcanada.com"
124.184.171.179 - - [29/Jul/2009:06:10:59 -0700] "GET /sitebuilder/images/img144-352x257.jpg HTTP/1.1" 200 12721 "http://dotheton.com/index.php?topic=1721.30" "Mozilla/5.0 (Windows; U; Windows NT 5.1; en-US; rv:1.9.0.12) Gecko/2009070611 Firefox/3.0.12" "silverimagingcanada.com"
124.184.171.179 - - [29/Jul/2009:06:10:59 -0700] "GET /sitebuilder/images/img135-317x428.jpg HTTP/1.1" 200 25396 "http://dotheton.com/index.php?topic=1721.30" "Mozilla/5.0 (Windows; U; Windows NT 5.1; en-US; rv:1.9.0.12) Gecko/2009070611 Firefox/3.0.12" "silverimagingcanada.com"
124.184.171.179 - - [29/Jul/2009:06:10:59 -0700] "GET /sitebuilder/images/tank1-257x350.jpg HTTP/1.1" 200 11565 "http://dotheton.com/index.php?topic=1721.30" "Mozilla/5.0 (Windows; U; Windows NT 5.1; en-US; rv:1.9.0.12) Gecko/2009070611 Firefox/3.0.12" "silverimagingcanada.com"
124.184.171.179 - - [29/Jul/2009:06:10:59 -0700] "GET /sitebuilder/images/tank2-272x195.jpg HTTP/1.1" 200 7366 "http://dotheton.com/index.php?topic=1721.30" "Mozilla/5.0 (Windows; U; Windows NT 5.1; en-US; rv:1.9.0.12) Gecko/2009070611 Firefox/3.0.12" "silverimagingcanada.com"
66.249.72.74 - - [29/Jul/2009:06:13:05 -0700] "GET /sitebuilder/images/IMG_1117-291x210.jpg HTTP/1.1" 200 13036 "-" "Googlebot-Image/1.0" "silverimagingcanada.com"
66.249.72.74 - - [29/Jul/2009:08:22:42 -0700] "GET /sitebuilder/images/IMG_1115-278x200.jpg HTTP/1.1" 200 11449 "-" "Googlebot-Image/1.0" "silverimagingcanada.com"
58.61.164.41 - - [29/Jul/2009:12:11:46 -0700] "GET /robots.txt HTTP/1.1" 404 275 "http://www.silverimagingcanada.com/robots.txt" "Sosospider+(+http://help.soso.com/webspider.htm)" "www.silverimagingcanada.com"
208.180.158.162 - - [29/Jul/2009:13:05:38 -0700] "GET /sitebuilder/images/IMG_1184-420x310.jpg HTTP/1.0" 200 30969 "-" "Mozilla/5.0 (Windows; U; Windows NT 5.1; en-US; rv:1.8.1.19) Gecko/20081201 Firefox/2.0.0.19 (.NET CLR 3.5.30729)" "silverimagingcanada.com"
208.80.195.41 - - [29/Jul/2009:15:43:35 -0700] "GET / HTTP/1.0" 200 1723 "-" "Mozilla/4.0 (compatible; MSIE 6.0; Windows 98; Win 9x 4.90; FunWebProducts; .NET CLR 1.1.4322; MSN 9.0;MSN 9.1; MSNbMSNI; MSNmen-us; MSNcOTH)" "silverimagingcanada.com"
70.113.50.171 - - [29/Jul/2009:18:06:37 -0700] "GET /sitebuilder/images/IMG_0419-240x321.jpg HTTP/1.1" 200 23573 "http://dotheton.com/index.php?topic=3172.0" "Mozilla/4.0 (compatible; MSIE 6.0; Windows NT 5.0; (R1 1.5))" "silverimagingcanada.com"
65.55.220.196 - - [29/Jul/2009:20:13:03 -0700] "GET /sitebuilder/images/Gay_DVR_Splash_Screen2-581x435.jpg HTTP/1.1" 200 25628 "-" "WinHttp" "www.silverimagingcanada.com"
76.125.27.22 - - [29/Jul/2009:20:57:51 -0700] "GET /sitebuilder/images/IMG_1184-420x310.jpg HTTP/1.1" 200 30969 "http://dotheton.com/index.php?topic=1721.0" "Mozilla/4.0 (compatible; MSIE 7.0; Windows NT 6.0; SLCC1; .NET CLR 2.0.50727; Media Center PC 5.0; .NET CLR 3.5.30729; .NET CLR 3.0.30618)" "silverimagingcanada.com"
76.125.27.22 - - [29/Jul/2009:20:57:51 -0700] "GET /sitebuilder/images/img053-365x267.jpg HTTP/1.1" 200 19523 "http://dotheton.com/index.php?topic=1721.0" "Mozilla/4.0 (compatible; MSIE 7.0; Windows NT 6.0; SLCC1; .NET CLR 2.0.50727; Media Center PC 5.0; .NET CLR 3.5.30729; .NET CLR 3.0.30618)" "silverimagingcanada.com"
76.125.27.22 - - [29/Jul/2009:20:57:51 -0700] "GET /sitebuilder/images/img052-374x274.jpg HTTP/1.1" 200 18043 "http://dotheton.com/index.php?topic=1721.0" "Mozilla/4.0 (compatible; MSIE 7.0; Windows NT 6.0; SLCC1; .NET CLR 2.0.50727; Media Center PC 5.0; .NET CLR 3.5.30729; .NET CLR 3.0.30618)" "silverimagingcanada.com"
76.125.27.22 - - [29/Jul/2009:20:57:52 -0700] "GET /sitebuilder/images/img056-393x289.jpg HTTP/1.1" 200 20721 "http://dotheton.com/index.php?topic=1721.0" "Mozilla/4.0 (compatible; MSIE 7.0; Windows NT 6.0; SLCC1; .NET CLR 2.0.50727; Media Center PC 5.0; .NET CLR 3.5.30729; .NET CLR 3.0.30618)" "silverimagingcanada.com"
76.125.27.22 - - [29/Jul/2009:20:57:52 -0700] "GET /sitebuilder/images/IMG_0937-312x416.jpg HTTP/1.1" 200 20123 "http://dotheton.com/index.php?topic=1721.0" "Mozilla/4.0 (compatible; MSIE 7.0; Windows NT 6.0; SLCC1; .NET CLR 2.0.50727; Media Center PC 5.0; .NET CLR 3.5.30729; .NET CLR 3.0.30618)" "silverimagingcanada.com"
76.125.27.22 - - [29/Jul/2009:20:57:53 -0700] "GET /sitebuilder/images/IMG_0939-380x278.jpg HTTP/1.1" 200 15324 "http://dotheton.com/index.php?topic=1721.0" "Mozilla/4.0 (compatible; MSIE 7.0; Windows NT 6.0; SLCC1; .NET CLR 2.0.50727; Media Center PC 5.0; .NET CLR 3.5.30729; .NET CLR 3.0.30618)" "silverimagingcanada.com"
76.125.27.22 - - [29/Jul/2009:20:57:54 -0700] "GET /sitebuilder/images/IMG_0961-417x308.jpg HTTP/1.1" 200 11717 "http://dotheton.com/index.php?topic=1721.0" "Mozilla/4.0 (compatible; MSIE 7.0; Windows NT 6.0; SLCC1; .NET CLR 2.0.50727; Media Center PC 5.0; .NET CLR 3.5.30729; .NET CLR 3.0.30618)" "silverimagingcanada.com"
74.6.149.78 - - [29/Jul/2009:21:09:14 -0700] "GET /robots.txt HTTP/1.0" 404 275 "-" "Mozilla/5.0 (Yahoo-MMCrawler/4.0; mailto:vertical-crawl-support@yahoo-inc.com)" "www.silverimagingcanada.com"
74.6.149.78 - - [29/Jul/2009:21:09:14 -0700] "GET /sitebuilder/images/S4020060-433x320.jpg HTTP/1.0" 200 10871 "-" "Mozilla/5.0 (Yahoo-MMCrawler/4.0; mailto:vertical-crawl-support@yahoo-inc.com)" "www.silverimagingcanada.com"
58.61.164.39 - - [30/Jul/2009:00:18:12 -0700] "GET / HTTP/1.1" 200 1739 "http://www.silverimagingcanada.com/" "Mozilla/4.0 (compatible; MSIE 6.0; Windows NT 5.1)" "www.silverimagingcanada.com"
58.61.164.140 - - [30/Jul/2009:00:18:33 -0700] "GET / HTTP/1.1" 200 1739 "http://www.silverimagingcanada.com/" "Mozilla/4.0 (compatible; MSIE 6.0; Windows NT 5.1)" "www.silverimagingcanada.com"
58.61.164.141 - - [30/Jul/2009:00:42:21 -0700] "GET / HTTP/1.1" 200 1739 "http://www.silverimagingcanada.com/" "Mozilla/4.0 (compatible; MSIE 6.0; Windows NT 5.1)" "www.silverimagingcanada.com"
74.6.149.78 - - [30/Jul/2009:00:49:35 -0700] "GET /sitebuilder/images/ZAwithbox-292x178.jpg HTTP/1.0" 200 6026 "-" "Mozilla/5.0 (Yahoo-MMCrawler/4.0; mailto:vertical-crawl-support@yahoo-inc.com)" "www.silverimagingcanada.com"
124.115.1.7 - - [30/Jul/2009:00:56:55 -0700] "GET / HTTP/1.1" 200 1739 "http://www.silverimagingcanada.com/" "Mozilla/4.0 (compatible; MSIE 6.0; Windows NT 5.1)" "www.silverimagingcanada.com"
58.61.164.40 - - [30/Jul/2009:00:59:11 -0700] "GET / HTTP/1.1" 200 1739 "http://www.silverimagingcanada.com/" "Mozilla/4.0 (compatible; MSIE 6.0; Windows NT 5.1)" "www.silverimagingcanada.com"
144.136.114.80 - - [30/Jul/2009:01:06:28 -0700] "GET /sitebuilder/images/IMG_1184-420x310.jpg HTTP/1.1" 200 30969 "http://dotheton.com/index.php?topic=1721.0" "Mozilla/5.0 (Windows; U; Windows NT 6.0; en-US; rv:1.9.0.12) Gecko/2009070611 Firefox/3.0.12 (.NET CLR 3.5.30729)" "silverimagingcanada.com"
144.136.114.80 - - [30/Jul/2009:01:06:28 -0700] "GET /sitebuilder/images/img053-365x267.jpg HTTP/1.1" 200 19523 "http://dotheton.com/index.php?topic=1721.0" "Mozilla/5.0 (Windows; U; Windows NT 6.0; en-US; rv:1.9.0.12) Gecko/2009070611 Firefox/3.0.12 (.NET CLR 3.5.30729)" "silverimagingcanada.com"
144.136.114.80 - - [30/Jul/2009:01:06:29 -0700] "GET /sitebuilder/images/img056-393x289.jpg HTTP/1.1" 200 20721 "http://dotheton.com/index.php?topic=1721.0" "Mozilla/5.0 (Windows; U; Windows NT 6.0; en-US; rv:1.9.0.12) Gecko/2009070611 Firefox/3.0.12 (.NET CLR 3.5.30729)" "silverimagingcanada.com"
144.136.114.80 - - [30/Jul/2009:01:06:29 -0700] "GET /sitebuilder/images/IMG_0939-380x278.jpg HTTP/1.1" 200 15324 "http://dotheton.com/index.php?topic=1721.0" "Mozilla/5.0 (Windows; U; Windows NT 6.0; en-US; rv:1.9.0.12) Gecko/2009070611 Firefox/3.0.12 (.NET CLR 3.5.30729)" "silverimagingcanada.com"
144.136.114.80 - - [30/Jul/2009:01:06:30 -0700] "GET /sitebuilder/images/IMG_0961-417x308.jpg HTTP/1.1" 200 11717 "http://dotheton.com/index.php?topic=1721.0" "Mozilla/5.0 (Windows; U; Windows NT 6.0; en-US; rv:1.9.0.12) Gecko/2009070611 Firefox/3.0.12 (.NET CLR 3.5.30729)" "silverimagingcanada.com"
114.80.93.71 - - [30/Jul/2009:02:31:54 -0700] "GET / HTTP/1.1" 200 1739 "http://www.silverimagingcanada.com/" "Mozilla/4.0 (compatible; MSIE 6.0; Windows NT 5.1)" "www.silverimagingcanada.com"
124.115.1.8 - - [30/Jul/2009:02:57:50 -0700] "GET / HTTP/1.1" 200 1739 "http://www.silverimagingcanada.com/" "Mozilla/4.0 (compatible; MSIE 6.0; Windows NT 5.1)" "www.silverimagingcanada.com"
208.80.195.33 - - [30/Jul/2009:03:07:48 -0700] "GET / HTTP/1.0" 200 1723 "-" "Mozilla/4.0 (compatible; MSIE 6.0; Windows NT 5.1; SV1; AdminIE; .NET CLR 1.1.4322; .NET CLR 2.0.50727)" "www.silverimagingcanada.com"
74.6.149.78 - - [30/Jul/2009:03:34:09 -0700] "GET /sitebuilder/images/Captured_2005-6-7_00001-265x188.jpg HTTP/1.0" 200 4803 "-" "Mozilla/5.0 (Yahoo-MMCrawler/4.0; mailto:vertical-crawl-support@yahoo-inc.com)" "www.silverimagingcanada.com"
66.249.65.229 - - [30/Jul/2009:04:20:23 -0700] "GET /robots.txt HTTP/1.1" 404 275 "-" "Googlebot-Image/1.0" "silverimagingcanada.com"
66.249.65.229 - - [30/Jul/2009:04:20:23 -0700] "GET /sitebuilder/images/S4020063-290x368.jpg HTTP/1.1" 200 18483 "-" "Googlebot-Image/1.0" "silverimagingcanada.com"
58.61.164.139 - - [30/Jul/2009:05:06:43 -0700] "GET / HTTP/1.1" 200 1739 "http://www.silverimagingcanada.com/" "Mozilla/4.0 (compatible; MSIE 6.0; Windows NT 5.1)" "www.silverimagingcanada.com"
67.16.94.2 - - [30/Jul/2009:08:06:20 -0700] "GET /robots.txt HTTP/1.0" 404 275 "-" "Gigabot/3.0 (http://www.gigablast.com/spider.html)" "www.silverimagingcanada.com"
67.16.94.2 - - [30/Jul/2009:08:06:21 -0700] "GET / HTTP/1.0" 200 1723 "-" "Gigabot/3.0 (http://www.gigablast.com/spider.html)" "www.silverimagingcanada.com"
74.6.149.78 - - [30/Jul/2009:09:54:36 -0700] "GET /robots.txt HTTP/1.0" 404 275 "-" "Mozilla/5.0 (Yahoo-MMCrawler/4.0; mailto:vertical-crawl-support@yahoo-inc.com)" "www.silverimagingcanada.com"
74.6.149.78 - - [30/Jul/2009:09:54:36 -0700] "GET /sitebuilder/images/CADD1-248x159.jpg HTTP/1.0" 200 9416 "-" "Mozilla/5.0 (Yahoo-MMCrawler/4.0; mailto:vertical-crawl-support@yahoo-inc.com)" "www.silverimagingcanada.com"
74.6.149.101 - - [30/Jul/2009:11:19:19 -0700] "GET /robots.txt HTTP/1.0" 404 275 "-" "Mozilla/5.0 (Yahoo-MMCrawler/4.0; mailto:vertical-crawl-support@yahoo-inc.com)" "silverimagingcanada.com"
74.6.149.101 - - [30/Jul/2009:11:19:19 -0700] "GET /sitebuilder/images/IMG_1184-420x310.jpg HTTP/1.0" 200 30969 "-" "Mozilla/5.0 (Yahoo-MMCrawler/4.0; mailto:vertical-crawl-support@yahoo-inc.com)" "silverimagingcanada.com"
74.6.149.101 - - [30/Jul/2009:11:43:39 -0700] "GET /sitebuilder/images/img053-365x267.jpg HTTP/1.0" 200 19523 "-" "Mozilla/5.0 (Yahoo-MMCrawler/4.0; mailto:vertical-crawl-support@yahoo-inc.com)" "silverimagingcanada.com"
208.80.195.33 - - [30/Jul/2009:13:14:36 -0700] "GET / HTTP/1.0" 200 1723 "-" "Mozilla/4.0 (compatible; MSIE 6.0; Windows NT 5.1; SV1; snprtz|S88825490000017; InfoPath.1)" "silverimagingcanada.com"
74.6.149.101 - - [30/Jul/2009:14:57:09 -0700] "GET /sitebuilder/images/img056-393x289.jpg HTTP/1.0" 200 20721 "-" "Mozilla/5.0 (Yahoo-MMCrawler/4.0; mailto:vertical-crawl-support@yahoo-inc.com)" "silverimagingcanada.com"
65.55.220.196 - - [30/Jul/2009:19:21:57 -0700] "GET /sitebuilder/images/Gay_DVR_Splash_Screen2-581x435.jpg HTTP/1.1" 200 25628 "-" "WinHttp" "www.silverimagingcanada.com"
58.61.164.41 - - [30/Jul/2009:19:44:01 -0700] "GET /robots.txt HTTP/1.1" 404 275 "http://www.silverimagingcanada.com/robots.txt" "Sosospider+(+http://help.soso.com/webspider.htm)" "www.silverimagingcanada.com"
67.202.28.2 - - [30/Jul/2009:20:13:55 -0700] "GET / HTTP/1.0" 200 1723 "-" "Mozilla/5.0 (iPhone; U; CPU like Mac OS X; en) AppleWebKit/420+ (KHTML, like Gecko) Version/3.0 Mobile/1A543a Safari/419.3" "www.silverimagingcanada.com"
67.202.28.2 - - [30/Jul/2009:20:13:55 -0700] "GET /apple-touch-icon.png HTTP/1.0" 404 275 "-" "Mozilla/5.0 (iPhone; U; CPU like Mac OS X; en) AppleWebKit/420+ (KHTML, like Gecko) Version/3.0 Mobile/1A543a Safari/419.3" "www.silverimagingcanada.com"
67.202.28.2 - - [30/Jul/2009:20:13:55 -0700] "GET / HTTP/1.0" 200 1723 "-" "Mozilla/5.0 (iPhone; U; CPU like Mac OS X; en) AppleWebKit/420+ (KHTML, like Gecko) Version/3.0 Mobile/1A543a Safari/419.3" "silverimagingcanada.com"
67.202.28.2 - - [30/Jul/2009:20:13:57 -0700] "GET /apple-touch-icon.png HTTP/1.0" 404 275 "-" "Mozilla/5.0 (iPhone; U; CPU like Mac OS X; en) AppleWebKit/420+ (KHTML, like Gecko) Version/3.0 Mobile/1A543a Safari/419.3" "silverimagingcanada.com"
67.202.28.2 - - [30/Jul/2009:20:14:00 -0700] "GET /m/ HTTP/1.0" 404 275 "-" "Mozilla/5.0 (iPhone; U; CPU like Mac OS X; en) AppleWebKit/420+ (KHTML, like Gecko) Version/3.0 Mobile/1A543a Safari/419.3" "silverimagingcanada.com"
67.202.28.2 - - [30/Jul/2009:20:14:00 -0700] "GET /mobile/ HTTP/1.0" 404 275 "-" "Mozilla/5.0 (iPhone; U; CPU like Mac OS X; en) AppleWebKit/420+ (KHTML, like Gecko) Version/3.0 Mobile/1A543a Safari/419.3" "silverimagingcanada.com"
67.202.28.2 - - [30/Jul/2009:20:14:00 -0700] "GET /mobi/ HTTP/1.0" 404 275 "-" "Mozilla/5.0 (iPhone; U; CPU like Mac OS X; en) AppleWebKit/420+ (KHTML, like Gecko) Version/3.0 Mobile/1A543a Safari/419.3" "silverimagingcanada.com"
67.202.28.2 - - [30/Jul/2009:20:14:14 -0700] "GET /iphone/ HTTP/1.0" 404 275 "-" "Mozilla/5.0 (iPhone; U; CPU like Mac OS X; en) AppleWebKit/420+ (KHTML, like Gecko) Version/3.0 Mobile/1A543a Safari/419.3" "silverimagingcanada.com"
67.202.28.2 - - [30/Jul/2009:20:14:14 -0700] "GET /pda/ HTTP/1.0" 404 275 "-" "Mozilla/5.0 (iPhone; U; CPU like Mac OS X; en) AppleWebKit/420+ (KHTML, like Gecko) Version/3.0 Mobile/1A543a Safari/419.3" "silverimagingcanada.com"
67.202.28.2 - - [30/Jul/2009:20:14:15 -0700] "GET /m/ HTTP/1.0" 404 275 "-" "Mozilla/5.0 (iPhone; U; CPU like Mac OS X; en) AppleWebKit/420+ (KHTML, like Gecko) Version/3.0 Mobile/1A543a Safari/419.3" "www.silverimagingcanada.com"
67.202.28.2 - - [30/Jul/2009:20:14:16 -0700] "GET /mobile/ HTTP/1.0" 404 275 "-" "Mozilla/5.0 (iPhone; U; CPU like Mac OS X; en) AppleWebKit/420+ (KHTML, like Gecko) Version/3.0 Mobile/1A543a Safari/419.3" "www.silverimagingcanada.com"
67.202.28.2 - - [30/Jul/2009:20:14:19 -0700] "GET /mobi/ HTTP/1.0" 404 275 "-" "Mozilla/5.0 (iPhone; U; CPU like Mac OS X; en) AppleWebKit/420+ (KHTML, like Gecko) Version/3.0 Mobile/1A543a Safari/419.3" "www.silverimagingcanada.com"
67.202.28.2 - - [30/Jul/2009:20:14:20 -0700] "GET /iphone/ HTTP/1.0" 404 275 "-" "Mozilla/5.0 (iPhone; U; CPU like Mac OS X; en) AppleWebKit/420+ (KHTML, like Gecko) Version/3.0 Mobile/1A543a Safari/419.3" "www.silverimagingcanada.com"
67.202.28.2 - - [30/Jul/2009:20:14:25 -0700] "GET /pda/ HTTP/1.0" 404 275 "-" "Mozilla/5.0 (iPhone; U; CPU like Mac OS X; en) AppleWebKit/420+ (KHTML, like Gecko) Version/3.0 Mobile/1A543a Safari/419.3" "www.silverimagingcanada.com"
74.6.149.101 - - [30/Jul/2009:20:30:38 -0700] "GET /sitebuilder/images/IMG_0939-380x278.jpg HTTP/1.0" 200 15324 "-" "Mozilla/5.0 (Yahoo-MMCrawler/4.0; mailto:vertical-crawl-support@yahoo-inc.com)" "silverimagingcanada.com"
74.6.149.101 - - [30/Jul/2009:21:30:30 -0700] "GET /sitebuilder/images/IMG_0937-312x416.jpg HTTP/1.0" 200 20123 "-" "Mozilla/5.0 (Yahoo-MMCrawler/4.0; mailto:vertical-crawl-support@yahoo-inc.com)" "silverimagingcanada.com"
74.6.149.101 - - [30/Jul/2009:21:45:17 -0700] "GET /sitebuilder/images/img052-374x274.jpg HTTP/1.0" 200 18043 "-" "Mozilla/5.0 (Yahoo-MMCrawler/4.0; mailto:vertical-crawl-support@yahoo-inc.com)" "silverimagingcanada.com"
208.80.195.36 - - [31/Jul/2009:00:34:21 -0700] "GET / HTTP/1.0" 200 1723 "-" "Mozilla/4.0 (compatible; MSIE 6.0; Windows NT 5.1; SV1; Overture; SIMBAR Enabled)" "www.silverimagingcanada.com"
74.6.149.101 - - [31/Jul/2009:02:08:42 -0700] "GET /sitebuilder/images/IMG_0961-417x308.jpg HTTP/1.0" 200 11717 "-" "Mozilla/5.0 (Yahoo-MMCrawler/4.0; mailto:vertical-crawl-support@yahoo-inc.com)" "silverimagingcanada.com"
66.249.65.229 - - [31/Jul/2009:03:34:00 -0700] "GET /sitebuilder/images/Picture_003-217x152.jpg HTTP/1.1" 200 6174 "-" "Googlebot-Image/1.0" "silverimagingcanada.com"
66.235.124.17 - - [31/Jul/2009:05:22:10 -0700] "GET /robots.txt HTTP/1.1" 404 275 "-" "Mozilla/5.0 (compatible; Ask Jeeves/Teoma; +http://about.ask.com/en/docs/about/webmasters.shtml)" "silverimagingcanada.com"
66.235.124.17 - - [31/Jul/2009:05:22:10 -0700] "GET / HTTP/1.1" 200 1739 "-" "Mozilla/5.0 (compatible; Ask Jeeves/Teoma; +http://about.ask.com/en/docs/about/webmasters.shtml)" "silverimagingcanada.com"
72.30.79.114 - - [31/Jul/2009:07:02:15 -0700] "GET / HTTP/1.0" 200 1723 "-" "Mozilla/5.0 (compatible; Yahoo! Slurp/3.0; http://help.yahoo.com/help/us/ysearch/slurp)" "www.silverimagingcanada.com"
58.61.164.40 - - [31/Jul/2009:10:04:53 -0700] "GET / HTTP/1.1" 200 1739 "http://www.silverimagingcanada.com/" "Mozilla/4.0 (compatible; MSIE 6.0; Windows NT 5.1)" "www.silverimagingcanada.com"
58.61.164.141 - - [31/Jul/2009:10:10:56 -0700] "GET / HTTP/1.1" 200 1739 "http://www.silverimagingcanada.com/" "Mozilla/4.0 (compatible; MSIE 6.0; Windows NT 5.1)" "www.silverimagingcanada.com"
79.146.37.203 - - [31/Jul/2009:10:13:44 -0700] "GET /sitebuilder/images/IMG_1184-420x310.jpg HTTP/1.0" 200 30969 "http://dotheton.com/index.php?topic=1721.0" "Mozilla/4.0 (compatible; MSIE 7.0; Windows NT 5.1; .NET CLR 1.1.4322; .NET CLR 2.0.50727; WinuE v6; WinuE v6)" "silverimagingcanada.com"
79.146.37.203 - - [31/Jul/2009:10:13:45 -0700] "GET /sitebuilder/images/IMG_0961-417x308.jpg HTTP/1.1" 200 11717 "http://dotheton.com/index.php?topic=1721.0" "Mozilla/4.0 (compatible; MSIE 7.0; Windows NT 5.1; .NET CLR 1.1.4322; .NET CLR 2.0.50727; WinuE v6; WinuE v6)" "silverimagingcanada.com"
79.146.37.203 - - [31/Jul/2009:10:13:45 -0700] "GET /sitebuilder/images/IMG_0937-312x416.jpg HTTP/1.1" 200 20123 "http://dotheton.com/index.php?topic=1721.0" "Mozilla/4.0 (compatible; MSIE 7.0; Windows NT 5.1; .NET CLR 1.1.4322; .NET CLR 2.0.50727; WinuE v6; WinuE v6)" "silverimagingcanada.com"
79.146.37.203 - - [31/Jul/2009:10:13:45 -0700] "GET /sitebuilder/images/IMG_0939-380x278.jpg HTTP/1.1" 200 15324 "http://dotheton.com/index.php?topic=1721.0" "Mozilla/4.0 (compatible; MSIE 7.0; Windows NT 5.1; .NET CLR 1.1.4322; .NET CLR 2.0.50727; WinuE v6; WinuE v6)" "silverimagingcanada.com"
79.146.37.203 - - [31/Jul/2009:10:23:10 -0700] "GET /sitebuilder/images/img129-405x298.jpg HTTP/1.1" 200 17041 "http://dotheton.com/index.php?topic=1721.15" "Mozilla/4.0 (compatible; MSIE 7.0; Windows NT 5.1; .NET CLR 1.1.4322; .NET CLR 2.0.50727; WinuE v6; WinuE v6)" "silverimagingcanada.com"
79.146.37.203 - - [31/Jul/2009:10:26:03 -0700] "GET /sitebuilder/images/img138-399x293.jpg HTTP/1.1" 200 24204 "http://dotheton.com/index.php?topic=1721.30" "Mozilla/4.0 (compatible; MSIE 7.0; Windows NT 5.1; .NET CLR 1.1.4322; .NET CLR 2.0.50727; WinuE v6; WinuE v6)" "silverimagingcanada.com"
79.146.37.203 - - [31/Jul/2009:10:26:03 -0700] "GET /sitebuilder/images/img144-352x257.jpg HTTP/1.1" 200 12721 "http://dotheton.com/index.php?topic=1721.30" "Mozilla/4.0 (compatible; MSIE 7.0; Windows NT 5.1; .NET CLR 1.1.4322; .NET CLR 2.0.50727; WinuE v6; WinuE v6)" "silverimagingcanada.com"
79.146.37.203 - - [31/Jul/2009:10:26:03 -0700] "GET /sitebuilder/images/img1412-430x317.jpg HTTP/1.1" 200 28270 "http://dotheton.com/index.php?topic=1721.30" "Mozilla/4.0 (compatible; MSIE 7.0; Windows NT 5.1; .NET CLR 1.1.4322; .NET CLR 2.0.50727; WinuE v6; WinuE v6)" "silverimagingcanada.com"
79.146.37.203 - - [31/Jul/2009:10:26:03 -0700] "GET /sitebuilder/images/img135-317x428.jpg HTTP/1.1" 200 25396 "http://dotheton.com/index.php?topic=1721.30" "Mozilla/4.0 (compatible; MSIE 7.0; Windows NT 5.1; .NET CLR 1.1.4322; .NET CLR 2.0.50727; WinuE v6; WinuE v6)" "silverimagingcanada.com"
79.146.37.203 - - [31/Jul/2009:10:26:05 -0700] "GET /sitebuilder/images/tank1-257x350.jpg HTTP/1.1" 200 11565 "http://dotheton.com/index.php?topic=1721.30" "Mozilla/4.0 (compatible; MSIE 7.0; Windows NT 5.1; .NET CLR 1.1.4322; .NET CLR 2.0.50727; WinuE v6; WinuE v6)" "silverimagingcanada.com"
79.146.37.203 - - [31/Jul/2009:10:26:05 -0700] "GET /sitebuilder/images/tank2-272x195.jpg HTTP/1.1" 200 7366 "http://dotheton.com/index.php?topic=1721.30" "Mozilla/4.0 (compatible; MSIE 7.0; Windows NT 5.1; .NET CLR 1.1.4322; .NET CLR 2.0.50727; WinuE v6; WinuE v6)" "silverimagingcanada.com"
208.80.195.39 - - [31/Jul/2009:10:31:51 -0700] "GET / HTTP/1.0" 200 1723 "-" "Mozilla/4.0 (compatible; MSIE 7.0; Windows NT 5.1; FunWebProducts; InfoPath.2; .NET CLR 2.0.50727)" "silverimagingcanada.com"
58.61.164.39 - - [31/Jul/2009:10:34:15 -0700] "GET / HTTP/1.1" 200 1739 "http://www.silverimagingcanada.com/" "Mozilla/4.0 (compatible; MSIE 6.0; Windows NT 5.1)" "www.silverimagingcanada.com"
58.61.164.140 - - [31/Jul/2009:11:13:05 -0700] "GET / HTTP/1.1" 200 1739 "http://www.silverimagingcanada.com/" "Mozilla/4.0 (compatible; MSIE 6.0; Windows NT 5.1)" "www.silverimagingcanada.com"
193.47.80.51 - - [31/Jul/2009:11:24:02 -0700] "GET /robots.txt HTTP/1.1" 404 275 "-" "Mozilla/5.0 (compatible; Exabot/3.0; +http://www.exabot.com/go/robot)" "www.silverimagingcanada.com"
193.47.80.51 - - [31/Jul/2009:11:24:02 -0700] "GET / HTTP/1.1" 200 1739 "-" "Mozilla/5.0 (compatible; Exabot/3.0; +http://www.exabot.com/go/robot)" "www.silverimagingcanada.com"
66.249.65.229 - - [31/Jul/2009:11:47:01 -0700] "GET /sitebuilder/images/IMG_1106-294x211.jpg HTTP/1.1" 200 13541 "-" "Googlebot-Image/1.0" "silverimagingcanada.com"
124.115.1.8 - - [31/Jul/2009:12:50:26 -0700] "GET / HTTP/1.1" 200 1739 "http://www.silverimagingcanada.com/" "Mozilla/4.0 (compatible; MSIE 6.0; Windows NT 5.1)" "www.silverimagingcanada.com"
58.61.164.139 - - [31/Jul/2009:15:14:49 -0700] "GET / HTTP/1.1" 200 1739 "http://www.silverimagingcanada.com/" "Mozilla/4.0 (compatible; MSIE 6.0; Windows NT 5.1)" "www.silverimagingcanada.com"
66.235.124.17 - - [31/Jul/2009:16:03:00 -0700] "GET /robots.txt HTTP/1.1" 404 275 "-" "Mozilla/5.0 (compatible; Ask Jeeves/Teoma; +http://about.ask.com/en/docs/about/webmasters.shtml)" "www.silverimagingcanada.com"
66.235.124.17 - - [31/Jul/2009:16:03:00 -0700] "GET /aboutme.html HTTP/1.1" 404 275 "-" "Mozilla/5.0 (compatible; Ask Jeeves/Teoma; +http://about.ask.com/en/docs/about/webmasters.shtml)" "www.silverimagingcanada.com"
65.55.106.142 - - [31/Jul/2009:16:40:54 -0700] "GET / HTTP/1.1" 200 1739 "-" "msnbot/2.0b (+http://search.msn.com/msnbot.htm)" "silverimagingcanada.com"
195.182.22.54 - - [31/Jul/2009:22:18:31 -0700] "GET /sitebuilder/images/Gay_DVR_Splash_Screen2-581x435.jpg HTTP/1.1" 200 25628 "http://camerahacks.10.forumer.com/a/change-a-stupid-splash-screen-on-a-dvrcamera_post3239.html" "Mozilla/5.0 (Windows; U; Windows NT 5.1; ru; rv:1.8.1.16) Gecko/20080702 AdCentriaIM/1.7 Firefox/2.0.0.16 WebMoney Advisor" "www.silverimagingcanada.com"
195.182.22.54 - - [31/Jul/2009:22:18:32 -0700] "GET /sitebuilder/images/IMG_0342-444x328.jpg HTTP/1.1" 200 14174 "http://camerahacks.10.forumer.com/a/change-a-stupid-splash-screen-on-a-dvrcamera_post3239.html" "Mozilla/5.0 (Windows; U; Windows NT 5.1; ru; rv:1.8.1.16) Gecko/20080702 AdCentriaIM/1.7 Firefox/2.0.0.16 WebMoney Advisor" "www.silverimagingcanada.com"
195.182.22.54 - - [31/Jul/2009:22:18:32 -0700] "GET /sitebuilder/images/IMG_0332-476x353.jpg HTTP/1.1" 200 33138 "http://camerahacks.10.forumer.com/a/change-a-stupid-splash-screen-on-a-dvrcamera_post3239.html" "Mozilla/5.0 (Windows; U; Windows NT 5.1; ru; rv:1.8.1.16) Gecko/20080702 AdCentriaIM/1.7 Firefox/2.0.0.16 WebMoney Advisor" "www.silverimagingcanada.com"
195.182.22.54 - - [31/Jul/2009:22:18:32 -0700] "GET /sitebuilder/images/IMG_0330-444x329.jpg HTTP/1.1" 200 35303 "http://camerahacks.10.forumer.com/a/change-a-stupid-splash-screen-on-a-dvrcamera_post3239.html" "Mozilla/5.0 (Windows; U; Windows NT 5.1; ru; rv:1.8.1.16) Gecko/20080702 AdCentriaIM/1.7 Firefox/2.0.0.16 WebMoney Advisor" "www.silverimagingcanada.com"
208.80.195.44 - - [31/Jul/2009:23:49:46 -0700] "GET / HTTP/1.0" 200 1723 "-" "Mozilla/4.0 (compatible; MSIE 6.0; Windows NT 5.1; SV1; AAFES IE6 SP1 Build 1.2; InfoPath.1; .NET CLR 2.0.50727; .NET CLR 3.0.04506.30)" "www.silverimagingcanada.com"
66.249.65.229 - - [31/Jul/2009:23:51:07 -0700] "GET /robots.txt HTTP/1.1" 404 275 "-" "Googlebot-Image/1.0" "silverimagingcanada.com"
66.249.65.229 - - [31/Jul/2009:23:51:07 -0700] "GET /sitebuilder/images/ZoneLabelwithpic2-325x216.jpg HTTP/1.1" 200 12093 "-" "Googlebot-Image/1.0" "silverimagingcanada.com"
66.235.124.17 - - [01/Aug/2009:00:28:00 -0700] "GET / HTTP/1.1" 200 1739 "-" "Mozilla/5.0 (compatible; Ask Jeeves/Teoma; +http://about.ask.com/en/docs/about/webmasters.shtml)" "www.silverimagingcanada.com"
88.131.106.7 - - [01/Aug/2009:00:43:11 -0700] "GET / HTTP/1.0" 200 1723 "-" "Speedy Spider (http://www.entireweb.com/about/search_tech/speedy_spider/)" "silverimagingcanada.com"
66.249.65.229 - - [01/Aug/2009:03:24:20 -0700] "GET /sitebuilder/images/Complete_Bag_3_pieces_total-178x121.jpg HTTP/1.1" 200 3989 "-" "Googlebot-Image/1.0" "silverimagingcanada.com"
66.249.65.229 - - [01/Aug/2009:05:40:55 -0700] "GET /clipart/bullets/twoDots.gif HTTP/1.1" 200 114 "-" "Googlebot-Image/1.0" "silverimagingcanada.com"
58.61.164.41 - - [01/Aug/2009:07:39:39 -0700] "GET /robots.txt HTTP/1.1" 404 275 "http://www.silverimagingcanada.com/robots.txt" "Sosospider+(+http://help.soso.com/webspider.htm)" "www.silverimagingcanada.com"
70.114.204.76 - - [01/Aug/2009:09:29:35 -0700] "GET /sitebuilder/images/img052-374x274.jpg HTTP/1.1" 200 18043 "http://dotheton.com/index.php?topic=1721.0" "Mozilla/5.0 (Macintosh; U; Intel Mac OS X 10_5_7; en-us) AppleWebKit/530.19.2 (KHTML, like Gecko) Version/4.0.2 Safari/530.19" "silverimagingcanada.com"
70.114.204.76 - - [01/Aug/2009:09:29:35 -0700] "GET /sitebuilder/images/img053-365x267.jpg HTTP/1.1" 200 19523 "http://dotheton.com/index.php?topic=1721.0" "Mozilla/5.0 (Macintosh; U; Intel Mac OS X 10_5_7; en-us) AppleWebKit/530.19.2 (KHTML, like Gecko) Version/4.0.2 Safari/530.19" "silverimagingcanada.com"
70.114.204.76 - - [01/Aug/2009:09:29:35 -0700] "GET /sitebuilder/images/IMG_0961-417x308.jpg HTTP/1.1" 200 11717 "http://dotheton.com/index.php?topic=1721.0" "Mozilla/5.0 (Macintosh; U; Intel Mac OS X 10_5_7; en-us) AppleWebKit/530.19.2 (KHTML, like Gecko) Version/4.0.2 Safari/530.19" "silverimagingcanada.com"
70.114.204.76 - - [01/Aug/2009:09:29:35 -0700] "GET /sitebuilder/images/IMG_1184-420x310.jpg HTTP/1.1" 200 30969 "http://dotheton.com/index.php?topic=1721.0" "Mozilla/5.0 (Macintosh; U; Intel Mac OS X 10_5_7; en-us) AppleWebKit/530.19.2 (KHTML, like Gecko) Version/4.0.2 Safari/530.19" "silverimagingcanada.com"
70.114.204.76 - - [01/Aug/2009:09:29:35 -0700] "GET /sitebuilder/images/IMG_0939-380x278.jpg HTTP/1.1" 200 15324 "http://dotheton.com/index.php?topic=1721.0" "Mozilla/5.0 (Macintosh; U; Intel Mac OS X 10_5_7; en-us) AppleWebKit/530.19.2 (KHTML, like Gecko) Version/4.0.2 Safari/530.19" "silverimagingcanada.com"
70.114.204.76 - - [01/Aug/2009:09:29:35 -0700] "GET /sitebuilder/images/IMG_0937-312x416.jpg HTTP/1.1" 200 20123 "http://dotheton.com/index.php?topic=1721.0" "Mozilla/5.0 (Macintosh; U; Intel Mac OS X 10_5_7; en-us) AppleWebKit/530.19.2 (KHTML, like Gecko) Version/4.0.2 Safari/530.19" "silverimagingcanada.com"
70.114.204.76 - - [01/Aug/2009:09:29:35 -0700] "GET /sitebuilder/images/img056-393x289.jpg HTTP/1.1" 200 20721 "http://dotheton.com/index.php?topic=1721.0" "Mozilla/5.0 (Macintosh; U; Intel Mac OS X 10_5_7; en-us) AppleWebKit/530.19.2 (KHTML, like Gecko) Version/4.0.2 Safari/530.19" "silverimagingcanada.com"
70.114.204.76 - - [01/Aug/2009:09:34:27 -0700] "GET /sitebuilder/images/img129-405x298.jpg HTTP/1.1" 200 17041 "http://dotheton.com/index.php?topic=1721.15" "Mozilla/5.0 (Macintosh; U; Intel Mac OS X 10_5_7; en-us) AppleWebKit/530.19.2 (KHTML, like Gecko) Version/4.0.2 Safari/530.19" "silverimagingcanada.com"
70.114.204.76 - - [01/Aug/2009:09:34:27 -0700] "GET /sitebuilder/images/IMG_1272-351x257.jpg HTTP/1.0" 200 23815 "http://dotheton.com/index.php?topic=1721.15" "Mozilla/5.0 (Macintosh; U; Intel Mac OS X 10_5_7; en-us) AppleWebKit/530.19.2 (KHTML, like Gecko) Version/4.0.2 Safari/530.19" "silverimagingcanada.com"
70.114.204.76 - - [01/Aug/2009:09:34:27 -0700] "GET /sitebuilder/images/IMG_1276-406x299.jpg HTTP/1.1" 200 31845 "http://dotheton.com/index.php?topic=1721.15" "Mozilla/5.0 (Macintosh; U; Intel Mac OS X 10_5_7; en-us) AppleWebKit/530.19.2 (KHTML, like Gecko) Version/4.0.2 Safari/530.19" "silverimagingcanada.com"
70.114.204.76 - - [01/Aug/2009:09:34:27 -0700] "GET /sitebuilder/images/IMG_1288-451x334.jpg HTTP/1.1" 200 25996 "http://dotheton.com/index.php?topic=1721.15" "Mozilla/5.0 (Macintosh; U; Intel Mac OS X 10_5_7; en-us) AppleWebKit/530.19.2 (KHTML, like Gecko) Version/4.0.2 Safari/530.19" "silverimagingcanada.com"
208.80.195.33 - - [01/Aug/2009:09:35:52 -0700] "GET / HTTP/1.0" 200 1723 "-" "Mozilla/4.0 (compatible; MSIE 7.0; Windows NT 5.1; .NET CLR 1.1.4322; InfoPath.1; Creative ZENcast v1.02.08)" "silverimagingcanada.com"
70.114.204.76 - - [01/Aug/2009:09:45:58 -0700] "GET /sitebuilder/images/Bullet_Signals-295x237.jpg HTTP/1.1" 200 16322 "http://dotheton.com/index.php?topic=1721.90" "Mozilla/5.0 (Macintosh; U; Intel Mac OS X 10_5_7; en-us) AppleWebKit/530.19.2 (KHTML, like Gecko) Version/4.0.2 Safari/530.19" "silverimagingcanada.com"
70.114.204.76 - - [01/Aug/2009:09:45:58 -0700] "GET /sitebuilder/images/Bullet_Signals2-278x251.jpg HTTP/1.1" 200 18028 "http://dotheton.com/index.php?topic=1721.90" "Mozilla/5.0 (Macintosh; U; Intel Mac OS X 10_5_7; en-us) AppleWebKit/530.19.2 (KHTML, like Gecko) Version/4.0.2 Safari/530.19" "silverimagingcanada.com"
70.114.204.76 - - [01/Aug/2009:09:48:42 -0700] "GET /sitebuilder/images/img135-317x428.jpg HTTP/1.1" 200 25396 "http://dotheton.com/index.php?topic=1721.30" "Mozilla/5.0 (Macintosh; U; Intel Mac OS X 10_5_7; en-us) AppleWebKit/530.19.2 (KHTML, like Gecko) Version/4.0.2 Safari/530.19" "silverimagingcanada.com"
70.114.204.76 - - [01/Aug/2009:09:48:42 -0700] "GET /sitebuilder/images/img138-399x293.jpg HTTP/1.1" 200 24204 "http://dotheton.com/index.php?topic=1721.30" "Mozilla/5.0 (Macintosh; U; Intel Mac OS X 10_5_7; en-us) AppleWebKit/530.19.2 (KHTML, like Gecko) Version/4.0.2 Safari/530.19" "silverimagingcanada.com"
70.114.204.76 - - [01/Aug/2009:09:48:42 -0700] "GET /sitebuilder/images/img1412-430x317.jpg HTTP/1.1" 200 28270 "http://dotheton.com/index.php?topic=1721.30" "Mozilla/5.0 (Macintosh; U; Intel Mac OS X 10_5_7; en-us) AppleWebKit/530.19.2 (KHTML, like Gecko) Version/4.0.2 Safari/530.19" "silverimagingcanada.com"
70.114.204.76 - - [01/Aug/2009:09:48:42 -0700] "GET /sitebuilder/images/img144-352x257.jpg HTTP/1.1" 200 12721 "http://dotheton.com/index.php?topic=1721.30" "Mozilla/5.0 (Macintosh; U; Intel Mac OS X 10_5_7; en-us) AppleWebKit/530.19.2 (KHTML, like Gecko) Version/4.0.2 Safari/530.19" "silverimagingcanada.com"
70.114.204.76 - - [01/Aug/2009:09:48:42 -0700] "GET /sitebuilder/images/tank2-272x195.jpg HTTP/1.1" 200 7366 "http://dotheton.com/index.php?topic=1721.30" "Mozilla/5.0 (Macintosh; U; Intel Mac OS X 10_5_7; en-us) AppleWebKit/530.19.2 (KHTML, like Gecko) Version/4.0.2 Safari/530.19" "silverimagingcanada.com"
70.114.204.76 - - [01/Aug/2009:09:48:42 -0700] "GET /sitebuilder/images/tank1-257x350.jpg HTTP/1.1" 200 11565 "http://dotheton.com/index.php?topic=1721.30" "Mozilla/5.0 (Macintosh; U; Intel Mac OS X 10_5_7; en-us) AppleWebKit/530.19.2 (KHTML, like Gecko) Version/4.0.2 Safari/530.19" "silverimagingcanada.com"
67.16.94.2 - - [01/Aug/2009:10:40:32 -0700] "GET /robots.txt HTTP/1.0" 404 275 "-" "Gigabot/3.0 (http://www.gigablast.com/spider.html)" "www.silverimagingcanada.com"
67.16.94.2 - - [01/Aug/2009:10:40:33 -0700] "GET / HTTP/1.0" 200 1723 "-" "Gigabot/3.0 (http://www.gigablast.com/spider.html)" "www.silverimagingcanada.com"
77.88.25.27 - - [01/Aug/2009:12:09:58 -0700] "GET /robots.txt HTTP/1.0" 404 275 "-" "Yandex/1.01.001 (compatible; Win16; I)" "www.silverimagingcanada.com"
71.83.209.31 - - [01/Aug/2009:13:21:50 -0700] "GET /sitebuilder/images/IMG_1184-420x310.jpg HTTP/1.1" 200 30969 "http://dotheton.com/index.php?topic=1721.0" "Mozilla/5.0 (Macintosh; U; Intel Mac OS X 10_4_11; en) AppleWebKit/530.19.2 (KHTML, like Gecko) Version/4.0.2 Safari/530.19" "silverimagingcanada.com"
71.83.209.31 - - [01/Aug/2009:13:21:50 -0700] "GET /sitebuilder/images/img056-393x289.jpg HTTP/1.1" 200 20721 "http://dotheton.com/index.php?topic=1721.0" "Mozilla/5.0 (Macintosh; U; Intel Mac OS X 10_4_11; en) AppleWebKit/530.19.2 (KHTML, like Gecko) Version/4.0.2 Safari/530.19" "silverimagingcanada.com"
71.83.209.31 - - [01/Aug/2009:13:21:50 -0700] "GET /sitebuilder/images/img052-374x274.jpg HTTP/1.1" 200 18043 "http://dotheton.com/index.php?topic=1721.0" "Mozilla/5.0 (Macintosh; U; Intel Mac OS X 10_4_11; en) AppleWebKit/530.19.2 (KHTML, like Gecko) Version/4.0.2 Safari/530.19" "silverimagingcanada.com"
71.83.209.31 - - [01/Aug/2009:13:21:51 -0700] "GET /sitebuilder/images/IMG_0937-312x416.jpg HTTP/1.1" 200 20123 "http://dotheton.com/index.php?topic=1721.0" "Mozilla/5.0 (Macintosh; U; Intel Mac OS X 10_4_11; en) AppleWebKit/530.19.2 (KHTML, like Gecko) Version/4.0.2 Safari/530.19" "silverimagingcanada.com"
71.83.209.31 - - [01/Aug/2009:13:21:52 -0700] "GET /sitebuilder/images/IMG_0939-380x278.jpg HTTP/1.1" 200 15324 "http://dotheton.com/index.php?topic=1721.0" "Mozilla/5.0 (Macintosh; U; Intel Mac OS X 10_4_11; en) AppleWebKit/530.19.2 (KHTML, like Gecko) Version/4.0.2 Safari/530.19" "silverimagingcanada.com"
71.83.209.31 - - [01/Aug/2009:13:22:43 -0700] "GET /sitebuilder/images/IMG_1288-451x334.jpg HTTP/1.1" 200 25996 "http://dotheton.com/index.php?topic=1721.15" "Mozilla/5.0 (Macintosh; U; Intel Mac OS X 10_4_11; en) AppleWebKit/530.19.2 (KHTML, like Gecko) Version/4.0.2 Safari/530.19" "silverimagingcanada.com"
71.83.209.31 - - [01/Aug/2009:13:23:10 -0700] "GET /sitebuilder/images/img1412-430x317.jpg HTTP/1.1" 200 28270 "http://dotheton.com/index.php?topic=1721.30" "Mozilla/5.0 (Macintosh; U; Intel Mac OS X 10_4_11; en) AppleWebKit/530.19.2 (KHTML, like Gecko) Version/4.0.2 Safari/530.19" "silverimagingcanada.com"
71.83.209.31 - - [01/Aug/2009:13:23:10 -0700] "GET /sitebuilder/images/tank1-257x350.jpg HTTP/1.1" 200 11565 "http://dotheton.com/index.php?topic=1721.30" "Mozilla/5.0 (Macintosh; U; Intel Mac OS X 10_4_11; en) AppleWebKit/530.19.2 (KHTML, like Gecko) Version/4.0.2 Safari/530.19" "silverimagingcanada.com"
71.83.209.31 - - [01/Aug/2009:13:23:10 -0700] "GET /sitebuilder/images/tank2-272x195.jpg HTTP/1.1" 200 7366 "http://dotheton.com/index.php?topic=1721.30" "Mozilla/5.0 (Macintosh; U; Intel Mac OS X 10_4_11; en) AppleWebKit/530.19.2 (KHTML, like Gecko) Version/4.0.2 Safari/530.19" "silverimagingcanada.com"
65.55.220.196 - - [01/Aug/2009:19:35:06 -0700] "GET /sitebuilder/images/Gay_DVR_Splash_Screen2-581x435.jpg HTTP/1.1" 200 25628 "-" "WinHttp" "www.silverimagingcanada.com"
208.80.195.121 - - [01/Aug/2009:20:50:36 -0700] "GET / HTTP/1.0" 200 1723 "-" "Mozilla/4.0 (compatible; MSIE 6.0; Windows NT 5.1; SV1; .NET CLR 1.1.4322; SpamBlockerUtility 4.8.4; MSN 6.1; MSNbMSFT; MSNmen-us; MSNc00; v5m)" "www.silverimagingcanada.com"
76.169.218.176 - - [01/Aug/2009:22:45:43 -0700] "GET /sitebuilder/images/IMG_1184-420x310.jpg HTTP/1.1" 200 30969 "http://dotheton.com/index.php?topic=1721.0" "Mozilla/5.0 (Macintosh; U; Intel Mac OS X 10.5; en-US; rv:1.9.0.12) Gecko/2009070609 Firefox/3.0.12" "silverimagingcanada.com"
76.169.218.176 - - [01/Aug/2009:22:45:43 -0700] "GET /sitebuilder/images/img053-365x267.jpg HTTP/1.1" 200 19523 "http://dotheton.com/index.php?topic=1721.0" "Mozilla/5.0 (Macintosh; U; Intel Mac OS X 10.5; en-US; rv:1.9.0.12) Gecko/2009070609 Firefox/3.0.12" "silverimagingcanada.com"
76.169.218.176 - - [01/Aug/2009:22:45:43 -0700] "GET /sitebuilder/images/img052-374x274.jpg HTTP/1.1" 200 18043 "http://dotheton.com/index.php?topic=1721.0" "Mozilla/5.0 (Macintosh; U; Intel Mac OS X 10.5; en-US; rv:1.9.0.12) Gecko/2009070609 Firefox/3.0.12" "silverimagingcanada.com"
76.169.218.176 - - [01/Aug/2009:22:45:43 -0700] "GET /sitebuilder/images/img056-393x289.jpg HTTP/1.1" 200 20721 "http://dotheton.com/index.php?topic=1721.0" "Mozilla/5.0 (Macintosh; U; Intel Mac OS X 10.5; en-US; rv:1.9.0.12) Gecko/2009070609 Firefox/3.0.12" "silverimagingcanada.com"
76.169.218.176 - - [01/Aug/2009:22:45:44 -0700] "GET /sitebuilder/images/IMG_0961-417x308.jpg HTTP/1.1" 200 11717 "http://dotheton.com/index.php?topic=1721.0" "Mozilla/5.0 (Macintosh; U; Intel Mac OS X 10.5; en-US; rv:1.9.0.12) Gecko/2009070609 Firefox/3.0.12" "silverimagingcanada.com"
76.169.218.176 - - [01/Aug/2009:22:45:44 -0700] "GET /sitebuilder/images/IMG_0939-380x278.jpg HTTP/1.1" 200 15324 "http://dotheton.com/index.php?topic=1721.0" "Mozilla/5.0 (Macintosh; U; Intel Mac OS X 10.5; en-US; rv:1.9.0.12) Gecko/2009070609 Firefox/3.0.12" "silverimagingcanada.com"
77.88.25.27 - - [01/Aug/2009:23:16:12 -0700] "GET / HTTP/1.1" 200 1739 "-" "Yandex/1.01.001 (compatible; Win16; I)" "www.silverimagingcanada.com"
124.115.1.7 - - [01/Aug/2009:23:52:09 -0700] "GET / HTTP/1.1" 200 1739 "http://www.silverimagingcanada.com/" "Mozilla/4.0 (compatible; MSIE 6.0; Windows NT 5.1)" "www.silverimagingcanada.com"
58.61.164.40 - - [02/Aug/2009:00:13:13 -0700] "GET / HTTP/1.1" 200 1739 "http://www.silverimagingcanada.com/" "Mozilla/4.0 (compatible; MSIE 6.0; Windows NT 5.1)" "www.silverimagingcanada.com"
58.61.164.141 - - [02/Aug/2009:00:34:02 -0700] "GET / HTTP/1.1" 200 1739 "http://www.silverimagingcanada.com/" "Mozilla/4.0 (compatible; MSIE 6.0; Windows NT 5.1)" "www.silverimagingcanada.com"
58.61.164.39 - - [02/Aug/2009:00:35:42 -0700] "GET / HTTP/1.1" 200 1739 "http://www.silverimagingcanada.com/" "Mozilla/4.0 (compatible; MSIE 6.0; Windows NT 5.1)" "www.silverimagingcanada.com"
58.61.164.140 - - [02/Aug/2009:01:05:15 -0700] "GET / HTTP/1.1" 200 1739 "http://www.silverimagingcanada.com/" "Mozilla/4.0 (compatible; MSIE 6.0; Windows NT 5.1)" "www.silverimagingcanada.com"
114.80.93.71 - - [02/Aug/2009:01:47:11 -0700] "GET / HTTP/1.1" 200 1739 "http://www.silverimagingcanada.com/" "Mozilla/4.0 (compatible; MSIE 6.0; Windows NT 5.1)" "www.silverimagingcanada.com"
74.6.149.78 - - [02/Aug/2009:02:22:30 -0700] "GET /robots.txt HTTP/1.0" 404 275 "-" "Mozilla/5.0 (Yahoo-MMCrawler/4.0; mailto:vertical-crawl-support@yahoo-inc.com)" "www.silverimagingcanada.com"
74.6.149.78 - - [02/Aug/2009:02:22:30 -0700] "GET /sitebuilder/images/2-227x159.jpg HTTP/1.0" 200 6136 "-" "Mozilla/5.0 (Yahoo-MMCrawler/4.0; mailto:vertical-crawl-support@yahoo-inc.com)" "www.silverimagingcanada.com"
124.115.1.8 - - [02/Aug/2009:02:54:46 -0700] "GET / HTTP/1.1" 200 1739 "http://www.silverimagingcanada.com/" "Mozilla/4.0 (compatible; MSIE 6.0; Windows NT 5.1)" "www.silverimagingcanada.com"
74.6.149.78 - - [02/Aug/2009:02:58:23 -0700] "GET /sitebuilder/images/Captured_2005-6-7_00003-132x99.jpg HTTP/1.0" 200 2847 "-" "Mozilla/5.0 (Yahoo-MMCrawler/4.0; mailto:vertical-crawl-support@yahoo-inc.com)" "www.silverimagingcanada.com"
74.6.149.78 - - [02/Aug/2009:03:25:01 -0700] "GET /sitebuilder/images/IMG_0342-2-174x119.jpg HTTP/1.0" 200 3977 "-" "Mozilla/5.0 (Yahoo-MMCrawler/4.0; mailto:vertical-crawl-support@yahoo-inc.com)" "www.silverimagingcanada.com"
74.6.149.78 - - [02/Aug/2009:03:27:08 -0700] "GET /sitebuilder/images/IMG_1118-295x212.jpg HTTP/1.0" 200 13808 "-" "Mozilla/5.0 (Yahoo-MMCrawler/4.0; mailto:vertical-crawl-support@yahoo-inc.com)" "www.silverimagingcanada.com"
74.6.149.78 - - [02/Aug/2009:03:35:10 -0700] "GET /sitebuilder/images/PICT0008-2-216x152.jpg HTTP/1.0" 200 9498 "-" "Mozilla/5.0 (Yahoo-MMCrawler/4.0; mailto:vertical-crawl-support@yahoo-inc.com)" "www.silverimagingcanada.com"
74.6.149.78 - - [02/Aug/2009:04:25:16 -0700] "GET /sitebuilder/images/CMOS-1-235x166.jpg HTTP/1.0" 200 6058 "-" "Mozilla/5.0 (Yahoo-MMCrawler/4.0; mailto:vertical-crawl-support@yahoo-inc.com)" "www.silverimagingcanada.com"
74.6.149.78 - - [02/Aug/2009:04:33:04 -0700] "GET /sitebuilder/images/Complete_Bag_3_pieces_total-204x142.jpg HTTP/1.0" 200 4852 "-" "Mozilla/5.0 (Yahoo-MMCrawler/4.0; mailto:vertical-crawl-support@yahoo-inc.com)" "www.silverimagingcanada.com"
66.249.72.235 - - [02/Aug/2009:04:51:12 -0700] "GET /robots.txt HTTP/1.1" 404 275 "-" "Googlebot-Image/1.0" "silverimagingcanada.com"
66.249.72.235 - - [02/Aug/2009:04:51:13 -0700] "GET /sitebuilder/images/CMOS-1-180x112.jpg HTTP/1.1" 200 3327 "-" "Googlebot-Image/1.0" "silverimagingcanada.com"
74.6.149.78 - - [02/Aug/2009:05:27:40 -0700] "GET /sitebuilder/images/IMG_1119-292x210.jpg HTTP/1.0" 200 12990 "-" "Mozilla/5.0 (Yahoo-MMCrawler/4.0; mailto:vertical-crawl-support@yahoo-inc.com)" "www.silverimagingcanada.com"
74.6.149.78 - - [02/Aug/2009:05:43:47 -0700] "GET /sitebuilder/images/pipe4_001-200x128.png HTTP/1.0" 200 58455 "-" "Mozilla/5.0 (Yahoo-MMCrawler/4.0; mailto:vertical-crawl-support@yahoo-inc.com)" "www.silverimagingcanada.com"
74.6.149.78 - - [02/Aug/2009:05:46:10 -0700] "GET /sitebuilder/images/Picture_003-217x152.jpg HTTP/1.0" 200 6174 "-" "Mozilla/5.0 (Yahoo-MMCrawler/4.0; mailto:vertical-crawl-support@yahoo-inc.com)" "www.silverimagingcanada.com"
74.6.149.78 - - [02/Aug/2009:05:59:52 -0700] "GET /sitebuilder/images/Cavcam_Brush4-179x261.jpg HTTP/1.0" 200 8423 "-" "Mozilla/5.0 (Yahoo-MMCrawler/4.0; mailto:vertical-crawl-support@yahoo-inc.com)" "www.silverimagingcanada.com"
58.61.164.139 - - [02/Aug/2009:06:00:02 -0700] "GET / HTTP/1.1" 200 1739 "http://www.silverimagingcanada.com/" "Mozilla/4.0 (compatible; MSIE 6.0; Windows NT 5.1)" "www.silverimagingcanada.com"
74.6.149.78 - - [02/Aug/2009:06:19:22 -0700] "GET /sitebuilder/images/PICT0043-1-216x152.jpg HTTP/1.0" 200 5185 "-" "Mozilla/5.0 (Yahoo-MMCrawler/4.0; mailto:vertical-crawl-support@yahoo-inc.com)" "www.silverimagingcanada.com"
74.6.149.78 - - [02/Aug/2009:06:20:01 -0700] "GET /sitebuilder/images/camera2-3-223x132.jpg HTTP/1.0" 200 6411 "-" "Mozilla/5.0 (Yahoo-MMCrawler/4.0; mailto:vertical-crawl-support@yahoo-inc.com)" "www.silverimagingcanada.com"
74.6.149.78 - - [02/Aug/2009:06:40:43 -0700] "GET /sitebuilder/images/IMG_1117-291x210.jpg HTTP/1.0" 200 13036 "-" "Mozilla/5.0 (Yahoo-MMCrawler/4.0; mailto:vertical-crawl-support@yahoo-inc.com)" "www.silverimagingcanada.com"
208.80.195.38 - - [02/Aug/2009:06:59:27 -0700] "GET / HTTP/1.0" 200 1723 "-" "Mozilla/4.0 (compatible; MSIE 6.0; Windows NT 5.1; FunWebProducts; SV1; HbTools 4.8.0)" "silverimagingcanada.com"
65.55.210.128 - - [02/Aug/2009:08:04:07 -0700] "GET /robots.txt HTTP/1.1" 404 275 "-" "msnbot/1.1 (+http://search.msn.com/msnbot.htm)" "silverimagingcanada.com"
65.55.210.128 - - [02/Aug/2009:08:04:07 -0700] "GET / HTTP/1.1" 200 1739 "-" "msnbot/1.1 (+http://search.msn.com/msnbot.htm)" "silverimagingcanada.com"
74.6.149.78 - - [02/Aug/2009:08:15:30 -0700] "GET /sitebuilder/images/IMG_0158-1-237x168.jpg HTTP/1.0" 200 4828 "-" "Mozilla/5.0 (Yahoo-MMCrawler/4.0; mailto:vertical-crawl-support@yahoo-inc.com)" "www.silverimagingcanada.com"
74.6.149.78 - - [02/Aug/2009:08:29:01 -0700] "GET /sitebuilder/images/whitelighton-223x182.jpg HTTP/1.0" 200 6288 "-" "Mozilla/5.0 (Yahoo-MMCrawler/4.0; mailto:vertical-crawl-support@yahoo-inc.com)" "www.silverimagingcanada.com"
74.6.149.78 - - [02/Aug/2009:10:55:50 -0700] "GET /sitebuilder/images/S4020048-252x171.jpg HTTP/1.0" 200 4887 "-" "Mozilla/5.0 (Yahoo-MMCrawler/4.0; mailto:vertical-crawl-support@yahoo-inc.com)" "www.silverimagingcanada.com"
193.47.80.51 - - [02/Aug/2009:11:00:53 -0700] "GET /robots.txt HTTP/1.1" 404 275 "-" "Mozilla/5.0 (compatible; Exabot/3.0; +http://www.exabot.com/go/robot)" "www.silverimagingcanada.com"
193.47.80.51 - - [02/Aug/2009:11:00:53 -0700] "GET / HTTP/1.1" 200 1739 "-" "Mozilla/5.0 (compatible; Exabot/3.0; +http://www.exabot.com/go/robot)" "www.silverimagingcanada.com"
74.6.149.78 - - [02/Aug/2009:11:38:01 -0700] "GET /sitebuilder/images/Captured_2005-6-7_00001-241x171.jpg HTTP/1.0" 200 4210 "-" "Mozilla/5.0 (Yahoo-MMCrawler/4.0; mailto:vertical-crawl-support@yahoo-inc.com)" "www.silverimagingcanada.com"
99.238.144.85 - - [02/Aug/2009:14:41:06 -0700] "GET /sitebuilder/images/img052-374x274.jpg HTTP/1.1" 200 18043 "http://dotheton.com/index.php?topic=1721.0" "Mozilla/5.0 (Macintosh; U; Intel Mac OS X 10.5; en-US; rv:1.9.1.1) Gecko/20090715 Firefox/3.5.1" "silverimagingcanada.com"
99.238.144.85 - - [02/Aug/2009:14:41:06 -0700] "GET /sitebuilder/images/img056-393x289.jpg HTTP/1.1" 200 20721 "http://dotheton.com/index.php?topic=1721.0" "Mozilla/5.0 (Macintosh; U; Intel Mac OS X 10.5; en-US; rv:1.9.1.1) Gecko/20090715 Firefox/3.5.1" "silverimagingcanada.com"
99.238.144.85 - - [02/Aug/2009:14:41:06 -0700] "GET /sitebuilder/images/img053-365x267.jpg HTTP/1.1" 200 19523 "http://dotheton.com/index.php?topic=1721.0" "Mozilla/5.0 (Macintosh; U; Intel Mac OS X 10.5; en-US; rv:1.9.1.1) Gecko/20090715 Firefox/3.5.1" "silverimagingcanada.com"
99.238.144.85 - - [02/Aug/2009:14:41:06 -0700] "GET /sitebuilder/images/IMG_1184-420x310.jpg HTTP/1.1" 200 30969 "http://dotheton.com/index.php?topic=1721.0" "Mozilla/5.0 (Macintosh; U; Intel Mac OS X 10.5; en-US; rv:1.9.1.1) Gecko/20090715 Firefox/3.5.1" "silverimagingcanada.com"
99.238.144.85 - - [02/Aug/2009:14:41:06 -0700] "GET /sitebuilder/images/IMG_0939-380x278.jpg HTTP/1.1" 200 15324 "http://dotheton.com/index.php?topic=1721.0" "Mozilla/5.0 (Macintosh; U; Intel Mac OS X 10.5; en-US; rv:1.9.1.1) Gecko/20090715 Firefox/3.5.1" "silverimagingcanada.com"
99.238.144.85 - - [02/Aug/2009:14:41:06 -0700] "GET /sitebuilder/images/IMG_0937-312x416.jpg HTTP/1.1" 200 20123 "http://dotheton.com/index.php?topic=1721.0" "Mozilla/5.0 (Macintosh; U; Intel Mac OS X 10.5; en-US; rv:1.9.1.1) Gecko/20090715 Firefox/3.5.1" "silverimagingcanada.com"
99.238.144.85 - - [02/Aug/2009:14:41:07 -0700] "GET /sitebuilder/images/IMG_0961-417x308.jpg HTTP/1.1" 200 11717 "http://dotheton.com/index.php?topic=1721.0" "Mozilla/5.0 (Macintosh; U; Intel Mac OS X 10.5; en-US; rv:1.9.1.1) Gecko/20090715 Firefox/3.5.1" "silverimagingcanada.com"
208.80.195.43 - - [02/Aug/2009:18:21:24 -0700] "GET / HTTP/1.0" 200 1723 "-" "Mozilla/4.0 (compatible; MSIE 6.0; Windows NT 5.1; SV1; .NET CLR 1.1.4322; ImageShack Toolbar 3.0.3; ImageShack Toolbar 3.0.6)" "www.silverimagingcanada.com"
65.55.220.196 - - [02/Aug/2009:19:52:56 -0700] "GET /sitebuilder/images/Gay_DVR_Splash_Screen2-581x435.jpg HTTP/1.0" 200 25628 "-" "WinHttp" "www.silverimagingcanada.com"
58.61.164.41 - - [02/Aug/2009:20:15:08 -0700] "GET /robots.txt HTTP/1.1" 404 275 "http://www.silverimagingcanada.com/robots.txt" "Sosospider+(+http://help.soso.com/webspider.htm)" "www.silverimagingcanada.com"
66.249.72.235 - - [02/Aug/2009:23:19:48 -0700] "GET /robots.txt HTTP/1.1" 404 275 "-" "Googlebot-Image/1.0" "silverimagingcanada.com"
66.249.72.235 - - [02/Aug/2009:23:19:48 -0700] "GET /sitebuilder/images/ZAwithbox-292x178.jpg HTTP/1.1" 200 6026 "-" "Googlebot-Image/1.0" "silverimagingcanada.com"
66.249.72.235 - - [03/Aug/2009:02:01:06 -0700] "GET /sitebuilder/images/Cavcam_Brush2-323x240.jpg HTTP/1.1" 200 6763 "-" "Googlebot-Image/1.0" "silverimagingcanada.com"
66.249.72.235 - - [03/Aug/2009:02:17:16 -0700] "GET /sitebuilder/images/S4020048-272x219.jpg HTTP/1.1" 200 5949 "-" "Googlebot-Image/1.0" "silverimagingcanada.com"
