66.65.240.51 - - [02/Oct/2009:19:44:22 -0700] "GET /sitebuilder/images/img053-365x267.jpg HTTP/1.1" 200 19523 "http://dotheton.com/index.php?topic=1721.0" "Mozilla/5.0 (Windows; U; Windows NT 6.0; en-US; rv:1.9.1.3) Gecko/20090824 Firefox/3.5.3" "silverimagingcanada.com"
66.65.240.51 - - [02/Oct/2009:19:44:22 -0700] "GET /sitebuilder/images/IMG_0961-417x308.jpg HTTP/1.1" 200 11717 "http://dotheton.com/index.php?topic=1721.0" "Mozilla/5.0 (Windows; U; Windows NT 6.0; en-US; rv:1.9.1.3) Gecko/20090824 Firefox/3.5.3" "silverimagingcanada.com"
66.65.240.51 - - [02/Oct/2009:19:44:22 -0700] "GET /sitebuilder/images/IMG_0939-380x278.jpg HTTP/1.1" 200 15324 "http://dotheton.com/index.php?topic=1721.0" "Mozilla/5.0 (Windows; U; Windows NT 6.0; en-US; rv:1.9.1.3) Gecko/20090824 Firefox/3.5.3" "silverimagingcanada.com"
66.65.240.51 - - [02/Oct/2009:19:44:22 -0700] "GET /sitebuilder/images/IMG_0937-312x416.jpg HTTP/1.1" 200 20123 "http://dotheton.com/index.php?topic=1721.0" "Mozilla/5.0 (Windows; U; Windows NT 6.0; en-US; rv:1.9.1.3) Gecko/20090824 Firefox/3.5.3" "silverimagingcanada.com"
66.65.240.51 - - [02/Oct/2009:19:44:22 -0700] "GET /sitebuilder/images/img056-393x289.jpg HTTP/1.1" 200 20721 "http://dotheton.com/index.php?topic=1721.0" "Mozilla/5.0 (Windows; U; Windows NT 6.0; en-US; rv:1.9.1.3) Gecko/20090824 Firefox/3.5.3" "silverimagingcanada.com"
192.234.106.2 - - [02/Oct/2009:22:01:46 -0700] "GET /sitebuilder/images/IMG_0937-312x416.jpg HTTP/1.1" 200 20123 "http://dotheton.com/index.php?topic=1721.0" "Mozilla/4.0 (compatible; MSIE 6.0; Windows NT 5.1; SV1; .NET CLR 1.1.4322; .NET CLR 2.0.50727)" "silverimagingcanada.com"
192.234.106.2 - - [02/Oct/2009:22:01:46 -0700] "GET /sitebuilder/images/IMG_0939-380x278.jpg HTTP/1.1" 200 15324 "http://dotheton.com/index.php?topic=1721.0" "Mozilla/4.0 (compatible; MSIE 6.0; Windows NT 5.1; SV1; .NET CLR 1.1.4322; .NET CLR 2.0.50727)" "silverimagingcanada.com"
192.234.106.2 - - [02/Oct/2009:22:01:46 -0700] "GET /sitebuilder/images/IMG_0961-417x308.jpg HTTP/1.1" 200 11717 "http://dotheton.com/index.php?topic=1721.0" "Mozilla/4.0 (compatible; MSIE 6.0; Windows NT 5.1; SV1; .NET CLR 1.1.4322; .NET CLR 2.0.50727)" "silverimagingcanada.com"
192.234.106.2 - - [02/Oct/2009:22:01:47 -0700] "GET /sitebuilder/images/img056-393x289.jpg HTTP/1.1" 200 20721 "http://dotheton.com/index.php?topic=1721.0" "Mozilla/4.0 (compatible; MSIE 6.0; Windows NT 5.1; SV1; .NET CLR 1.1.4322; .NET CLR 2.0.50727)" "silverimagingcanada.com"
67.195.115.242 - - [03/Oct/2009:00:51:20 -0700] "GET / HTTP/1.0" 200 1723 "-" "Mozilla/5.0 (compatible; Yahoo! Slurp/3.0; http://help.yahoo.com/help/us/ysearch/slurp)" "silverimagingcanada.com"
67.195.115.242 - - [03/Oct/2009:00:54:08 -0700] "GET /?D=A HTTP/1.0" 200 1723 "-" "Mozilla/5.0 (compatible; Yahoo! Slurp/3.0; http://help.yahoo.com/help/us/ysearch/slurp)" "silverimagingcanada.com"
67.195.115.242 - - [03/Oct/2009:00:54:14 -0700] "GET /logs/ HTTP/1.0" 200 2072 "-" "Mozilla/5.0 (compatible; Yahoo! Slurp/3.0; http://help.yahoo.com/help/us/ysearch/slurp)" "silverimagingcanada.com"
67.195.115.242 - - [03/Oct/2009:00:54:21 -0700] "GET /tmp/ HTTP/1.0" 200 504 "-" "Mozilla/5.0 (compatible; Yahoo! Slurp/3.0; http://help.yahoo.com/help/us/ysearch/slurp)" "silverimagingcanada.com"
67.195.115.242 - - [03/Oct/2009:00:55:47 -0700] "GET /navigation_bars/ HTTP/1.0" 200 667 "-" "Mozilla/5.0 (compatible; Yahoo! Slurp/3.0; http://help.yahoo.com/help/us/ysearch/slurp)" "silverimagingcanada.com"
67.195.115.242 - - [03/Oct/2009:00:57:04 -0700] "GET /?M=A HTTP/1.0" 200 1723 "-" "Mozilla/5.0 (compatible; Yahoo! Slurp/3.0; http://help.yahoo.com/help/us/ysearch/slurp)" "silverimagingcanada.com"
67.195.115.242 - - [03/Oct/2009:00:57:58 -0700] "GET /sitebuilder/ HTTP/1.0" 200 932 "-" "Mozilla/5.0 (compatible; Yahoo! Slurp/3.0; http://help.yahoo.com/help/us/ysearch/slurp)" "silverimagingcanada.com"
67.195.115.242 - - [03/Oct/2009:00:58:58 -0700] "GET /logs/access_090612.log HTTP/1.0" 200 271915 "-" "Mozilla/5.0 (compatible; Yahoo! Slurp/3.0; http://help.yahoo.com/help/us/ysearch/slurp)" "silverimagingcanada.com"
67.195.115.242 - - [03/Oct/2009:01:00:43 -0700] "GET /sitebuilder/server_meta.txt HTTP/1.0" 200 15718 "-" "Mozilla/5.0 (compatible; Yahoo! Slurp/3.0; http://help.yahoo.com/help/us/ysearch/slurp)" "silverimagingcanada.com"
67.195.115.242 - - [03/Oct/2009:01:00:56 -0700] "GET /scripts/ HTTP/1.0" 200 650 "-" "Mozilla/5.0 (compatible; Yahoo! Slurp/3.0; http://help.yahoo.com/help/us/ysearch/slurp)" "silverimagingcanada.com"
67.195.115.242 - - [03/Oct/2009:01:01:05 -0700] "GET /images/ HTTP/1.0" 200 510 "-" "Mozilla/5.0 (compatible; Yahoo! Slurp/3.0; http://help.yahoo.com/help/us/ysearch/slurp)" "silverimagingcanada.com"
67.195.115.242 - - [03/Oct/2009:01:01:08 -0700] "GET /navigation_bars/?S=A HTTP/1.0" 200 667 "-" "Mozilla/5.0 (compatible; Yahoo! Slurp/3.0; http://help.yahoo.com/help/us/ysearch/slurp)" "silverimagingcanada.com"
67.195.115.242 - - [03/Oct/2009:01:04:19 -0700] "GET /scripts/?M=A HTTP/1.0" 200 650 "-" "Mozilla/5.0 (compatible; Yahoo! Slurp/3.0; http://help.yahoo.com/help/us/ysearch/slurp)" "silverimagingcanada.com"
67.195.115.242 - - [03/Oct/2009:01:10:08 -0700] "GET /tmp/?D=A HTTP/1.0" 200 504 "-" "Mozilla/5.0 (compatible; Yahoo! Slurp/3.0; http://help.yahoo.com/help/us/ysearch/slurp)" "silverimagingcanada.com"
67.195.115.242 - - [03/Oct/2009:01:10:11 -0700] "GET /scripts/?S=A HTTP/1.0" 200 650 "-" "Mozilla/5.0 (compatible; Yahoo! Slurp/3.0; http://help.yahoo.com/help/us/ysearch/slurp)" "silverimagingcanada.com"
67.195.115.242 - - [03/Oct/2009:01:16:05 -0700] "GET /scripts/?D=A HTTP/1.0" 200 650 "-" "Mozilla/5.0 (compatible; Yahoo! Slurp/3.0; http://help.yahoo.com/help/us/ysearch/slurp)" "silverimagingcanada.com"
67.195.115.242 - - [03/Oct/2009:01:17:09 -0700] "GET /sitebuilder/?D=A HTTP/1.0" 200 932 "-" "Mozilla/5.0 (compatible; Yahoo! Slurp/3.0; http://help.yahoo.com/help/us/ysearch/slurp)" "silverimagingcanada.com"
67.195.115.242 - - [03/Oct/2009:02:08:34 -0700] "GET /logs/access_090812.log HTTP/1.0" 200 304217 "-" "Mozilla/5.0 (compatible; Yahoo! Slurp/3.0; http://help.yahoo.com/help/us/ysearch/slurp)" "silverimagingcanada.com"
124.115.6.15 - - [03/Oct/2009:02:09:51 -0700] "GET /robots.txt HTTP/1.1" 404 275 "http://www.silverimagingcanada.com/robots.txt" "Sosospider+(+http://help.soso.com/webspider.htm)" "www.silverimagingcanada.com"
67.195.115.242 - - [03/Oct/2009:02:12:10 -0700] "GET /logs/access.log HTTP/1.0" 200 255487 "-" "Mozilla/5.0 (compatible; Yahoo! Slurp/3.0; http://help.yahoo.com/help/us/ysearch/slurp)" "silverimagingcanada.com"
67.195.115.242 - - [03/Oct/2009:02:45:43 -0700] "GET /logs/access_090112.log HTTP/1.0" 200 425963 "-" "Mozilla/5.0 (compatible; Yahoo! Slurp/3.0; http://help.yahoo.com/help/us/ysearch/slurp)" "silverimagingcanada.com"
67.195.115.242 - - [03/Oct/2009:03:07:46 -0700] "GET /logs/access.log HTTP/1.0" 200 255916 "-" "Mozilla/5.0 (compatible; Yahoo! Slurp/3.0; http://help.yahoo.com/help/us/ysearch/slurp)" "silverimagingcanada.com"
72.30.81.182 - - [03/Oct/2009:04:27:30 -0700] "GET / HTTP/1.0" 200 1723 "-" "Mozilla/5.0 (compatible; Yahoo! Slurp/3.0; http://help.yahoo.com/help/us/ysearch/slurp)" "www.silverimagingcanada.com"
67.195.115.242 - - [03/Oct/2009:04:43:43 -0700] "GET /sitebuilder/?M=A HTTP/1.0" 200 932 "-" "Mozilla/5.0 (compatible; Yahoo! Slurp/3.0; http://help.yahoo.com/help/us/ysearch/slurp)" "silverimagingcanada.com"
67.195.115.242 - - [03/Oct/2009:05:22:12 -0700] "GET /?S=A HTTP/1.0" 200 1723 "-" "Mozilla/5.0 (compatible; Yahoo! Slurp/3.0; http://help.yahoo.com/help/us/ysearch/slurp)" "silverimagingcanada.com"
208.80.193.27 - - [03/Oct/2009:05:36:23 -0700] "GET / HTTP/1.0" 200 1723 "-" "Mozilla/4.0 (compatible; MSIE 6.0; Windows NT 5.1; iebar; SV1; .NET CLR 1.0.3705; .NET CLR 1.1.4322)" "silverimagingcanada.com"
77.88.25.27 - - [03/Oct/2009:06:58:35 -0700] "GET / HTTP/1.1" 200 1739 "-" "Yandex/1.01.001 (compatible; Win16; I)" "www.silverimagingcanada.com"
67.195.115.242 - - [03/Oct/2009:07:30:59 -0700] "GET /sounds/ HTTP/1.0" 200 648 "-" "Mozilla/5.0 (compatible; Yahoo! Slurp/3.0; http://help.yahoo.com/help/us/ysearch/slurp)" "silverimagingcanada.com"
67.195.115.242 - - [03/Oct/2009:07:31:19 -0700] "GET /images/?N=D HTTP/1.0" 200 510 "-" "Mozilla/5.0 (compatible; Yahoo! Slurp/3.0; http://help.yahoo.com/help/us/ysearch/slurp)" "silverimagingcanada.com"
67.195.115.242 - - [03/Oct/2009:07:34:41 -0700] "GET /sounds/?D=A HTTP/1.0" 200 648 "-" "Mozilla/5.0 (compatible; Yahoo! Slurp/3.0; http://help.yahoo.com/help/us/ysearch/slurp)" "silverimagingcanada.com"
67.195.115.242 - - [03/Oct/2009:07:51:23 -0700] "GET /sounds/?M=A HTTP/1.0" 200 648 "-" "Mozilla/5.0 (compatible; Yahoo! Slurp/3.0; http://help.yahoo.com/help/us/ysearch/slurp)" "silverimagingcanada.com"
67.195.115.242 - - [03/Oct/2009:07:56:44 -0700] "GET /navigation_bars/?M=A HTTP/1.0" 200 667 "-" "Mozilla/5.0 (compatible; Yahoo! Slurp/3.0; http://help.yahoo.com/help/us/ysearch/slurp)" "silverimagingcanada.com"
67.195.115.242 - - [03/Oct/2009:08:20:17 -0700] "GET /logs/?S=A HTTP/1.0" 200 2072 "-" "Mozilla/5.0 (compatible; Yahoo! Slurp/3.0; http://help.yahoo.com/help/us/ysearch/slurp)" "silverimagingcanada.com"
67.195.115.242 - - [03/Oct/2009:08:20:22 -0700] "GET /tmp/?M=A HTTP/1.0" 200 504 "-" "Mozilla/5.0 (compatible; Yahoo! Slurp/3.0; http://help.yahoo.com/help/us/ysearch/slurp)" "silverimagingcanada.com"
67.195.115.242 - - [03/Oct/2009:09:20:26 -0700] "GET /tmp/?S=A HTTP/1.0" 200 504 "-" "Mozilla/5.0 (compatible; Yahoo! Slurp/3.0; http://help.yahoo.com/help/us/ysearch/slurp)" "silverimagingcanada.com"
67.195.115.242 - - [03/Oct/2009:09:26:26 -0700] "GET /logs/?M=A HTTP/1.0" 200 2072 "-" "Mozilla/5.0 (compatible; Yahoo! Slurp/3.0; http://help.yahoo.com/help/us/ysearch/slurp)" "silverimagingcanada.com"
67.195.115.242 - - [03/Oct/2009:16:00:22 -0700] "GET /images/?M=A HTTP/1.0" 200 510 "-" "Mozilla/5.0 (compatible; Yahoo! Slurp/3.0; http://help.yahoo.com/help/us/ysearch/slurp)" "silverimagingcanada.com"
67.195.115.242 - - [03/Oct/2009:16:05:00 -0700] "GET /sounds/?D=A HTTP/1.0" 200 648 "-" "Mozilla/5.0 (compatible; Yahoo! Slurp/3.0; http://help.yahoo.com/help/us/ysearch/slurp)" "silverimagingcanada.com"
68.145.119.230 - - [03/Oct/2009:17:12:52 -0700] "GET /sitebuilder/images/IMG_1184-420x310.jpg HTTP/1.1" 200 30969 "http://dotheton.com/index.php?topic=1721.0" "Mozilla/5.0 (Macintosh; U; Intel Mac OS X 10_5_8; en-us) AppleWebKit/531.9 (KHTML, like Gecko) Version/4.0.3 Safari/531.9" "silverimagingcanada.com"
68.145.119.230 - - [03/Oct/2009:17:12:52 -0700] "GET /sitebuilder/images/img056-393x289.jpg HTTP/1.1" 200 20721 "http://dotheton.com/index.php?topic=1721.0" "Mozilla/5.0 (Macintosh; U; Intel Mac OS X 10_5_8; en-us) AppleWebKit/531.9 (KHTML, like Gecko) Version/4.0.3 Safari/531.9" "silverimagingcanada.com"
68.145.119.230 - - [03/Oct/2009:17:12:52 -0700] "GET /sitebuilder/images/img052-374x274.jpg HTTP/1.1" 200 18043 "http://dotheton.com/index.php?topic=1721.0" "Mozilla/5.0 (Macintosh; U; Intel Mac OS X 10_5_8; en-us) AppleWebKit/531.9 (KHTML, like Gecko) Version/4.0.3 Safari/531.9" "silverimagingcanada.com"
68.145.119.230 - - [03/Oct/2009:17:12:52 -0700] "GET /sitebuilder/images/img053-365x267.jpg HTTP/1.1" 200 19523 "http://dotheton.com/index.php?topic=1721.0" "Mozilla/5.0 (Macintosh; U; Intel Mac OS X 10_5_8; en-us) AppleWebKit/531.9 (KHTML, like Gecko) Version/4.0.3 Safari/531.9" "silverimagingcanada.com"
68.145.119.230 - - [03/Oct/2009:17:12:52 -0700] "GET /sitebuilder/images/IMG_0937-312x416.jpg HTTP/1.1" 200 20123 "http://dotheton.com/index.php?topic=1721.0" "Mozilla/5.0 (Macintosh; U; Intel Mac OS X 10_5_8; en-us) AppleWebKit/531.9 (KHTML, like Gecko) Version/4.0.3 Safari/531.9" "silverimagingcanada.com"
68.145.119.230 - - [03/Oct/2009:17:12:53 -0700] "GET /sitebuilder/images/IMG_0939-380x278.jpg HTTP/1.1" 200 15324 "http://dotheton.com/index.php?topic=1721.0" "Mozilla/5.0 (Macintosh; U; Intel Mac OS X 10_5_8; en-us) AppleWebKit/531.9 (KHTML, like Gecko) Version/4.0.3 Safari/531.9" "silverimagingcanada.com"
68.145.119.230 - - [03/Oct/2009:17:12:53 -0700] "GET /sitebuilder/images/IMG_0961-417x308.jpg HTTP/1.1" 200 11717 "http://dotheton.com/index.php?topic=1721.0" "Mozilla/5.0 (Macintosh; U; Intel Mac OS X 10_5_8; en-us) AppleWebKit/531.9 (KHTML, like Gecko) Version/4.0.3 Safari/531.9" "silverimagingcanada.com"
58.61.164.40 - - [03/Oct/2009:17:47:39 -0700] "GET / HTTP/1.1" 200 1739 "http://www.silverimagingcanada.com/" "Mozilla/4.0 (compatible; MSIE 6.0; Windows NT 5.1)" "www.silverimagingcanada.com"
67.195.115.242 - - [03/Oct/2009:17:49:10 -0700] "GET /logs/?D=A HTTP/1.0" 200 2072 "-" "Mozilla/5.0 (compatible; Yahoo! Slurp/3.0; http://help.yahoo.com/help/us/ysearch/slurp)" "silverimagingcanada.com"
208.80.193.30 - - [03/Oct/2009:18:17:05 -0700] "GET / HTTP/1.0" 200 1723 "-" "Mozilla/4.0 (compatible; MSIE 7.0; Windows NT 5.1; AT&T CSM8.0; FunWebProducts; .NET CLR 1.1.4322; InfoPath.1; yplus 5.1.04b)" "www.silverimagingcanada.com"
74.67.34.185 - - [03/Oct/2009:19:08:19 -0700] "GET /sitebuilder/images/IMG_1184-420x310.jpg HTTP/1.1" 200 30969 "http://dotheton.com/index.php?topic=1721.0" "Mozilla/5.0 (Windows; U; Windows NT 5.1; en-US; rv:1.8.1.20) Gecko/20081217 Firefox/2.0.0.20 (.NET CLR 3.5.30729)" "silverimagingcanada.com"
74.67.34.185 - - [03/Oct/2009:19:08:19 -0700] "GET /sitebuilder/images/img052-374x274.jpg HTTP/1.1" 200 18043 "http://dotheton.com/index.php?topic=1721.0" "Mozilla/5.0 (Windows; U; Windows NT 5.1; en-US; rv:1.8.1.20) Gecko/20081217 Firefox/2.0.0.20 (.NET CLR 3.5.30729)" "silverimagingcanada.com"
74.67.34.185 - - [03/Oct/2009:19:08:19 -0700] "GET /sitebuilder/images/img053-365x267.jpg HTTP/1.1" 200 19523 "http://dotheton.com/index.php?topic=1721.0" "Mozilla/5.0 (Windows; U; Windows NT 5.1; en-US; rv:1.8.1.20) Gecko/20081217 Firefox/2.0.0.20 (.NET CLR 3.5.30729)" "silverimagingcanada.com"
74.67.34.185 - - [03/Oct/2009:19:08:19 -0700] "GET /sitebuilder/images/img056-393x289.jpg HTTP/1.1" 200 20721 "http://dotheton.com/index.php?topic=1721.0" "Mozilla/5.0 (Windows; U; Windows NT 5.1; en-US; rv:1.8.1.20) Gecko/20081217 Firefox/2.0.0.20 (.NET CLR 3.5.30729)" "silverimagingcanada.com"
74.67.34.185 - - [03/Oct/2009:19:08:22 -0700] "GET /sitebuilder/images/IMG_0937-312x416.jpg HTTP/1.1" 200 20123 "http://dotheton.com/index.php?topic=1721.0" "Mozilla/5.0 (Windows; U; Windows NT 5.1; en-US; rv:1.8.1.20) Gecko/20081217 Firefox/2.0.0.20 (.NET CLR 3.5.30729)" "silverimagingcanada.com"
74.67.34.185 - - [03/Oct/2009:19:08:22 -0700] "GET /sitebuilder/images/IMG_0961-417x308.jpg HTTP/1.1" 200 11717 "http://dotheton.com/index.php?topic=1721.0" "Mozilla/5.0 (Windows; U; Windows NT 5.1; en-US; rv:1.8.1.20) Gecko/20081217 Firefox/2.0.0.20 (.NET CLR 3.5.30729)" "silverimagingcanada.com"
58.61.164.139 - - [03/Oct/2009:19:20:13 -0700] "GET / HTTP/1.1" 200 1739 "http://www.silverimagingcanada.com/" "Mozilla/4.0 (compatible; MSIE 6.0; Windows NT 5.1)" "www.silverimagingcanada.com"
58.61.164.39 - - [03/Oct/2009:19:32:48 -0700] "GET / HTTP/1.1" 200 1739 "http://www.silverimagingcanada.com/" "Mozilla/4.0 (compatible; MSIE 6.0; Windows NT 5.1)" "www.silverimagingcanada.com"
58.61.164.140 - - [03/Oct/2009:19:47:16 -0700] "GET / HTTP/1.1" 200 1739 "http://www.silverimagingcanada.com/" "Mozilla/4.0 (compatible; MSIE 6.0; Windows NT 5.1)" "www.silverimagingcanada.com"
58.61.164.141 - - [03/Oct/2009:19:49:11 -0700] "GET / HTTP/1.1" 200 1739 "http://www.silverimagingcanada.com/" "Mozilla/4.0 (compatible; MSIE 6.0; Windows NT 5.1)" "www.silverimagingcanada.com"
124.115.1.8 - - [03/Oct/2009:19:59:15 -0700] "GET / HTTP/1.1" 200 1739 "http://www.silverimagingcanada.com/" "Mozilla/4.0 (compatible; MSIE 6.0; Windows NT 5.1)" "www.silverimagingcanada.com"
124.115.1.7 - - [03/Oct/2009:20:06:35 -0700] "GET / HTTP/1.1" 200 1739 "http://www.silverimagingcanada.com/" "Mozilla/4.0 (compatible; MSIE 6.0; Windows NT 5.1)" "www.silverimagingcanada.com"
67.195.115.242 - - [03/Oct/2009:20:48:33 -0700] "GET /tmp/?N=A HTTP/1.0" 200 504 "-" "Mozilla/5.0 (compatible; Yahoo! Slurp/3.0; http://help.yahoo.com/help/us/ysearch/slurp)" "silverimagingcanada.com"
114.80.93.71 - - [03/Oct/2009:21:30:44 -0700] "GET / HTTP/1.1" 200 1739 "http://www.silverimagingcanada.com/" "Mozilla/4.0 (compatible; MSIE 6.0; Windows NT 5.1)" "www.silverimagingcanada.com"
67.195.115.242 - - [03/Oct/2009:22:06:09 -0700] "GET /images/?S=A HTTP/1.0" 200 510 "-" "Mozilla/5.0 (compatible; Yahoo! Slurp/3.0; http://help.yahoo.com/help/us/ysearch/slurp)" "silverimagingcanada.com"
67.195.115.242 - - [03/Oct/2009:23:08:28 -0700] "GET /scripts/layers.js HTTP/1.0" 200 4045 "-" "Mozilla/5.0 (compatible; Yahoo! Slurp/3.0; http://help.yahoo.com/help/us/ysearch/slurp)" "silverimagingcanada.com"
67.195.115.242 - - [03/Oct/2009:23:20:10 -0700] "GET /sitebuilder/?S=A HTTP/1.0" 200 932 "-" "Mozilla/5.0 (compatible; Yahoo! Slurp/3.0; http://help.yahoo.com/help/us/ysearch/slurp)" "silverimagingcanada.com"
67.195.115.242 - - [03/Oct/2009:23:49:33 -0700] "GET /logs/access_090712.log HTTP/1.0" 200 710507 "-" "Mozilla/5.0 (compatible; Yahoo! Slurp/3.0; http://help.yahoo.com/help/us/ysearch/slurp)" "silverimagingcanada.com"
65.55.106.159 - - [03/Oct/2009:23:58:35 -0700] "GET /robots.txt HTTP/1.1" 404 275 "-" "msnbot/2.0b (+http://search.msn.com/msnbot.htm)" "silverimagingcanada.com"
65.55.106.159 - - [04/Oct/2009:00:26:19 -0700] "GET /scripts/ HTTP/1.1" 200 666 "-" "msnbot/2.0b (+http://search.msn.com/msnbot.htm)" "silverimagingcanada.com"
67.195.115.242 - - [04/Oct/2009:02:51:29 -0700] "GET /logs/access_081212.log HTTP/1.0" 200 601653 "-" "Mozilla/5.0 (compatible; Yahoo! Slurp/3.0; http://help.yahoo.com/help/us/ysearch/slurp)" "silverimagingcanada.com"
67.195.115.242 - - [04/Oct/2009:04:43:30 -0700] "GET /media/ HTTP/1.0" 200 2070 "-" "Mozilla/5.0 (compatible; Yahoo! Slurp/3.0; http://help.yahoo.com/help/us/ysearch/slurp)" "silverimagingcanada.com"
124.115.6.15 - - [04/Oct/2009:06:03:43 -0700] "GET /robots.txt HTTP/1.1" 404 275 "http://www.silverimagingcanada.com/robots.txt" "Sosospider+(+http://help.soso.com/webspider.htm)" "www.silverimagingcanada.com"
67.195.115.242 - - [04/Oct/2009:07:20:29 -0700] "GET /scripts/?N=D HTTP/1.0" 200 650 "-" "Mozilla/5.0 (compatible; Yahoo! Slurp/3.0; http://help.yahoo.com/help/us/ysearch/slurp)" "silverimagingcanada.com"
208.80.193.32 - - [04/Oct/2009:07:55:21 -0700] "GET / HTTP/1.0" 200 1723 "-" "Mozilla/4.0 (compatible; MSIE 6.0; Windows NT 5.1; SV1; SU 3.005; .NET CLR 1.0.3705; .NET CLR 1.1.4322; Media Center PC 4.0; .NET CLR 2.0.50727)" "silverimagingcanada.com"
65.55.220.191 - - [04/Oct/2009:08:53:20 -0700] "GET /sitebuilder/images/Gay_DVR_Splash_Screen2-581x435.jpg HTTP/1.0" 200 25628 "-" "WinHttp" "www.silverimagingcanada.com"
68.145.119.230 - - [04/Oct/2009:09:45:45 -0700] "GET /sitebuilder/images/IMG_1288-451x334.jpg HTTP/1.1" 200 25996 "http://dotheton.com/index.php?topic=1721.15" "Mozilla/5.0 (Macintosh; U; Intel Mac OS X 10_5_8; en-us) AppleWebKit/531.9 (KHTML, like Gecko) Version/4.0.3 Safari/531.9" "silverimagingcanada.com"
68.145.119.230 - - [04/Oct/2009:09:45:45 -0700] "GET /sitebuilder/images/IMG_1272-351x257.jpg HTTP/1.1" 200 23815 "http://dotheton.com/index.php?topic=1721.15" "Mozilla/5.0 (Macintosh; U; Intel Mac OS X 10_5_8; en-us) AppleWebKit/531.9 (KHTML, like Gecko) Version/4.0.3 Safari/531.9" "silverimagingcanada.com"
68.145.119.230 - - [04/Oct/2009:09:45:45 -0700] "GET /sitebuilder/images/img129-405x298.jpg HTTP/1.1" 200 17041 "http://dotheton.com/index.php?topic=1721.15" "Mozilla/5.0 (Macintosh; U; Intel Mac OS X 10_5_8; en-us) AppleWebKit/531.9 (KHTML, like Gecko) Version/4.0.3 Safari/531.9" "silverimagingcanada.com"
68.145.119.230 - - [04/Oct/2009:09:45:45 -0700] "GET /sitebuilder/images/IMG_1276-406x299.jpg HTTP/1.1" 200 31845 "http://dotheton.com/index.php?topic=1721.15" "Mozilla/5.0 (Macintosh; U; Intel Mac OS X 10_5_8; en-us) AppleWebKit/531.9 (KHTML, like Gecko) Version/4.0.3 Safari/531.9" "silverimagingcanada.com"
68.145.119.230 - - [04/Oct/2009:09:47:25 -0700] "GET /sitebuilder/images/img135-317x428.jpg HTTP/1.1" 200 25396 "http://dotheton.com/index.php?topic=1721.30" "Mozilla/5.0 (Macintosh; U; Intel Mac OS X 10_5_8; en-us) AppleWebKit/531.9 (KHTML, like Gecko) Version/4.0.3 Safari/531.9" "silverimagingcanada.com"
68.145.119.230 - - [04/Oct/2009:09:47:25 -0700] "GET /sitebuilder/images/img138-399x293.jpg HTTP/1.1" 200 24204 "http://dotheton.com/index.php?topic=1721.30" "Mozilla/5.0 (Macintosh; U; Intel Mac OS X 10_5_8; en-us) AppleWebKit/531.9 (KHTML, like Gecko) Version/4.0.3 Safari/531.9" "silverimagingcanada.com"
68.145.119.230 - - [04/Oct/2009:09:47:25 -0700] "GET /sitebuilder/images/img144-352x257.jpg HTTP/1.1" 200 12721 "http://dotheton.com/index.php?topic=1721.30" "Mozilla/5.0 (Macintosh; U; Intel Mac OS X 10_5_8; en-us) AppleWebKit/531.9 (KHTML, like Gecko) Version/4.0.3 Safari/531.9" "silverimagingcanada.com"
68.145.119.230 - - [04/Oct/2009:09:47:25 -0700] "GET /sitebuilder/images/img1412-430x317.jpg HTTP/1.1" 200 28270 "http://dotheton.com/index.php?topic=1721.30" "Mozilla/5.0 (Macintosh; U; Intel Mac OS X 10_5_8; en-us) AppleWebKit/531.9 (KHTML, like Gecko) Version/4.0.3 Safari/531.9" "silverimagingcanada.com"
68.145.119.230 - - [04/Oct/2009:09:47:26 -0700] "GET /sitebuilder/images/tank1-257x350.jpg HTTP/1.1" 200 11565 "http://dotheton.com/index.php?topic=1721.30" "Mozilla/5.0 (Macintosh; U; Intel Mac OS X 10_5_8; en-us) AppleWebKit/531.9 (KHTML, like Gecko) Version/4.0.3 Safari/531.9" "silverimagingcanada.com"
68.145.119.230 - - [04/Oct/2009:09:47:26 -0700] "GET /sitebuilder/images/tank2-272x195.jpg HTTP/1.1" 200 7366 "http://dotheton.com/index.php?topic=1721.30" "Mozilla/5.0 (Macintosh; U; Intel Mac OS X 10_5_8; en-us) AppleWebKit/531.9 (KHTML, like Gecko) Version/4.0.3 Safari/531.9" "silverimagingcanada.com"
68.145.119.230 - - [04/Oct/2009:09:51:30 -0700] "GET /sitebuilder/images/Bullet_Signals-295x237.jpg HTTP/1.1" 200 16322 "http://dotheton.com/index.php?topic=1721.90" "Mozilla/5.0 (Macintosh; U; Intel Mac OS X 10_5_8; en-us) AppleWebKit/531.9 (KHTML, like Gecko) Version/4.0.3 Safari/531.9" "silverimagingcanada.com"
68.145.119.230 - - [04/Oct/2009:09:51:30 -0700] "GET /sitebuilder/images/Bullet_Signals2-278x251.jpg HTTP/1.1" 200 18028 "http://dotheton.com/index.php?topic=1721.90" "Mozilla/5.0 (Macintosh; U; Intel Mac OS X 10_5_8; en-us) AppleWebKit/531.9 (KHTML, like Gecko) Version/4.0.3 Safari/531.9" "silverimagingcanada.com"
85.53.37.143 - - [04/Oct/2009:13:43:10 -0700] "GET /sitebuilder/images/IMG_1184-420x310.jpg HTTP/1.1" 200 30969 "http://dotheton.com/index.php?topic=1721.0" "Mozilla/5.0 (Windows; U; Windows NT 5.1; es-ES; rv:1.9.1.3) Gecko/20090824 Firefox/3.5.3" "silverimagingcanada.com"
85.53.37.143 - - [04/Oct/2009:13:43:11 -0700] "GET /sitebuilder/images/img052-374x274.jpg HTTP/1.1" 200 18043 "http://dotheton.com/index.php?topic=1721.0" "Mozilla/5.0 (Windows; U; Windows NT 5.1; es-ES; rv:1.9.1.3) Gecko/20090824 Firefox/3.5.3" "silverimagingcanada.com"
85.53.37.143 - - [04/Oct/2009:13:43:11 -0700] "GET /sitebuilder/images/img053-365x267.jpg HTTP/1.1" 200 19523 "http://dotheton.com/index.php?topic=1721.0" "Mozilla/5.0 (Windows; U; Windows NT 5.1; es-ES; rv:1.9.1.3) Gecko/20090824 Firefox/3.5.3" "silverimagingcanada.com"
85.53.37.143 - - [04/Oct/2009:13:43:11 -0700] "GET /sitebuilder/images/img056-393x289.jpg HTTP/1.1" 200 20721 "http://dotheton.com/index.php?topic=1721.0" "Mozilla/5.0 (Windows; U; Windows NT 5.1; es-ES; rv:1.9.1.3) Gecko/20090824 Firefox/3.5.3" "silverimagingcanada.com"
85.53.37.143 - - [04/Oct/2009:13:43:12 -0700] "GET /sitebuilder/images/IMG_0937-312x416.jpg HTTP/1.1" 200 20123 "http://dotheton.com/index.php?topic=1721.0" "Mozilla/5.0 (Windows; U; Windows NT 5.1; es-ES; rv:1.9.1.3) Gecko/20090824 Firefox/3.5.3" "silverimagingcanada.com"
85.53.37.143 - - [04/Oct/2009:13:43:12 -0700] "GET /sitebuilder/images/IMG_0939-380x278.jpg HTTP/1.1" 200 15324 "http://dotheton.com/index.php?topic=1721.0" "Mozilla/5.0 (Windows; U; Windows NT 5.1; es-ES; rv:1.9.1.3) Gecko/20090824 Firefox/3.5.3" "silverimagingcanada.com"
85.53.37.143 - - [04/Oct/2009:13:43:12 -0700] "GET /sitebuilder/images/IMG_0961-417x308.jpg HTTP/1.1" 200 11717 "http://dotheton.com/index.php?topic=1721.0" "Mozilla/5.0 (Windows; U; Windows NT 5.1; es-ES; rv:1.9.1.3) Gecko/20090824 Firefox/3.5.3" "silverimagingcanada.com"
85.53.37.143 - - [04/Oct/2009:14:15:15 -0700] "GET /sitebuilder/images/IMG_1288-451x334.jpg HTTP/1.1" 200 25996 "http://dotheton.com/index.php?topic=1721.15" "Mozilla/5.0 (Windows; U; Windows NT 5.1; es-ES; rv:1.9.1.3) Gecko/20090824 Firefox/3.5.3" "silverimagingcanada.com"
85.53.37.143 - - [04/Oct/2009:14:15:15 -0700] "GET /sitebuilder/images/IMG_1276-406x299.jpg HTTP/1.1" 200 31845 "http://dotheton.com/index.php?topic=1721.15" "Mozilla/5.0 (Windows; U; Windows NT 5.1; es-ES; rv:1.9.1.3) Gecko/20090824 Firefox/3.5.3" "silverimagingcanada.com"
85.53.37.143 - - [04/Oct/2009:14:25:15 -0700] "GET /sitebuilder/images/Bullet_Signals2-278x251.jpg HTTP/1.1" 200 18028 "http://dotheton.com/index.php?topic=1721.90" "Mozilla/5.0 (Windows; U; Windows NT 5.1; es-ES; rv:1.9.1.3) Gecko/20090824 Firefox/3.5.3" "silverimagingcanada.com"
85.53.37.143 - - [04/Oct/2009:14:25:15 -0700] "GET /sitebuilder/images/Bullet_Signals-295x237.jpg HTTP/1.1" 200 16322 "http://dotheton.com/index.php?topic=1721.90" "Mozilla/5.0 (Windows; U; Windows NT 5.1; es-ES; rv:1.9.1.3) Gecko/20090824 Firefox/3.5.3" "silverimagingcanada.com"
67.195.115.242 - - [04/Oct/2009:14:50:54 -0700] "GET /images/?D=A HTTP/1.0" 200 510 "-" "Mozilla/5.0 (compatible; Yahoo! Slurp/3.0; http://help.yahoo.com/help/us/ysearch/slurp)" "silverimagingcanada.com"
67.195.115.242 - - [04/Oct/2009:17:27:57 -0700] "GET /images/?N=A HTTP/1.0" 200 510 "-" "Mozilla/5.0 (compatible; Yahoo! Slurp/3.0; http://help.yahoo.com/help/us/ysearch/slurp)" "silverimagingcanada.com"
58.61.164.40 - - [04/Oct/2009:17:39:25 -0700] "GET / HTTP/1.1" 200 1739 "http://www.silverimagingcanada.com/" "Mozilla/4.0 (compatible; MSIE 6.0; Windows NT 5.1)" "www.silverimagingcanada.com"
58.61.164.139 - - [04/Oct/2009:17:41:55 -0700] "GET / HTTP/1.1" 200 1739 "http://www.silverimagingcanada.com/" "Mozilla/4.0 (compatible; MSIE 6.0; Windows NT 5.1)" "www.silverimagingcanada.com"
124.115.1.8 - - [04/Oct/2009:17:42:24 -0700] "GET / HTTP/1.1" 200 1739 "http://www.silverimagingcanada.com/" "Mozilla/4.0 (compatible; MSIE 6.0; Windows NT 5.1)" "www.silverimagingcanada.com"
58.61.164.39 - - [04/Oct/2009:17:43:56 -0700] "GET / HTTP/1.1" 200 1739 "http://www.silverimagingcanada.com/" "Mozilla/4.0 (compatible; MSIE 6.0; Windows NT 5.1)" "www.silverimagingcanada.com"
58.61.164.141 - - [04/Oct/2009:17:47:52 -0700] "GET / HTTP/1.1" 200 1739 "http://www.silverimagingcanada.com/" "Mozilla/4.0 (compatible; MSIE 6.0; Windows NT 5.1)" "www.silverimagingcanada.com"
124.115.1.7 - - [04/Oct/2009:17:52:26 -0700] "GET / HTTP/1.1" 200 1739 "http://www.silverimagingcanada.com/" "Mozilla/4.0 (compatible; MSIE 6.0; Windows NT 5.1)" "www.silverimagingcanada.com"
58.61.164.140 - - [04/Oct/2009:17:54:26 -0700] "GET / HTTP/1.1" 200 1739 "http://www.silverimagingcanada.com/" "Mozilla/4.0 (compatible; MSIE 6.0; Windows NT 5.1)" "www.silverimagingcanada.com"
67.195.115.242 - - [04/Oct/2009:18:04:05 -0700] "GET /sitebuilder/?N=D HTTP/1.0" 200 932 "-" "Mozilla/5.0 (compatible; Yahoo! Slurp/3.0; http://help.yahoo.com/help/us/ysearch/slurp)" "silverimagingcanada.com"
114.80.93.71 - - [04/Oct/2009:18:50:04 -0700] "GET / HTTP/1.1" 200 1739 "http://www.silverimagingcanada.com/" "Mozilla/4.0 (compatible; MSIE 6.0; Windows NT 5.1)" "www.silverimagingcanada.com"
208.80.193.26 - - [04/Oct/2009:20:31:40 -0700] "GET / HTTP/1.0" 200 1723 "-" "Mozilla/4.0 (compatible; MSIE 6.0; Windows NT 5.1; PeoplePC 1.0; ISP; SV1)" "www.silverimagingcanada.com"
67.195.111.153 - - [04/Oct/2009:23:12:25 -0700] "GET /navigation_bars/navbar.nav HTTP/1.0" 200 643 "-" "Mozilla/5.0 (compatible; Yahoo! Slurp/3.0; http://help.yahoo.com/help/us/ysearch/slurp)" "silverimagingcanada.com"
67.195.111.153 - - [04/Oct/2009:23:55:29 -0700] "GET /logs/access_090712.log HTTP/1.0" 200 710507 "-" "Mozilla/5.0 (compatible; Yahoo! Slurp/3.0; http://help.yahoo.com/help/us/ysearch/slurp)" "silverimagingcanada.com"
67.195.111.153 - - [05/Oct/2009:02:41:40 -0700] "GET /logs/access_090912.log HTTP/1.0" 200 506708 "-" "Mozilla/5.0 (compatible; Yahoo! Slurp/3.0; http://help.yahoo.com/help/us/ysearch/slurp)" "silverimagingcanada.com"
74.55.94.90 - - [05/Oct/2009:07:50:43 -0700] "GET / HTTP/1.1" 200 1739 "-" "Mozilla/4.0 (compatible; MSIE 6.0; Windows NT 5.0; .NET CLR 1.0.3705)" "silverimagingcanada.com"
208.80.193.43 - - [05/Oct/2009:10:23:29 -0700] "GET / HTTP/1.0" 200 1723 "-" "Mozilla/4.0 (compatible; MSIE 7.0; Windows NT 6.0; SLCC1; .NET CLR 2.0.50727; .NET CLR 3.0.04506; .NET CLR 1.1.4322; IEMB3)" "silverimagingcanada.com"
67.195.111.153 - - [05/Oct/2009:11:29:29 -0700] "GET /sitebuilder/images/ HTTP/1.0" 200 54994 "-" "Mozilla/5.0 (compatible; Yahoo! Slurp/3.0; http://help.yahoo.com/help/us/ysearch/slurp)" "silverimagingcanada.com"
122.160.99.22 - - [05/Oct/2009:12:50:03 -0700] "GET /contactus.html HTTP/1.1" 404 275 "-" "Mozilla/5.0 (Windows; U; Windows NT 5.1; en-US; rv:1.9.0.14) Gecko/2009082707 Firefox/3.0.14 (.NET CLR 3.5.30729)" "www.silverimagingcanada.com"
122.160.99.22 - - [05/Oct/2009:12:50:04 -0700] "GET /favicon.ico HTTP/1.1" 404 275 "-" "Mozilla/5.0 (Windows; U; Windows NT 5.1; en-US; rv:1.9.0.14) Gecko/2009082707 Firefox/3.0.14 (.NET CLR 3.5.30729)" "www.silverimagingcanada.com"
122.160.99.22 - - [05/Oct/2009:12:50:07 -0700] "GET /favicon.ico HTTP/1.1" 404 275 "-" "Mozilla/5.0 (Windows; U; Windows NT 5.1; en-US; rv:1.9.0.14) Gecko/2009082707 Firefox/3.0.14 (.NET CLR 3.5.30729)" "www.silverimagingcanada.com"
65.55.220.191 - - [05/Oct/2009:13:43:08 -0700] "GET /sitebuilder/images/Gay_DVR_Splash_Screen2-581x435.jpg HTTP/1.1" 200 25628 "-" "WinHttp" "www.silverimagingcanada.com"
38.101.148.126 - - [05/Oct/2009:14:21:57 -0700] "GET /robots.txt HTTP/1.1" 404 275 "-" "Mozilla/5.0 (compatible; discobot/1.1; +http://discoveryengine.com/discobot.html)" "www.silverimagingcanada.com"
38.101.148.126 - - [05/Oct/2009:14:21:59 -0700] "GET /logs/ HTTP/1.1" 200 2088 "-" "Mozilla/5.0 (compatible; discobot/1.1; +http://discoveryengine.com/discobot.html)" "www.silverimagingcanada.com"
67.195.111.153 - - [05/Oct/2009:16:55:28 -0700] "GET /?M=D HTTP/1.0" 200 1723 "-" "Mozilla/5.0 (compatible; Yahoo! Slurp/3.0; http://help.yahoo.com/help/us/ysearch/slurp)" "silverimagingcanada.com"
77.88.25.27 - - [05/Oct/2009:18:48:12 -0700] "GET /robots.txt HTTP/1.0" 404 275 "-" "Yandex/1.01.001 (compatible; Win16; I)" "silverimagingcanada.com"
208.80.193.40 - - [05/Oct/2009:22:45:40 -0700] "GET / HTTP/1.0" 200 1723 "-" "Mozilla/4.0 (compatible; MSIE 6.0; Windows NT 5.1; SV1; FunWebProducts; SIMBAR Enabled; SIMBAR=0; .NET CLR 1.1.4322)" "www.silverimagingcanada.com"
174.133.79.102 - - [06/Oct/2009:01:58:03 -0700] "GET / HTTP/1.1" 200 1739 "-" "Opera/9.20 (Windows NT 6.0; U; en)" "silverimagingcanada.com"
78.140.138.39 - - [06/Oct/2009:02:02:59 -0700] "GET / HTTP/1.1" 200 1739 "-" "Mozilla/5.0 (Windows; U; Windows NT 5.1; en-US; rv:1.9.0.5) Gecko/2008120122 Firefox/3.0.5" "silverimagingcanada.com"
38.101.148.126 - - [06/Oct/2009:02:04:55 -0700] "GET /robots.txt HTTP/1.1" 404 275 "-" "Mozilla/5.0 (compatible; discobot/1.1; +http://discoveryengine.com/discobot.html)" "www.silverimagingcanada.com"
38.101.148.126 - - [06/Oct/2009:02:04:56 -0700] "GET /clipart/ HTTP/1.1" 200 1350 "-" "Mozilla/5.0 (compatible; discobot/1.1; +http://discoveryengine.com/discobot.html)" "www.silverimagingcanada.com"
38.101.148.126 - - [06/Oct/2009:02:05:01 -0700] "GET /?S=A HTTP/1.1" 200 1739 "-" "Mozilla/5.0 (compatible; discobot/1.1; +http://discoveryengine.com/discobot.html)" "www.silverimagingcanada.com"
72.30.87.126 - - [06/Oct/2009:04:36:03 -0700] "GET /?M=A HTTP/1.0" 200 1723 "-" "Mozilla/5.0 (compatible; Yahoo! Slurp/3.0; http://help.yahoo.com/help/us/ysearch/slurp)" "www.silverimagingcanada.com"
38.101.148.126 - - [06/Oct/2009:07:06:41 -0700] "GET /robots.txt HTTP/1.1" 404 275 "-" "Mozilla/5.0 (compatible; discobot/1.1; +http://discoveryengine.com/discobot.html)" "www.silverimagingcanada.com"
38.101.148.126 - - [06/Oct/2009:07:06:43 -0700] "GET /images/ HTTP/1.1" 200 526 "-" "Mozilla/5.0 (compatible; discobot/1.1; +http://discoveryengine.com/discobot.html)" "www.silverimagingcanada.com"
208.80.193.42 - - [06/Oct/2009:12:29:45 -0700] "GET / HTTP/1.0" 200 1723 "-" "Mozilla/4.0 (compatible; MSIE 7.0; Windows NT 5.1; SIMBAR={D43011B4-3613-4d94-8688-94990F3CC3BC}; FunWebProducts; YPC 3.2.0; .NET CLR 1.1.4322; .NET CLR 2.0.50727)" "silverimagingcanada.com"
65.55.107.179 - - [06/Oct/2009:13:01:06 -0700] "GET /robots.txt HTTP/1.1" 404 275 "-" "msnbot/2.0b (+http://search.msn.com/msnbot.htm)" "silverimagingcanada.com"
65.55.107.179 - - [06/Oct/2009:13:06:45 -0700] "GET /logs/ HTTP/1.1" 200 2088 "-" "msnbot/2.0b (+http://search.msn.com/msnbot.htm)" "silverimagingcanada.com"
124.115.6.15 - - [06/Oct/2009:13:24:38 -0700] "GET /robots.txt HTTP/1.1" 404 275 "http://www.silverimagingcanada.com/robots.txt" "Sosospider+(+http://help.soso.com/webspider.htm)" "www.silverimagingcanada.com"
65.55.220.191 - - [06/Oct/2009:17:49:44 -0700] "GET /sitebuilder/images/Gay_DVR_Splash_Screen2-581x435.jpg HTTP/1.1" 200 25628 "-" "WinHttp" "www.silverimagingcanada.com"
68.106.255.215 - - [06/Oct/2009:19:18:18 -0700] "GET /sitebuilder/images/img052-374x274.jpg HTTP/1.1" 200 18043 "http://dotheton.com/index.php?topic=1721.0" "Mozilla/5.0 (Windows; U; Windows NT 5.1; en-US; rv:1.9.1.3) Gecko/20090824 Firefox/3.5.3" "silverimagingcanada.com"
68.106.255.215 - - [06/Oct/2009:19:18:18 -0700] "GET /sitebuilder/images/IMG_1184-420x310.jpg HTTP/1.1" 200 30969 "http://dotheton.com/index.php?topic=1721.0" "Mozilla/5.0 (Windows; U; Windows NT 5.1; en-US; rv:1.9.1.3) Gecko/20090824 Firefox/3.5.3" "silverimagingcanada.com"
68.106.255.215 - - [06/Oct/2009:19:18:18 -0700] "GET /sitebuilder/images/img056-393x289.jpg HTTP/1.1" 200 20721 "http://dotheton.com/index.php?topic=1721.0" "Mozilla/5.0 (Windows; U; Windows NT 5.1; en-US; rv:1.9.1.3) Gecko/20090824 Firefox/3.5.3" "silverimagingcanada.com"
68.106.255.215 - - [06/Oct/2009:19:18:18 -0700] "GET /sitebuilder/images/img053-365x267.jpg HTTP/1.1" 200 19523 "http://dotheton.com/index.php?topic=1721.0" "Mozilla/5.0 (Windows; U; Windows NT 5.1; en-US; rv:1.9.1.3) Gecko/20090824 Firefox/3.5.3" "silverimagingcanada.com"
68.106.255.215 - - [06/Oct/2009:19:18:19 -0700] "GET /sitebuilder/images/IMG_0961-417x308.jpg HTTP/1.1" 200 11717 "http://dotheton.com/index.php?topic=1721.0" "Mozilla/5.0 (Windows; U; Windows NT 5.1; en-US; rv:1.9.1.3) Gecko/20090824 Firefox/3.5.3" "silverimagingcanada.com"
68.106.255.215 - - [06/Oct/2009:19:18:19 -0700] "GET /sitebuilder/images/IMG_0937-312x416.jpg HTTP/1.1" 200 20123 "http://dotheton.com/index.php?topic=1721.0" "Mozilla/5.0 (Windows; U; Windows NT 5.1; en-US; rv:1.9.1.3) Gecko/20090824 Firefox/3.5.3" "silverimagingcanada.com"
68.106.255.215 - - [06/Oct/2009:19:18:19 -0700] "GET /sitebuilder/images/IMG_0939-380x278.jpg HTTP/1.1" 200 15324 "http://dotheton.com/index.php?topic=1721.0" "Mozilla/5.0 (Windows; U; Windows NT 5.1; en-US; rv:1.9.1.3) Gecko/20090824 Firefox/3.5.3" "silverimagingcanada.com"
38.101.148.126 - - [06/Oct/2009:19:35:58 -0700] "GET /robots.txt HTTP/1.1" 404 275 "-" "Mozilla/5.0 (compatible; discobot/1.1; +http://discoveryengine.com/discobot.html)" "www.silverimagingcanada.com"
38.101.148.126 - - [06/Oct/2009:19:35:59 -0700] "GET / HTTP/1.1" 200 1739 "-" "Mozilla/5.0 (compatible; discobot/1.1; +http://discoveryengine.com/discobot.html)" "www.silverimagingcanada.com"
38.101.148.126 - - [06/Oct/2009:22:54:57 -0700] "GET /robots.txt HTTP/1.1" 404 275 "-" "Mozilla/5.0 (compatible; discobot/1.1; +http://discoveryengine.com/discobot.html)" "www.silverimagingcanada.com"
38.101.148.126 - - [06/Oct/2009:22:54:58 -0700] "GET /?M=A HTTP/1.1" 200 1739 "-" "Mozilla/5.0 (compatible; discobot/1.1; +http://discoveryengine.com/discobot.html)" "www.silverimagingcanada.com"
208.124.226.186 - - [07/Oct/2009:04:21:04 -0700] "GET /robots.txt HTTP/1.0" 404 275 "-" "LookUpCrawler - lookupcanada.ca [ZSEBOT]" "www.silverimagingcanada.com"
208.124.226.186 - - [07/Oct/2009:04:21:04 -0700] "GET / HTTP/1.1" 200 1739 "-" "LookUpCrawler - lookupcanada.ca [ZSEBOT]" "www.silverimagingcanada.com"
99.24.202.129 - - [07/Oct/2009:06:02:22 -0700] "GET /sitebuilder/images/Gay_DVR_Splash_Screen2-581x435.jpg HTTP/1.1" 206 18940 "http://dearcomputer.nl/gir/?q=gay+plumber&s=4&imgtype=any" "Mozilla/5.0 (Windows; U; Windows NT 5.1; en-US; rv:1.9.1.3) Gecko/20090824 Firefox/3.5.3 GTB5 (.NET CLR 3.5.30729)" "www.silverimagingcanada.com"
208.80.193.42 - - [07/Oct/2009:07:40:25 -0700] "GET / HTTP/1.0" 200 1723 "-" "Mozilla/4.0 (compatible; MSIE 7.0; Windows NT 5.1; Maxthon; .NET CLR 1.0.3705; .NET CLR 1.1.4322; Media Center PC 4.0; .NET CLR 2.0.50727; InfoPath.1; IEMB3; IEMB3)" "silverimagingcanada.com"
69.58.178.28 - - [07/Oct/2009:13:27:20 -0700] "GET /robots.txt HTTP/1.1" 404 275 "-" "Mozilla/5.0 (X11; U; Linux i686; en-US; rv:1.7.12; ips-agent) Gecko/20050922 Fedora/1.0.7-1.1.fc4 Firefox/1.0.7" "www.silverimagingcanada.com"
69.58.178.28 - - [07/Oct/2009:13:27:21 -0700] "GET / HTTP/1.1" 200 1739 "-" "Mozilla/5.0 (X11; U; Linux i686; en-US; rv:1.7.12; ips-agent) Gecko/20050922 Fedora/1.0.7-1.1.fc4 Firefox/1.0.7" "www.silverimagingcanada.com"
69.58.178.28 - - [07/Oct/2009:13:27:22 -0700] "GET /?N=D HTTP/1.1" 200 1739 "-" "Mozilla/5.0 (X11; U; Linux i686; en-US; rv:1.7.12; ips-agent) Gecko/20050922 Fedora/1.0.7-1.1.fc4 Firefox/1.0.7" "www.silverimagingcanada.com"
69.58.178.28 - - [07/Oct/2009:13:27:23 -0700] "GET /?M=A HTTP/1.1" 200 1739 "-" "Mozilla/5.0 (X11; U; Linux i686; en-US; rv:1.7.12; ips-agent) Gecko/20050922 Fedora/1.0.7-1.1.fc4 Firefox/1.0.7" "www.silverimagingcanada.com"
69.58.178.28 - - [07/Oct/2009:13:27:25 -0700] "GET /?S=A HTTP/1.1" 200 1739 "-" "Mozilla/5.0 (X11; U; Linux i686; en-US; rv:1.7.12; ips-agent) Gecko/20050922 Fedora/1.0.7-1.1.fc4 Firefox/1.0.7" "www.silverimagingcanada.com"
69.58.178.28 - - [07/Oct/2009:13:27:26 -0700] "GET /?D=A HTTP/1.1" 200 1739 "-" "Mozilla/5.0 (X11; U; Linux i686; en-US; rv:1.7.12; ips-agent) Gecko/20050922 Fedora/1.0.7-1.1.fc4 Firefox/1.0.7" "www.silverimagingcanada.com"
69.58.178.28 - - [07/Oct/2009:13:27:27 -0700] "GET /clipart/ HTTP/1.1" 200 1350 "-" "Mozilla/5.0 (X11; U; Linux i686; en-US; rv:1.7.12; ips-agent) Gecko/20050922 Fedora/1.0.7-1.1.fc4 Firefox/1.0.7" "www.silverimagingcanada.com"
69.58.178.28 - - [07/Oct/2009:13:27:28 -0700] "GET /images/ HTTP/1.1" 200 526 "-" "Mozilla/5.0 (X11; U; Linux i686; en-US; rv:1.7.12; ips-agent) Gecko/20050922 Fedora/1.0.7-1.1.fc4 Firefox/1.0.7" "www.silverimagingcanada.com"
69.58.178.28 - - [07/Oct/2009:13:27:29 -0700] "GET /logs/ HTTP/1.1" 200 2088 "-" "Mozilla/5.0 (X11; U; Linux i686; en-US; rv:1.7.12; ips-agent) Gecko/20050922 Fedora/1.0.7-1.1.fc4 Firefox/1.0.7" "www.silverimagingcanada.com"
69.58.178.28 - - [07/Oct/2009:13:27:30 -0700] "GET /media/ HTTP/1.1" 200 2086 "-" "Mozilla/5.0 (X11; U; Linux i686; en-US; rv:1.7.12; ips-agent) Gecko/20050922 Fedora/1.0.7-1.1.fc4 Firefox/1.0.7" "www.silverimagingcanada.com"
77.88.25.27 - - [07/Oct/2009:16:33:17 -0700] "GET /robots.txt HTTP/1.1" 404 275 "-" "Yandex/1.01.001 (compatible; Win16; I)" "silverimagingcanada.com"
124.115.6.15 - - [07/Oct/2009:17:03:21 -0700] "GET /robots.txt HTTP/1.1" 404 275 "http://www.silverimagingcanada.com/robots.txt" "Sosospider+(+http://help.soso.com/webspider.htm)" "www.silverimagingcanada.com"
77.88.25.27 - - [07/Oct/2009:17:07:28 -0700] "GET /robots.txt HTTP/1.1" 404 275 "-" "Yandex/1.01.001 (compatible; Win16; I)" "www.silverimagingcanada.com"
58.61.164.139 - - [07/Oct/2009:17:54:16 -0700] "GET / HTTP/1.1" 200 1739 "http://www.silverimagingcanada.com/" "Mozilla/4.0 (compatible; MSIE 6.0; Windows NT 5.1)" "www.silverimagingcanada.com"
58.61.164.40 - - [07/Oct/2009:18:08:36 -0700] "GET / HTTP/1.1" 200 1739 "http://www.silverimagingcanada.com/" "Mozilla/4.0 (compatible; MSIE 6.0; Windows NT 5.1)" "www.silverimagingcanada.com"
58.61.164.141 - - [07/Oct/2009:19:55:04 -0700] "GET / HTTP/1.1" 200 1739 "http://www.silverimagingcanada.com/" "Mozilla/4.0 (compatible; MSIE 6.0; Windows NT 5.1)" "www.silverimagingcanada.com"
58.61.164.39 - - [07/Oct/2009:20:04:08 -0700] "GET / HTTP/1.1" 200 1739 "http://www.silverimagingcanada.com/" "Mozilla/4.0 (compatible; MSIE 6.0; Windows NT 5.1)" "www.silverimagingcanada.com"
58.61.164.140 - - [07/Oct/2009:20:05:43 -0700] "GET / HTTP/1.1" 200 1739 "http://www.silverimagingcanada.com/" "Mozilla/4.0 (compatible; MSIE 6.0; Windows NT 5.1)" "www.silverimagingcanada.com"
124.115.1.8 - - [07/Oct/2009:20:08:25 -0700] "GET / HTTP/1.1" 200 1739 "http://www.silverimagingcanada.com/" "Mozilla/4.0 (compatible; MSIE 6.0; Windows NT 5.1)" "www.silverimagingcanada.com"
208.80.193.42 - - [07/Oct/2009:20:09:05 -0700] "GET / HTTP/1.0" 200 1723 "-" "Mozilla/4.0 (compatible; MSIE 6.0; Windows NT 5.1; SV1; FunWebProducts; .NET CLR 1.0.3705; .NET CLR 1.1.4322; Media Center PC 4.0; SpamBlockerUtility 4.8.0)" "www.silverimagingcanada.com"
124.115.1.7 - - [07/Oct/2009:20:18:06 -0700] "GET / HTTP/1.1" 200 1739 "http://www.silverimagingcanada.com/" "Mozilla/4.0 (compatible; MSIE 6.0; Windows NT 5.1)" "www.silverimagingcanada.com"
114.80.93.71 - - [07/Oct/2009:21:19:45 -0700] "GET / HTTP/1.1" 200 1739 "http://www.silverimagingcanada.com/" "Mozilla/4.0 (compatible; MSIE 6.0; Windows NT 5.1)" "www.silverimagingcanada.com"
65.55.220.191 - - [07/Oct/2009:23:50:59 -0700] "GET /sitebuilder/images/Gay_DVR_Splash_Screen2-581x435.jpg HTTP/1.1" 200 25628 "-" "WinHttp" "www.silverimagingcanada.com"
67.195.111.153 - - [08/Oct/2009:02:29:56 -0700] "GET /sounds/?S=A HTTP/1.0" 200 648 "-" "Mozilla/5.0 (compatible; Yahoo! Slurp/3.0; http://help.yahoo.com/help/us/ysearch/slurp)" "silverimagingcanada.com"
77.88.25.27 - - [08/Oct/2009:03:53:21 -0700] "GET / HTTP/1.1" 200 1739 "-" "Yandex/1.01.001 (compatible; Win16; I)" "silverimagingcanada.com"
77.88.25.27 - - [08/Oct/2009:04:06:44 -0700] "GET / HTTP/1.1" 200 1739 "-" "Yandex/1.01.001 (compatible; Win16; I)" "www.silverimagingcanada.com"
65.55.220.192 - - [08/Oct/2009:07:38:25 -0700] "GET /sitebuilder/images/Gay_DVR_Splash_Screen2-581x435.jpg HTTP/1.1" 200 25628 "-" "WinHttp" "www.silverimagingcanada.com"
208.80.193.31 - - [08/Oct/2009:10:14:44 -0700] "GET / HTTP/1.0" 200 1723 "-" "Mozilla/4.0 (compatible; MSIE 6.0; Windows NT 5.1; SV1; ZangoToolbar 4.8.3; HbTools 4.8.4)" "silverimagingcanada.com"
134.121.231.209 - - [08/Oct/2009:13:02:10 -0700] "GET /sitebuilder/images/IMG_1184-420x310.jpg HTTP/1.1" 200 30969 "http://dotheton.com/index.php?topic=1721.0" "Mozilla/4.0 (compatible; MSIE 7.0; Windows NT 5.1; .NET CLR 2.0.50727; .NET CLR 1.1.4322; .NET CLR 3.0.04506.30; .NET CLR 3.0.04506.648; .NET CLR 3.0.4506.2152; .NET CLR 3.5.30729; InfoPath.2)" "silverimagingcanada.com"
134.121.231.209 - - [08/Oct/2009:13:02:10 -0700] "GET /sitebuilder/images/img052-374x274.jpg HTTP/1.1" 200 18043 "http://dotheton.com/index.php?topic=1721.0" "Mozilla/4.0 (compatible; MSIE 7.0; Windows NT 5.1; .NET CLR 2.0.50727; .NET CLR 1.1.4322; .NET CLR 3.0.04506.30; .NET CLR 3.0.04506.648; .NET CLR 3.0.4506.2152; .NET CLR 3.5.30729; InfoPath.2)" "silverimagingcanada.com"
134.121.231.209 - - [08/Oct/2009:13:02:11 -0700] "GET /sitebuilder/images/img053-365x267.jpg HTTP/1.1" 200 19523 "http://dotheton.com/index.php?topic=1721.0" "Mozilla/4.0 (compatible; MSIE 7.0; Windows NT 5.1; .NET CLR 2.0.50727; .NET CLR 1.1.4322; .NET CLR 3.0.04506.30; .NET CLR 3.0.04506.648; .NET CLR 3.0.4506.2152; .NET CLR 3.5.30729; InfoPath.2)" "silverimagingcanada.com"
134.121.231.209 - - [08/Oct/2009:13:02:11 -0700] "GET /sitebuilder/images/img056-393x289.jpg HTTP/1.1" 200 20721 "http://dotheton.com/index.php?topic=1721.0" "Mozilla/4.0 (compatible; MSIE 7.0; Windows NT 5.1; .NET CLR 2.0.50727; .NET CLR 1.1.4322; .NET CLR 3.0.04506.30; .NET CLR 3.0.04506.648; .NET CLR 3.0.4506.2152; .NET CLR 3.5.30729; InfoPath.2)" "silverimagingcanada.com"
134.121.231.209 - - [08/Oct/2009:13:02:14 -0700] "GET /sitebuilder/images/IMG_0937-312x416.jpg HTTP/1.1" 200 20123 "http://dotheton.com/index.php?topic=1721.0" "Mozilla/4.0 (compatible; MSIE 7.0; Windows NT 5.1; .NET CLR 2.0.50727; .NET CLR 1.1.4322; .NET CLR 3.0.04506.30; .NET CLR 3.0.04506.648; .NET CLR 3.0.4506.2152; .NET CLR 3.5.30729; InfoPath.2)" "silverimagingcanada.com"
134.121.231.209 - - [08/Oct/2009:13:02:14 -0700] "GET /sitebuilder/images/IMG_0939-380x278.jpg HTTP/1.1" 200 15324 "http://dotheton.com/index.php?topic=1721.0" "Mozilla/4.0 (compatible; MSIE 7.0; Windows NT 5.1; .NET CLR 2.0.50727; .NET CLR 1.1.4322; .NET CLR 3.0.04506.30; .NET CLR 3.0.04506.648; .NET CLR 3.0.4506.2152; .NET CLR 3.5.30729; InfoPath.2)" "silverimagingcanada.com"
134.121.231.209 - - [08/Oct/2009:13:02:15 -0700] "GET /sitebuilder/images/IMG_0961-417x308.jpg HTTP/1.1" 200 11717 "http://dotheton.com/index.php?topic=1721.0" "Mozilla/4.0 (compatible; MSIE 7.0; Windows NT 5.1; .NET CLR 2.0.50727; .NET CLR 1.1.4322; .NET CLR 3.0.04506.30; .NET CLR 3.0.04506.648; .NET CLR 3.0.4506.2152; .NET CLR 3.5.30729; InfoPath.2)" "silverimagingcanada.com"
134.121.231.209 - - [08/Oct/2009:13:03:22 -0700] "GET /sitebuilder/images/img129-405x298.jpg HTTP/1.1" 200 17041 "http://dotheton.com/index.php?topic=1721.15" "Mozilla/4.0 (compatible; MSIE 7.0; Windows NT 5.1; .NET CLR 2.0.50727; .NET CLR 1.1.4322; .NET CLR 3.0.04506.30; .NET CLR 3.0.04506.648; .NET CLR 3.0.4506.2152; .NET CLR 3.5.30729; InfoPath.2)" "silverimagingcanada.com"
134.121.231.209 - - [08/Oct/2009:13:03:22 -0700] "GET /sitebuilder/images/IMG_1288-451x334.jpg HTTP/1.1" 200 25996 "http://dotheton.com/index.php?topic=1721.15" "Mozilla/4.0 (compatible; MSIE 7.0; Windows NT 5.1; .NET CLR 2.0.50727; .NET CLR 1.1.4322; .NET CLR 3.0.04506.30; .NET CLR 3.0.04506.648; .NET CLR 3.0.4506.2152; .NET CLR 3.5.30729; InfoPath.2)" "silverimagingcanada.com"
134.121.231.209 - - [08/Oct/2009:13:03:24 -0700] "GET /sitebuilder/images/IMG_1276-406x299.jpg HTTP/1.1" 200 31845 "http://dotheton.com/index.php?topic=1721.15" "Mozilla/4.0 (compatible; MSIE 7.0; Windows NT 5.1; .NET CLR 2.0.50727; .NET CLR 1.1.4322; .NET CLR 3.0.04506.30; .NET CLR 3.0.04506.648; .NET CLR 3.0.4506.2152; .NET CLR 3.5.30729; InfoPath.2)" "silverimagingcanada.com"
142.179.157.171 - - [08/Oct/2009:14:05:35 -0700] "GET / HTTP/1.1" 200 1739 "-" "Mozilla/4.0 (compatible; MSIE 8.0; Windows NT 5.1; Trident/4.0; .NET CLR 2.0.50727; .NET CLR 1.1.4322; .NET CLR 3.0.04506.30; .NET CLR 3.0.04506.648; .NET CLR 3.0.4506.2152; .NET CLR 3.5.30729; OfficeLiveConnector.1.4; OfficeLivePatch.1.3)" "silverimagingcanada.com"
142.179.157.171 - - [08/Oct/2009:14:05:36 -0700] "GET /favicon.ico HTTP/1.1" 404 275 "-" "Mozilla/4.0 (compatible; MSIE 8.0; Windows NT 5.1; Trident/4.0; .NET CLR 2.0.50727; .NET CLR 1.1.4322; .NET CLR 3.0.04506.30; .NET CLR 3.0.04506.648; .NET CLR 3.0.4506.2152; .NET CLR 3.5.30729; OfficeLiveConnector.1.4; OfficeLivePatch.1.3)" "silverimagingcanada.com"
142.179.157.171 - - [08/Oct/2009:14:05:55 -0700] "GET /images/ HTTP/1.1" 200 526 "http://silverimagingcanada.com/" "Mozilla/4.0 (compatible; MSIE 8.0; Windows NT 5.1; Trident/4.0; .NET CLR 2.0.50727; .NET CLR 1.1.4322; .NET CLR 3.0.04506.30; .NET CLR 3.0.04506.648; .NET CLR 3.0.4506.2152; .NET CLR 3.5.30729; OfficeLiveConnector.1.4; OfficeLivePatch.1.3)" "silverimagingcanada.com"
142.179.157.171 - - [08/Oct/2009:14:05:55 -0700] "GET /favicon.ico HTTP/1.1" 404 275 "-" "Mozilla/4.0 (compatible; MSIE 8.0; Windows NT 5.1; Trident/4.0; .NET CLR 2.0.50727; .NET CLR 1.1.4322; .NET CLR 3.0.04506.30; .NET CLR 3.0.04506.648; .NET CLR 3.0.4506.2152; .NET CLR 3.5.30729; OfficeLiveConnector.1.4; OfficeLivePatch.1.3)" "silverimagingcanada.com"
142.179.157.171 - - [08/Oct/2009:14:06:00 -0700] "GET / HTTP/1.1" 200 1739 "http://silverimagingcanada.com/images/" "Mozilla/4.0 (compatible; MSIE 8.0; Windows NT 5.1; Trident/4.0; .NET CLR 2.0.50727; .NET CLR 1.1.4322; .NET CLR 3.0.04506.30; .NET CLR 3.0.04506.648; .NET CLR 3.0.4506.2152; .NET CLR 3.5.30729; OfficeLiveConnector.1.4; OfficeLivePatch.1.3)" "silverimagingcanada.com"
142.179.157.171 - - [08/Oct/2009:14:06:12 -0700] "GET /clipart/ HTTP/1.1" 200 1350 "http://silverimagingcanada.com/" "Mozilla/4.0 (compatible; MSIE 8.0; Windows NT 5.1; Trident/4.0; .NET CLR 2.0.50727; .NET CLR 1.1.4322; .NET CLR 3.0.04506.30; .NET CLR 3.0.04506.648; .NET CLR 3.0.4506.2152; .NET CLR 3.5.30729; OfficeLiveConnector.1.4; OfficeLivePatch.1.3)" "silverimagingcanada.com"
142.179.157.171 - - [08/Oct/2009:14:06:15 -0700] "GET /clipart/backgrounds/ HTTP/1.1" 200 696 "http://silverimagingcanada.com/clipart/" "Mozilla/4.0 (compatible; MSIE 8.0; Windows NT 5.1; Trident/4.0; .NET CLR 2.0.50727; .NET CLR 1.1.4322; .NET CLR 3.0.04506.30; .NET CLR 3.0.04506.648; .NET CLR 3.0.4506.2152; .NET CLR 3.5.30729; OfficeLiveConnector.1.4; OfficeLivePatch.1.3)" "silverimagingcanada.com"
142.179.157.171 - - [08/Oct/2009:14:06:17 -0700] "GET /clipart/backgrounds/sidebar/ HTTP/1.1" 200 744 "http://silverimagingcanada.com/clipart/backgrounds/" "Mozilla/4.0 (compatible; MSIE 8.0; Windows NT 5.1; Trident/4.0; .NET CLR 2.0.50727; .NET CLR 1.1.4322; .NET CLR 3.0.04506.30; .NET CLR 3.0.04506.648; .NET CLR 3.0.4506.2152; .NET CLR 3.5.30729; OfficeLiveConnector.1.4; OfficeLivePatch.1.3)" "silverimagingcanada.com"
142.179.157.171 - - [08/Oct/2009:14:06:22 -0700] "GET /clipart/backgrounds/ HTTP/1.1" 200 696 "http://silverimagingcanada.com/clipart/backgrounds/sidebar/" "Mozilla/4.0 (compatible; MSIE 8.0; Windows NT 5.1; Trident/4.0; .NET CLR 2.0.50727; .NET CLR 1.1.4322; .NET CLR 3.0.04506.30; .NET CLR 3.0.04506.648; .NET CLR 3.0.4506.2152; .NET CLR 3.5.30729; OfficeLiveConnector.1.4; OfficeLivePatch.1.3)" "silverimagingcanada.com"
