68.147.110.146 - - [14/Oct/2009:20:52:48 -0700] "GET /sitebuilder/images/img053-365x267.jpg HTTP/1.1" 200 19523 "-" "Mozilla/4.0 (compatible; MSIE 7.0; Windows NT 5.1; InfoPath.2)" "silverimagingcanada.com"
68.147.110.146 - - [14/Oct/2009:20:52:48 -0700] "GET /sitebuilder/images/img056-393x289.jpg HTTP/1.1" 200 20721 "-" "Mozilla/4.0 (compatible; MSIE 7.0; Windows NT 5.1; InfoPath.2)" "silverimagingcanada.com"
68.147.110.146 - - [14/Oct/2009:20:52:49 -0700] "GET /sitebuilder/images/IMG_0937-312x416.jpg HTTP/1.1" 200 20123 "-" "Mozilla/4.0 (compatible; MSIE 7.0; Windows NT 5.1; InfoPath.2)" "silverimagingcanada.com"
68.147.110.146 - - [14/Oct/2009:20:52:49 -0700] "GET /sitebuilder/images/IMG_0939-380x278.jpg HTTP/1.1" 200 15324 "-" "Mozilla/4.0 (compatible; MSIE 7.0; Windows NT 5.1; InfoPath.2)" "silverimagingcanada.com"
124.115.1.8 - - [15/Oct/2009:00:41:33 -0700] "GET / HTTP/1.1" 200 1739 "-" "Mozilla/4.0 (compatible; MSIE 6.0; Windows NT 5.1)" "www.silverimagingcanada.com"
193.41.230.95 - - [15/Oct/2009:02:27:36 -0700] "GET /sitebuilder/images/IMG_1184-420x310.jpg HTTP/1.0" 200 30969 "http://dotheton.com/index.php?topic=1721.0" "Mozilla/5.0 (Windows; U; Windows NT 5.1; en-US; rv:1.9.1.4) Gecko/20091007 Firefox/3.5.4 (.NET CLR 3.5.30729)" "silverimagingcanada.com"
193.41.230.95 - - [15/Oct/2009:02:27:36 -0700] "GET /sitebuilder/images/img052-374x274.jpg HTTP/1.0" 200 18043 "http://dotheton.com/index.php?topic=1721.0" "Mozilla/5.0 (Windows; U; Windows NT 5.1; en-US; rv:1.9.1.4) Gecko/20091007 Firefox/3.5.4 (.NET CLR 3.5.30729)" "silverimagingcanada.com"
193.41.230.95 - - [15/Oct/2009:02:27:36 -0700] "GET /sitebuilder/images/img053-365x267.jpg HTTP/1.0" 200 19523 "http://dotheton.com/index.php?topic=1721.0" "Mozilla/5.0 (Windows; U; Windows NT 5.1; en-US; rv:1.9.1.4) Gecko/20091007 Firefox/3.5.4 (.NET CLR 3.5.30729)" "silverimagingcanada.com"
193.41.230.95 - - [15/Oct/2009:02:27:36 -0700] "GET /sitebuilder/images/img056-393x289.jpg HTTP/1.0" 200 20721 "http://dotheton.com/index.php?topic=1721.0" "Mozilla/5.0 (Windows; U; Windows NT 5.1; en-US; rv:1.9.1.4) Gecko/20091007 Firefox/3.5.4 (.NET CLR 3.5.30729)" "silverimagingcanada.com"
193.41.230.95 - - [15/Oct/2009:02:27:37 -0700] "GET /sitebuilder/images/IMG_0961-417x308.jpg HTTP/1.0" 200 11717 "http://dotheton.com/index.php?topic=1721.0" "Mozilla/5.0 (Windows; U; Windows NT 5.1; en-US; rv:1.9.1.4) Gecko/20091007 Firefox/3.5.4 (.NET CLR 3.5.30729)" "silverimagingcanada.com"
208.80.193.32 - - [15/Oct/2009:02:56:35 -0700] "GET / HTTP/1.0" 200 1723 "-" "Mozilla/4.0 (compatible; MSIE 6.0; Windows NT 5.1; DRS_E; SV1; .NET CLR 1.1.4322; InfoPath.1)" "silverimagingcanada.com"
77.88.25.27 - - [15/Oct/2009:05:56:21 -0700] "GET / HTTP/1.1" 200 1739 "-" "Yandex/1.01.001 (compatible; Win16; I)" "www.silverimagingcanada.com"
66.249.65.153 - - [15/Oct/2009:05:57:28 -0700] "GET /robots.txt HTTP/1.1" 404 275 "-" "Googlebot-Image/1.0" "www.silverimagingcanada.com"
66.249.65.153 - - [15/Oct/2009:05:57:28 -0700] "GET /sitebuilder/images/Gay_DVR_Splash_Screen2-581x435.jpg HTTP/1.1" 200 25628 "-" "Googlebot-Image/1.0" "www.silverimagingcanada.com"
65.55.207.26 - - [15/Oct/2009:08:22:56 -0700] "GET /?M=A HTTP/1.1" 200 1739 "-" "msnbot/2.0b (+http://search.msn.com/msnbot.htm)" "silverimagingcanada.com"
124.115.1.7 - - [15/Oct/2009:09:19:03 -0700] "GET / HTTP/1.1" 200 1739 "-" "Mozilla/4.0 (compatible; MSIE 6.0; Windows NT 5.1)" "www.silverimagingcanada.com"
208.80.193.29 - - [15/Oct/2009:15:24:59 -0700] "GET / HTTP/1.0" 200 1723 "-" "Mozilla/4.0 (compatible; MSIE 6.0; Windows NT 5.1; sbcydsl 3.12; YComp 5.0.0.0; SV1; .NET CLR 1.1.4322; .NET CLR 2.0.50727; .NET CLR 3.0.04506.30)" "www.silverimagingcanada.com"
58.61.164.40 - - [15/Oct/2009:15:53:56 -0700] "GET / HTTP/1.1" 200 1739 "-" "Mozilla/4.0 (compatible; MSIE 6.0; Windows NT 5.1)" "www.silverimagingcanada.com"
124.115.1.8 - - [15/Oct/2009:16:09:07 -0700] "GET / HTTP/1.1" 200 1739 "-" "Mozilla/4.0 (compatible; MSIE 6.0; Windows NT 5.1)" "www.silverimagingcanada.com"
58.61.164.39 - - [15/Oct/2009:17:22:42 -0700] "GET / HTTP/1.1" 200 1739 "-" "Mozilla/4.0 (compatible; MSIE 6.0; Windows NT 5.1)" "www.silverimagingcanada.com"
58.61.164.139 - - [15/Oct/2009:17:32:46 -0700] "GET / HTTP/1.1" 200 1739 "-" "Mozilla/4.0 (compatible; MSIE 6.0; Windows NT 5.1)" "www.silverimagingcanada.com"
58.61.164.141 - - [15/Oct/2009:17:59:16 -0700] "GET / HTTP/1.1" 200 1739 "-" "Mozilla/4.0 (compatible; MSIE 6.0; Windows NT 5.1)" "www.silverimagingcanada.com"
58.61.164.140 - - [15/Oct/2009:18:15:01 -0700] "GET / HTTP/1.1" 200 1739 "-" "Mozilla/4.0 (compatible; MSIE 6.0; Windows NT 5.1)" "www.silverimagingcanada.com"
114.80.93.71 - - [15/Oct/2009:18:32:27 -0700] "GET / HTTP/1.1" 200 1739 "-" "Mozilla/4.0 (compatible; MSIE 6.0; Windows NT 5.1)" "www.silverimagingcanada.com"
124.115.6.15 - - [15/Oct/2009:18:54:44 -0700] "GET /robots.txt HTTP/1.1" 404 275 "http://www.silverimagingcanada.com/robots.txt" "Sosospider+(+http://help.soso.com/webspider.htm)" "www.silverimagingcanada.com"
124.115.1.7 - - [15/Oct/2009:21:00:54 -0700] "GET / HTTP/1.1" 200 1739 "-" "Mozilla/4.0 (compatible; MSIE 6.0; Windows NT 5.1)" "www.silverimagingcanada.com"
77.88.25.27 - - [15/Oct/2009:21:03:51 -0700] "GET /robots.txt HTTP/1.1" 404 275 "-" "Yandex/1.01.001 (compatible; Win16; I)" "silverimagingcanada.com"
65.98.224.7 - - [16/Oct/2009:01:01:47 -0700] "GET /robots.txt HTTP/1.0" 404 275 "-" "TurnitinBot/2.1 (http://www.turnitin.com/robot/crawlerinfo.html)" "www.silverimagingcanada.com"
65.98.224.7 - - [16/Oct/2009:01:05:54 -0700] "GET /media/?M=D HTTP/1.0" 200 2070 "-" "TurnitinBot/2.1 (http://www.turnitin.com/robot/crawlerinfo.html)" "www.silverimagingcanada.com"
65.98.224.7 - - [16/Oct/2009:01:06:24 -0700] "GET /media/?S=D HTTP/1.0" 200 2070 "-" "TurnitinBot/2.1 (http://www.turnitin.com/robot/crawlerinfo.html)" "www.silverimagingcanada.com"
65.98.224.7 - - [16/Oct/2009:01:06:54 -0700] "GET /media/?N=A HTTP/1.0" 200 2070 "-" "TurnitinBot/2.1 (http://www.turnitin.com/robot/crawlerinfo.html)" "www.silverimagingcanada.com"
65.98.224.7 - - [16/Oct/2009:01:07:24 -0700] "GET /media/?D=A HTTP/1.0" 200 2070 "-" "TurnitinBot/2.1 (http://www.turnitin.com/robot/crawlerinfo.html)" "www.silverimagingcanada.com"
65.98.224.7 - - [16/Oct/2009:01:07:54 -0700] "GET /sitebuilder/ HTTP/1.0" 200 932 "-" "TurnitinBot/2.1 (http://www.turnitin.com/robot/crawlerinfo.html)" "www.silverimagingcanada.com"
65.98.224.7 - - [16/Oct/2009:01:08:24 -0700] "GET /media/ HTTP/1.0" 200 2070 "-" "TurnitinBot/2.1 (http://www.turnitin.com/robot/crawlerinfo.html)" "www.silverimagingcanada.com"
66.235.124.71 - - [16/Oct/2009:03:04:34 -0700] "GET /robots.txt HTTP/1.0" 404 275 "-" "Mozilla/5.0 (compatible; Ask Jeeves/Teoma; +http://about.ask.com/en/docs/about/webmasters.shtml)" "www.silverimagingcanada.com"
66.235.124.71 - - [16/Oct/2009:03:04:34 -0700] "GET /sitebuilder/images/IMG_0347-380x279.jpg HTTP/1.0" 200 23443 "-" "Mozilla/5.0 (compatible; Ask Jeeves/Teoma; +http://about.ask.com/en/docs/about/webmasters.shtml)" "www.silverimagingcanada.com"
173.77.226.43 - - [16/Oct/2009:03:23:27 -0700] "GET /sitebuilder/images/IMG_1184-420x310.jpg HTTP/1.1" 200 30969 "http://dotheton.com/index.php?topic=1721.0" "Mozilla/4.0 (compatible; MSIE 8.0; Windows NT 6.0; Trident/4.0; SLCC1; .NET CLR 2.0.50727; Media Center PC 5.0; .NET CLR 3.5.21022; .NET CLR 3.5.30729; .NET CLR 3.0.30729)" "silverimagingcanada.com"
173.77.226.43 - - [16/Oct/2009:03:23:27 -0700] "GET /sitebuilder/images/img053-365x267.jpg HTTP/1.1" 200 19523 "http://dotheton.com/index.php?topic=1721.0" "Mozilla/4.0 (compatible; MSIE 8.0; Windows NT 6.0; Trident/4.0; SLCC1; .NET CLR 2.0.50727; Media Center PC 5.0; .NET CLR 3.5.21022; .NET CLR 3.5.30729; .NET CLR 3.0.30729)" "silverimagingcanada.com"
173.77.226.43 - - [16/Oct/2009:03:23:27 -0700] "GET /sitebuilder/images/img052-374x274.jpg HTTP/1.1" 200 18043 "http://dotheton.com/index.php?topic=1721.0" "Mozilla/4.0 (compatible; MSIE 8.0; Windows NT 6.0; Trident/4.0; SLCC1; .NET CLR 2.0.50727; Media Center PC 5.0; .NET CLR 3.5.21022; .NET CLR 3.5.30729; .NET CLR 3.0.30729)" "silverimagingcanada.com"
173.77.226.43 - - [16/Oct/2009:03:23:28 -0700] "GET /sitebuilder/images/img056-393x289.jpg HTTP/1.0" 200 20721 "http://dotheton.com/index.php?topic=1721.0" "Mozilla/4.0 (compatible; MSIE 8.0; Windows NT 6.0; Trident/4.0; SLCC1; .NET CLR 2.0.50727; Media Center PC 5.0; .NET CLR 3.5.21022; .NET CLR 3.5.30729; .NET CLR 3.0.30729)" "silverimagingcanada.com"
173.77.226.43 - - [16/Oct/2009:03:23:28 -0700] "GET /sitebuilder/images/IMG_0961-417x308.jpg HTTP/1.1" 200 11717 "http://dotheton.com/index.php?topic=1721.0" "Mozilla/4.0 (compatible; MSIE 8.0; Windows NT 6.0; Trident/4.0; SLCC1; .NET CLR 2.0.50727; Media Center PC 5.0; .NET CLR 3.5.21022; .NET CLR 3.5.30729; .NET CLR 3.0.30729)" "silverimagingcanada.com"
173.77.226.43 - - [16/Oct/2009:03:23:28 -0700] "GET /sitebuilder/images/IMG_0937-312x416.jpg HTTP/1.0" 200 20123 "http://dotheton.com/index.php?topic=1721.0" "Mozilla/4.0 (compatible; MSIE 8.0; Windows NT 6.0; Trident/4.0; SLCC1; .NET CLR 2.0.50727; Media Center PC 5.0; .NET CLR 3.5.21022; .NET CLR 3.5.30729; .NET CLR 3.0.30729)" "silverimagingcanada.com"
173.77.226.43 - - [16/Oct/2009:03:23:28 -0700] "GET /sitebuilder/images/IMG_0939-380x278.jpg HTTP/1.1" 200 15324 "http://dotheton.com/index.php?topic=1721.0" "Mozilla/4.0 (compatible; MSIE 8.0; Windows NT 6.0; Trident/4.0; SLCC1; .NET CLR 2.0.50727; Media Center PC 5.0; .NET CLR 3.5.21022; .NET CLR 3.5.30729; .NET CLR 3.0.30729)" "silverimagingcanada.com"
208.80.193.42 - - [16/Oct/2009:05:47:19 -0700] "GET / HTTP/1.0" 200 1723 "-" "Mozilla/4.0 (compatible; MSIE 7.0; Windows NT 5.1; SU 2.011; IEMB3)" "silverimagingcanada.com"
77.88.25.27 - - [16/Oct/2009:06:57:04 -0700] "GET / HTTP/1.1" 200 1739 "-" "Yandex/1.01.001 (compatible; Win16; I)" "silverimagingcanada.com"
65.55.210.128 - - [16/Oct/2009:12:18:01 -0700] "GET /robots.txt HTTP/1.1" 404 275 "-" "msnbot/1.1 (+http://search.msn.com/msnbot.htm)" "silverimagingcanada.com"
65.55.210.128 - - [16/Oct/2009:12:18:02 -0700] "GET / HTTP/1.1" 200 1739 "-" "msnbot/1.1 (+http://search.msn.com/msnbot.htm)" "silverimagingcanada.com"
122.160.99.22 - - [16/Oct/2009:13:15:51 -0700] "GET /contactus.html HTTP/1.1" 404 275 "-" "Mozilla/5.0 (Windows; U; Windows NT 5.1; en-US; rv:1.9.1.3) Gecko/20090824 Firefox/3.5.3" "www.silverimagingcanada.com"
122.160.99.22 - - [16/Oct/2009:13:15:59 -0700] "GET /favicon.ico HTTP/1.1" 404 275 "-" "Mozilla/5.0 (Windows; U; Windows NT 5.1; en-US; rv:1.9.1.3) Gecko/20090824 Firefox/3.5.3" "www.silverimagingcanada.com"
122.160.99.22 - - [16/Oct/2009:13:16:01 -0700] "GET /favicon.ico HTTP/1.1" 404 275 "-" "Mozilla/5.0 (Windows; U; Windows NT 5.1; en-US; rv:1.9.1.3) Gecko/20090824 Firefox/3.5.3" "www.silverimagingcanada.com"
122.160.99.22 - - [16/Oct/2009:13:41:00 -0700] "GET / HTTP/1.1" 200 1739 "-" "Mozilla/5.0 (Windows; U; Windows NT 5.1; en-US; rv:1.9.1.3) Gecko/20090824 Firefox/3.5.3" "www.silverimagingcanada.com"
88.131.106.7 - - [16/Oct/2009:17:49:51 -0700] "GET /robots.txt HTTP/1.0" 404 275 "-" "Speedy Spider (http://www.entireweb.com/about/search_tech/speedy_spider/)" "silverimagingcanada.com"
88.131.106.7 - - [16/Oct/2009:17:49:54 -0700] "GET / HTTP/1.0" 200 1723 "-" "Speedy Spider (http://www.entireweb.com/about/search_tech/speedy_spider/)" "silverimagingcanada.com"
208.80.193.30 - - [16/Oct/2009:18:12:48 -0700] "GET / HTTP/1.0" 200 1723 "-" "Mozilla/4.0 (compatible; MSIE 7.0; Windows NT 5.1; .NET CLR 1.0.3705; Media Center PC 3.1; .NET CLR 1.1.4322; .NET CLR 2.0.50727; .NET CLR 3.0.04506.30; yplus 5.1.04b)" "www.silverimagingcanada.com"
124.115.6.15 - - [16/Oct/2009:22:33:47 -0700] "GET /robots.txt HTTP/1.1" 404 275 "http://www.silverimagingcanada.com/robots.txt" "Sosospider+(+http://help.soso.com/webspider.htm)" "www.silverimagingcanada.com"
65.55.207.74 - - [17/Oct/2009:02:41:59 -0700] "GET /robots.txt HTTP/1.1" 404 275 "-" "msnbot/2.0b (+http://search.msn.com/msnbot.htm)" "silverimagingcanada.com"
65.55.207.74 - - [17/Oct/2009:03:15:02 -0700] "GET /tmp/ HTTP/1.1" 200 520 "-" "msnbot/2.0b (+http://search.msn.com/msnbot.htm)" "silverimagingcanada.com"
208.80.193.40 - - [17/Oct/2009:09:00:57 -0700] "GET / HTTP/1.0" 200 1723 "-" "Mozilla/4.0 (compatible; MSIE 7.0; Windows NT 5.1; YPC 3.2.0; ftpwarez; .NET CLR 1.1.4322; IEMB3; IEMB3)" "silverimagingcanada.com"
88.131.106.7 - - [17/Oct/2009:09:02:09 -0700] "GET /robots.txt HTTP/1.0" 404 275 "-" "Speedy Spider (http://www.entireweb.com/about/search_tech/speedy_spider/)" "silverimagingcanada.com"
88.131.106.7 - - [17/Oct/2009:09:02:23 -0700] "GET / HTTP/1.0" 200 1723 "-" "Speedy Spider (http://www.entireweb.com/about/search_tech/speedy_spider/)" "silverimagingcanada.com"
83.167.62.165 - - [17/Oct/2009:10:25:02 -0700] "GET /robots.txt HTTP/1.1" 404 275 "-" "Mozilla/5.0 (compatible; Exabot/3.0 (BiggerBetter); +http://www.exabot.com/go/robot)" "www.silverimagingcanada.com"
83.167.62.165 - - [17/Oct/2009:10:25:02 -0700] "GET /?D=D HTTP/1.1" 200 1739 "-" "Mozilla/5.0 (compatible; Exabot/3.0 (BiggerBetter); +http://www.exabot.com/go/robot)" "www.silverimagingcanada.com"
83.167.62.165 - - [17/Oct/2009:10:42:11 -0700] "GET /?N=D HTTP/1.1" 200 1739 "-" "Mozilla/5.0 (compatible; Exabot/3.0 (BiggerBetter); +http://www.exabot.com/go/robot)" "www.silverimagingcanada.com"
83.167.62.165 - - [17/Oct/2009:10:42:13 -0700] "GET /scripts/ HTTP/1.1" 200 666 "-" "Mozilla/5.0 (compatible; Exabot/3.0 (BiggerBetter); +http://www.exabot.com/go/robot)" "www.silverimagingcanada.com"
65.55.207.78 - - [17/Oct/2009:10:52:16 -0700] "GET /robots.txt HTTP/1.1" 404 275 "-" "msnbot/2.0b (+http://search.msn.com/msnbot.htm)" "silverimagingcanada.com"
65.55.207.78 - - [17/Oct/2009:10:53:04 -0700] "GET /images/ HTTP/1.1" 200 526 "-" "msnbot/2.0b (+http://search.msn.com/msnbot.htm)" "silverimagingcanada.com"
193.47.80.51 - - [17/Oct/2009:13:01:20 -0700] "GET /robots.txt HTTP/1.1" 404 275 "-" "Mozilla/5.0 (compatible; Exabot/3.0; +http://www.exabot.com/go/robot)" "www.silverimagingcanada.com"
193.47.80.51 - - [17/Oct/2009:13:01:20 -0700] "GET / HTTP/1.1" 200 1739 "-" "Mozilla/5.0 (compatible; Exabot/3.0; +http://www.exabot.com/go/robot)" "www.silverimagingcanada.com"
114.80.93.71 - - [17/Oct/2009:16:17:32 -0700] "GET / HTTP/1.1" 200 1739 "-" "Mozilla/4.0 (compatible; MSIE 6.0; Windows NT 5.1)" "www.silverimagingcanada.com"
58.61.164.40 - - [17/Oct/2009:17:24:32 -0700] "GET / HTTP/1.1" 200 1739 "-" "Mozilla/4.0 (compatible; MSIE 6.0; Windows NT 5.1)" "www.silverimagingcanada.com"
58.61.164.139 - - [17/Oct/2009:17:24:59 -0700] "GET / HTTP/1.1" 200 1739 "-" "Mozilla/4.0 (compatible; MSIE 6.0; Windows NT 5.1)" "www.silverimagingcanada.com"
58.61.164.39 - - [17/Oct/2009:19:43:47 -0700] "GET / HTTP/1.1" 200 1739 "-" "Mozilla/4.0 (compatible; MSIE 6.0; Windows NT 5.1)" "www.silverimagingcanada.com"
58.61.164.140 - - [17/Oct/2009:20:27:39 -0700] "GET / HTTP/1.1" 200 1739 "-" "Mozilla/4.0 (compatible; MSIE 6.0; Windows NT 5.1)" "www.silverimagingcanada.com"
124.115.1.7 - - [17/Oct/2009:20:45:58 -0700] "GET / HTTP/1.1" 200 1739 "-" "Mozilla/4.0 (compatible; MSIE 6.0; Windows NT 5.1)" "www.silverimagingcanada.com"
124.115.1.8 - - [17/Oct/2009:20:49:10 -0700] "GET / HTTP/1.1" 200 1739 "-" "Mozilla/4.0 (compatible; MSIE 6.0; Windows NT 5.1)" "www.silverimagingcanada.com"
217.212.224.183 - - [17/Oct/2009:21:14:18 -0700] "GET /robots.txt HTTP/1.0" 404 275 "-" "psbot/0.1 (+http://www.picsearch.com/bot.html)" "www.silverimagingcanada.com"
217.212.224.179 - - [17/Oct/2009:21:14:18 -0700] "GET /index.html HTTP/1.0" 404 275 "-" "psbot/0.1 (+http://www.picsearch.com/bot.html)" "www.silverimagingcanada.com"
217.212.224.179 - - [17/Oct/2009:21:15:30 -0700] "GET / HTTP/1.0" 200 1723 "-" "psbot/0.1 (+http://www.picsearch.com/bot.html)" "www.silverimagingcanada.com"
208.80.193.31 - - [17/Oct/2009:21:20:31 -0700] "GET / HTTP/1.0" 200 1723 "-" "Mozilla/4.0 (compatible; MSIE 7.0; America Online Browser 1.1; Windows NT 5.1; acc=jocker; (R1 1.5); .NET CLR 1.1.4322)" "www.silverimagingcanada.com"
217.212.224.179 - - [17/Oct/2009:21:54:35 -0700] "GET /Products.html HTTP/1.0" 404 275 "-" "psbot/0.1 (+http://www.picsearch.com/bot.html)" "www.silverimagingcanada.com"
217.212.224.179 - - [17/Oct/2009:21:55:38 -0700] "GET /contactus.html HTTP/1.0" 404 275 "-" "psbot/0.1 (+http://www.picsearch.com/bot.html)" "www.silverimagingcanada.com"
217.212.224.179 - - [17/Oct/2009:21:56:33 -0700] "GET /cammod.html HTTP/1.0" 404 275 "-" "psbot/0.1 (+http://www.picsearch.com/bot.html)" "www.silverimagingcanada.com"
217.212.224.179 - - [17/Oct/2009:21:57:33 -0700] "GET /aboutme.html HTTP/1.0" 404 275 "-" "psbot/0.1 (+http://www.picsearch.com/bot.html)" "www.silverimagingcanada.com"
72.30.87.126 - - [18/Oct/2009:02:11:56 -0700] "GET / HTTP/1.0" 200 1723 "-" "Mozilla/5.0 (compatible; Yahoo! Slurp/3.0; http://help.yahoo.com/help/us/ysearch/slurp)" "www.silverimagingcanada.com"
124.115.6.15 - - [18/Oct/2009:02:21:05 -0700] "GET /robots.txt HTTP/1.1" 404 275 "http://www.silverimagingcanada.com/robots.txt" "Sosospider+(+http://help.soso.com/webspider.htm)" "www.silverimagingcanada.com"
65.55.106.136 - - [18/Oct/2009:06:48:02 -0700] "GET /robots.txt HTTP/1.1" 404 275 "-" "msnbot/2.0b (+http://search.msn.com/msnbot.htm)" "silverimagingcanada.com"
65.55.106.136 - - [18/Oct/2009:06:49:32 -0700] "GET /sounds/ HTTP/1.1" 200 664 "-" "msnbot/2.0b (+http://search.msn.com/msnbot.htm)" "silverimagingcanada.com"
219.94.133.95 - - [18/Oct/2009:08:10:21 -0700] "GET /sitebuilder/images/IMG_0347-380x279.jpg HTTP/1.0" 200 23443 "-" "-" "www.silverimagingcanada.com"
59.106.23.194 - - [18/Oct/2009:08:10:31 -0700] "GET /sitebuilder/images/IMG_0166-355x260.jpg HTTP/1.0" 200 20599 "-" "Mozilla/2.0" "www.silverimagingcanada.com"
77.88.25.27 - - [18/Oct/2009:12:34:49 -0700] "GET /robots.txt HTTP/1.1" 404 275 "-" "Yandex/1.01.001 (compatible; Win16; I)" "www.silverimagingcanada.com"
208.80.193.29 - - [18/Oct/2009:12:53:41 -0700] "GET / HTTP/1.0" 200 1723 "-" "Mozilla/4.0 (compatible; MSIE 7.0; AOL 9.0; Windows NT 5.1; IEMB3; .NET CLR 1.1.4322)" "silverimagingcanada.com"
209.221.2.4 - - [18/Oct/2009:15:40:59 -0700] "GET /sitebuilder/images/IMG_1184-420x310.jpg HTTP/1.1" 200 30969 "http://dotheton.com/index.php?topic=1721.0" "Mozilla/4.0 (compatible; MSIE 7.0; Windows NT 5.1; .NET CLR 1.1.4322; .NET CLR 2.0.50727; .NET CLR 3.0.04506.30; OfficeLiveConnector.1.3; OfficeLivePatch.0.0; .NET CLR 3.0.4506.2152; .NET CLR 3.5.30729; InfoPath.2)" "silverimagingcanada.com"
209.221.2.4 - - [18/Oct/2009:15:40:59 -0700] "GET /sitebuilder/images/img052-374x274.jpg HTTP/1.1" 200 18043 "http://dotheton.com/index.php?topic=1721.0" "Mozilla/4.0 (compatible; MSIE 7.0; Windows NT 5.1; .NET CLR 1.1.4322; .NET CLR 2.0.50727; .NET CLR 3.0.04506.30; OfficeLiveConnector.1.3; OfficeLivePatch.0.0; .NET CLR 3.0.4506.2152; .NET CLR 3.5.30729; InfoPath.2)" "silverimagingcanada.com"
209.221.2.4 - - [18/Oct/2009:15:40:59 -0700] "GET /sitebuilder/images/img053-365x267.jpg HTTP/1.1" 200 19523 "http://dotheton.com/index.php?topic=1721.0" "Mozilla/4.0 (compatible; MSIE 7.0; Windows NT 5.1; .NET CLR 1.1.4322; .NET CLR 2.0.50727; .NET CLR 3.0.04506.30; OfficeLiveConnector.1.3; OfficeLivePatch.0.0; .NET CLR 3.0.4506.2152; .NET CLR 3.5.30729; InfoPath.2)" "silverimagingcanada.com"
209.221.2.4 - - [18/Oct/2009:15:41:00 -0700] "GET /sitebuilder/images/img056-393x289.jpg HTTP/1.1" 200 20721 "http://dotheton.com/index.php?topic=1721.0" "Mozilla/4.0 (compatible; MSIE 7.0; Windows NT 5.1; .NET CLR 1.1.4322; .NET CLR 2.0.50727; .NET CLR 3.0.04506.30; OfficeLiveConnector.1.3; OfficeLivePatch.0.0; .NET CLR 3.0.4506.2152; .NET CLR 3.5.30729; InfoPath.2)" "silverimagingcanada.com"
209.221.2.4 - - [18/Oct/2009:15:41:00 -0700] "GET /sitebuilder/images/IMG_0937-312x416.jpg HTTP/1.1" 200 20123 "http://dotheton.com/index.php?topic=1721.0" "Mozilla/4.0 (compatible; MSIE 7.0; Windows NT 5.1; .NET CLR 1.1.4322; .NET CLR 2.0.50727; .NET CLR 3.0.04506.30; OfficeLiveConnector.1.3; OfficeLivePatch.0.0; .NET CLR 3.0.4506.2152; .NET CLR 3.5.30729; InfoPath.2)" "silverimagingcanada.com"
209.221.2.4 - - [18/Oct/2009:15:41:00 -0700] "GET /sitebuilder/images/IMG_0939-380x278.jpg HTTP/1.1" 200 15324 "http://dotheton.com/index.php?topic=1721.0" "Mozilla/4.0 (compatible; MSIE 7.0; Windows NT 5.1; .NET CLR 1.1.4322; .NET CLR 2.0.50727; .NET CLR 3.0.04506.30; OfficeLiveConnector.1.3; OfficeLivePatch.0.0; .NET CLR 3.0.4506.2152; .NET CLR 3.5.30729; InfoPath.2)" "silverimagingcanada.com"
209.221.2.4 - - [18/Oct/2009:15:41:00 -0700] "GET /sitebuilder/images/IMG_0961-417x308.jpg HTTP/1.1" 200 11717 "http://dotheton.com/index.php?topic=1721.0" "Mozilla/4.0 (compatible; MSIE 7.0; Windows NT 5.1; .NET CLR 1.1.4322; .NET CLR 2.0.50727; .NET CLR 3.0.04506.30; OfficeLiveConnector.1.3; OfficeLivePatch.0.0; .NET CLR 3.0.4506.2152; .NET CLR 3.5.30729; InfoPath.2)" "silverimagingcanada.com"
66.249.65.153 - - [18/Oct/2009:19:59:11 -0700] "GET /robots.txt HTTP/1.1" 404 275 "-" "Googlebot-Image/1.0" "www.silverimagingcanada.com"
66.249.65.153 - - [18/Oct/2009:19:59:11 -0700] "GET /sitebuilder/images/IMG_0342-444x328.jpg HTTP/1.1" 200 14174 "-" "Googlebot-Image/1.0" "www.silverimagingcanada.com"
205.203.134.197 - - [18/Oct/2009:20:46:14 -0700] "GET / HTTP/1.0" 200 1723 "-" "Mozilla/4.0 (compatible; MSIE 6.0; Windows NT 5.0)" "www.silverimagingcanada.com"
205.203.134.197 - - [18/Oct/2009:20:46:14 -0700] "GET / HTTP/1.0" 200 1723 "-" "Mozilla/4.0 (compatible; MSIE 6.0; Windows NT 5.0)" "silverimagingcanada.com"
65.55.207.28 - - [18/Oct/2009:22:08:23 -0700] "GET /robots.txt HTTP/1.1" 404 275 "-" "msnbot/2.0b (+http://search.msn.com/msnbot.htm)" "silverimagingcanada.com"
65.55.207.28 - - [18/Oct/2009:22:09:38 -0700] "GET /?D=A HTTP/1.1" 200 1739 "-" "msnbot/2.0b (+http://search.msn.com/msnbot.htm)" "silverimagingcanada.com"
76.169.218.176 - - [18/Oct/2009:22:31:50 -0700] "GET /sitebuilder/images/img052-374x274.jpg HTTP/1.1" 200 18043 "http://dotheton.com/index.php?topic=1721.0" "Mozilla/5.0 (Macintosh; U; Intel Mac OS X 10.5; en-US; rv:1.9.0.14) Gecko/2009082706 Firefox/3.0.14" "silverimagingcanada.com"
76.169.218.176 - - [18/Oct/2009:22:31:50 -0700] "GET /sitebuilder/images/img056-393x289.jpg HTTP/1.1" 200 20721 "http://dotheton.com/index.php?topic=1721.0" "Mozilla/5.0 (Macintosh; U; Intel Mac OS X 10.5; en-US; rv:1.9.0.14) Gecko/2009082706 Firefox/3.0.14" "silverimagingcanada.com"
76.169.218.176 - - [18/Oct/2009:22:31:50 -0700] "GET /sitebuilder/images/IMG_1184-420x310.jpg HTTP/1.1" 200 30969 "http://dotheton.com/index.php?topic=1721.0" "Mozilla/5.0 (Macintosh; U; Intel Mac OS X 10.5; en-US; rv:1.9.0.14) Gecko/2009082706 Firefox/3.0.14" "silverimagingcanada.com"
76.169.218.176 - - [18/Oct/2009:22:31:50 -0700] "GET /sitebuilder/images/img053-365x267.jpg HTTP/1.1" 200 19523 "http://dotheton.com/index.php?topic=1721.0" "Mozilla/5.0 (Macintosh; U; Intel Mac OS X 10.5; en-US; rv:1.9.0.14) Gecko/2009082706 Firefox/3.0.14" "silverimagingcanada.com"
76.169.218.176 - - [18/Oct/2009:22:31:51 -0700] "GET /sitebuilder/images/IMG_0939-380x278.jpg HTTP/1.1" 200 15324 "http://dotheton.com/index.php?topic=1721.0" "Mozilla/5.0 (Macintosh; U; Intel Mac OS X 10.5; en-US; rv:1.9.0.14) Gecko/2009082706 Firefox/3.0.14" "silverimagingcanada.com"
76.169.218.176 - - [18/Oct/2009:22:31:51 -0700] "GET /sitebuilder/images/IMG_0937-312x416.jpg HTTP/1.1" 200 20123 "http://dotheton.com/index.php?topic=1721.0" "Mozilla/5.0 (Macintosh; U; Intel Mac OS X 10.5; en-US; rv:1.9.0.14) Gecko/2009082706 Firefox/3.0.14" "silverimagingcanada.com"
76.169.218.176 - - [18/Oct/2009:22:31:51 -0700] "GET /sitebuilder/images/IMG_0961-417x308.jpg HTTP/1.1" 200 11717 "http://dotheton.com/index.php?topic=1721.0" "Mozilla/5.0 (Macintosh; U; Intel Mac OS X 10.5; en-US; rv:1.9.0.14) Gecko/2009082706 Firefox/3.0.14" "silverimagingcanada.com"
76.169.218.176 - - [18/Oct/2009:22:41:48 -0700] "GET /sitebuilder/images/IMG_1184-420x310.jpg HTTP/1.1" 200 30969 "http://dotheton.com/index.php?topic=1721.0" "Mozilla/5.0 (Macintosh; U; Intel Mac OS X 10.5; en-US; rv:1.9.0.14) Gecko/2009082706 Firefox/3.0.14" "silverimagingcanada.com"
76.169.218.176 - - [18/Oct/2009:22:41:48 -0700] "GET /sitebuilder/images/img052-374x274.jpg HTTP/1.1" 200 18043 "http://dotheton.com/index.php?topic=1721.0" "Mozilla/5.0 (Macintosh; U; Intel Mac OS X 10.5; en-US; rv:1.9.0.14) Gecko/2009082706 Firefox/3.0.14" "silverimagingcanada.com"
76.169.218.176 - - [18/Oct/2009:22:41:48 -0700] "GET /sitebuilder/images/IMG_0937-312x416.jpg HTTP/1.1" 200 20123 "http://dotheton.com/index.php?topic=1721.0" "Mozilla/5.0 (Macintosh; U; Intel Mac OS X 10.5; en-US; rv:1.9.0.14) Gecko/2009082706 Firefox/3.0.14" "silverimagingcanada.com"
76.169.218.176 - - [18/Oct/2009:22:41:48 -0700] "GET /sitebuilder/images/IMG_0939-380x278.jpg HTTP/1.1" 200 15324 "http://dotheton.com/index.php?topic=1721.0" "Mozilla/5.0 (Macintosh; U; Intel Mac OS X 10.5; en-US; rv:1.9.0.14) Gecko/2009082706 Firefox/3.0.14" "silverimagingcanada.com"
208.80.193.32 - - [19/Oct/2009:01:02:58 -0700] "GET / HTTP/1.0" 200 1723 "-" "Mozilla/4.0 (compatible; MSIE 6.0; Windows NT 5.1; Q312461; SV1; PeoplePal 3.0)" "www.silverimagingcanada.com"
193.47.80.51 - - [19/Oct/2009:02:36:25 -0700] "GET /robots.txt HTTP/1.1" 404 275 "-" "Mozilla/5.0 (compatible; Exabot/3.0; +http://www.exabot.com/go/robot)" "www.silverimagingcanada.com"
193.47.80.51 - - [19/Oct/2009:02:36:26 -0700] "GET /?N=D HTTP/1.1" 200 1739 "-" "Mozilla/5.0 (compatible; Exabot/3.0; +http://www.exabot.com/go/robot)" "www.silverimagingcanada.com"
193.47.80.51 - - [19/Oct/2009:02:36:28 -0700] "GET /clipart/ HTTP/1.1" 200 1350 "-" "Mozilla/5.0 (compatible; Exabot/3.0; +http://www.exabot.com/go/robot)" "www.silverimagingcanada.com"
193.47.80.51 - - [19/Oct/2009:02:36:31 -0700] "GET /logs/ HTTP/1.1" 200 2088 "-" "Mozilla/5.0 (compatible; Exabot/3.0; +http://www.exabot.com/go/robot)" "www.silverimagingcanada.com"
193.47.80.51 - - [19/Oct/2009:02:36:33 -0700] "GET /media/ HTTP/1.1" 200 2086 "-" "Mozilla/5.0 (compatible; Exabot/3.0; +http://www.exabot.com/go/robot)" "www.silverimagingcanada.com"
193.47.80.51 - - [19/Oct/2009:02:36:36 -0700] "GET /navigation_bars/ HTTP/1.1" 200 683 "-" "Mozilla/5.0 (compatible; Exabot/3.0; +http://www.exabot.com/go/robot)" "www.silverimagingcanada.com"
193.47.80.51 - - [19/Oct/2009:02:36:38 -0700] "GET /sounds/ HTTP/1.1" 200 664 "-" "Mozilla/5.0 (compatible; Exabot/3.0; +http://www.exabot.com/go/robot)" "www.silverimagingcanada.com"
193.47.80.51 - - [19/Oct/2009:02:36:41 -0700] "GET /tmp/ HTTP/1.1" 200 520 "-" "Mozilla/5.0 (compatible; Exabot/3.0; +http://www.exabot.com/go/robot)" "www.silverimagingcanada.com"
124.115.6.15 - - [19/Oct/2009:06:05:31 -0700] "GET /robots.txt HTTP/1.1" 404 275 "http://www.silverimagingcanada.com/robots.txt" "Sosospider+(+http://help.soso.com/webspider.htm)" "www.silverimagingcanada.com"
72.30.142.241 - - [19/Oct/2009:09:47:04 -0700] "GET /images/ HTTP/1.0" 200 510 "-" "Mozilla/5.0 (compatible; Yahoo! Slurp/3.0; http://help.yahoo.com/help/us/ysearch/slurp)" "silverimagingcanada.com"
74.6.8.123 - - [19/Oct/2009:14:57:41 -0700] "GET / HTTP/1.0" 200 1723 "-" "Mozilla/5.0 (compatible; Yahoo! Slurp/3.0; http://help.yahoo.com/help/us/ysearch/slurp)" "silverimagingcanada.com"
65.55.106.111 - - [19/Oct/2009:15:12:51 -0700] "GET /robots.txt HTTP/1.0" 404 275 "-" "msnbot/2.0b (+http://search.msn.com/msnbot.htm)" "silverimagingcanada.com"
65.55.106.111 - - [19/Oct/2009:15:15:02 -0700] "GET /navigation_bars/ HTTP/1.1" 200 683 "-" "msnbot/2.0b (+http://search.msn.com/msnbot.htm)" "silverimagingcanada.com"
208.80.193.31 - - [19/Oct/2009:17:01:04 -0700] "GET / HTTP/1.0" 200 1723 "-" "Mozilla/4.0 (compatible; MSIE 7.0; Windows NT 5.1; SIMBAR={412311E7-341C-450e-9C70-69B581950B77}; .NET CLR 1.1.4322)" "silverimagingcanada.com"
66.249.65.153 - - [20/Oct/2009:03:18:09 -0700] "GET /robots.txt HTTP/1.1" 404 275 "-" "Googlebot-Image/1.0" "www.silverimagingcanada.com"
66.249.65.153 - - [20/Oct/2009:03:18:09 -0700] "GET /sitebuilder/images/IMG_0330-444x329.jpg HTTP/1.1" 200 35303 "-" "Googlebot-Image/1.0" "www.silverimagingcanada.com"
83.167.62.165 - - [20/Oct/2009:03:23:46 -0700] "GET /robots.txt HTTP/1.1" 404 275 "-" "Mozilla/5.0 (compatible; Exabot/3.0 (BiggerBetter); +http://www.exabot.com/go/robot)" "www.silverimagingcanada.com"
83.167.62.165 - - [20/Oct/2009:03:23:46 -0700] "GET /?N=A HTTP/1.1" 200 1739 "-" "Mozilla/5.0 (compatible; Exabot/3.0 (BiggerBetter); +http://www.exabot.com/go/robot)" "www.silverimagingcanada.com"
208.80.193.33 - - [20/Oct/2009:05:15:51 -0700] "GET / HTTP/1.0" 200 1723 "-" "Mozilla/4.0 (compatible; MSIE 6.0; Windows NT 5.1; CHWIE_NL70; SV1; .NET CLR 1.1.4322)" "www.silverimagingcanada.com"
66.249.65.156 - - [20/Oct/2009:05:34:29 -0700] "GET /robots.txt HTTP/1.1" 404 275 "-" "Googlebot-Image/1.0" "silverimagingcanada.com"
66.249.65.156 - - [20/Oct/2009:05:34:29 -0700] "GET /sitebuilder/images/S4020063-290x368.jpg HTTP/1.1" 200 18483 "-" "Googlebot-Image/1.0" "silverimagingcanada.com"
124.115.6.15 - - [20/Oct/2009:09:37:55 -0700] "GET /robots.txt HTTP/1.1" 404 275 "http://www.silverimagingcanada.com/robots.txt" "Sosospider+(+http://help.soso.com/webspider.htm)" "www.silverimagingcanada.com"
72.30.79.109 - - [20/Oct/2009:13:05:24 -0700] "GET /media/ HTTP/1.0" 200 2070 "-" "Mozilla/5.0 (compatible; Yahoo! Slurp/3.0; http://help.yahoo.com/help/us/ysearch/slurp)" "silverimagingcanada.com"
64.184.156.8 - - [20/Oct/2009:14:24:57 -0700] "GET /sitebuilder/images/IMG_1184-420x310.jpg HTTP/1.1" 200 30969 "http://dotheton.com/index.php?topic=1721.0" "Mozilla/4.0 (compatible; MSIE 8.0; Windows NT 5.1; Trident/4.0; .NET CLR 1.1.4322; .NET CLR 2.0.50727; .NET CLR 3.0.4506.2152; .NET CLR 3.5.30729)" "silverimagingcanada.com"
64.184.156.8 - - [20/Oct/2009:14:24:57 -0700] "GET /sitebuilder/images/IMG_0939-380x278.jpg HTTP/1.1" 200 15324 "http://dotheton.com/index.php?topic=1721.0" "Mozilla/4.0 (compatible; MSIE 8.0; Windows NT 5.1; Trident/4.0; .NET CLR 1.1.4322; .NET CLR 2.0.50727; .NET CLR 3.0.4506.2152; .NET CLR 3.5.30729)" "silverimagingcanada.com"
64.184.156.8 - - [20/Oct/2009:14:24:57 -0700] "GET /sitebuilder/images/IMG_0961-417x308.jpg HTTP/1.1" 200 11717 "http://dotheton.com/index.php?topic=1721.0" "Mozilla/4.0 (compatible; MSIE 8.0; Windows NT 5.1; Trident/4.0; .NET CLR 1.1.4322; .NET CLR 2.0.50727; .NET CLR 3.0.4506.2152; .NET CLR 3.5.30729)" "silverimagingcanada.com"
64.184.156.8 - - [20/Oct/2009:14:24:57 -0700] "GET /sitebuilder/images/img053-365x267.jpg HTTP/1.1" 200 19523 "http://dotheton.com/index.php?topic=1721.0" "Mozilla/4.0 (compatible; MSIE 8.0; Windows NT 5.1; Trident/4.0; .NET CLR 1.1.4322; .NET CLR 2.0.50727; .NET CLR 3.0.4506.2152; .NET CLR 3.5.30729)" "silverimagingcanada.com"
64.184.156.8 - - [20/Oct/2009:14:24:57 -0700] "GET /sitebuilder/images/img052-374x274.jpg HTTP/1.1" 200 18043 "http://dotheton.com/index.php?topic=1721.0" "Mozilla/4.0 (compatible; MSIE 8.0; Windows NT 5.1; Trident/4.0; .NET CLR 1.1.4322; .NET CLR 2.0.50727; .NET CLR 3.0.4506.2152; .NET CLR 3.5.30729)" "silverimagingcanada.com"
64.184.156.8 - - [20/Oct/2009:14:24:57 -0700] "GET /sitebuilder/images/img056-393x289.jpg HTTP/1.1" 200 20721 "http://dotheton.com/index.php?topic=1721.0" "Mozilla/4.0 (compatible; MSIE 8.0; Windows NT 5.1; Trident/4.0; .NET CLR 1.1.4322; .NET CLR 2.0.50727; .NET CLR 3.0.4506.2152; .NET CLR 3.5.30729)" "silverimagingcanada.com"
64.184.156.8 - - [20/Oct/2009:14:24:57 -0700] "GET /sitebuilder/images/IMG_0937-312x416.jpg HTTP/1.1" 200 20123 "http://dotheton.com/index.php?topic=1721.0" "Mozilla/4.0 (compatible; MSIE 8.0; Windows NT 5.1; Trident/4.0; .NET CLR 1.1.4322; .NET CLR 2.0.50727; .NET CLR 3.0.4506.2152; .NET CLR 3.5.30729)" "silverimagingcanada.com"
64.184.156.8 - - [20/Oct/2009:14:27:13 -0700] "GET /sitebuilder/images/img129-405x298.jpg HTTP/1.1" 200 17041 "http://dotheton.com/index.php?topic=1721.15" "Mozilla/4.0 (compatible; MSIE 8.0; Windows NT 5.1; Trident/4.0; .NET CLR 1.1.4322; .NET CLR 2.0.50727; .NET CLR 3.0.4506.2152; .NET CLR 3.5.30729)" "silverimagingcanada.com"
64.184.156.8 - - [20/Oct/2009:14:27:13 -0700] "GET /sitebuilder/images/IMG_1288-451x334.jpg HTTP/1.1" 200 25996 "http://dotheton.com/index.php?topic=1721.15" "Mozilla/4.0 (compatible; MSIE 8.0; Windows NT 5.1; Trident/4.0; .NET CLR 1.1.4322; .NET CLR 2.0.50727; .NET CLR 3.0.4506.2152; .NET CLR 3.5.30729)" "silverimagingcanada.com"
64.184.156.8 - - [20/Oct/2009:14:27:13 -0700] "GET /sitebuilder/images/IMG_1272-351x257.jpg HTTP/1.1" 200 23815 "http://dotheton.com/index.php?topic=1721.15" "Mozilla/4.0 (compatible; MSIE 8.0; Windows NT 5.1; Trident/4.0; .NET CLR 1.1.4322; .NET CLR 2.0.50727; .NET CLR 3.0.4506.2152; .NET CLR 3.5.30729)" "silverimagingcanada.com"
64.184.156.8 - - [20/Oct/2009:14:27:14 -0700] "GET /sitebuilder/images/IMG_1276-406x299.jpg HTTP/1.1" 200 31845 "http://dotheton.com/index.php?topic=1721.15" "Mozilla/4.0 (compatible; MSIE 8.0; Windows NT 5.1; Trident/4.0; .NET CLR 1.1.4322; .NET CLR 2.0.50727; .NET CLR 3.0.4506.2152; .NET CLR 3.5.30729)" "silverimagingcanada.com"
64.184.156.8 - - [20/Oct/2009:15:28:30 -0700] "GET /sitebuilder/images/img1412-430x317.jpg HTTP/1.1" 200 28270 "http://dotheton.com/index.php?topic=1721.30" "Mozilla/4.0 (compatible; MSIE 8.0; Windows NT 5.1; Trident/4.0; .NET CLR 1.1.4322; .NET CLR 2.0.50727; .NET CLR 3.0.4506.2152; .NET CLR 3.5.30729)" "silverimagingcanada.com"
64.184.156.8 - - [20/Oct/2009:15:28:30 -0700] "GET /sitebuilder/images/img144-352x257.jpg HTTP/1.1" 200 12721 "http://dotheton.com/index.php?topic=1721.30" "Mozilla/4.0 (compatible; MSIE 8.0; Windows NT 5.1; Trident/4.0; .NET CLR 1.1.4322; .NET CLR 2.0.50727; .NET CLR 3.0.4506.2152; .NET CLR 3.5.30729)" "silverimagingcanada.com"
64.184.156.8 - - [20/Oct/2009:15:28:30 -0700] "GET /sitebuilder/images/img135-317x428.jpg HTTP/1.1" 200 25396 "http://dotheton.com/index.php?topic=1721.30" "Mozilla/4.0 (compatible; MSIE 8.0; Windows NT 5.1; Trident/4.0; .NET CLR 1.1.4322; .NET CLR 2.0.50727; .NET CLR 3.0.4506.2152; .NET CLR 3.5.30729)" "silverimagingcanada.com"
64.184.156.8 - - [20/Oct/2009:15:28:30 -0700] "GET /sitebuilder/images/img138-399x293.jpg HTTP/1.1" 200 24204 "http://dotheton.com/index.php?topic=1721.30" "Mozilla/4.0 (compatible; MSIE 8.0; Windows NT 5.1; Trident/4.0; .NET CLR 1.1.4322; .NET CLR 2.0.50727; .NET CLR 3.0.4506.2152; .NET CLR 3.5.30729)" "silverimagingcanada.com"
64.184.156.8 - - [20/Oct/2009:15:28:30 -0700] "GET /sitebuilder/images/tank1-257x350.jpg HTTP/1.1" 200 11565 "http://dotheton.com/index.php?topic=1721.30" "Mozilla/4.0 (compatible; MSIE 8.0; Windows NT 5.1; Trident/4.0; .NET CLR 1.1.4322; .NET CLR 2.0.50727; .NET CLR 3.0.4506.2152; .NET CLR 3.5.30729)" "silverimagingcanada.com"
64.184.156.8 - - [20/Oct/2009:15:28:31 -0700] "GET /sitebuilder/images/tank2-272x195.jpg HTTP/1.1" 200 7366 "http://dotheton.com/index.php?topic=1721.30" "Mozilla/4.0 (compatible; MSIE 8.0; Windows NT 5.1; Trident/4.0; .NET CLR 1.1.4322; .NET CLR 2.0.50727; .NET CLR 3.0.4506.2152; .NET CLR 3.5.30729)" "silverimagingcanada.com"
77.88.25.27 - - [20/Oct/2009:16:21:58 -0700] "GET /robots.txt HTTP/1.1" 404 275 "-" "Yandex/1.01.001 (compatible; Win16; I)" "www.silverimagingcanada.com"
98.223.151.29 - - [20/Oct/2009:18:51:31 -0700] "GET /sitebuilder/images/IMG_1184-420x310.jpg HTTP/1.1" 200 30969 "http://dotheton.com/index.php?topic=1721.0" "Mozilla/5.0 (Windows; U; Windows NT 6.0; en-US; rv:1.9.1.3) Gecko/20090824 Firefox/3.5.3 (.NET CLR 3.5.30729)" "silverimagingcanada.com"
98.223.151.29 - - [20/Oct/2009:18:51:31 -0700] "GET /sitebuilder/images/img052-374x274.jpg HTTP/1.1" 200 18043 "http://dotheton.com/index.php?topic=1721.0" "Mozilla/5.0 (Windows; U; Windows NT 6.0; en-US; rv:1.9.1.3) Gecko/20090824 Firefox/3.5.3 (.NET CLR 3.5.30729)" "silverimagingcanada.com"
98.223.151.29 - - [20/Oct/2009:18:51:31 -0700] "GET /sitebuilder/images/img056-393x289.jpg HTTP/1.1" 200 20721 "http://dotheton.com/index.php?topic=1721.0" "Mozilla/5.0 (Windows; U; Windows NT 6.0; en-US; rv:1.9.1.3) Gecko/20090824 Firefox/3.5.3 (.NET CLR 3.5.30729)" "silverimagingcanada.com"
98.223.151.29 - - [20/Oct/2009:18:51:32 -0700] "GET /sitebuilder/images/IMG_0937-312x416.jpg HTTP/1.1" 200 20123 "http://dotheton.com/index.php?topic=1721.0" "Mozilla/5.0 (Windows; U; Windows NT 6.0; en-US; rv:1.9.1.3) Gecko/20090824 Firefox/3.5.3 (.NET CLR 3.5.30729)" "silverimagingcanada.com"
98.223.151.29 - - [20/Oct/2009:18:51:32 -0700] "GET /sitebuilder/images/IMG_0939-380x278.jpg HTTP/1.1" 200 15324 "http://dotheton.com/index.php?topic=1721.0" "Mozilla/5.0 (Windows; U; Windows NT 6.0; en-US; rv:1.9.1.3) Gecko/20090824 Firefox/3.5.3 (.NET CLR 3.5.30729)" "silverimagingcanada.com"
98.223.151.29 - - [20/Oct/2009:18:51:32 -0700] "GET /sitebuilder/images/IMG_0961-417x308.jpg HTTP/1.1" 200 11717 "http://dotheton.com/index.php?topic=1721.0" "Mozilla/5.0 (Windows; U; Windows NT 6.0; en-US; rv:1.9.1.3) Gecko/20090824 Firefox/3.5.3 (.NET CLR 3.5.30729)" "silverimagingcanada.com"
77.88.25.27 - - [20/Oct/2009:18:53:44 -0700] "GET /robots.txt HTTP/1.1" 404 275 "-" "Yandex/1.01.001 (compatible; Win16; I)" "silverimagingcanada.com"
72.30.87.126 - - [20/Oct/2009:20:59:41 -0700] "GET /logs/ HTTP/1.0" 200 2072 "-" "Mozilla/5.0 (compatible; Yahoo! Slurp/3.0; http://help.yahoo.com/help/us/ysearch/slurp)" "www.silverimagingcanada.com"
208.80.193.38 - - [20/Oct/2009:21:16:57 -0700] "GET / HTTP/1.0" 200 1723 "-" "Mozilla/4.0 (compatible; MSIE 6.0; Windows NT 5.0; PCUser)" "silverimagingcanada.com"
66.249.65.153 - - [21/Oct/2009:03:29:54 -0700] "GET /robots.txt HTTP/1.1" 404 275 "-" "Googlebot-Image/1.0" "www.silverimagingcanada.com"
66.249.65.153 - - [21/Oct/2009:03:29:54 -0700] "GET /sitebuilder/images/IMG_1114-284x203.jpg HTTP/1.1" 200 11265 "-" "Googlebot-Image/1.0" "www.silverimagingcanada.com"
66.249.65.156 - - [21/Oct/2009:04:12:32 -0700] "GET /robots.txt HTTP/1.1" 404 275 "-" "Googlebot-Image/1.0" "silverimagingcanada.com"
66.249.65.156 - - [21/Oct/2009:04:12:32 -0700] "GET /sitebuilder/images/CavcaM-310x81.jpg HTTP/1.1" 200 6074 "-" "Googlebot-Image/1.0" "silverimagingcanada.com"
77.88.25.27 - - [21/Oct/2009:06:13:06 -0700] "GET / HTTP/1.1" 200 1739 "-" "Yandex/1.01.001 (compatible; Win16; I)" "silverimagingcanada.com"
66.249.65.153 - - [21/Oct/2009:07:55:02 -0700] "GET /sitebuilder/images/IMG_1122-276x198.jpg HTTP/1.1" 200 10302 "-" "Googlebot-Image/1.0" "www.silverimagingcanada.com"
208.80.193.32 - - [21/Oct/2009:09:30:29 -0700] "GET / HTTP/1.0" 200 1723 "-" "Mozilla/4.0 (compatible; MSIE 7.0; Windows NT 6.0; SU 2.011; SLCC1; .NET CLR 2.0.50727; Media Center PC 5.0; .NET CLR 3.0.04506; InfoPath.1)" "www.silverimagingcanada.com"
209.22.51.1 - - [21/Oct/2009:10:16:42 -0700] "GET /sitebuilder/images/img052-374x274.jpg HTTP/1.1" 200 18043 "http://dotheton.com/index.php?topic=1721.0" "Mozilla/4.0 (compatible; MSIE 7.0; Windows NT 5.1; .NET CLR 1.1.4322; InfoPath.1; .NET CLR 2.0.50727; MS-RTC LM 8)" "silverimagingcanada.com"
209.22.51.1 - - [21/Oct/2009:10:16:43 -0700] "GET /sitebuilder/images/img053-365x267.jpg HTTP/1.1" 200 19523 "http://dotheton.com/index.php?topic=1721.0" "Mozilla/4.0 (compatible; MSIE 7.0; Windows NT 5.1; .NET CLR 1.1.4322; InfoPath.1; .NET CLR 2.0.50727; MS-RTC LM 8)" "silverimagingcanada.com"
209.22.51.1 - - [21/Oct/2009:10:16:44 -0700] "GET /sitebuilder/images/img056-393x289.jpg HTTP/1.1" 200 20721 "http://dotheton.com/index.php?topic=1721.0" "Mozilla/4.0 (compatible; MSIE 7.0; Windows NT 5.1; .NET CLR 1.1.4322; InfoPath.1; .NET CLR 2.0.50727; MS-RTC LM 8)" "silverimagingcanada.com"
209.22.51.1 - - [21/Oct/2009:10:16:47 -0700] "GET /sitebuilder/images/IMG_0937-312x416.jpg HTTP/1.1" 200 20123 "http://dotheton.com/index.php?topic=1721.0" "Mozilla/4.0 (compatible; MSIE 7.0; Windows NT 5.1; .NET CLR 1.1.4322; InfoPath.1; .NET CLR 2.0.50727; MS-RTC LM 8)" "silverimagingcanada.com"
209.22.51.1 - - [21/Oct/2009:10:16:51 -0700] "GET /sitebuilder/images/IMG_0939-380x278.jpg HTTP/1.1" 200 15324 "http://dotheton.com/index.php?topic=1721.0" "Mozilla/4.0 (compatible; MSIE 7.0; Windows NT 5.1; .NET CLR 1.1.4322; InfoPath.1; .NET CLR 2.0.50727; MS-RTC LM 8)" "silverimagingcanada.com"
209.22.51.1 - - [21/Oct/2009:10:16:52 -0700] "GET /sitebuilder/images/IMG_0961-417x308.jpg HTTP/1.1" 200 11717 "http://dotheton.com/index.php?topic=1721.0" "Mozilla/4.0 (compatible; MSIE 7.0; Windows NT 5.1; .NET CLR 1.1.4322; InfoPath.1; .NET CLR 2.0.50727; MS-RTC LM 8)" "silverimagingcanada.com"
209.22.51.1 - - [21/Oct/2009:10:37:55 -0700] "GET /sitebuilder/images/img129-405x298.jpg HTTP/1.1" 200 17041 "http://dotheton.com/index.php?topic=1721.15" "Mozilla/4.0 (compatible; MSIE 7.0; Windows NT 5.1; .NET CLR 1.1.4322; InfoPath.1; .NET CLR 2.0.50727; MS-RTC LM 8)" "silverimagingcanada.com"
209.22.51.1 - - [21/Oct/2009:10:37:56 -0700] "GET /sitebuilder/images/IMG_1288-451x334.jpg HTTP/1.1" 200 25996 "http://dotheton.com/index.php?topic=1721.15" "Mozilla/4.0 (compatible; MSIE 7.0; Windows NT 5.1; .NET CLR 1.1.4322; InfoPath.1; .NET CLR 2.0.50727; MS-RTC LM 8)" "silverimagingcanada.com"
209.22.51.1 - - [21/Oct/2009:10:38:00 -0700] "GET /sitebuilder/images/IMG_1276-406x299.jpg HTTP/1.1" 200 31845 "http://dotheton.com/index.php?topic=1721.15" "Mozilla/4.0 (compatible; MSIE 7.0; Windows NT 5.1; .NET CLR 1.1.4322; InfoPath.1; .NET CLR 2.0.50727; MS-RTC LM 8)" "silverimagingcanada.com"
124.115.6.15 - - [21/Oct/2009:13:15:18 -0700] "GET /robots.txt HTTP/1.1" 404 275 "http://www.silverimagingcanada.com/robots.txt" "Sosospider+(+http://help.soso.com/webspider.htm)" "www.silverimagingcanada.com"
98.230.41.133 - - [21/Oct/2009:16:34:39 -0700] "GET /sitebuilder/images/img052-374x274.jpg HTTP/1.1" 200 18043 "http://dotheton.com/index.php?topic=1721.0" "Mozilla/5.0 (Windows; U; Windows NT 6.0; en-US; rv:1.9.0.14) Gecko/2009082707 Firefox/3.0.14 (.NET CLR 3.5.30729)" "silverimagingcanada.com"
98.230.41.133 - - [21/Oct/2009:16:34:39 -0700] "GET /sitebuilder/images/IMG_1184-420x310.jpg HTTP/1.1" 200 30969 "http://dotheton.com/index.php?topic=1721.0" "Mozilla/5.0 (Windows; U; Windows NT 6.0; en-US; rv:1.9.0.14) Gecko/2009082707 Firefox/3.0.14 (.NET CLR 3.5.30729)" "silverimagingcanada.com"
98.230.41.133 - - [21/Oct/2009:16:34:39 -0700] "GET /sitebuilder/images/img056-393x289.jpg HTTP/1.1" 200 20721 "http://dotheton.com/index.php?topic=1721.0" "Mozilla/5.0 (Windows; U; Windows NT 6.0; en-US; rv:1.9.0.14) Gecko/2009082707 Firefox/3.0.14 (.NET CLR 3.5.30729)" "silverimagingcanada.com"
98.230.41.133 - - [21/Oct/2009:16:34:39 -0700] "GET /sitebuilder/images/img053-365x267.jpg HTTP/1.1" 200 19523 "http://dotheton.com/index.php?topic=1721.0" "Mozilla/5.0 (Windows; U; Windows NT 6.0; en-US; rv:1.9.0.14) Gecko/2009082707 Firefox/3.0.14 (.NET CLR 3.5.30729)" "silverimagingcanada.com"
98.230.41.133 - - [21/Oct/2009:16:34:40 -0700] "GET /sitebuilder/images/IMG_0939-380x278.jpg HTTP/1.1" 200 15324 "http://dotheton.com/index.php?topic=1721.0" "Mozilla/5.0 (Windows; U; Windows NT 6.0; en-US; rv:1.9.0.14) Gecko/2009082707 Firefox/3.0.14 (.NET CLR 3.5.30729)" "silverimagingcanada.com"
98.230.41.133 - - [21/Oct/2009:16:34:40 -0700] "GET /sitebuilder/images/IMG_0937-312x416.jpg HTTP/1.1" 200 20123 "http://dotheton.com/index.php?topic=1721.0" "Mozilla/5.0 (Windows; U; Windows NT 6.0; en-US; rv:1.9.0.14) Gecko/2009082707 Firefox/3.0.14 (.NET CLR 3.5.30729)" "silverimagingcanada.com"
98.230.41.133 - - [21/Oct/2009:16:34:40 -0700] "GET /sitebuilder/images/IMG_0961-417x308.jpg HTTP/1.1" 200 11717 "http://dotheton.com/index.php?topic=1721.0" "Mozilla/5.0 (Windows; U; Windows NT 6.0; en-US; rv:1.9.0.14) Gecko/2009082707 Firefox/3.0.14 (.NET CLR 3.5.30729)" "silverimagingcanada.com"
58.61.164.39 - - [21/Oct/2009:17:24:15 -0700] "GET / HTTP/1.1" 200 1739 "-" "Mozilla/4.0 (compatible; MSIE 6.0; Windows NT 5.1)" "www.silverimagingcanada.com"
193.47.80.51 - - [21/Oct/2009:17:24:47 -0700] "GET /robots.txt HTTP/1.1" 404 275 "-" "Mozilla/5.0 (compatible; Exabot/3.0; +http://www.exabot.com/go/robot)" "www.silverimagingcanada.com"
193.47.80.51 - - [21/Oct/2009:17:24:47 -0700] "GET /logs/?N=D HTTP/1.1" 200 2088 "-" "Mozilla/5.0 (compatible; Exabot/3.0; +http://www.exabot.com/go/robot)" "www.silverimagingcanada.com"
193.47.80.51 - - [21/Oct/2009:17:24:50 -0700] "GET /logs/?M=A HTTP/1.1" 200 2088 "-" "Mozilla/5.0 (compatible; Exabot/3.0; +http://www.exabot.com/go/robot)" "www.silverimagingcanada.com"
193.47.80.51 - - [21/Oct/2009:17:24:53 -0700] "GET /logs/?D=A HTTP/1.1" 200 2088 "-" "Mozilla/5.0 (compatible; Exabot/3.0; +http://www.exabot.com/go/robot)" "www.silverimagingcanada.com"
58.61.164.40 - - [21/Oct/2009:17:33:22 -0700] "GET / HTTP/1.1" 200 1739 "-" "Mozilla/4.0 (compatible; MSIE 6.0; Windows NT 5.1)" "www.silverimagingcanada.com"
114.80.93.71 - - [21/Oct/2009:17:53:18 -0700] "GET / HTTP/1.1" 200 1739 "-" "Mozilla/4.0 (compatible; MSIE 6.0; Windows NT 5.1)" "www.silverimagingcanada.com"
58.61.164.141 - - [21/Oct/2009:18:05:32 -0700] "GET / HTTP/1.1" 200 1739 "-" "Mozilla/4.0 (compatible; MSIE 6.0; Windows NT 5.1)" "www.silverimagingcanada.com"
58.61.164.140 - - [21/Oct/2009:18:22:44 -0700] "GET / HTTP/1.1" 200 1739 "-" "Mozilla/4.0 (compatible; MSIE 6.0; Windows NT 5.1)" "www.silverimagingcanada.com"
58.61.164.139 - - [21/Oct/2009:19:32:31 -0700] "GET / HTTP/1.1" 200 1739 "-" "Mozilla/4.0 (compatible; MSIE 6.0; Windows NT 5.1)" "www.silverimagingcanada.com"
124.115.1.7 - - [21/Oct/2009:22:13:20 -0700] "GET / HTTP/1.1" 200 1739 "-" "Mozilla/4.0 (compatible; MSIE 6.0; Windows NT 5.1)" "www.silverimagingcanada.com"
72.30.87.126 - - [21/Oct/2009:23:46:24 -0700] "GET /logs/ HTTP/1.0" 200 2072 "-" "Mozilla/5.0 (compatible; Yahoo! Slurp/3.0; http://help.yahoo.com/help/us/ysearch/slurp)" "www.silverimagingcanada.com"
66.249.65.153 - - [22/Oct/2009:03:44:42 -0700] "GET /robots.txt HTTP/1.1" 404 275 "-" "Googlebot-Image/1.0" "www.silverimagingcanada.com"
66.249.65.153 - - [22/Oct/2009:03:44:42 -0700] "GET /sitebuilder/images/IMG_1106-294x211.jpg HTTP/1.1" 200 13541 "-" "Googlebot-Image/1.0" "www.silverimagingcanada.com"
65.55.207.21 - - [22/Oct/2009:12:07:31 -0700] "GET /robots.txt HTTP/1.1" 404 275 "-" "msnbot/2.0b (+http://search.msn.com/msnbot.htm)" "silverimagingcanada.com"
65.55.207.21 - - [22/Oct/2009:12:19:01 -0700] "GET / HTTP/1.1" 200 1739 "-" "msnbot/2.0b (+http://search.msn.com/msnbot.htm)" "silverimagingcanada.com"
91.121.96.210 - - [22/Oct/2009:12:48:26 -0700] "GET /robots.txt HTTP/1.0" 404 275 "http://majestic12.co.uk/bot.php?I=855602DD50-6B05F84858FCF50F-www_silverimagingcanada_com" "Mozilla/5.0 (compatible; MJ12bot/v1.2.5; http://www.majestic12.co.uk/bot.php?+)" "www.silverimagingcanada.com"
208.80.193.38 - - [22/Oct/2009:15:28:03 -0700] "GET / HTTP/1.0" 200 1723 "-" "Mozilla/4.0 (compatible; MSIE 7.0; Windows NT 5.1; .NET CLR 2.0.50727; MSN 6.1; MSNbMSFT; MSNmen-us; MSNc00; v5m)" "silverimagingcanada.com"
58.61.164.139 - - [22/Oct/2009:16:08:22 -0700] "GET / HTTP/1.1" 200 1739 "-" "Mozilla/4.0 (compatible; MSIE 6.0; Windows NT 5.1)" "www.silverimagingcanada.com"
124.115.6.15 - - [22/Oct/2009:16:58:23 -0700] "GET /robots.txt HTTP/1.1" 404 275 "http://www.silverimagingcanada.com/robots.txt" "Sosospider+(+http://help.soso.com/webspider.htm)" "www.silverimagingcanada.com"
124.115.1.8 - - [22/Oct/2009:17:13:19 -0700] "GET / HTTP/1.1" 200 1739 "-" "Mozilla/4.0 (compatible; MSIE 6.0; Windows NT 5.1)" "www.silverimagingcanada.com"
58.61.164.39 - - [22/Oct/2009:17:18:26 -0700] "GET / HTTP/1.1" 200 1739 "-" "Mozilla/4.0 (compatible; MSIE 6.0; Windows NT 5.1)" "www.silverimagingcanada.com"
58.61.164.40 - - [22/Oct/2009:17:39:53 -0700] "GET / HTTP/1.1" 200 1739 "-" "Mozilla/4.0 (compatible; MSIE 6.0; Windows NT 5.1)" "www.silverimagingcanada.com"
124.115.1.7 - - [22/Oct/2009:18:05:50 -0700] "GET / HTTP/1.1" 200 1739 "-" "Mozilla/4.0 (compatible; MSIE 6.0; Windows NT 5.1)" "www.silverimagingcanada.com"
114.80.93.71 - - [22/Oct/2009:18:18:59 -0700] "GET / HTTP/1.1" 200 1739 "-" "Mozilla/4.0 (compatible; MSIE 6.0; Windows NT 5.1)" "www.silverimagingcanada.com"
58.61.164.141 - - [22/Oct/2009:18:20:44 -0700] "GET / HTTP/1.1" 200 1739 "-" "Mozilla/4.0 (compatible; MSIE 6.0; Windows NT 5.1)" "www.silverimagingcanada.com"
95.108.142.150 - - [22/Oct/2009:20:24:31 -0700] "GET /robots.txt HTTP/1.1" 404 275 "-" "Yandex/1.01.001 (compatible; Win16; H)" "silverimagingcanada.com"
95.108.142.150 - - [22/Oct/2009:20:24:32 -0700] "GET /robots.txt HTTP/1.1" 404 275 "-" "Yandex/1.01.001 (compatible; Win16; H)" "www.silverimagingcanada.com"
95.108.142.150 - - [22/Oct/2009:20:24:33 -0700] "GET / HTTP/1.1" 200 1739 "-" "Yandex/1.01.001 (compatible; Win16; H)" "silverimagingcanada.com"
95.108.142.150 - - [22/Oct/2009:20:24:34 -0700] "GET / HTTP/1.1" 200 1739 "-" "Yandex/1.01.001 (compatible; Win16; H)" "www.silverimagingcanada.com"
95.108.142.150 - - [22/Oct/2009:20:24:35 -0700] "GET / HTTP/1.1" 200 1739 "-" "Yandex/1.01.001 (compatible; Win16; H)" "silverimagingcanada.com"
95.108.142.150 - - [22/Oct/2009:20:24:36 -0700] "GET / HTTP/1.1" 200 1739 "-" "Yandex/1.01.001 (compatible; Win16; H)" "www.silverimagingcanada.com"
66.249.65.153 - - [22/Oct/2009:22:23:15 -0700] "GET /robots.txt HTTP/1.1" 404 275 "-" "Googlebot-Image/1.0" "www.silverimagingcanada.com"
66.249.65.153 - - [22/Oct/2009:22:23:15 -0700] "GET /sitebuilder/images/IMG_0332-476x353.jpg HTTP/1.1" 200 33138 "-" "Googlebot-Image/1.0" "www.silverimagingcanada.com"
124.115.1.8 - - [22/Oct/2009:23:13:28 -0700] "GET / HTTP/1.1" 200 1739 "-" "Mozilla/4.0 (compatible; MSIE 6.0; Windows NT 5.1)" "www.silverimagingcanada.com"
66.249.65.153 - - [23/Oct/2009:01:43:25 -0700] "GET /sitebuilder/images/IMG_1103-675x443.jpg HTTP/1.1" 200 17818 "-" "Googlebot-Image/1.0" "www.silverimagingcanada.com"
