200.232.133.49 - - [01/Nov/2009:14:45:45 -0800] "GET /sitebuilder/images/IMG_0937-312x416.jpg HTTP/1.1" 200 20123 "http://dotheton.com/index.php?topic=1721.0" "Mozilla/5.0 (Windows; U; Windows NT 5.1; pt-BR; rv:1.9.0.15) Gecko/2009101601 Firefox/3.0.15" "silverimagingcanada.com"
200.232.133.49 - - [01/Nov/2009:14:45:45 -0800] "GET /sitebuilder/images/IMG_0939-380x278.jpg HTTP/1.1" 200 15324 "http://dotheton.com/index.php?topic=1721.0" "Mozilla/5.0 (Windows; U; Windows NT 5.1; pt-BR; rv:1.9.0.15) Gecko/2009101601 Firefox/3.0.15" "silverimagingcanada.com"
200.232.133.49 - - [01/Nov/2009:14:45:45 -0800] "GET /sitebuilder/images/IMG_0961-417x308.jpg HTTP/1.1" 200 11717 "http://dotheton.com/index.php?topic=1721.0" "Mozilla/5.0 (Windows; U; Windows NT 5.1; pt-BR; rv:1.9.0.15) Gecko/2009101601 Firefox/3.0.15" "silverimagingcanada.com"
77.88.25.27 - - [01/Nov/2009:16:33:05 -0800] "GET /robots.txt HTTP/1.1" 404 275 "-" "Yandex/1.01.001 (compatible; Win16; I)" "www.silverimagingcanada.com"
208.80.193.31 - - [01/Nov/2009:17:43:48 -0800] "GET / HTTP/1.0" 200 1723 "-" "Mozilla/4.0 (compatible; MSIE 7.0; Windows NT 5.1; FunWebProducts; .NET CLR 1.1.4322; .NET CLR 2.0.50727; PeoplePal 3.0; SpamBlockerUtility 4.8.4)" "www.silverimagingcanada.com"
67.195.113.216 - - [01/Nov/2009:17:49:28 -0800] "GET /CameraSites.html HTTP/1.0" 404 275 "-" "Mozilla/5.0 (compatible; Yahoo! Slurp/3.0; http://help.yahoo.com/help/us/ysearch/slurp)" "www.silverimagingcanada.com"
67.16.94.2 - - [01/Nov/2009:19:17:16 -0800] "GET /robots.txt HTTP/1.0" 404 275 "-" "Gigabot/3.0 (http://www.gigablast.com/spider.html)" "www.silverimagingcanada.com"
67.16.94.2 - - [01/Nov/2009:19:17:17 -0800] "GET / HTTP/1.0" 200 1723 "-" "Gigabot/3.0 (http://www.gigablast.com/spider.html)" "www.silverimagingcanada.com"
77.88.25.27 - - [01/Nov/2009:20:05:59 -0800] "GET /robots.txt HTTP/1.1" 404 275 "-" "Yandex/1.01.001 (compatible; Win16; I)" "silverimagingcanada.com"
124.115.6.15 - - [02/Nov/2009:01:46:15 -0800] "GET /robots.txt HTTP/1.1" 404 275 "-" "Sosospider+(+http://help.soso.com/webspider.htm)" "www.silverimagingcanada.com"
66.249.65.153 - - [02/Nov/2009:03:14:18 -0800] "GET /robots.txt HTTP/1.1" 404 275 "-" "Googlebot-Image/1.0" "www.silverimagingcanada.com"
66.249.65.153 - - [02/Nov/2009:03:14:18 -0800] "GET /sitebuilder/images/IMG_1105-292x211.jpg HTTP/1.1" 200 12634 "-" "Googlebot-Image/1.0" "www.silverimagingcanada.com"
67.195.113.216 - - [02/Nov/2009:09:46:42 -0800] "GET /media/ HTTP/1.0" 200 2070 "-" "Mozilla/5.0 (compatible; Yahoo! Slurp/3.0; http://help.yahoo.com/help/us/ysearch/slurp)" "www.silverimagingcanada.com"
208.80.193.39 - - [02/Nov/2009:13:09:11 -0800] "GET / HTTP/1.0" 200 1723 "-" "Mozilla/4.0 (compatible; MSIE 6.0; Windows NT 5.1; {4DE8D967-3E22-D033-F501-2592B60846B9}; InfoPath.1; .NET CLR 1.1.4322)" "silverimagingcanada.com"
58.61.164.139 - - [02/Nov/2009:16:01:28 -0800] "GET / HTTP/1.1" 200 1739 "-" "Mozilla/4.0 (compatible; MSIE 6.0; Windows NT 5.1)" "www.silverimagingcanada.com"
58.61.164.39 - - [02/Nov/2009:16:17:18 -0800] "GET / HTTP/1.1" 200 1739 "-" "Mozilla/4.0 (compatible; MSIE 6.0; Windows NT 5.1)" "www.silverimagingcanada.com"
58.61.164.40 - - [02/Nov/2009:16:19:54 -0800] "GET / HTTP/1.1" 200 1739 "-" "Mozilla/4.0 (compatible; MSIE 6.0; Windows NT 5.1)" "www.silverimagingcanada.com"
124.115.1.7 - - [02/Nov/2009:16:20:03 -0800] "GET / HTTP/1.1" 200 1739 "-" "Mozilla/4.0 (compatible; MSIE 6.0; Windows NT 5.1)" "www.silverimagingcanada.com"
124.115.1.8 - - [02/Nov/2009:16:20:20 -0800] "GET / HTTP/1.1" 200 1739 "-" "Mozilla/4.0 (compatible; MSIE 6.0; Windows NT 5.1)" "www.silverimagingcanada.com"
58.61.164.141 - - [02/Nov/2009:16:24:08 -0800] "GET / HTTP/1.1" 200 1739 "-" "Mozilla/4.0 (compatible; MSIE 6.0; Windows NT 5.1)" "www.silverimagingcanada.com"
58.61.164.140 - - [02/Nov/2009:16:45:56 -0800] "GET / HTTP/1.1" 200 1739 "-" "Mozilla/4.0 (compatible; MSIE 6.0; Windows NT 5.1)" "www.silverimagingcanada.com"
83.167.62.165 - - [02/Nov/2009:17:04:10 -0800] "GET /robots.txt HTTP/1.1" 404 275 "-" "Mozilla/5.0 (compatible; Exabot/3.0 (BiggerBetter); +http://www.exabot.com/go/robot)" "www.silverimagingcanada.com"
83.167.62.165 - - [02/Nov/2009:17:04:10 -0800] "GET /tmp/?D=A HTTP/1.1" 200 520 "-" "Mozilla/5.0 (compatible; Exabot/3.0 (BiggerBetter); +http://www.exabot.com/go/robot)" "www.silverimagingcanada.com"
83.167.62.165 - - [02/Nov/2009:17:04:13 -0800] "GET /images/ HTTP/1.1" 200 526 "-" "Mozilla/5.0 (compatible; Exabot/3.0 (BiggerBetter); +http://www.exabot.com/go/robot)" "www.silverimagingcanada.com"
114.80.93.71 - - [02/Nov/2009:17:23:58 -0800] "GET / HTTP/1.1" 200 1739 "-" "Mozilla/4.0 (compatible; MSIE 6.0; Windows NT 5.1)" "www.silverimagingcanada.com"
71.67.104.27 - - [02/Nov/2009:19:31:49 -0800] "GET /sitebuilder/images/IMG_1184-420x310.jpg HTTP/1.1" 200 30969 "http://dotheton.com/index.php?topic=1721.0" "Mozilla/5.0 (Windows; U; Windows NT 6.0; en-US; rv:1.9.0.15) Gecko/2009101601 Firefox/3.0.15 (.NET CLR 3.5.30729)" "silverimagingcanada.com"
71.67.104.27 - - [02/Nov/2009:19:31:49 -0800] "GET /sitebuilder/images/img052-374x274.jpg HTTP/1.0" 200 18043 "http://dotheton.com/index.php?topic=1721.0" "Mozilla/5.0 (Windows; U; Windows NT 6.0; en-US; rv:1.9.0.15) Gecko/2009101601 Firefox/3.0.15 (.NET CLR 3.5.30729)" "silverimagingcanada.com"
71.67.104.27 - - [02/Nov/2009:19:31:49 -0800] "GET /sitebuilder/images/img053-365x267.jpg HTTP/1.0" 200 19523 "http://dotheton.com/index.php?topic=1721.0" "Mozilla/5.0 (Windows; U; Windows NT 6.0; en-US; rv:1.9.0.15) Gecko/2009101601 Firefox/3.0.15 (.NET CLR 3.5.30729)" "silverimagingcanada.com"
71.67.104.27 - - [02/Nov/2009:19:31:49 -0800] "GET /sitebuilder/images/img056-393x289.jpg HTTP/1.1" 200 20721 "http://dotheton.com/index.php?topic=1721.0" "Mozilla/5.0 (Windows; U; Windows NT 6.0; en-US; rv:1.9.0.15) Gecko/2009101601 Firefox/3.0.15 (.NET CLR 3.5.30729)" "silverimagingcanada.com"
71.67.104.27 - - [02/Nov/2009:19:31:49 -0800] "GET /sitebuilder/images/IMG_0937-312x416.jpg HTTP/1.0" 200 20123 "http://dotheton.com/index.php?topic=1721.0" "Mozilla/5.0 (Windows; U; Windows NT 6.0; en-US; rv:1.9.0.15) Gecko/2009101601 Firefox/3.0.15 (.NET CLR 3.5.30729)" "silverimagingcanada.com"
71.67.104.27 - - [02/Nov/2009:19:31:49 -0800] "GET /sitebuilder/images/IMG_0939-380x278.jpg HTTP/1.1" 200 15324 "http://dotheton.com/index.php?topic=1721.0" "Mozilla/5.0 (Windows; U; Windows NT 6.0; en-US; rv:1.9.0.15) Gecko/2009101601 Firefox/3.0.15 (.NET CLR 3.5.30729)" "silverimagingcanada.com"
71.67.104.27 - - [02/Nov/2009:19:31:49 -0800] "GET /sitebuilder/images/IMG_0961-417x308.jpg HTTP/1.1" 200 11717 "http://dotheton.com/index.php?topic=1721.0" "Mozilla/5.0 (Windows; U; Windows NT 6.0; en-US; rv:1.9.0.15) Gecko/2009101601 Firefox/3.0.15 (.NET CLR 3.5.30729)" "silverimagingcanada.com"
208.80.193.30 - - [02/Nov/2009:21:06:59 -0800] "GET / HTTP/1.0" 200 1723 "-" "Mozilla/4.0 (compatible; MSIE 6.0; Windows NT 5.1; SV1; .NET CLR 1.1.4322; Zango 10.0.341.0; MSN 9.0;MSN 9.1; MSNbQ002; MSNmen-us; MSNcOTH)" "silverimagingcanada.com"
67.195.113.216 - - [02/Nov/2009:22:30:28 -0800] "GET /images/ HTTP/1.0" 200 510 "-" "Mozilla/5.0 (compatible; Yahoo! Slurp/3.0; http://help.yahoo.com/help/us/ysearch/slurp)" "www.silverimagingcanada.com"
91.187.23.118 - - [02/Nov/2009:23:47:31 -0800] "GET /sitebuilder/images/Gay_DVR_Splash_Screen2-581x435.jpg HTTP/1.1" 200 25628 "http://camerahacks.10.forumer.com/a/change-a-stupid-splash-screen-on-a-dvrcamera_post3239.html" "Opera/9.52 (Windows NT 5.1; U; ru)" "www.silverimagingcanada.com"
91.187.23.118 - - [02/Nov/2009:23:47:32 -0800] "GET /sitebuilder/images/IMG_0342-444x328.jpg HTTP/1.1" 200 14174 "http://camerahacks.10.forumer.com/a/change-a-stupid-splash-screen-on-a-dvrcamera_post3239.html" "Opera/9.52 (Windows NT 5.1; U; ru)" "www.silverimagingcanada.com"
91.187.23.118 - - [02/Nov/2009:23:47:32 -0800] "GET /sitebuilder/images/IMG_0330-444x329.jpg HTTP/1.1" 200 35303 "http://camerahacks.10.forumer.com/a/change-a-stupid-splash-screen-on-a-dvrcamera_post3239.html" "Opera/9.52 (Windows NT 5.1; U; ru)" "www.silverimagingcanada.com"
91.187.23.118 - - [02/Nov/2009:23:47:32 -0800] "GET /sitebuilder/images/IMG_0332-476x353.jpg HTTP/1.1" 200 33138 "http://camerahacks.10.forumer.com/a/change-a-stupid-splash-screen-on-a-dvrcamera_post3239.html" "Opera/9.52 (Windows NT 5.1; U; ru)" "www.silverimagingcanada.com"
208.80.193.38 - - [03/Nov/2009:05:03:58 -0800] "GET / HTTP/1.0" 200 1723 "-" "Mozilla/4.0 (compatible; MSIE 6.0; Windows NT 5.1; PeoplePal 6.2; .NET CLR 1.1.4322; SpamBlockerUtility 4.8.0)" "silverimagingcanada.com"
67.195.113.216 - - [03/Nov/2009:06:25:16 -0800] "GET /logs/?S=A HTTP/1.0" 200 2072 "-" "Mozilla/5.0 (compatible; Yahoo! Slurp/3.0; http://help.yahoo.com/help/us/ysearch/slurp)" "www.silverimagingcanada.com"
193.47.80.51 - - [03/Nov/2009:07:03:39 -0800] "GET /robots.txt HTTP/1.1" 404 275 "-" "Mozilla/5.0 (compatible; Exabot/3.0; +http://www.exabot.com/go/robot)" "www.silverimagingcanada.com"
193.47.80.51 - - [03/Nov/2009:07:03:39 -0800] "GET / HTTP/1.1" 200 1739 "-" "Mozilla/5.0 (compatible; Exabot/3.0; +http://www.exabot.com/go/robot)" "www.silverimagingcanada.com"
168.184.248.221 - - [03/Nov/2009:13:48:28 -0800] "GET /sitebuilder/images/IMG_1184-420x310.jpg HTTP/1.1" 200 30969 "http://dotheton.com/index.php?topic=1721.0" "Mozilla/4.0 (compatible; MSIE 7.0; Windows NT 5.1; .NET CLR 1.1.4322; .NET CLR 2.0.50727; InfoPath.2; .NET CLR 3.0.04506.30)" "silverimagingcanada.com"
168.184.248.221 - - [03/Nov/2009:13:48:29 -0800] "GET /sitebuilder/images/img053-365x267.jpg HTTP/1.1" 200 19523 "http://dotheton.com/index.php?topic=1721.0" "Mozilla/4.0 (compatible; MSIE 7.0; Windows NT 5.1; .NET CLR 1.1.4322; .NET CLR 2.0.50727; InfoPath.2; .NET CLR 3.0.04506.30)" "silverimagingcanada.com"
168.184.248.221 - - [03/Nov/2009:13:48:30 -0800] "GET /sitebuilder/images/img056-393x289.jpg HTTP/1.1" 200 20721 "http://dotheton.com/index.php?topic=1721.0" "Mozilla/4.0 (compatible; MSIE 7.0; Windows NT 5.1; .NET CLR 1.1.4322; .NET CLR 2.0.50727; InfoPath.2; .NET CLR 3.0.04506.30)" "silverimagingcanada.com"
168.184.248.221 - - [03/Nov/2009:13:48:31 -0800] "GET /sitebuilder/images/IMG_0937-312x416.jpg HTTP/1.1" 200 20123 "http://dotheton.com/index.php?topic=1721.0" "Mozilla/4.0 (compatible; MSIE 7.0; Windows NT 5.1; .NET CLR 1.1.4322; .NET CLR 2.0.50727; InfoPath.2; .NET CLR 3.0.04506.30)" "silverimagingcanada.com"
168.184.248.221 - - [03/Nov/2009:13:48:31 -0800] "GET /sitebuilder/images/img052-374x274.jpg HTTP/1.1" 200 18043 "http://dotheton.com/index.php?topic=1721.0" "Mozilla/4.0 (compatible; MSIE 7.0; Windows NT 5.1; .NET CLR 1.1.4322; .NET CLR 2.0.50727; InfoPath.2; .NET CLR 3.0.04506.30)" "silverimagingcanada.com"
168.184.248.221 - - [03/Nov/2009:13:48:31 -0800] "GET /sitebuilder/images/IMG_0939-380x278.jpg HTTP/1.1" 200 15324 "http://dotheton.com/index.php?topic=1721.0" "Mozilla/4.0 (compatible; MSIE 7.0; Windows NT 5.1; .NET CLR 1.1.4322; .NET CLR 2.0.50727; InfoPath.2; .NET CLR 3.0.04506.30)" "silverimagingcanada.com"
168.184.248.221 - - [03/Nov/2009:13:48:31 -0800] "GET /sitebuilder/images/IMG_0961-417x308.jpg HTTP/1.1" 200 11717 "http://dotheton.com/index.php?topic=1721.0" "Mozilla/4.0 (compatible; MSIE 7.0; Windows NT 5.1; .NET CLR 1.1.4322; .NET CLR 2.0.50727; InfoPath.2; .NET CLR 3.0.04506.30)" "silverimagingcanada.com"
58.61.164.40 - - [03/Nov/2009:14:43:14 -0800] "GET / HTTP/1.1" 200 1739 "-" "Mozilla/4.0 (compatible; MSIE 6.0; Windows NT 5.1)" "www.silverimagingcanada.com"
58.61.164.139 - - [03/Nov/2009:14:49:02 -0800] "GET / HTTP/1.1" 200 1739 "-" "Mozilla/4.0 (compatible; MSIE 6.0; Windows NT 5.1)" "www.silverimagingcanada.com"
58.61.164.39 - - [03/Nov/2009:14:52:26 -0800] "GET / HTTP/1.1" 200 1739 "-" "Mozilla/4.0 (compatible; MSIE 6.0; Windows NT 5.1)" "www.silverimagingcanada.com"
124.115.1.7 - - [03/Nov/2009:14:59:41 -0800] "GET / HTTP/1.1" 200 1739 "-" "Mozilla/4.0 (compatible; MSIE 6.0; Windows NT 5.1)" "www.silverimagingcanada.com"
58.61.164.140 - - [03/Nov/2009:15:29:34 -0800] "GET / HTTP/1.1" 200 1739 "-" "Mozilla/4.0 (compatible; MSIE 6.0; Windows NT 5.1)" "www.silverimagingcanada.com"
124.115.1.8 - - [03/Nov/2009:15:42:31 -0800] "GET / HTTP/1.1" 200 1739 "-" "Mozilla/4.0 (compatible; MSIE 6.0; Windows NT 5.1)" "www.silverimagingcanada.com"
114.80.93.71 - - [03/Nov/2009:16:29:00 -0800] "GET / HTTP/1.1" 200 1739 "-" "Mozilla/4.0 (compatible; MSIE 6.0; Windows NT 5.1)" "www.silverimagingcanada.com"
74.170.16.13 - - [03/Nov/2009:22:35:36 -0800] "GET /sitebuilder/images/IMG_1184-420x310.jpg HTTP/1.1" 200 30969 "http://dotheton.com/index.php?topic=1721.0" "Mozilla/5.0 (Windows; U; Windows NT 5.1; en-US; rv:1.9.1.4) Gecko/20091016 Firefox/3.5.4" "silverimagingcanada.com"
74.170.16.13 - - [03/Nov/2009:22:35:38 -0800] "GET /sitebuilder/images/img056-393x289.jpg HTTP/1.1" 200 20721 "http://dotheton.com/index.php?topic=1721.0" "Mozilla/5.0 (Windows; U; Windows NT 5.1; en-US; rv:1.9.1.4) Gecko/20091016 Firefox/3.5.4" "silverimagingcanada.com"
74.170.16.13 - - [03/Nov/2009:22:35:38 -0800] "GET /sitebuilder/images/IMG_0937-312x416.jpg HTTP/1.1" 200 20123 "http://dotheton.com/index.php?topic=1721.0" "Mozilla/5.0 (Windows; U; Windows NT 5.1; en-US; rv:1.9.1.4) Gecko/20091016 Firefox/3.5.4" "silverimagingcanada.com"
74.170.16.13 - - [03/Nov/2009:22:35:38 -0800] "GET /sitebuilder/images/IMG_0939-380x278.jpg HTTP/1.1" 200 15324 "http://dotheton.com/index.php?topic=1721.0" "Mozilla/5.0 (Windows; U; Windows NT 5.1; en-US; rv:1.9.1.4) Gecko/20091016 Firefox/3.5.4" "silverimagingcanada.com"
74.170.16.13 - - [03/Nov/2009:22:38:28 -0800] "GET /sitebuilder/images/img1412-430x317.jpg HTTP/1.1" 200 28270 "http://dotheton.com/index.php?topic=1721.30" "Mozilla/5.0 (Windows; U; Windows NT 5.1; en-US; rv:1.9.1.4) Gecko/20091016 Firefox/3.5.4" "silverimagingcanada.com"
74.170.16.13 - - [03/Nov/2009:22:38:28 -0800] "GET /sitebuilder/images/img138-399x293.jpg HTTP/1.1" 200 24204 "http://dotheton.com/index.php?topic=1721.30" "Mozilla/5.0 (Windows; U; Windows NT 5.1; en-US; rv:1.9.1.4) Gecko/20091016 Firefox/3.5.4" "silverimagingcanada.com"
74.170.16.13 - - [03/Nov/2009:22:38:28 -0800] "GET /sitebuilder/images/img135-317x428.jpg HTTP/1.1" 200 25396 "http://dotheton.com/index.php?topic=1721.30" "Mozilla/5.0 (Windows; U; Windows NT 5.1; en-US; rv:1.9.1.4) Gecko/20091016 Firefox/3.5.4" "silverimagingcanada.com"
74.170.16.13 - - [03/Nov/2009:22:38:28 -0800] "GET /sitebuilder/images/img144-352x257.jpg HTTP/1.1" 200 12721 "http://dotheton.com/index.php?topic=1721.30" "Mozilla/5.0 (Windows; U; Windows NT 5.1; en-US; rv:1.9.1.4) Gecko/20091016 Firefox/3.5.4" "silverimagingcanada.com"
74.170.16.13 - - [03/Nov/2009:22:38:29 -0800] "GET /sitebuilder/images/tank1-257x350.jpg HTTP/1.1" 200 11565 "http://dotheton.com/index.php?topic=1721.30" "Mozilla/5.0 (Windows; U; Windows NT 5.1; en-US; rv:1.9.1.4) Gecko/20091016 Firefox/3.5.4" "silverimagingcanada.com"
74.170.16.13 - - [03/Nov/2009:22:38:29 -0800] "GET /sitebuilder/images/tank2-272x195.jpg HTTP/1.1" 200 7366 "http://dotheton.com/index.php?topic=1721.30" "Mozilla/5.0 (Windows; U; Windows NT 5.1; en-US; rv:1.9.1.4) Gecko/20091016 Firefox/3.5.4" "silverimagingcanada.com"
76.121.50.176 - - [03/Nov/2009:22:40:31 -0800] "GET /sitebuilder/images/IMG_1184-420x310.jpg HTTP/1.1" 200 30969 "http://dotheton.com/index.php?topic=1721.msg13014" "Mozilla/5.0 (Windows; U; Windows NT 6.0; en-US; rv:1.9.1.4) Gecko/20091016 Firefox/3.5.4 (.NET CLR 3.5.30729)" "silverimagingcanada.com"
76.121.50.176 - - [03/Nov/2009:22:40:31 -0800] "GET /sitebuilder/images/img056-393x289.jpg HTTP/1.1" 200 20721 "http://dotheton.com/index.php?topic=1721.msg13014" "Mozilla/5.0 (Windows; U; Windows NT 6.0; en-US; rv:1.9.1.4) Gecko/20091016 Firefox/3.5.4 (.NET CLR 3.5.30729)" "silverimagingcanada.com"
76.121.50.176 - - [03/Nov/2009:22:40:31 -0800] "GET /sitebuilder/images/img053-365x267.jpg HTTP/1.1" 200 19523 "http://dotheton.com/index.php?topic=1721.msg13014" "Mozilla/5.0 (Windows; U; Windows NT 6.0; en-US; rv:1.9.1.4) Gecko/20091016 Firefox/3.5.4 (.NET CLR 3.5.30729)" "silverimagingcanada.com"
76.121.50.176 - - [03/Nov/2009:22:40:32 -0800] "GET /sitebuilder/images/IMG_0939-380x278.jpg HTTP/1.1" 200 15324 "http://dotheton.com/index.php?topic=1721.msg13014" "Mozilla/5.0 (Windows; U; Windows NT 6.0; en-US; rv:1.9.1.4) Gecko/20091016 Firefox/3.5.4 (.NET CLR 3.5.30729)" "silverimagingcanada.com"
76.121.50.176 - - [03/Nov/2009:22:40:32 -0800] "GET /sitebuilder/images/IMG_0961-417x308.jpg HTTP/1.1" 200 11717 "http://dotheton.com/index.php?topic=1721.msg13014" "Mozilla/5.0 (Windows; U; Windows NT 6.0; en-US; rv:1.9.1.4) Gecko/20091016 Firefox/3.5.4 (.NET CLR 3.5.30729)" "silverimagingcanada.com"
122.160.99.22 - - [04/Nov/2009:01:11:56 -0800] "GET /contactus.html HTTP/1.1" 404 275 "-" "Mozilla/5.0 (Windows; U; Windows NT 5.1; en-US; rv:1.9.0.15) Gecko/2009101601 Firefox/3.0.15 GTB6" "silverimagingcanada.com"
122.160.99.22 - - [04/Nov/2009:01:11:59 -0800] "GET /favicon.ico HTTP/1.1" 404 275 "-" "Mozilla/5.0 (Windows; U; Windows NT 5.1; en-US; rv:1.9.0.15) Gecko/2009101601 Firefox/3.0.15 GTB6" "silverimagingcanada.com"
122.160.99.22 - - [04/Nov/2009:01:12:03 -0800] "GET /favicon.ico HTTP/1.1" 404 275 "-" "Mozilla/5.0 (Windows; U; Windows NT 5.1; en-US; rv:1.9.0.15) Gecko/2009101601 Firefox/3.0.15 GTB6" "silverimagingcanada.com"
67.195.113.216 - - [04/Nov/2009:04:33:47 -0800] "GET /?D=A HTTP/1.0" 200 1723 "-" "Mozilla/5.0 (compatible; Yahoo! Slurp/3.0; http://help.yahoo.com/help/us/ysearch/slurp)" "www.silverimagingcanada.com"
124.115.6.15 - - [04/Nov/2009:08:32:31 -0800] "GET /robots.txt HTTP/1.1" 404 275 "-" "Sosospider+(+http://help.soso.com/webspider.htm)" "www.silverimagingcanada.com"
67.195.113.216 - - [04/Nov/2009:09:32:41 -0800] "GET /logs/ HTTP/1.0" 200 2072 "-" "Mozilla/5.0 (compatible; Yahoo! Slurp/3.0; http://help.yahoo.com/help/us/ysearch/slurp)" "www.silverimagingcanada.com"
74.138.126.93 - - [04/Nov/2009:11:03:26 -0800] "GET /sitebuilder/images/IMG_1184-420x310.jpg HTTP/1.1" 200 30969 "http://dotheton.com/index.php?topic=1721.0" "Mozilla/4.0 (compatible; MSIE 6.0; Windows 98; Win 9x 4.90; FunWebProducts; Mozilla/4.0 (compatible; MSIE 6.0; Windows NT 5.1; SV1) ; PeoplePal 6.6; .NET CLR 1.1.4322)" "silverimagingcanada.com"
74.138.126.93 - - [04/Nov/2009:11:03:27 -0800] "GET /sitebuilder/images/img052-374x274.jpg HTTP/1.1" 200 18043 "http://dotheton.com/index.php?topic=1721.0" "Mozilla/4.0 (compatible; MSIE 6.0; Windows 98; Win 9x 4.90; FunWebProducts; Mozilla/4.0 (compatible; MSIE 6.0; Windows NT 5.1; SV1) ; PeoplePal 6.6; .NET CLR 1.1.4322)" "silverimagingcanada.com"
74.138.126.93 - - [04/Nov/2009:11:03:27 -0800] "GET /sitebuilder/images/img053-365x267.jpg HTTP/1.1" 200 19523 "http://dotheton.com/index.php?topic=1721.0" "Mozilla/4.0 (compatible; MSIE 6.0; Windows 98; Win 9x 4.90; FunWebProducts; Mozilla/4.0 (compatible; MSIE 6.0; Windows NT 5.1; SV1) ; PeoplePal 6.6; .NET CLR 1.1.4322)" "silverimagingcanada.com"
74.138.126.93 - - [04/Nov/2009:11:03:27 -0800] "GET /sitebuilder/images/img056-393x289.jpg HTTP/1.1" 200 20721 "http://dotheton.com/index.php?topic=1721.0" "Mozilla/4.0 (compatible; MSIE 6.0; Windows 98; Win 9x 4.90; FunWebProducts; Mozilla/4.0 (compatible; MSIE 6.0; Windows NT 5.1; SV1) ; PeoplePal 6.6; .NET CLR 1.1.4322)" "silverimagingcanada.com"
74.138.126.93 - - [04/Nov/2009:11:03:28 -0800] "GET /sitebuilder/images/IMG_0939-380x278.jpg HTTP/1.1" 200 15324 "http://dotheton.com/index.php?topic=1721.0" "Mozilla/4.0 (compatible; MSIE 6.0; Windows 98; Win 9x 4.90; FunWebProducts; Mozilla/4.0 (compatible; MSIE 6.0; Windows NT 5.1; SV1) ; PeoplePal 6.6; .NET CLR 1.1.4322)" "silverimagingcanada.com"
74.138.126.93 - - [04/Nov/2009:11:03:29 -0800] "GET /sitebuilder/images/IMG_0961-417x308.jpg HTTP/1.1" 200 11717 "http://dotheton.com/index.php?topic=1721.0" "Mozilla/4.0 (compatible; MSIE 6.0; Windows 98; Win 9x 4.90; FunWebProducts; Mozilla/4.0 (compatible; MSIE 6.0; Windows NT 5.1; SV1) ; PeoplePal 6.6; .NET CLR 1.1.4322)" "silverimagingcanada.com"
74.138.126.93 - - [04/Nov/2009:11:03:31 -0800] "GET /sitebuilder/images/IMG_0937-312x416.jpg HTTP/1.1" 200 20123 "http://dotheton.com/index.php?topic=1721.0" "Mozilla/4.0 (compatible; MSIE 6.0; Windows 98; Win 9x 4.90; FunWebProducts; Mozilla/4.0 (compatible; MSIE 6.0; Windows NT 5.1; SV1) ; PeoplePal 6.6; .NET CLR 1.1.4322)" "silverimagingcanada.com"
67.195.113.216 - - [04/Nov/2009:11:48:52 -0800] "GET /?S=A HTTP/1.0" 200 1723 "-" "Mozilla/5.0 (compatible; Yahoo! Slurp/3.0; http://help.yahoo.com/help/us/ysearch/slurp)" "www.silverimagingcanada.com"
98.237.131.228 - - [04/Nov/2009:18:45:49 -0800] "GET /sitebuilder/images/IMG_1184-420x310.jpg HTTP/1.1" 200 30969 "http://dotheton.com/index.php?topic=1721.0" "Mozilla/5.0 (Macintosh; U; Intel Mac OS X 10_4_11; en) AppleWebKit/531.9 (KHTML, like Gecko) Version/4.0.3 Safari/531.9" "silverimagingcanada.com"
98.237.131.228 - - [04/Nov/2009:18:45:50 -0800] "GET /sitebuilder/images/IMG_0939-380x278.jpg HTTP/1.1" 200 15324 "http://dotheton.com/index.php?topic=1721.0" "Mozilla/5.0 (Macintosh; U; Intel Mac OS X 10_4_11; en) AppleWebKit/531.9 (KHTML, like Gecko) Version/4.0.3 Safari/531.9" "silverimagingcanada.com"
98.237.131.228 - - [04/Nov/2009:18:47:22 -0800] "GET /sitebuilder/images/img129-405x298.jpg HTTP/1.1" 200 17041 "http://dotheton.com/index.php?topic=1721.15" "Mozilla/5.0 (Macintosh; U; Intel Mac OS X 10_4_11; en) AppleWebKit/531.9 (KHTML, like Gecko) Version/4.0.3 Safari/531.9" "silverimagingcanada.com"
98.237.131.228 - - [04/Nov/2009:18:47:23 -0800] "GET /sitebuilder/images/IMG_1272-351x257.jpg HTTP/1.1" 200 23815 "http://dotheton.com/index.php?topic=1721.15" "Mozilla/5.0 (Macintosh; U; Intel Mac OS X 10_4_11; en) AppleWebKit/531.9 (KHTML, like Gecko) Version/4.0.3 Safari/531.9" "silverimagingcanada.com"
98.237.131.228 - - [04/Nov/2009:18:47:23 -0800] "GET /sitebuilder/images/IMG_1276-406x299.jpg HTTP/1.1" 200 31845 "http://dotheton.com/index.php?topic=1721.15" "Mozilla/5.0 (Macintosh; U; Intel Mac OS X 10_4_11; en) AppleWebKit/531.9 (KHTML, like Gecko) Version/4.0.3 Safari/531.9" "silverimagingcanada.com"
98.237.131.228 - - [04/Nov/2009:18:47:23 -0800] "GET /sitebuilder/images/IMG_1288-451x334.jpg HTTP/1.1" 200 25996 "http://dotheton.com/index.php?topic=1721.15" "Mozilla/5.0 (Macintosh; U; Intel Mac OS X 10_4_11; en) AppleWebKit/531.9 (KHTML, like Gecko) Version/4.0.3 Safari/531.9" "silverimagingcanada.com"
98.237.131.228 - - [04/Nov/2009:18:48:01 -0800] "GET /sitebuilder/images/img1412-430x317.jpg HTTP/1.1" 200 28270 "http://dotheton.com/index.php?topic=1721.30" "Mozilla/5.0 (Macintosh; U; Intel Mac OS X 10_4_11; en) AppleWebKit/531.9 (KHTML, like Gecko) Version/4.0.3 Safari/531.9" "silverimagingcanada.com"
98.237.131.228 - - [04/Nov/2009:18:48:01 -0800] "GET /sitebuilder/images/img135-317x428.jpg HTTP/1.1" 200 25396 "http://dotheton.com/index.php?topic=1721.30" "Mozilla/5.0 (Macintosh; U; Intel Mac OS X 10_4_11; en) AppleWebKit/531.9 (KHTML, like Gecko) Version/4.0.3 Safari/531.9" "silverimagingcanada.com"
98.237.131.228 - - [04/Nov/2009:18:48:01 -0800] "GET /sitebuilder/images/img144-352x257.jpg HTTP/1.1" 200 12721 "http://dotheton.com/index.php?topic=1721.30" "Mozilla/5.0 (Macintosh; U; Intel Mac OS X 10_4_11; en) AppleWebKit/531.9 (KHTML, like Gecko) Version/4.0.3 Safari/531.9" "silverimagingcanada.com"
98.237.131.228 - - [04/Nov/2009:18:48:01 -0800] "GET /sitebuilder/images/img138-399x293.jpg HTTP/1.1" 200 24204 "http://dotheton.com/index.php?topic=1721.30" "Mozilla/5.0 (Macintosh; U; Intel Mac OS X 10_4_11; en) AppleWebKit/531.9 (KHTML, like Gecko) Version/4.0.3 Safari/531.9" "silverimagingcanada.com"
98.237.131.228 - - [04/Nov/2009:18:48:02 -0800] "GET /sitebuilder/images/tank1-257x350.jpg HTTP/1.1" 200 11565 "http://dotheton.com/index.php?topic=1721.30" "Mozilla/5.0 (Macintosh; U; Intel Mac OS X 10_4_11; en) AppleWebKit/531.9 (KHTML, like Gecko) Version/4.0.3 Safari/531.9" "silverimagingcanada.com"
98.237.131.228 - - [04/Nov/2009:18:48:02 -0800] "GET /sitebuilder/images/tank2-272x195.jpg HTTP/1.1" 200 7366 "http://dotheton.com/index.php?topic=1721.30" "Mozilla/5.0 (Macintosh; U; Intel Mac OS X 10_4_11; en) AppleWebKit/531.9 (KHTML, like Gecko) Version/4.0.3 Safari/531.9" "silverimagingcanada.com"
98.237.131.228 - - [04/Nov/2009:18:51:16 -0800] "GET /sitebuilder/images/Bullet_Signals-295x237.jpg HTTP/1.1" 200 16322 "http://dotheton.com/index.php?topic=1721.90" "Mozilla/5.0 (Macintosh; U; Intel Mac OS X 10_4_11; en) AppleWebKit/531.9 (KHTML, like Gecko) Version/4.0.3 Safari/531.9" "silverimagingcanada.com"
98.237.131.228 - - [04/Nov/2009:18:51:16 -0800] "GET /sitebuilder/images/Bullet_Signals2-278x251.jpg HTTP/1.1" 200 18028 "http://dotheton.com/index.php?topic=1721.90" "Mozilla/5.0 (Macintosh; U; Intel Mac OS X 10_4_11; en) AppleWebKit/531.9 (KHTML, like Gecko) Version/4.0.3 Safari/531.9" "silverimagingcanada.com"
98.237.131.228 - - [04/Nov/2009:18:58:44 -0800] "GET /sitebuilder/images/img052-374x274.jpg HTTP/1.1" 200 18043 "http://dotheton.com/index.php?topic=1721.0" "Mozilla/5.0 (Macintosh; U; Intel Mac OS X 10_4_11; en) AppleWebKit/531.9 (KHTML, like Gecko) Version/4.0.3 Safari/531.9" "silverimagingcanada.com"
98.237.131.228 - - [04/Nov/2009:18:58:44 -0800] "GET /sitebuilder/images/img056-393x289.jpg HTTP/1.1" 200 20721 "http://dotheton.com/index.php?topic=1721.0" "Mozilla/5.0 (Macintosh; U; Intel Mac OS X 10_4_11; en) AppleWebKit/531.9 (KHTML, like Gecko) Version/4.0.3 Safari/531.9" "silverimagingcanada.com"
98.237.131.228 - - [04/Nov/2009:18:58:44 -0800] "GET /sitebuilder/images/img053-365x267.jpg HTTP/1.1" 200 19523 "http://dotheton.com/index.php?topic=1721.0" "Mozilla/5.0 (Macintosh; U; Intel Mac OS X 10_4_11; en) AppleWebKit/531.9 (KHTML, like Gecko) Version/4.0.3 Safari/531.9" "silverimagingcanada.com"
98.237.131.228 - - [04/Nov/2009:18:58:44 -0800] "GET /sitebuilder/images/IMG_0937-312x416.jpg HTTP/1.1" 200 20123 "http://dotheton.com/index.php?topic=1721.0" "Mozilla/5.0 (Macintosh; U; Intel Mac OS X 10_4_11; en) AppleWebKit/531.9 (KHTML, like Gecko) Version/4.0.3 Safari/531.9" "silverimagingcanada.com"
98.237.131.228 - - [04/Nov/2009:18:58:44 -0800] "GET /sitebuilder/images/IMG_0961-417x308.jpg HTTP/1.1" 200 11717 "http://dotheton.com/index.php?topic=1721.0" "Mozilla/5.0 (Macintosh; U; Intel Mac OS X 10_4_11; en) AppleWebKit/531.9 (KHTML, like Gecko) Version/4.0.3 Safari/531.9" "silverimagingcanada.com"
67.195.114.247 - - [04/Nov/2009:19:34:06 -0800] "GET /?S=A HTTP/1.0" 200 1723 "-" "Mozilla/5.0 (compatible; Yahoo! Slurp/3.0; http://help.yahoo.com/help/us/ysearch/slurp)" "silverimagingcanada.com"
94.30.133.2 - - [04/Nov/2009:19:37:05 -0800] "GET / HTTP/1.1" 200 1739 "-" "Mozilla/5.0 (Windows; U; Windows NT 5.1; en-US; rv:1.9.0.5) Gecko/2008120122 Firefox/3.0.5" "silverimagingcanada.com"
67.195.113.216 - - [05/Nov/2009:04:19:57 -0800] "GET /sitebuilder/?M=A HTTP/1.0" 200 932 "-" "Mozilla/5.0 (compatible; Yahoo! Slurp/3.0; http://help.yahoo.com/help/us/ysearch/slurp)" "www.silverimagingcanada.com"
208.80.193.32 - - [05/Nov/2009:06:02:33 -0800] "GET / HTTP/1.0" 200 1723 "-" "Mozilla/4.0 (compatible; MSIE 6.0; Windows NT 5.1; SV1; FunWebProducts; SIMBAR={0247183F-25F5-40cc-A0D0-84B90A89BC38}; .NET CLR 1.1.4322)" "www.silverimagingcanada.com"
208.180.158.162 - - [05/Nov/2009:07:44:43 -0800] "GET /sitebuilder/images/img052-374x274.jpg HTTP/1.0" 200 18043 "-" "Mozilla/5.0 (Windows; U; Windows NT 5.1; en-US; rv:1.8.1.19) Gecko/20081201 Firefox/2.0.0.19" "silverimagingcanada.com"
208.180.158.162 - - [05/Nov/2009:07:44:43 -0800] "GET /sitebuilder/images/IMG_1184-420x310.jpg HTTP/1.0" 200 30969 "-" "Mozilla/5.0 (Windows; U; Windows NT 5.1; en-US; rv:1.8.1.19) Gecko/20081201 Firefox/2.0.0.19" "silverimagingcanada.com"
208.180.158.162 - - [05/Nov/2009:07:44:43 -0800] "GET /sitebuilder/images/IMG_0937-312x416.jpg HTTP/1.0" 200 20123 "-" "Mozilla/5.0 (Windows; U; Windows NT 5.1; en-US; rv:1.8.1.19) Gecko/20081201 Firefox/2.0.0.19" "silverimagingcanada.com"
208.180.158.162 - - [05/Nov/2009:07:44:43 -0800] "GET /sitebuilder/images/IMG_0961-417x308.jpg HTTP/1.0" 200 11717 "-" "Mozilla/5.0 (Windows; U; Windows NT 5.1; en-US; rv:1.8.1.19) Gecko/20081201 Firefox/2.0.0.19" "silverimagingcanada.com"
208.180.158.162 - - [05/Nov/2009:07:44:43 -0800] "GET /sitebuilder/images/IMG_0939-380x278.jpg HTTP/1.0" 200 15324 "-" "Mozilla/5.0 (Windows; U; Windows NT 5.1; en-US; rv:1.8.1.19) Gecko/20081201 Firefox/2.0.0.19" "silverimagingcanada.com"
208.180.158.162 - - [05/Nov/2009:07:44:43 -0800] "GET /sitebuilder/images/img053-365x267.jpg HTTP/1.0" 200 19523 "-" "Mozilla/5.0 (Windows; U; Windows NT 5.1; en-US; rv:1.8.1.19) Gecko/20081201 Firefox/2.0.0.19" "silverimagingcanada.com"
124.115.1.62 - - [05/Nov/2009:10:39:51 -0800] "GET /?N=D HTTP/1.1" 200 1739 "-" "Mozilla/4.0 (compatible; MSIE 6.0; Windows NT 5.1)" "www.silverimagingcanada.com"
124.115.6.15 - - [05/Nov/2009:11:45:56 -0800] "GET /robots.txt HTTP/1.1" 404 275 "-" "Sosospider+(+http://help.soso.com/webspider.htm)" "www.silverimagingcanada.com"
58.61.164.139 - - [05/Nov/2009:17:29:04 -0800] "GET / HTTP/1.1" 200 1739 "-" "Mozilla/4.0 (compatible; MSIE 6.0; Windows NT 5.1)" "www.silverimagingcanada.com"
124.115.1.7 - - [05/Nov/2009:17:48:43 -0800] "GET / HTTP/1.1" 200 1739 "-" "Mozilla/4.0 (compatible; MSIE 6.0; Windows NT 5.1)" "www.silverimagingcanada.com"
58.61.164.39 - - [05/Nov/2009:17:50:22 -0800] "GET / HTTP/1.1" 200 1739 "-" "Mozilla/4.0 (compatible; MSIE 6.0; Windows NT 5.1)" "www.silverimagingcanada.com"
124.115.1.8 - - [05/Nov/2009:17:50:27 -0800] "GET / HTTP/1.1" 200 1739 "-" "Mozilla/4.0 (compatible; MSIE 6.0; Windows NT 5.1)" "www.silverimagingcanada.com"
114.80.93.71 - - [05/Nov/2009:17:53:16 -0800] "GET / HTTP/1.1" 200 1739 "-" "Mozilla/4.0 (compatible; MSIE 6.0; Windows NT 5.1)" "www.silverimagingcanada.com"
58.61.164.141 - - [05/Nov/2009:18:26:57 -0800] "GET / HTTP/1.1" 200 1739 "-" "Mozilla/4.0 (compatible; MSIE 6.0; Windows NT 5.1)" "www.silverimagingcanada.com"
58.61.164.140 - - [05/Nov/2009:18:32:50 -0800] "GET / HTTP/1.1" 200 1739 "-" "Mozilla/4.0 (compatible; MSIE 6.0; Windows NT 5.1)" "www.silverimagingcanada.com"
67.195.113.216 - - [05/Nov/2009:23:44:21 -0800] "GET /robots.txt HTTP/1.0" 404 - "-" "Mozilla/5.0 (compatible; Yahoo! Slurp; http://help.yahoo.com/help/us/ysearch/slurp)" "www.silverimagingcanada.com"
67.195.113.216 - - [05/Nov/2009:23:44:31 -0800] "GET /contactus.html HTTP/1.0" 404 - "-" "Mozilla/5.0 (compatible; Yahoo! Slurp/3.0; http://help.yahoo.com/help/us/ysearch/slurp)" "www.silverimagingcanada.com"
79.233.19.231 - - [06/Nov/2009:02:40:05 -0800] "GET /sitebuilder/images/IMG_1184-420x310.jpg HTTP/1.1" 200 30969 "http://dotheton.com/index.php?topic=1721.0" "Mozilla/5.0 (Windows; U; Windows NT 5.1; de-DE) AppleWebKit/531.9 (KHTML, like Gecko) Version/4.0.3 Safari/531.9.1" "silverimagingcanada.com"
79.233.19.231 - - [06/Nov/2009:02:40:06 -0800] "GET /sitebuilder/images/img052-374x274.jpg HTTP/1.1" 200 18043 "http://dotheton.com/index.php?topic=1721.0" "Mozilla/5.0 (Windows; U; Windows NT 5.1; de-DE) AppleWebKit/531.9 (KHTML, like Gecko) Version/4.0.3 Safari/531.9.1" "silverimagingcanada.com"
79.233.19.231 - - [06/Nov/2009:02:40:06 -0800] "GET /sitebuilder/images/img053-365x267.jpg HTTP/1.1" 200 19523 "http://dotheton.com/index.php?topic=1721.0" "Mozilla/5.0 (Windows; U; Windows NT 5.1; de-DE) AppleWebKit/531.9 (KHTML, like Gecko) Version/4.0.3 Safari/531.9.1" "silverimagingcanada.com"
79.233.19.231 - - [06/Nov/2009:02:40:06 -0800] "GET /sitebuilder/images/img056-393x289.jpg HTTP/1.1" 200 20721 "http://dotheton.com/index.php?topic=1721.0" "Mozilla/5.0 (Windows; U; Windows NT 5.1; de-DE) AppleWebKit/531.9 (KHTML, like Gecko) Version/4.0.3 Safari/531.9.1" "silverimagingcanada.com"
79.233.19.231 - - [06/Nov/2009:02:40:07 -0800] "GET /sitebuilder/images/IMG_0937-312x416.jpg HTTP/1.1" 200 20123 "http://dotheton.com/index.php?topic=1721.0" "Mozilla/5.0 (Windows; U; Windows NT 5.1; de-DE) AppleWebKit/531.9 (KHTML, like Gecko) Version/4.0.3 Safari/531.9.1" "silverimagingcanada.com"
79.233.19.231 - - [06/Nov/2009:02:40:07 -0800] "GET /sitebuilder/images/IMG_0961-417x308.jpg HTTP/1.1" 200 11717 "http://dotheton.com/index.php?topic=1721.0" "Mozilla/5.0 (Windows; U; Windows NT 5.1; de-DE) AppleWebKit/531.9 (KHTML, like Gecko) Version/4.0.3 Safari/531.9.1" "silverimagingcanada.com"
79.233.19.231 - - [06/Nov/2009:02:40:07 -0800] "GET /sitebuilder/images/IMG_0939-380x278.jpg HTTP/1.1" 200 15324 "http://dotheton.com/index.php?topic=1721.0" "Mozilla/5.0 (Windows; U; Windows NT 5.1; de-DE) AppleWebKit/531.9 (KHTML, like Gecko) Version/4.0.3 Safari/531.9.1" "silverimagingcanada.com"
79.233.19.231 - - [06/Nov/2009:02:40:50 -0800] "GET /sitebuilder/images/img129-405x298.jpg HTTP/1.1" 200 17041 "http://dotheton.com/index.php?topic=1721.15" "Mozilla/5.0 (Windows; U; Windows NT 5.1; de-DE) AppleWebKit/531.9 (KHTML, like Gecko) Version/4.0.3 Safari/531.9.1" "silverimagingcanada.com"
79.233.19.231 - - [06/Nov/2009:02:40:50 -0800] "GET /sitebuilder/images/IMG_1272-351x257.jpg HTTP/1.1" 200 23815 "http://dotheton.com/index.php?topic=1721.15" "Mozilla/5.0 (Windows; U; Windows NT 5.1; de-DE) AppleWebKit/531.9 (KHTML, like Gecko) Version/4.0.3 Safari/531.9.1" "silverimagingcanada.com"
79.233.19.231 - - [06/Nov/2009:02:40:50 -0800] "GET /sitebuilder/images/IMG_1288-451x334.jpg HTTP/1.1" 200 25996 "http://dotheton.com/index.php?topic=1721.15" "Mozilla/5.0 (Windows; U; Windows NT 5.1; de-DE) AppleWebKit/531.9 (KHTML, like Gecko) Version/4.0.3 Safari/531.9.1" "silverimagingcanada.com"
79.233.19.231 - - [06/Nov/2009:02:40:50 -0800] "GET /sitebuilder/images/IMG_1276-406x299.jpg HTTP/1.1" 200 31845 "http://dotheton.com/index.php?topic=1721.15" "Mozilla/5.0 (Windows; U; Windows NT 5.1; de-DE) AppleWebKit/531.9 (KHTML, like Gecko) Version/4.0.3 Safari/531.9.1" "silverimagingcanada.com"
79.233.19.231 - - [06/Nov/2009:02:41:06 -0800] "GET /sitebuilder/images/img1412-430x317.jpg HTTP/1.1" 200 28270 "http://dotheton.com/index.php?topic=1721.30" "Mozilla/5.0 (Windows; U; Windows NT 5.1; de-DE) AppleWebKit/531.9 (KHTML, like Gecko) Version/4.0.3 Safari/531.9.1" "silverimagingcanada.com"
79.233.19.231 - - [06/Nov/2009:02:41:07 -0800] "GET /sitebuilder/images/img135-317x428.jpg HTTP/1.0" 200 25396 "http://dotheton.com/index.php?topic=1721.30" "Mozilla/5.0 (Windows; U; Windows NT 5.1; de-DE) AppleWebKit/531.9 (KHTML, like Gecko) Version/4.0.3 Safari/531.9.1" "silverimagingcanada.com"
79.233.19.231 - - [06/Nov/2009:02:41:07 -0800] "GET /sitebuilder/images/img144-352x257.jpg HTTP/1.1" 200 12721 "http://dotheton.com/index.php?topic=1721.30" "Mozilla/5.0 (Windows; U; Windows NT 5.1; de-DE) AppleWebKit/531.9 (KHTML, like Gecko) Version/4.0.3 Safari/531.9.1" "silverimagingcanada.com"
79.233.19.231 - - [06/Nov/2009:02:41:07 -0800] "GET /sitebuilder/images/img138-399x293.jpg HTTP/1.1" 200 24204 "http://dotheton.com/index.php?topic=1721.30" "Mozilla/5.0 (Windows; U; Windows NT 5.1; de-DE) AppleWebKit/531.9 (KHTML, like Gecko) Version/4.0.3 Safari/531.9.1" "silverimagingcanada.com"
79.233.19.231 - - [06/Nov/2009:02:41:07 -0800] "GET /sitebuilder/images/tank1-257x350.jpg HTTP/1.1" 200 11565 "http://dotheton.com/index.php?topic=1721.30" "Mozilla/5.0 (Windows; U; Windows NT 5.1; de-DE) AppleWebKit/531.9 (KHTML, like Gecko) Version/4.0.3 Safari/531.9.1" "silverimagingcanada.com"
79.233.19.231 - - [06/Nov/2009:02:41:07 -0800] "GET /sitebuilder/images/tank2-272x195.jpg HTTP/1.0" 200 7366 "http://dotheton.com/index.php?topic=1721.30" "Mozilla/5.0 (Windows; U; Windows NT 5.1; de-DE) AppleWebKit/531.9 (KHTML, like Gecko) Version/4.0.3 Safari/531.9.1" "silverimagingcanada.com"
79.233.19.231 - - [06/Nov/2009:02:42:31 -0800] "GET /sitebuilder/images/Bullet_Signals2-278x251.jpg HTTP/1.1" 200 18028 "http://dotheton.com/index.php?topic=1721.90" "Mozilla/5.0 (Windows; U; Windows NT 5.1; de-DE) AppleWebKit/531.9 (KHTML, like Gecko) Version/4.0.3 Safari/531.9.1" "silverimagingcanada.com"
79.233.19.231 - - [06/Nov/2009:02:42:31 -0800] "GET /sitebuilder/images/Bullet_Signals-295x237.jpg HTTP/1.1" 200 16322 "http://dotheton.com/index.php?topic=1721.90" "Mozilla/5.0 (Windows; U; Windows NT 5.1; de-DE) AppleWebKit/531.9 (KHTML, like Gecko) Version/4.0.3 Safari/531.9.1" "silverimagingcanada.com"
67.195.113.216 - - [06/Nov/2009:05:34:02 -0800] "GET /tmp/ HTTP/1.0" 200 504 "-" "Mozilla/5.0 (compatible; Yahoo! Slurp/3.0; http://help.yahoo.com/help/us/ysearch/slurp)" "www.silverimagingcanada.com"
208.80.193.26 - - [06/Nov/2009:08:05:55 -0800] "GET / HTTP/1.0" 200 1723 "-" "Mozilla/4.0 (compatible; MSIE 7.0; Windows NT 5.1; .NET CLR 1.1.4322; InfoPath.1; .NET CLR 2.0.50727; SpamBlockerUtility 4.8.0)" "silverimagingcanada.com"
67.195.113.216 - - [06/Nov/2009:11:19:09 -0800] "GET /robots.txt HTTP/1.0" 404 - "-" "Mozilla/5.0 (compatible; Yahoo! Slurp; http://help.yahoo.com/help/us/ysearch/slurp)" "www.silverimagingcanada.com"
168.184.220.4 - - [06/Nov/2009:12:49:16 -0800] "GET /sitebuilder/images/IMG_0961-417x308.jpg HTTP/1.1" 200 11717 "http://dotheton.com/index.php?topic=1721.0" "Mozilla/4.0 (compatible; MSIE 7.0; Windows NT 5.1; .NET CLR 1.1.4322; .NET CLR 2.0.50727; InfoPath.2; .NET CLR 3.0.04506.30)" "silverimagingcanada.com"
168.184.220.4 - - [06/Nov/2009:12:49:16 -0800] "GET /sitebuilder/images/IMG_0939-380x278.jpg HTTP/1.1" 200 15324 "http://dotheton.com/index.php?topic=1721.0" "Mozilla/4.0 (compatible; MSIE 7.0; Windows NT 5.1; .NET CLR 1.1.4322; .NET CLR 2.0.50727; InfoPath.2; .NET CLR 3.0.04506.30)" "silverimagingcanada.com"
65.55.207.23 - - [06/Nov/2009:14:25:14 -0800] "GET /robots.txt HTTP/1.1" 404 - "-" "msnbot/2.0b (+http://search.msn.com/msnbot.htm)" "silverimagingcanada.com"
65.55.207.23 - - [06/Nov/2009:14:30:47 -0800] "GET / HTTP/1.1" 200 1739 "-" "msnbot/2.0b (+http://search.msn.com/msnbot.htm)" "silverimagingcanada.com"
124.115.6.15 - - [06/Nov/2009:14:41:20 -0800] "GET /robots.txt HTTP/1.1" 404 - "-" "Sosospider+(+http://help.soso.com/webspider.htm)" "www.silverimagingcanada.com"
95.108.142.150 - - [06/Nov/2009:17:48:02 -0800] "GET /robots.txt HTTP/1.1" 404 - "-" "Yandex/1.01.001 (compatible; Win16; H)" "www.silverimagingcanada.com"
95.108.142.150 - - [06/Nov/2009:17:48:04 -0800] "GET / HTTP/1.1" 200 1739 "-" "Yandex/1.01.001 (compatible; Win16; H)" "www.silverimagingcanada.com"
95.108.142.150 - - [06/Nov/2009:17:48:06 -0800] "GET / HTTP/1.1" 200 1739 "-" "Yandex/1.01.001 (compatible; Win16; H)" "www.silverimagingcanada.com"
95.108.142.150 - - [06/Nov/2009:17:48:07 -0800] "GET /robots.txt HTTP/1.1" 404 - "-" "Yandex/1.01.001 (compatible; Win16; H)" "silverimagingcanada.com"
95.108.142.150 - - [06/Nov/2009:17:48:09 -0800] "GET / HTTP/1.1" 200 1739 "-" "Yandex/1.01.001 (compatible; Win16; H)" "silverimagingcanada.com"
95.108.142.150 - - [06/Nov/2009:17:48:11 -0800] "GET / HTTP/1.1" 200 1739 "-" "Yandex/1.01.001 (compatible; Win16; H)" "silverimagingcanada.com"
208.80.193.30 - - [06/Nov/2009:19:32:12 -0800] "GET / HTTP/1.0" 200 1723 "-" "Mozilla/4.0 (compatible; MSIE 7.0; Windows NT 5.1; Comcast Install 1.0; Avant Browser; .NET CLR 1.1.4322; .NET CLR 2.0.50727; IEMB3; .NET CLR 3.0.04506.30)" "www.silverimagingcanada.com"
67.195.113.216 - - [07/Nov/2009:01:53:12 -0800] "GET /robots.txt HTTP/1.0" 404 - "-" "Mozilla/5.0 (compatible; Yahoo! Slurp; http://help.yahoo.com/help/us/ysearch/slurp)" "www.silverimagingcanada.com"
67.195.113.216 - - [07/Nov/2009:01:53:17 -0800] "GET / HTTP/1.0" 200 1723 "-" "Mozilla/5.0 (compatible; Yahoo! Slurp/3.0; http://help.yahoo.com/help/us/ysearch/slurp)" "www.silverimagingcanada.com"
67.195.113.216 - - [07/Nov/2009:06:29:43 -0800] "GET /robots.txt HTTP/1.0" 404 - "-" "Mozilla/5.0 (compatible; Yahoo! Slurp; http://help.yahoo.com/help/us/ysearch/slurp)" "www.silverimagingcanada.com"
67.195.113.216 - - [07/Nov/2009:06:29:43 -0800] "GET /images/?D=A HTTP/1.0" 200 510 "-" "Mozilla/5.0 (compatible; Yahoo! Slurp/3.0; http://help.yahoo.com/help/us/ysearch/slurp)" "www.silverimagingcanada.com"
88.131.106.7 - - [07/Nov/2009:06:52:19 -0800] "GET /robots.txt HTTP/1.0" 404 - "-" "Speedy Spider (http://www.entireweb.com/about/search_tech/speedy_spider/)" "silverimagingcanada.com"
88.131.106.7 - - [07/Nov/2009:06:52:20 -0800] "GET / HTTP/1.0" 200 1723 "-" "Speedy Spider (http://www.entireweb.com/about/search_tech/speedy_spider/)" "silverimagingcanada.com"
193.47.80.51 - - [07/Nov/2009:07:37:14 -0800] "GET /robots.txt HTTP/1.1" 404 - "-" "Mozilla/5.0 (compatible; Exabot/3.0; +http://www.exabot.com/go/robot)" "www.silverimagingcanada.com"
193.47.80.51 - - [07/Nov/2009:07:37:14 -0800] "GET / HTTP/1.1" 200 1739 "-" "Mozilla/5.0 (compatible; Exabot/3.0; +http://www.exabot.com/go/robot)" "www.silverimagingcanada.com"
69.58.178.32 - - [07/Nov/2009:08:48:49 -0800] "GET /robots.txt HTTP/1.1" 404 - "-" "Mozilla/5.0 (X11; U; Linux i686; en-US; rv:1.9.1.3; ips-agent) Gecko/20090824 Fedora/1.0.7-1.1.fc4 Firefox/3.5.3" "www.silverimagingcanada.com"
69.58.178.32 - - [07/Nov/2009:08:48:51 -0800] "GET / HTTP/1.1" 200 1739 "-" "Mozilla/5.0 (X11; U; Linux i686; en-US; rv:1.9.1.3; ips-agent) Gecko/20090824 Fedora/1.0.7-1.1.fc4 Firefox/3.5.3" "www.silverimagingcanada.com"
69.58.178.32 - - [07/Nov/2009:08:48:52 -0800] "GET /?N=D HTTP/1.1" 200 1739 "-" "Mozilla/5.0 (X11; U; Linux i686; en-US; rv:1.9.1.3; ips-agent) Gecko/20090824 Fedora/1.0.7-1.1.fc4 Firefox/3.5.3" "www.silverimagingcanada.com"
69.58.178.32 - - [07/Nov/2009:08:48:53 -0800] "GET /?M=A HTTP/1.1" 200 1739 "-" "Mozilla/5.0 (X11; U; Linux i686; en-US; rv:1.9.1.3; ips-agent) Gecko/20090824 Fedora/1.0.7-1.1.fc4 Firefox/3.5.3" "www.silverimagingcanada.com"
69.58.178.32 - - [07/Nov/2009:08:48:54 -0800] "GET /?S=A HTTP/1.1" 200 1739 "-" "Mozilla/5.0 (X11; U; Linux i686; en-US; rv:1.9.1.3; ips-agent) Gecko/20090824 Fedora/1.0.7-1.1.fc4 Firefox/3.5.3" "www.silverimagingcanada.com"
69.58.178.32 - - [07/Nov/2009:08:48:55 -0800] "GET /?D=A HTTP/1.1" 200 1739 "-" "Mozilla/5.0 (X11; U; Linux i686; en-US; rv:1.9.1.3; ips-agent) Gecko/20090824 Fedora/1.0.7-1.1.fc4 Firefox/3.5.3" "www.silverimagingcanada.com"
69.58.178.32 - - [07/Nov/2009:08:48:56 -0800] "GET /clipart/ HTTP/1.1" 200 1350 "-" "Mozilla/5.0 (X11; U; Linux i686; en-US; rv:1.9.1.3; ips-agent) Gecko/20090824 Fedora/1.0.7-1.1.fc4 Firefox/3.5.3" "www.silverimagingcanada.com"
69.58.178.32 - - [07/Nov/2009:08:48:57 -0800] "GET /images/ HTTP/1.1" 200 526 "-" "Mozilla/5.0 (X11; U; Linux i686; en-US; rv:1.9.1.3; ips-agent) Gecko/20090824 Fedora/1.0.7-1.1.fc4 Firefox/3.5.3" "www.silverimagingcanada.com"
69.58.178.32 - - [07/Nov/2009:08:48:58 -0800] "GET /logs/ HTTP/1.1" 200 2088 "-" "Mozilla/5.0 (X11; U; Linux i686; en-US; rv:1.9.1.3; ips-agent) Gecko/20090824 Fedora/1.0.7-1.1.fc4 Firefox/3.5.3" "www.silverimagingcanada.com"
69.58.178.32 - - [07/Nov/2009:08:48:59 -0800] "GET /media/ HTTP/1.1" 200 2086 "-" "Mozilla/5.0 (X11; U; Linux i686; en-US; rv:1.9.1.3; ips-agent) Gecko/20090824 Fedora/1.0.7-1.1.fc4 Firefox/3.5.3" "www.silverimagingcanada.com"
69.58.178.32 - - [07/Nov/2009:08:49:00 -0800] "GET /navigation_bars/ HTTP/1.1" 200 683 "-" "Mozilla/5.0 (X11; U; Linux i686; en-US; rv:1.9.1.3; ips-agent) Gecko/20090824 Fedora/1.0.7-1.1.fc4 Firefox/3.5.3" "www.silverimagingcanada.com"
124.115.6.15 - - [07/Nov/2009:17:45:17 -0800] "GET /robots.txt HTTP/1.1" 404 - "-" "Sosospider+(+http://help.soso.com/webspider.htm)" "www.silverimagingcanada.com"
67.195.113.216 - - [07/Nov/2009:20:32:10 -0800] "GET /robots.txt HTTP/1.0" 404 - "-" "Mozilla/5.0 (compatible; Yahoo! Slurp; http://help.yahoo.com/help/us/ysearch/slurp)" "www.silverimagingcanada.com"
67.195.113.216 - - [07/Nov/2009:20:32:11 -0800] "GET /images/?S=A HTTP/1.0" 200 510 "-" "Mozilla/5.0 (compatible; Yahoo! Slurp/3.0; http://help.yahoo.com/help/us/ysearch/slurp)" "www.silverimagingcanada.com"
72.185.222.165 - - [07/Nov/2009:22:06:44 -0800] "GET /sitebuilder/images/IMG_1184-420x310.jpg HTTP/1.1" 200 30969 "http://dotheton.com/index.php?topic=1721.0" "Mozilla/4.0 (compatible; MSIE 6.0; Windows NT 5.1; SV1; .NET CLR 1.1.4322; .NET CLR 2.0.50727; .NET CLR 3.0.4506.2152; .NET CLR 3.5.30729)" "silverimagingcanada.com"
72.185.222.165 - - [07/Nov/2009:22:06:44 -0800] "GET /sitebuilder/images/img052-374x274.jpg HTTP/1.1" 200 18043 "http://dotheton.com/index.php?topic=1721.0" "Mozilla/4.0 (compatible; MSIE 6.0; Windows NT 5.1; SV1; .NET CLR 1.1.4322; .NET CLR 2.0.50727; .NET CLR 3.0.4506.2152; .NET CLR 3.5.30729)" "silverimagingcanada.com"
72.185.222.165 - - [07/Nov/2009:22:06:45 -0800] "GET /sitebuilder/images/img053-365x267.jpg HTTP/1.1" 200 19523 "http://dotheton.com/index.php?topic=1721.0" "Mozilla/4.0 (compatible; MSIE 6.0; Windows NT 5.1; SV1; .NET CLR 1.1.4322; .NET CLR 2.0.50727; .NET CLR 3.0.4506.2152; .NET CLR 3.5.30729)" "silverimagingcanada.com"
72.185.222.165 - - [07/Nov/2009:22:06:45 -0800] "GET /sitebuilder/images/img056-393x289.jpg HTTP/1.1" 200 20721 "http://dotheton.com/index.php?topic=1721.0" "Mozilla/4.0 (compatible; MSIE 6.0; Windows NT 5.1; SV1; .NET CLR 1.1.4322; .NET CLR 2.0.50727; .NET CLR 3.0.4506.2152; .NET CLR 3.5.30729)" "silverimagingcanada.com"
72.185.222.165 - - [07/Nov/2009:22:06:45 -0800] "GET /sitebuilder/images/IMG_0937-312x416.jpg HTTP/1.1" 200 20123 "http://dotheton.com/index.php?topic=1721.0" "Mozilla/4.0 (compatible; MSIE 6.0; Windows NT 5.1; SV1; .NET CLR 1.1.4322; .NET CLR 2.0.50727; .NET CLR 3.0.4506.2152; .NET CLR 3.5.30729)" "silverimagingcanada.com"
72.185.222.165 - - [07/Nov/2009:22:06:45 -0800] "GET /sitebuilder/images/IMG_0939-380x278.jpg HTTP/1.1" 200 15324 "http://dotheton.com/index.php?topic=1721.0" "Mozilla/4.0 (compatible; MSIE 6.0; Windows NT 5.1; SV1; .NET CLR 1.1.4322; .NET CLR 2.0.50727; .NET CLR 3.0.4506.2152; .NET CLR 3.5.30729)" "silverimagingcanada.com"
72.185.222.165 - - [07/Nov/2009:22:06:46 -0800] "GET /sitebuilder/images/IMG_0961-417x308.jpg HTTP/1.1" 200 11717 "http://dotheton.com/index.php?topic=1721.0" "Mozilla/4.0 (compatible; MSIE 6.0; Windows NT 5.1; SV1; .NET CLR 1.1.4322; .NET CLR 2.0.50727; .NET CLR 3.0.4506.2152; .NET CLR 3.5.30729)" "silverimagingcanada.com"
67.195.113.216 - - [07/Nov/2009:22:24:58 -0800] "GET /sitebuilder/?N=D HTTP/1.0" 200 932 "-" "Mozilla/5.0 (compatible; Yahoo! Slurp/3.0; http://help.yahoo.com/help/us/ysearch/slurp)" "www.silverimagingcanada.com"
66.235.124.17 - - [08/Nov/2009:03:03:16 -0800] "GET /robots.txt HTTP/1.1" 404 - "-" "Mozilla/5.0 (compatible; Ask Jeeves/Teoma; +http://about.ask.com/en/docs/about/webmasters.shtml)" "www.silverimagingcanada.com"
66.235.124.17 - - [08/Nov/2009:03:03:16 -0800] "GET / HTTP/1.1" 200 1739 "-" "Mozilla/5.0 (compatible; Ask Jeeves/Teoma; +http://about.ask.com/en/docs/about/webmasters.shtml)" "www.silverimagingcanada.com"
195.210.57.83 - - [08/Nov/2009:08:39:06 -0800] "GET /robots.txt HTTP/1.0" 404 - "-" "Mozilla/5.0 (compatible; KaloogaBot; http://www.kalooga.com/info.html?page=crawler)" "www.silverimagingcanada.com"
195.210.57.83 - - [08/Nov/2009:08:39:06 -0800] "GET / HTTP/1.0" 200 1723 "-" "Mozilla/5.0 (compatible; KaloogaBot; http://www.kalooga.com/info.html?page=crawler)" "www.silverimagingcanada.com"
124.110.87.193 - - [08/Nov/2009:09:19:35 -0800] "GET /sitebuilder/images/Gay_DVR_Splash_Screen2-581x435.jpg HTTP/1.1" 200 25628 "http://images.google.co.jp/imglanding?imgurl=http://17.media.tumblr.com/tumblr_koor75XGv41qzltzho1_500.jpg&imgrefurl=http://achingblossom.tumblr.com/post/213294393/via-panda-bear&usg=__L9ZevPI7z7hqcBPfl7AkYc3_p8A%3D&h=393&w=500&sz=56&hl=ja&um=1&tbnid=W2EzU73KXumKEM:&tbnh=102&tbnw=130&prev=/images%3Fq%3Dgay%2Bhug%26ndsp%3D18%26hl%3Dja%26lr%3D%26sa%3DN%26start%3D324%26um%3D1&q=gay+hug&ndsp=18&lr=&sa=N&start=333&um=1" "Mozilla/4.0 (compatible; MSIE 7.0; Windows NT 6.0; SLCC1; .NET CLR 2.0.50727; Media Center PC 5.0; OfficeLiveConnector.1.3; OfficeLivePatch.0.0; .NET CLR 3.5.30729; .NET CLR 3.0.30618; Lunascape 5.1.5.19059)" "www.silverimagingcanada.com"
208.80.193.26 - - [08/Nov/2009:11:38:32 -0800] "GET / HTTP/1.0" 200 1723 "-" "Mozilla/4.0 (compatible; MSIE 7.0; Windows NT 5.1; SIMBAR Enabled; Ringo; .NET CLR 1.1.4322)" "www.silverimagingcanada.com"
67.195.113.216 - - [08/Nov/2009:13:55:40 -0800] "GET /robots.txt HTTP/1.0" 404 - "-" "Mozilla/5.0 (compatible; Yahoo! Slurp; http://help.yahoo.com/help/us/ysearch/slurp)" "www.silverimagingcanada.com"
67.195.113.216 - - [08/Nov/2009:13:55:52 -0800] "GET /sitebuilder/?D=A HTTP/1.0" 200 932 "-" "Mozilla/5.0 (compatible; Yahoo! Slurp/3.0; http://help.yahoo.com/help/us/ysearch/slurp)" "www.silverimagingcanada.com"
67.195.113.216 - - [08/Nov/2009:20:41:07 -0800] "GET /robots.txt HTTP/1.0" 404 - "-" "Mozilla/5.0 (compatible; Yahoo! Slurp; http://help.yahoo.com/help/us/ysearch/slurp)" "www.silverimagingcanada.com"
124.115.6.15 - - [08/Nov/2009:20:58:56 -0800] "GET /robots.txt HTTP/1.1" 404 - "-" "Sosospider+(+http://help.soso.com/webspider.htm)" "www.silverimagingcanada.com"
208.80.193.30 - - [09/Nov/2009:05:29:38 -0800] "GET / HTTP/1.0" 200 1723 "-" "Mozilla/4.0 (compatible; MSIE 7.0; Windows NT 5.1; snprtz|T01312996391536; .NET CLR 1.1.4322; IEMB3; .NET CLR 2.0.50727; IEMB3)" "www.silverimagingcanada.com"
98.237.131.228 - - [09/Nov/2009:07:11:36 -0800] "GET /sitebuilder/images/IMG_1184-420x310.jpg HTTP/1.1" 200 30969 "http://dotheton.com/index.php?topic=1721.0" "Mozilla/5.0 (Macintosh; U; Intel Mac OS X 10_4_11; en) AppleWebKit/531.9 (KHTML, like Gecko) Version/4.0.3 Safari/531.9" "silverimagingcanada.com"
98.237.131.228 - - [09/Nov/2009:07:11:36 -0800] "GET /sitebuilder/images/img053-365x267.jpg HTTP/1.1" 200 19523 "http://dotheton.com/index.php?topic=1721.0" "Mozilla/5.0 (Macintosh; U; Intel Mac OS X 10_4_11; en) AppleWebKit/531.9 (KHTML, like Gecko) Version/4.0.3 Safari/531.9" "silverimagingcanada.com"
