65.55.106.235 - - [07/Dec/2009:01:50:58 -0800] "GET /robots.txt HTTP/1.1" 404 - "-" "msnbot/2.0b (+http://search.msn.com/msnbot.htm)" "silverimagingcanada.com"
65.55.106.235 - - [07/Dec/2009:01:53:17 -0800] "GET / HTTP/1.1" 200 1739 "-" "msnbot/2.0b (+http://search.msn.com/msnbot.htm)" "silverimagingcanada.com"
208.80.193.37 - - [07/Dec/2009:03:49:01 -0800] "GET / HTTP/1.0" 200 1723 "-" "Mozilla/4.0 (compatible; MSIE 6.0; Windows NT 5.1; SV1; CoxIE55; .NET CLR 1.1.4322; InfoPath.1)" "www.silverimagingcanada.com"
195.210.57.83 - - [07/Dec/2009:04:43:38 -0800] "GET /robots.txt HTTP/1.0" 404 - "-" "Mozilla/5.0 (compatible; KaloogaBot; http://www.kalooga.com/info.html?page=crawler)" "www.silverimagingcanada.com"
195.210.57.83 - - [07/Dec/2009:04:43:38 -0800] "GET /sitebuilder/ HTTP/1.0" 200 932 "-" "Mozilla/5.0 (compatible; KaloogaBot; http://www.kalooga.com/info.html?page=crawler)" "www.silverimagingcanada.com"
87.250.254.242 - - [07/Dec/2009:06:38:41 -0800] "GET /tmp/ HTTP/1.1" 200 520 "-" "Yandex/1.01.001 (compatible; Win16; I)" "www.silverimagingcanada.com"
95.108.150.235 - - [07/Dec/2009:10:36:11 -0800] "GET /robots.txt HTTP/1.1" 404 - "-" "Yandex/1.01.001 (compatible; Win16; H)" "www.silverimagingcanada.com"
95.108.150.235 - - [07/Dec/2009:10:36:12 -0800] "GET / HTTP/1.1" 200 1739 "-" "Yandex/1.01.001 (compatible; Win16; H)" "www.silverimagingcanada.com"
95.108.150.235 - - [07/Dec/2009:10:36:14 -0800] "GET / HTTP/1.1" 200 1739 "-" "Yandex/1.01.001 (compatible; Win16; H)" "www.silverimagingcanada.com"
95.108.150.235 - - [07/Dec/2009:10:36:16 -0800] "GET /robots.txt HTTP/1.1" 404 - "-" "Yandex/1.01.001 (compatible; Win16; H)" "silverimagingcanada.com"
95.108.150.235 - - [07/Dec/2009:10:36:18 -0800] "GET / HTTP/1.1" 200 1739 "-" "Yandex/1.01.001 (compatible; Win16; H)" "silverimagingcanada.com"
95.108.150.235 - - [07/Dec/2009:10:36:19 -0800] "GET / HTTP/1.1" 200 1739 "-" "Yandex/1.01.001 (compatible; Win16; H)" "silverimagingcanada.com"
67.216.100.2 - - [07/Dec/2009:14:59:34 -0800] "GET /sitebuilder/images/img052-374x274.jpg HTTP/1.1" 200 18043 "http://dotheton.com/index.php?topic=1721.0" "Mozilla/4.0 (compatible; MSIE 8.0; Windows NT 5.1; Trident/4.0; GTB5; .NET CLR 1.1.4322; IEMB3; InfoPath.1; IEMB3)" "silverimagingcanada.com"
67.216.100.2 - - [07/Dec/2009:14:59:34 -0800] "GET /sitebuilder/images/img056-393x289.jpg HTTP/1.1" 200 20721 "http://dotheton.com/index.php?topic=1721.0" "Mozilla/4.0 (compatible; MSIE 8.0; Windows NT 5.1; Trident/4.0; GTB5; .NET CLR 1.1.4322; IEMB3; InfoPath.1; IEMB3)" "silverimagingcanada.com"
67.216.100.2 - - [07/Dec/2009:14:59:34 -0800] "GET /sitebuilder/images/IMG_1184-420x310.jpg HTTP/1.1" 200 30969 "http://dotheton.com/index.php?topic=1721.0" "Mozilla/4.0 (compatible; MSIE 8.0; Windows NT 5.1; Trident/4.0; GTB5; .NET CLR 1.1.4322; IEMB3; InfoPath.1; IEMB3)" "silverimagingcanada.com"
67.216.100.2 - - [07/Dec/2009:14:59:34 -0800] "GET /sitebuilder/images/img053-365x267.jpg HTTP/1.1" 200 19523 "http://dotheton.com/index.php?topic=1721.0" "Mozilla/4.0 (compatible; MSIE 8.0; Windows NT 5.1; Trident/4.0; GTB5; .NET CLR 1.1.4322; IEMB3; InfoPath.1; IEMB3)" "silverimagingcanada.com"
67.216.100.2 - - [07/Dec/2009:14:59:34 -0800] "GET /sitebuilder/images/IMG_0939-380x278.jpg HTTP/1.1" 200 15324 "http://dotheton.com/index.php?topic=1721.0" "Mozilla/4.0 (compatible; MSIE 8.0; Windows NT 5.1; Trident/4.0; GTB5; .NET CLR 1.1.4322; IEMB3; InfoPath.1; IEMB3)" "silverimagingcanada.com"
67.216.100.2 - - [07/Dec/2009:14:59:34 -0800] "GET /sitebuilder/images/IMG_0961-417x308.jpg HTTP/1.1" 200 11717 "http://dotheton.com/index.php?topic=1721.0" "Mozilla/4.0 (compatible; MSIE 8.0; Windows NT 5.1; Trident/4.0; GTB5; .NET CLR 1.1.4322; IEMB3; InfoPath.1; IEMB3)" "silverimagingcanada.com"
67.216.100.2 - - [07/Dec/2009:14:59:35 -0800] "GET /sitebuilder/images/IMG_0937-312x416.jpg HTTP/1.1" 200 20123 "http://dotheton.com/index.php?topic=1721.0" "Mozilla/4.0 (compatible; MSIE 8.0; Windows NT 5.1; Trident/4.0; GTB5; .NET CLR 1.1.4322; IEMB3; InfoPath.1; IEMB3)" "silverimagingcanada.com"
87.250.254.242 - - [07/Dec/2009:18:32:12 -0800] "GET /robots.txt HTTP/1.1" 404 - "-" "Yandex/1.01.001 (compatible; Win16; I)" "www.silverimagingcanada.com"
83.167.62.165 - - [08/Dec/2009:01:45:36 -0800] "GET /robots.txt HTTP/1.1" 404 - "-" "Mozilla/5.0 (compatible; Exabot/3.0 (BiggerBetter); +http://www.exabot.com/go/robot)" "www.silverimagingcanada.com"
83.167.62.165 - - [08/Dec/2009:01:45:37 -0800] "GET /media/Las_Vegas_082.avi HTTP/1.1" 200 720896 "-" "Mozilla/5.0 (compatible; Exabot/3.0 (BiggerBetter); +http://www.exabot.com/go/robot)" "www.silverimagingcanada.com"
208.80.193.32 - - [08/Dec/2009:02:51:11 -0800] "GET / HTTP/1.0" 200 1723 "-" "Mozilla/4.0 (compatible; MSIE 6.0; Windows NT 5.1; SV1; iebar; acc=jocker; (jocker); (none); FunWebProducts)" "silverimagingcanada.com"
67.195.112.89 - - [08/Dec/2009:09:52:17 -0800] "GET /robots.txt HTTP/1.0" 404 - "-" "Mozilla/5.0 (compatible; Yahoo! Slurp; http://help.yahoo.com/help/us/ysearch/slurp)" "www.silverimagingcanada.com"
67.195.112.89 - - [08/Dec/2009:09:52:17 -0800] "GET /images/?D=A HTTP/1.0" 200 510 "-" "Mozilla/5.0 (compatible; Yahoo! Slurp/3.0; http://help.yahoo.com/help/us/ysearch/slurp)" "www.silverimagingcanada.com"
67.195.112.51 - - [08/Dec/2009:12:02:37 -0800] "GET /robots.txt HTTP/1.0" 404 - "-" "Mozilla/5.0 (compatible; Yahoo! Slurp; http://help.yahoo.com/help/us/ysearch/slurp)" "silverimagingcanada.com"
67.195.112.51 - - [08/Dec/2009:12:02:37 -0800] "GET /clipart/ HTTP/1.0" 200 1334 "-" "Mozilla/5.0 (compatible; Yahoo! Slurp/3.0; http://help.yahoo.com/help/us/ysearch/slurp)" "silverimagingcanada.com"
174.129.52.234 - - [08/Dec/2009:14:04:08 -0800] "GET /robots.txt HTTP/1.0" 404 - "-" "taptubot *** please read http://www.taptu.com/corp/taptubot ***" "silverimagingcanada.com"
174.129.52.234 - - [08/Dec/2009:14:04:21 -0800] "GET / HTTP/1.0" 200 1723 "-" "Mozilla/5.0 (iPhone; U; CPU like Mac OS X; en) AppleWebKit/420+ (KHTML, like Gecko) Version/3.0 Mobile/1A543a Safari/419.3" "silverimagingcanada.com"
174.129.52.234 - - [08/Dec/2009:14:04:21 -0800] "GET /apple-touch-icon.png HTTP/1.0" 404 - "-" "Mozilla/5.0 (iPhone; U; CPU like Mac OS X; en) AppleWebKit/420+ (KHTML, like Gecko) Version/3.0 Mobile/1A543a Safari/419.3" "silverimagingcanada.com"
174.129.52.234 - - [08/Dec/2009:14:04:46 -0800] "GET / HTTP/1.0" 200 1723 "-" "Mozilla/5.0 (iPhone; U; CPU like Mac OS X; en) AppleWebKit/420+ (KHTML, like Gecko) Version/3.0 Mobile/1A543a Safari/419.3" "www.silverimagingcanada.com"
174.129.52.234 - - [08/Dec/2009:14:04:56 -0800] "GET /iphone/ HTTP/1.0" 404 - "-" "Mozilla/5.0 (iPhone; U; CPU like Mac OS X; en) AppleWebKit/420+ (KHTML, like Gecko) Version/3.0 Mobile/1A543a Safari/419.3" "silverimagingcanada.com"
174.129.52.234 - - [08/Dec/2009:14:04:56 -0800] "GET /mobile/ HTTP/1.0" 404 - "-" "Mozilla/5.0 (iPhone; U; CPU like Mac OS X; en) AppleWebKit/420+ (KHTML, like Gecko) Version/3.0 Mobile/1A543a Safari/419.3" "silverimagingcanada.com"
174.129.52.234 - - [08/Dec/2009:14:04:56 -0800] "GET /m/ HTTP/1.0" 404 - "-" "Mozilla/5.0 (iPhone; U; CPU like Mac OS X; en) AppleWebKit/420+ (KHTML, like Gecko) Version/3.0 Mobile/1A543a Safari/419.3" "silverimagingcanada.com"
174.129.52.234 - - [08/Dec/2009:14:04:57 -0800] "GET /mobi/ HTTP/1.0" 404 - "-" "Mozilla/5.0 (iPhone; U; CPU like Mac OS X; en) AppleWebKit/420+ (KHTML, like Gecko) Version/3.0 Mobile/1A543a Safari/419.3" "silverimagingcanada.com"
174.129.52.234 - - [08/Dec/2009:14:05:18 -0800] "GET /iphone/ HTTP/1.0" 404 - "-" "Mozilla/5.0 (iPhone; U; CPU like Mac OS X; en) AppleWebKit/420+ (KHTML, like Gecko) Version/3.0 Mobile/1A543a Safari/419.3" "www.silverimagingcanada.com"
174.129.52.234 - - [08/Dec/2009:14:05:18 -0800] "GET /mobile/ HTTP/1.0" 404 - "-" "Mozilla/5.0 (iPhone; U; CPU like Mac OS X; en) AppleWebKit/420+ (KHTML, like Gecko) Version/3.0 Mobile/1A543a Safari/419.3" "www.silverimagingcanada.com"
174.129.52.234 - - [08/Dec/2009:14:05:18 -0800] "GET /m/ HTTP/1.0" 404 - "-" "Mozilla/5.0 (iPhone; U; CPU like Mac OS X; en) AppleWebKit/420+ (KHTML, like Gecko) Version/3.0 Mobile/1A543a Safari/419.3" "www.silverimagingcanada.com"
174.129.52.234 - - [08/Dec/2009:14:05:18 -0800] "GET /mobi/ HTTP/1.0" 404 - "-" "Mozilla/5.0 (iPhone; U; CPU like Mac OS X; en) AppleWebKit/420+ (KHTML, like Gecko) Version/3.0 Mobile/1A543a Safari/419.3" "www.silverimagingcanada.com"
174.129.52.234 - - [08/Dec/2009:14:05:34 -0800] "GET / HTTP/1.0" 200 1723 "-" "Mozilla/5.0 (Windows; U; Windows NT 5.1; en-GB; rv:1.8.1.6; taptu-downloader) Gecko/20070725 Firefox/2.0.0.6" "silverimagingcanada.com"
208.80.193.30 - - [08/Dec/2009:17:05:41 -0800] "GET / HTTP/1.0" 200 1723 "-" "Mozilla/4.0 (compatible; MSIE 6.0; Windows 98; Win 9x 4.90; (R1 1.5); .NET CLR 1.1.4322)" "www.silverimagingcanada.com"
87.250.254.242 - - [08/Dec/2009:20:57:05 -0800] "GET /robots.txt HTTP/1.1" 404 - "-" "Yandex/1.01.001 (compatible; Win16; I)" "www.silverimagingcanada.com"
116.193.173.10 - - [09/Dec/2009:00:47:29 -0800] "GET /sitebuilder/images/Gay_DVR_Splash_Screen2-581x435.jpg HTTP/1.0" 200 25628 "http://camerahacks.10.forumer.com/a/change-a-stupid-splash-screen-on-a-dvrcamera_post3239.html" "Mozilla/5.0 (Windows; U; Windows NT 5.1; en-US; rv:1.9.1.5) Gecko/20091102 (CK-Finbu.com) Firefox/3.5.5" "www.silverimagingcanada.com"
116.193.173.10 - - [09/Dec/2009:00:47:31 -0800] "GET /sitebuilder/images/IMG_0332-476x353.jpg HTTP/1.0" 200 33138 "http://camerahacks.10.forumer.com/a/change-a-stupid-splash-screen-on-a-dvrcamera_post3239.html" "Mozilla/5.0 (Windows; U; Windows NT 5.1; en-US; rv:1.9.1.5) Gecko/20091102 (CK-Finbu.com) Firefox/3.5.5" "www.silverimagingcanada.com"
116.193.173.10 - - [09/Dec/2009:00:47:31 -0800] "GET /sitebuilder/images/IMG_0330-444x329.jpg HTTP/1.0" 200 35303 "http://camerahacks.10.forumer.com/a/change-a-stupid-splash-screen-on-a-dvrcamera_post3239.html" "Mozilla/5.0 (Windows; U; Windows NT 5.1; en-US; rv:1.9.1.5) Gecko/20091102 (CK-Finbu.com) Firefox/3.5.5" "www.silverimagingcanada.com"
116.193.173.10 - - [09/Dec/2009:00:47:31 -0800] "GET /sitebuilder/images/IMG_0342-444x328.jpg HTTP/1.0" 200 14174 "http://camerahacks.10.forumer.com/a/change-a-stupid-splash-screen-on-a-dvrcamera_post3239.html" "Mozilla/5.0 (Windows; U; Windows NT 5.1; en-US; rv:1.9.1.5) Gecko/20091102 (CK-Finbu.com) Firefox/3.5.5" "www.silverimagingcanada.com"
119.63.198.5 - - [09/Dec/2009:01:55:17 -0800] "GET /robots.txt HTTP/1.1" 404 - "-" "Baiduspider+(+http://www.baidu.com/search/spider.htm)" "www.silverimagingcanada.com"
195.210.57.83 - - [09/Dec/2009:03:12:52 -0800] "GET /robots.txt HTTP/1.0" 404 - "-" "Mozilla/5.0 (compatible; KaloogaBot; http://www.kalooga.com/info.html?page=crawler)" "www.silverimagingcanada.com"
195.210.57.83 - - [09/Dec/2009:03:12:52 -0800] "GET /navigation_bars/ HTTP/1.0" 200 667 "-" "Mozilla/5.0 (compatible; KaloogaBot; http://www.kalooga.com/info.html?page=crawler)" "www.silverimagingcanada.com"
67.195.112.51 - - [09/Dec/2009:03:20:24 -0800] "GET /robots.txt HTTP/1.0" 404 - "-" "Mozilla/5.0 (compatible; Yahoo! Slurp; http://help.yahoo.com/help/us/ysearch/slurp)" "silverimagingcanada.com"
67.195.112.51 - - [09/Dec/2009:03:20:24 -0800] "GET / HTTP/1.0" 200 1723 "-" "Mozilla/5.0 (compatible; Yahoo! Slurp/3.0; http://help.yahoo.com/help/us/ysearch/slurp)" "silverimagingcanada.com"
74.111.215.147 - - [09/Dec/2009:10:26:46 -0800] "GET /sitebuilder/images/IMG_1184-420x310.jpg HTTP/1.1" 200 30969 "http://dotheton.com/index.php?topic=1721.0" "Mozilla/5.0 (iPod; U; CPU iPhone OS 3_1_2 like Mac OS X; en-us) AppleWebKit/528.18 (KHTML, like Gecko) Version/4.0 Mobile/7D11 Safari/528.16" "silverimagingcanada.com"
74.111.215.147 - - [09/Dec/2009:10:26:46 -0800] "GET /sitebuilder/images/IMG_0939-380x278.jpg HTTP/1.1" 200 15324 "http://dotheton.com/index.php?topic=1721.0" "Mozilla/5.0 (iPod; U; CPU iPhone OS 3_1_2 like Mac OS X; en-us) AppleWebKit/528.18 (KHTML, like Gecko) Version/4.0 Mobile/7D11 Safari/528.16" "silverimagingcanada.com"
74.111.215.147 - - [09/Dec/2009:10:26:46 -0800] "GET /sitebuilder/images/img053-365x267.jpg HTTP/1.1" 200 19523 "http://dotheton.com/index.php?topic=1721.0" "Mozilla/5.0 (iPod; U; CPU iPhone OS 3_1_2 like Mac OS X; en-us) AppleWebKit/528.18 (KHTML, like Gecko) Version/4.0 Mobile/7D11 Safari/528.16" "silverimagingcanada.com"
74.111.215.147 - - [09/Dec/2009:10:26:46 -0800] "GET /sitebuilder/images/IMG_0937-312x416.jpg HTTP/1.1" 200 20123 "http://dotheton.com/index.php?topic=1721.0" "Mozilla/5.0 (iPod; U; CPU iPhone OS 3_1_2 like Mac OS X; en-us) AppleWebKit/528.18 (KHTML, like Gecko) Version/4.0 Mobile/7D11 Safari/528.16" "silverimagingcanada.com"
74.111.215.147 - - [09/Dec/2009:10:26:47 -0800] "GET /sitebuilder/images/img052-374x274.jpg HTTP/1.1" 200 18043 "http://dotheton.com/index.php?topic=1721.0" "Mozilla/5.0 (iPod; U; CPU iPhone OS 3_1_2 like Mac OS X; en-us) AppleWebKit/528.18 (KHTML, like Gecko) Version/4.0 Mobile/7D11 Safari/528.16" "silverimagingcanada.com"
74.111.215.147 - - [09/Dec/2009:10:26:47 -0800] "GET /sitebuilder/images/img056-393x289.jpg HTTP/1.1" 200 20721 "http://dotheton.com/index.php?topic=1721.0" "Mozilla/5.0 (iPod; U; CPU iPhone OS 3_1_2 like Mac OS X; en-us) AppleWebKit/528.18 (KHTML, like Gecko) Version/4.0 Mobile/7D11 Safari/528.16" "silverimagingcanada.com"
74.111.215.147 - - [09/Dec/2009:10:26:47 -0800] "GET /sitebuilder/images/IMG_0961-417x308.jpg HTTP/1.1" 200 11717 "http://dotheton.com/index.php?topic=1721.0" "Mozilla/5.0 (iPod; U; CPU iPhone OS 3_1_2 like Mac OS X; en-us) AppleWebKit/528.18 (KHTML, like Gecko) Version/4.0 Mobile/7D11 Safari/528.16" "silverimagingcanada.com"
87.250.254.242 - - [09/Dec/2009:11:52:10 -0800] "GET /robots.txt HTTP/1.1" 404 - "-" "Yandex/1.01.001 (compatible; Win16; I)" "www.silverimagingcanada.com"
83.167.62.165 - - [09/Dec/2009:11:53:46 -0800] "GET /robots.txt HTTP/1.1" 404 - "-" "Mozilla/5.0 (compatible; Exabot/3.0 (BiggerBetter); +http://www.exabot.com/go/robot)" "www.silverimagingcanada.com"
83.167.62.165 - - [09/Dec/2009:11:53:46 -0800] "GET /tmp/ HTTP/1.1" 200 520 "-" "Mozilla/5.0 (compatible; Exabot/3.0 (BiggerBetter); +http://www.exabot.com/go/robot)" "www.silverimagingcanada.com"
208.80.193.27 - - [09/Dec/2009:16:21:01 -0800] "GET / HTTP/1.0" 200 1723 "-" "Mozilla/4.0 (compatible; MSIE 6.0; Windows NT 5.1; SV1; AT&T CSM8.1; YPC 3.2.0)" "silverimagingcanada.com"
87.250.254.242 - - [09/Dec/2009:18:36:07 -0800] "GET / HTTP/1.1" 200 1739 "-" "Yandex/1.01.001 (compatible; Win16; I)" "www.silverimagingcanada.com"
67.166.52.176 - - [09/Dec/2009:19:46:22 -0800] "GET /sitebuilder/images/IMG_1184-420x310.jpg HTTP/1.1" 200 30969 "http://dotheton.com/index.php?topic=1721.0" "Mozilla/5.0 (Windows; U; Windows NT 5.1; en-US; rv:1.9.1.5) Gecko/20091102 Firefox/3.0.12 NET_mmhpset (.NET CLR 3.5.30729)" "silverimagingcanada.com"
67.166.52.176 - - [09/Dec/2009:19:46:22 -0800] "GET /sitebuilder/images/img056-393x289.jpg HTTP/1.1" 200 20721 "http://dotheton.com/index.php?topic=1721.0" "Mozilla/5.0 (Windows; U; Windows NT 5.1; en-US; rv:1.9.1.5) Gecko/20091102 Firefox/3.0.12 NET_mmhpset (.NET CLR 3.5.30729)" "silverimagingcanada.com"
67.166.52.176 - - [09/Dec/2009:19:46:22 -0800] "GET /sitebuilder/images/img052-374x274.jpg HTTP/1.1" 200 18043 "http://dotheton.com/index.php?topic=1721.0" "Mozilla/5.0 (Windows; U; Windows NT 5.1; en-US; rv:1.9.1.5) Gecko/20091102 Firefox/3.0.12 NET_mmhpset (.NET CLR 3.5.30729)" "silverimagingcanada.com"
67.166.52.176 - - [09/Dec/2009:19:46:22 -0800] "GET /sitebuilder/images/img053-365x267.jpg HTTP/1.1" 200 19523 "http://dotheton.com/index.php?topic=1721.0" "Mozilla/5.0 (Windows; U; Windows NT 5.1; en-US; rv:1.9.1.5) Gecko/20091102 Firefox/3.0.12 NET_mmhpset (.NET CLR 3.5.30729)" "silverimagingcanada.com"
67.166.52.176 - - [09/Dec/2009:19:46:23 -0800] "GET /sitebuilder/images/IMG_0937-312x416.jpg HTTP/1.1" 200 20123 "http://dotheton.com/index.php?topic=1721.0" "Mozilla/5.0 (Windows; U; Windows NT 5.1; en-US; rv:1.9.1.5) Gecko/20091102 Firefox/3.0.12 NET_mmhpset (.NET CLR 3.5.30729)" "silverimagingcanada.com"
67.166.52.176 - - [09/Dec/2009:19:46:24 -0800] "GET /sitebuilder/images/IMG_0939-380x278.jpg HTTP/1.1" 200 15324 "http://dotheton.com/index.php?topic=1721.0" "Mozilla/5.0 (Windows; U; Windows NT 5.1; en-US; rv:1.9.1.5) Gecko/20091102 Firefox/3.0.12 NET_mmhpset (.NET CLR 3.5.30729)" "silverimagingcanada.com"
67.166.52.176 - - [09/Dec/2009:19:46:24 -0800] "GET /sitebuilder/images/IMG_0961-417x308.jpg HTTP/1.1" 200 11717 "http://dotheton.com/index.php?topic=1721.0" "Mozilla/5.0 (Windows; U; Windows NT 5.1; en-US; rv:1.9.1.5) Gecko/20091102 Firefox/3.0.12 NET_mmhpset (.NET CLR 3.5.30729)" "silverimagingcanada.com"
95.108.150.235 - - [09/Dec/2009:21:38:26 -0800] "GET /robots.txt HTTP/1.1" 404 - "-" "Yandex/1.01.001 (compatible; Win16; H)" "www.silverimagingcanada.com"
95.108.150.235 - - [09/Dec/2009:21:38:28 -0800] "GET / HTTP/1.1" 200 1739 "-" "Yandex/1.01.001 (compatible; Win16; H)" "www.silverimagingcanada.com"
95.108.150.235 - - [09/Dec/2009:21:38:29 -0800] "GET /robots.txt HTTP/1.1" 404 - "-" "Yandex/1.01.001 (compatible; Win16; H)" "silverimagingcanada.com"
95.108.150.235 - - [09/Dec/2009:21:38:30 -0800] "GET / HTTP/1.1" 200 1739 "-" "Yandex/1.01.001 (compatible; Win16; H)" "www.silverimagingcanada.com"
95.108.150.235 - - [09/Dec/2009:21:38:31 -0800] "GET / HTTP/1.1" 200 1739 "-" "Yandex/1.01.001 (compatible; Win16; H)" "silverimagingcanada.com"
95.108.150.235 - - [09/Dec/2009:21:38:33 -0800] "GET / HTTP/1.1" 200 1739 "-" "Yandex/1.01.001 (compatible; Win16; H)" "silverimagingcanada.com"
71.95.130.115 - - [09/Dec/2009:23:38:31 -0800] "GET /sitebuilder/images/IMG_1184-420x310.jpg HTTP/1.1" 200 30969 "http://dotheton.com/index.php?topic=1721.0" "Mozilla/5.0 (Windows; U; Windows NT 5.1; en-US; rv:1.9.1.5) Gecko/20091102 Firefox/3.5.5" "silverimagingcanada.com"
71.95.130.115 - - [09/Dec/2009:23:38:31 -0800] "GET /sitebuilder/images/img056-393x289.jpg HTTP/1.1" 200 20721 "http://dotheton.com/index.php?topic=1721.0" "Mozilla/5.0 (Windows; U; Windows NT 5.1; en-US; rv:1.9.1.5) Gecko/20091102 Firefox/3.5.5" "silverimagingcanada.com"
71.95.130.115 - - [09/Dec/2009:23:38:31 -0800] "GET /sitebuilder/images/img052-374x274.jpg HTTP/1.1" 200 18043 "http://dotheton.com/index.php?topic=1721.0" "Mozilla/5.0 (Windows; U; Windows NT 5.1; en-US; rv:1.9.1.5) Gecko/20091102 Firefox/3.5.5" "silverimagingcanada.com"
71.95.130.115 - - [09/Dec/2009:23:38:31 -0800] "GET /sitebuilder/images/img053-365x267.jpg HTTP/1.1" 200 19523 "http://dotheton.com/index.php?topic=1721.0" "Mozilla/5.0 (Windows; U; Windows NT 5.1; en-US; rv:1.9.1.5) Gecko/20091102 Firefox/3.5.5" "silverimagingcanada.com"
71.95.130.115 - - [09/Dec/2009:23:38:31 -0800] "GET /sitebuilder/images/IMG_0937-312x416.jpg HTTP/1.1" 200 20123 "http://dotheton.com/index.php?topic=1721.0" "Mozilla/5.0 (Windows; U; Windows NT 5.1; en-US; rv:1.9.1.5) Gecko/20091102 Firefox/3.5.5" "silverimagingcanada.com"
71.95.130.115 - - [09/Dec/2009:23:38:32 -0800] "GET /sitebuilder/images/IMG_0961-417x308.jpg HTTP/1.1" 200 11717 "http://dotheton.com/index.php?topic=1721.0" "Mozilla/5.0 (Windows; U; Windows NT 5.1; en-US; rv:1.9.1.5) Gecko/20091102 Firefox/3.5.5" "silverimagingcanada.com"
87.250.254.242 - - [10/Dec/2009:04:50:05 -0800] "GET /navigation_bars/ HTTP/1.1" 200 683 "-" "Yandex/1.01.001 (compatible; Win16; I)" "www.silverimagingcanada.com"
79.184.95.86 - - [10/Dec/2009:12:26:29 -0800] "GET /sitebuilder/images/IMG_1184-420x310.jpg HTTP/1.1" 200 30969 "http://dotheton.com/index.php?topic=1721.0" "Mozilla/5.0 (Windows; U; Windows NT 5.1; pl; rv:1.9.1.5) Gecko/20091102 Firefox/3.5.5" "silverimagingcanada.com"
79.184.95.86 - - [10/Dec/2009:12:26:30 -0800] "GET /sitebuilder/images/img052-374x274.jpg HTTP/1.1" 200 18043 "http://dotheton.com/index.php?topic=1721.0" "Mozilla/5.0 (Windows; U; Windows NT 5.1; pl; rv:1.9.1.5) Gecko/20091102 Firefox/3.5.5" "silverimagingcanada.com"
79.184.95.86 - - [10/Dec/2009:12:26:30 -0800] "GET /sitebuilder/images/img053-365x267.jpg HTTP/1.1" 200 19523 "http://dotheton.com/index.php?topic=1721.0" "Mozilla/5.0 (Windows; U; Windows NT 5.1; pl; rv:1.9.1.5) Gecko/20091102 Firefox/3.5.5" "silverimagingcanada.com"
79.184.95.86 - - [10/Dec/2009:12:26:30 -0800] "GET /sitebuilder/images/img056-393x289.jpg HTTP/1.1" 200 20721 "http://dotheton.com/index.php?topic=1721.0" "Mozilla/5.0 (Windows; U; Windows NT 5.1; pl; rv:1.9.1.5) Gecko/20091102 Firefox/3.5.5" "silverimagingcanada.com"
79.184.95.86 - - [10/Dec/2009:12:26:31 -0800] "GET /sitebuilder/images/IMG_0937-312x416.jpg HTTP/1.1" 200 20123 "http://dotheton.com/index.php?topic=1721.0" "Mozilla/5.0 (Windows; U; Windows NT 5.1; pl; rv:1.9.1.5) Gecko/20091102 Firefox/3.5.5" "silverimagingcanada.com"
79.184.95.86 - - [10/Dec/2009:12:26:31 -0800] "GET /sitebuilder/images/IMG_0939-380x278.jpg HTTP/1.0" 200 15324 "http://dotheton.com/index.php?topic=1721.0" "Mozilla/5.0 (Windows; U; Windows NT 5.1; pl; rv:1.9.1.5) Gecko/20091102 Firefox/3.5.5" "silverimagingcanada.com"
79.184.95.86 - - [10/Dec/2009:12:26:31 -0800] "GET /sitebuilder/images/IMG_0961-417x308.jpg HTTP/1.1" 200 11717 "http://dotheton.com/index.php?topic=1721.0" "Mozilla/5.0 (Windows; U; Windows NT 5.1; pl; rv:1.9.1.5) Gecko/20091102 Firefox/3.5.5" "silverimagingcanada.com"
64.183.13.126 - - [10/Dec/2009:13:41:18 -0800] "GET /sitebuilder/images/IMG_0419-240x321.jpg HTTP/1.1" 200 23573 "http://dotheton.com/index.php?topic=3172.0" "Mozilla/4.0 (compatible; MSIE 7.0; Windows NT 5.1; .NET CLR 1.1.4322; .NET CLR 2.0.50727; .NET CLR 3.0.04506.648; .NET CLR 3.5.21022; InfoPath.2)" "silverimagingcanada.com"
64.183.13.126 - - [10/Dec/2009:15:03:41 -0800] "GET /sitebuilder/images/IMG_0166-2-336x245.jpg HTTP/1.1" 200 18263 "http://dotheton.com/index.php?topic=1443.0" "Mozilla/4.0 (compatible; MSIE 7.0; Windows NT 5.1; .NET CLR 1.1.4322; .NET CLR 2.0.50727; .NET CLR 3.0.04506.648; .NET CLR 3.5.21022; InfoPath.2)" "www.silverimagingcanada.com"
64.183.13.126 - - [10/Dec/2009:15:03:41 -0800] "GET /sitebuilder/images/IMG_1216-364x267.jpg HTTP/1.1" 200 23168 "http://dotheton.com/index.php?topic=1443.0" "Mozilla/4.0 (compatible; MSIE 7.0; Windows NT 5.1; .NET CLR 1.1.4322; .NET CLR 2.0.50727; .NET CLR 3.0.04506.648; .NET CLR 3.5.21022; InfoPath.2)" "www.silverimagingcanada.com"
64.183.13.126 - - [10/Dec/2009:15:03:42 -0800] "GET /sitebuilder/images/Las_Vegas_034-394x290.jpg HTTP/1.1" 200 29097 "http://dotheton.com/index.php?topic=1443.0" "Mozilla/4.0 (compatible; MSIE 7.0; Windows NT 5.1; .NET CLR 1.1.4322; .NET CLR 2.0.50727; .NET CLR 3.0.04506.648; .NET CLR 3.5.21022; InfoPath.2)" "www.silverimagingcanada.com"
193.47.80.51 - - [10/Dec/2009:17:42:34 -0800] "GET /robots.txt HTTP/1.1" 404 - "-" "Mozilla/5.0 (compatible; Exabot/3.0; +http://www.exabot.com/go/robot)" "www.silverimagingcanada.com"
193.47.80.51 - - [10/Dec/2009:17:42:34 -0800] "GET /?M=A HTTP/1.1" 200 1739 "-" "Mozilla/5.0 (compatible; Exabot/3.0; +http://www.exabot.com/go/robot)" "www.silverimagingcanada.com"
193.47.80.51 - - [10/Dec/2009:17:42:37 -0800] "GET /?D=A HTTP/1.1" 200 1739 "-" "Mozilla/5.0 (compatible; Exabot/3.0; +http://www.exabot.com/go/robot)" "www.silverimagingcanada.com"
193.47.80.51 - - [10/Dec/2009:17:42:40 -0800] "GET /images/ HTTP/1.1" 200 526 "-" "Mozilla/5.0 (compatible; Exabot/3.0; +http://www.exabot.com/go/robot)" "www.silverimagingcanada.com"
208.80.193.37 - - [10/Dec/2009:20:03:06 -0800] "GET / HTTP/1.0" 200 1723 "-" "Mozilla/4.0 (compatible; MSIE 6.0; Windows NT 5.1; SV1; .NET CLR 1.1.4322; InfoPath.1; Alexa Toolbar)" "silverimagingcanada.com"
87.250.254.242 - - [10/Dec/2009:20:37:55 -0800] "GET /robots.txt HTTP/1.1" 404 - "-" "Yandex/1.01.001 (compatible; Win16; I)" "www.silverimagingcanada.com"
67.195.112.89 - - [11/Dec/2009:05:33:04 -0800] "GET /robots.txt HTTP/1.0" 404 - "-" "Mozilla/5.0 (compatible; Yahoo! Slurp; http://help.yahoo.com/help/us/ysearch/slurp)" "www.silverimagingcanada.com"
67.195.112.89 - - [11/Dec/2009:05:33:05 -0800] "GET /logs/access_090312.log HTTP/1.0" 200 333571 "-" "Mozilla/5.0 (compatible; Yahoo! Slurp/3.0; http://help.yahoo.com/help/us/ysearch/slurp)" "www.silverimagingcanada.com"
67.195.112.89 - - [11/Dec/2009:07:22:35 -0800] "GET /?N=D HTTP/1.0" 200 1723 "-" "Mozilla/5.0 (compatible; Yahoo! Slurp/3.0; http://help.yahoo.com/help/us/ysearch/slurp)" "www.silverimagingcanada.com"
142.166.46.117 - - [11/Dec/2009:07:44:05 -0800] "GET /sitebuilder/images/IMG_1184-420x310.jpg HTTP/1.1" 200 30969 "http://dotheton.com/index.php?topic=1721.0" "Mozilla/4.0 (compatible; MSIE 6.0; Windows NT 5.1; SV1; .NET CLR 1.1.4322)" "silverimagingcanada.com"
142.166.46.117 - - [11/Dec/2009:07:44:06 -0800] "GET /sitebuilder/images/img052-374x274.jpg HTTP/1.1" 200 18043 "http://dotheton.com/index.php?topic=1721.0" "Mozilla/4.0 (compatible; MSIE 6.0; Windows NT 5.1; SV1; .NET CLR 1.1.4322)" "silverimagingcanada.com"
142.166.46.117 - - [11/Dec/2009:07:44:06 -0800] "GET /sitebuilder/images/img053-365x267.jpg HTTP/1.1" 200 19523 "http://dotheton.com/index.php?topic=1721.0" "Mozilla/4.0 (compatible; MSIE 6.0; Windows NT 5.1; SV1; .NET CLR 1.1.4322)" "silverimagingcanada.com"
142.166.46.117 - - [11/Dec/2009:07:44:06 -0800] "GET /sitebuilder/images/img056-393x289.jpg HTTP/1.1" 200 20721 "http://dotheton.com/index.php?topic=1721.0" "Mozilla/4.0 (compatible; MSIE 6.0; Windows NT 5.1; SV1; .NET CLR 1.1.4322)" "silverimagingcanada.com"
142.166.46.117 - - [11/Dec/2009:07:44:09 -0800] "GET /sitebuilder/images/IMG_0937-312x416.jpg HTTP/1.1" 200 20123 "http://dotheton.com/index.php?topic=1721.0" "Mozilla/4.0 (compatible; MSIE 6.0; Windows NT 5.1; SV1; .NET CLR 1.1.4322)" "silverimagingcanada.com"
142.166.46.117 - - [11/Dec/2009:07:44:09 -0800] "GET /sitebuilder/images/IMG_0961-417x308.jpg HTTP/1.1" 200 11717 "http://dotheton.com/index.php?topic=1721.0" "Mozilla/4.0 (compatible; MSIE 6.0; Windows NT 5.1; SV1; .NET CLR 1.1.4322)" "silverimagingcanada.com"
142.166.46.117 - - [11/Dec/2009:07:44:10 -0800] "GET /sitebuilder/images/IMG_0939-380x278.jpg HTTP/1.1" 200 15324 "http://dotheton.com/index.php?topic=1721.0" "Mozilla/4.0 (compatible; MSIE 6.0; Windows NT 5.1; SV1; .NET CLR 1.1.4322)" "silverimagingcanada.com"
87.250.254.242 - - [11/Dec/2009:09:24:17 -0800] "GET /tmp/ HTTP/1.1" 200 520 "-" "Yandex/1.01.001 (compatible; Win16; I)" "www.silverimagingcanada.com"
113.53.58.101 - - [11/Dec/2009:10:01:44 -0800] "GET /sitebuilder/images/IMG_1184-420x310.jpg HTTP/1.1" 200 30969 "http://dotheton.com/index.php?topic=1721.0" "Mozilla/5.0 (Windows; U; Windows NT 5.1; th; rv:1.9.1.5) Gecko/20091102 Firefox/3.5.5" "silverimagingcanada.com"
113.53.58.101 - - [11/Dec/2009:10:01:46 -0800] "GET /sitebuilder/images/img052-374x274.jpg HTTP/1.1" 200 18043 "http://dotheton.com/index.php?topic=1721.0" "Mozilla/5.0 (Windows; U; Windows NT 5.1; th; rv:1.9.1.5) Gecko/20091102 Firefox/3.5.5" "silverimagingcanada.com"
113.53.58.101 - - [11/Dec/2009:10:01:46 -0800] "GET /sitebuilder/images/img053-365x267.jpg HTTP/1.1" 200 19523 "http://dotheton.com/index.php?topic=1721.0" "Mozilla/5.0 (Windows; U; Windows NT 5.1; th; rv:1.9.1.5) Gecko/20091102 Firefox/3.5.5" "silverimagingcanada.com"
113.53.58.101 - - [11/Dec/2009:10:01:46 -0800] "GET /sitebuilder/images/img056-393x289.jpg HTTP/1.1" 200 20721 "http://dotheton.com/index.php?topic=1721.0" "Mozilla/5.0 (Windows; U; Windows NT 5.1; th; rv:1.9.1.5) Gecko/20091102 Firefox/3.5.5" "silverimagingcanada.com"
113.53.58.101 - - [11/Dec/2009:10:01:48 -0800] "GET /sitebuilder/images/IMG_0939-380x278.jpg HTTP/1.1" 200 15324 "http://dotheton.com/index.php?topic=1721.0" "Mozilla/5.0 (Windows; U; Windows NT 5.1; th; rv:1.9.1.5) Gecko/20091102 Firefox/3.5.5" "silverimagingcanada.com"
113.53.58.101 - - [11/Dec/2009:10:01:48 -0800] "GET /sitebuilder/images/IMG_0937-312x416.jpg HTTP/1.1" 200 20123 "http://dotheton.com/index.php?topic=1721.0" "Mozilla/5.0 (Windows; U; Windows NT 5.1; th; rv:1.9.1.5) Gecko/20091102 Firefox/3.5.5" "silverimagingcanada.com"
113.53.58.101 - - [11/Dec/2009:10:01:48 -0800] "GET /sitebuilder/images/IMG_0961-417x308.jpg HTTP/1.1" 200 11717 "http://dotheton.com/index.php?topic=1721.0" "Mozilla/5.0 (Windows; U; Windows NT 5.1; th; rv:1.9.1.5) Gecko/20091102 Firefox/3.5.5" "silverimagingcanada.com"
83.167.62.165 - - [11/Dec/2009:10:42:41 -0800] "GET /robots.txt HTTP/1.1" 404 - "-" "Mozilla/5.0 (compatible; Exabot/3.0 (BiggerBetter); +http://www.exabot.com/go/robot)" "www.silverimagingcanada.com"
95.108.150.235 - - [11/Dec/2009:12:12:26 -0800] "GET /robots.txt HTTP/1.1" 404 - "-" "Yandex/1.01.001 (compatible; Win16; H)" "silverimagingcanada.com"
95.108.150.235 - - [11/Dec/2009:12:12:27 -0800] "GET /robots.txt HTTP/1.1" 404 - "-" "Yandex/1.01.001 (compatible; Win16; H)" "www.silverimagingcanada.com"
95.108.150.235 - - [11/Dec/2009:12:12:28 -0800] "GET / HTTP/1.1" 200 1739 "-" "Yandex/1.01.001 (compatible; Win16; H)" "www.silverimagingcanada.com"
95.108.150.235 - - [11/Dec/2009:12:12:29 -0800] "GET / HTTP/1.1" 200 1739 "-" "Yandex/1.01.001 (compatible; Win16; H)" "silverimagingcanada.com"
95.108.150.235 - - [11/Dec/2009:12:12:30 -0800] "GET / HTTP/1.1" 200 1739 "-" "Yandex/1.01.001 (compatible; Win16; H)" "www.silverimagingcanada.com"
95.108.150.235 - - [11/Dec/2009:12:12:31 -0800] "GET / HTTP/1.1" 200 1739 "-" "Yandex/1.01.001 (compatible; Win16; H)" "silverimagingcanada.com"
71.205.44.135 - - [11/Dec/2009:15:35:11 -0800] "GET /sitebuilder/images/IMG_1184-420x310.jpg HTTP/1.1" 200 30969 "http://dotheton.com/index.php?topic=1721.0" "Mozilla/5.0 (Windows; U; Windows NT 6.0; en-US) AppleWebKit/532.0 (KHTML, like Gecko) Chrome/3.0.195.33 Safari/532.0" "silverimagingcanada.com"
71.205.44.135 - - [11/Dec/2009:15:35:12 -0800] "GET /sitebuilder/images/img052-374x274.jpg HTTP/1.1" 200 18043 "http://dotheton.com/index.php?topic=1721.0" "Mozilla/5.0 (Windows; U; Windows NT 6.0; en-US) AppleWebKit/532.0 (KHTML, like Gecko) Chrome/3.0.195.33 Safari/532.0" "silverimagingcanada.com"
71.205.44.135 - - [11/Dec/2009:15:35:12 -0800] "GET /sitebuilder/images/img056-393x289.jpg HTTP/1.1" 200 20721 "http://dotheton.com/index.php?topic=1721.0" "Mozilla/5.0 (Windows; U; Windows NT 6.0; en-US) AppleWebKit/532.0 (KHTML, like Gecko) Chrome/3.0.195.33 Safari/532.0" "silverimagingcanada.com"
71.205.44.135 - - [11/Dec/2009:15:35:12 -0800] "GET /sitebuilder/images/IMG_0937-312x416.jpg HTTP/1.1" 200 20123 "http://dotheton.com/index.php?topic=1721.0" "Mozilla/5.0 (Windows; U; Windows NT 6.0; en-US) AppleWebKit/532.0 (KHTML, like Gecko) Chrome/3.0.195.33 Safari/532.0" "silverimagingcanada.com"
71.205.44.135 - - [11/Dec/2009:15:35:12 -0800] "GET /sitebuilder/images/IMG_0961-417x308.jpg HTTP/1.1" 200 11717 "http://dotheton.com/index.php?topic=1721.0" "Mozilla/5.0 (Windows; U; Windows NT 6.0; en-US) AppleWebKit/532.0 (KHTML, like Gecko) Chrome/3.0.195.33 Safari/532.0" "silverimagingcanada.com"