208.80.193.40 - - [11/Nov/2009:18:45:22 -0800] "GET / HTTP/1.0" 200 1723 "-" "Mozilla/4.0 (compatible; MSIE 6.0; Windows NT 5.1; SV1; QS 4.2.1.0; .NET CLR 1.0.3705; .NET CLR 1.1.4322; .NET CLR 2.0.50727; InfoPath.1; .NET CLR 3.0.04506.30)" "www.silverimagingcanada.com"
95.108.142.150 - - [11/Nov/2009:23:33:31 -0800] "GET /robots.txt HTTP/1.1" 404 - "-" "Yandex/1.01.001 (compatible; Win16; H)" "www.silverimagingcanada.com"
95.108.142.150 - - [11/Nov/2009:23:33:32 -0800] "GET / HTTP/1.1" 200 1739 "-" "Yandex/1.01.001 (compatible; Win16; H)" "www.silverimagingcanada.com"
95.108.142.150 - - [11/Nov/2009:23:33:33 -0800] "GET / HTTP/1.1" 200 1739 "-" "Yandex/1.01.001 (compatible; Win16; H)" "www.silverimagingcanada.com"
95.108.142.150 - - [11/Nov/2009:23:33:34 -0800] "GET /robots.txt HTTP/1.1" 404 - "-" "Yandex/1.01.001 (compatible; Win16; H)" "silverimagingcanada.com"
95.108.142.150 - - [11/Nov/2009:23:33:35 -0800] "GET / HTTP/1.1" 200 1739 "-" "Yandex/1.01.001 (compatible; Win16; H)" "silverimagingcanada.com"
95.108.142.150 - - [11/Nov/2009:23:33:36 -0800] "GET / HTTP/1.1" 200 1739 "-" "Yandex/1.01.001 (compatible; Win16; H)" "silverimagingcanada.com"
67.195.115.236 - - [12/Nov/2009:03:14:02 -0800] "GET /robots.txt HTTP/1.0" 404 - "-" "Mozilla/5.0 (compatible; Yahoo! Slurp; http://help.yahoo.com/help/us/ysearch/slurp)" "www.silverimagingcanada.com"
67.195.115.236 - - [12/Nov/2009:03:14:02 -0800] "GET /images/?S=A HTTP/1.0" 200 510 "-" "Mozilla/5.0 (compatible; Yahoo! Slurp/3.0; http://help.yahoo.com/help/us/ysearch/slurp)" "www.silverimagingcanada.com"
114.80.93.71 - - [12/Nov/2009:03:56:18 -0800] "GET / HTTP/1.1" 200 1739 "-" "Mozilla/4.0 (compatible; MSIE 6.0; Windows NT 5.1)" "www.silverimagingcanada.com"
98.237.131.228 - - [12/Nov/2009:07:40:32 -0800] "GET /sitebuilder/images/img052-374x274.jpg HTTP/1.1" 200 18043 "http://dotheton.com/index.php?topic=1721.0" "Mozilla/5.0 (Macintosh; U; Intel Mac OS X 10_4_11; en) AppleWebKit/531.9 (KHTML, like Gecko) Version/4.0.3 Safari/531.9" "silverimagingcanada.com"
98.237.131.228 - - [12/Nov/2009:07:40:32 -0800] "GET /sitebuilder/images/img056-393x289.jpg HTTP/1.1" 200 20721 "http://dotheton.com/index.php?topic=1721.0" "Mozilla/5.0 (Macintosh; U; Intel Mac OS X 10_4_11; en) AppleWebKit/531.9 (KHTML, like Gecko) Version/4.0.3 Safari/531.9" "silverimagingcanada.com"
98.237.131.228 - - [12/Nov/2009:07:40:32 -0800] "GET /sitebuilder/images/IMG_1184-420x310.jpg HTTP/1.1" 200 30969 "http://dotheton.com/index.php?topic=1721.0" "Mozilla/5.0 (Macintosh; U; Intel Mac OS X 10_4_11; en) AppleWebKit/531.9 (KHTML, like Gecko) Version/4.0.3 Safari/531.9" "silverimagingcanada.com"
98.237.131.228 - - [12/Nov/2009:07:40:32 -0800] "GET /sitebuilder/images/img053-365x267.jpg HTTP/1.1" 200 19523 "http://dotheton.com/index.php?topic=1721.0" "Mozilla/5.0 (Macintosh; U; Intel Mac OS X 10_4_11; en) AppleWebKit/531.9 (KHTML, like Gecko) Version/4.0.3 Safari/531.9" "silverimagingcanada.com"
98.237.131.228 - - [12/Nov/2009:07:40:33 -0800] "GET /sitebuilder/images/IMG_0961-417x308.jpg HTTP/1.1" 200 11717 "http://dotheton.com/index.php?topic=1721.0" "Mozilla/5.0 (Macintosh; U; Intel Mac OS X 10_4_11; en) AppleWebKit/531.9 (KHTML, like Gecko) Version/4.0.3 Safari/531.9" "silverimagingcanada.com"
98.237.131.228 - - [12/Nov/2009:07:40:33 -0800] "GET /sitebuilder/images/IMG_0939-380x278.jpg HTTP/1.1" 200 15324 "http://dotheton.com/index.php?topic=1721.0" "Mozilla/5.0 (Macintosh; U; Intel Mac OS X 10_4_11; en) AppleWebKit/531.9 (KHTML, like Gecko) Version/4.0.3 Safari/531.9" "silverimagingcanada.com"
98.237.131.228 - - [12/Nov/2009:07:40:33 -0800] "GET /sitebuilder/images/IMG_0937-312x416.jpg HTTP/1.1" 200 20123 "http://dotheton.com/index.php?topic=1721.0" "Mozilla/5.0 (Macintosh; U; Intel Mac OS X 10_4_11; en) AppleWebKit/531.9 (KHTML, like Gecko) Version/4.0.3 Safari/531.9" "silverimagingcanada.com"
98.237.131.228 - - [12/Nov/2009:07:41:10 -0800] "GET /sitebuilder/images/img129-405x298.jpg HTTP/1.1" 200 17041 "http://dotheton.com/index.php?topic=1721.15" "Mozilla/5.0 (Macintosh; U; Intel Mac OS X 10_4_11; en) AppleWebKit/531.9 (KHTML, like Gecko) Version/4.0.3 Safari/531.9" "silverimagingcanada.com"
98.237.131.228 - - [12/Nov/2009:07:41:10 -0800] "GET /sitebuilder/images/IMG_1272-351x257.jpg HTTP/1.1" 200 23815 "http://dotheton.com/index.php?topic=1721.15" "Mozilla/5.0 (Macintosh; U; Intel Mac OS X 10_4_11; en) AppleWebKit/531.9 (KHTML, like Gecko) Version/4.0.3 Safari/531.9" "silverimagingcanada.com"
98.237.131.228 - - [12/Nov/2009:07:41:10 -0800] "GET /sitebuilder/images/IMG_1288-451x334.jpg HTTP/1.1" 200 25996 "http://dotheton.com/index.php?topic=1721.15" "Mozilla/5.0 (Macintosh; U; Intel Mac OS X 10_4_11; en) AppleWebKit/531.9 (KHTML, like Gecko) Version/4.0.3 Safari/531.9" "silverimagingcanada.com"
98.237.131.228 - - [12/Nov/2009:07:41:10 -0800] "GET /sitebuilder/images/IMG_1276-406x299.jpg HTTP/1.1" 200 31845 "http://dotheton.com/index.php?topic=1721.15" "Mozilla/5.0 (Macintosh; U; Intel Mac OS X 10_4_11; en) AppleWebKit/531.9 (KHTML, like Gecko) Version/4.0.3 Safari/531.9" "silverimagingcanada.com"
98.237.131.228 - - [12/Nov/2009:07:41:45 -0800] "GET /sitebuilder/images/img1412-430x317.jpg HTTP/1.1" 200 28270 "http://dotheton.com/index.php?topic=1721.30" "Mozilla/5.0 (Macintosh; U; Intel Mac OS X 10_4_11; en) AppleWebKit/531.9 (KHTML, like Gecko) Version/4.0.3 Safari/531.9" "silverimagingcanada.com"
98.237.131.228 - - [12/Nov/2009:07:41:45 -0800] "GET /sitebuilder/images/img138-399x293.jpg HTTP/1.1" 200 24204 "http://dotheton.com/index.php?topic=1721.30" "Mozilla/5.0 (Macintosh; U; Intel Mac OS X 10_4_11; en) AppleWebKit/531.9 (KHTML, like Gecko) Version/4.0.3 Safari/531.9" "silverimagingcanada.com"
98.237.131.228 - - [12/Nov/2009:07:41:45 -0800] "GET /sitebuilder/images/img144-352x257.jpg HTTP/1.1" 200 12721 "http://dotheton.com/index.php?topic=1721.30" "Mozilla/5.0 (Macintosh; U; Intel Mac OS X 10_4_11; en) AppleWebKit/531.9 (KHTML, like Gecko) Version/4.0.3 Safari/531.9" "silverimagingcanada.com"
98.237.131.228 - - [12/Nov/2009:07:41:45 -0800] "GET /sitebuilder/images/img135-317x428.jpg HTTP/1.1" 200 25396 "http://dotheton.com/index.php?topic=1721.30" "Mozilla/5.0 (Macintosh; U; Intel Mac OS X 10_4_11; en) AppleWebKit/531.9 (KHTML, like Gecko) Version/4.0.3 Safari/531.9" "silverimagingcanada.com"
98.237.131.228 - - [12/Nov/2009:07:41:45 -0800] "GET /sitebuilder/images/tank1-257x350.jpg HTTP/1.1" 200 11565 "http://dotheton.com/index.php?topic=1721.30" "Mozilla/5.0 (Macintosh; U; Intel Mac OS X 10_4_11; en) AppleWebKit/531.9 (KHTML, like Gecko) Version/4.0.3 Safari/531.9" "silverimagingcanada.com"
98.237.131.228 - - [12/Nov/2009:07:41:45 -0800] "GET /sitebuilder/images/tank2-272x195.jpg HTTP/1.1" 200 7366 "http://dotheton.com/index.php?topic=1721.30" "Mozilla/5.0 (Macintosh; U; Intel Mac OS X 10_4_11; en) AppleWebKit/531.9 (KHTML, like Gecko) Version/4.0.3 Safari/531.9" "silverimagingcanada.com"
98.237.131.228 - - [12/Nov/2009:07:43:30 -0800] "GET /sitebuilder/images/Bullet_Signals-295x237.jpg HTTP/1.1" 200 16322 "http://dotheton.com/index.php?topic=1721.90" "Mozilla/5.0 (Macintosh; U; Intel Mac OS X 10_4_11; en) AppleWebKit/531.9 (KHTML, like Gecko) Version/4.0.3 Safari/531.9" "silverimagingcanada.com"
98.237.131.228 - - [12/Nov/2009:07:43:30 -0800] "GET /sitebuilder/images/Bullet_Signals2-278x251.jpg HTTP/1.1" 200 18028 "http://dotheton.com/index.php?topic=1721.90" "Mozilla/5.0 (Macintosh; U; Intel Mac OS X 10_4_11; en) AppleWebKit/531.9 (KHTML, like Gecko) Version/4.0.3 Safari/531.9" "silverimagingcanada.com"
124.115.6.15 - - [12/Nov/2009:07:49:14 -0800] "GET /robots.txt HTTP/1.1" 404 - "-" "Sosospider+(+http://help.soso.com/webspider.htm)" "www.silverimagingcanada.com"
93.97.122.231 - - [12/Nov/2009:13:28:54 -0800] "GET /sitebuilder/images/IMG_1184-420x310.jpg HTTP/1.1" 200 30969 "http://dotheton.com/index.php?topic=1721.0" "Mozilla/4.0 (compatible; MSIE 7.0; Windows NT 5.1; .NET CLR 2.0.50727; AskTB5.5)" "silverimagingcanada.com"
93.97.122.231 - - [12/Nov/2009:13:28:54 -0800] "GET /sitebuilder/images/img052-374x274.jpg HTTP/1.1" 200 18043 "http://dotheton.com/index.php?topic=1721.0" "Mozilla/4.0 (compatible; MSIE 7.0; Windows NT 5.1; .NET CLR 2.0.50727; AskTB5.5)" "silverimagingcanada.com"
93.97.122.231 - - [12/Nov/2009:13:28:55 -0800] "GET /sitebuilder/images/img053-365x267.jpg HTTP/1.1" 200 19523 "http://dotheton.com/index.php?topic=1721.0" "Mozilla/4.0 (compatible; MSIE 7.0; Windows NT 5.1; .NET CLR 2.0.50727; AskTB5.5)" "silverimagingcanada.com"
93.97.122.231 - - [12/Nov/2009:13:28:57 -0800] "GET /sitebuilder/images/IMG_0937-312x416.jpg HTTP/1.1" 200 20123 "http://dotheton.com/index.php?topic=1721.0" "Mozilla/4.0 (compatible; MSIE 7.0; Windows NT 5.1; .NET CLR 2.0.50727; AskTB5.5)" "silverimagingcanada.com"
93.97.122.231 - - [12/Nov/2009:13:28:58 -0800] "GET /sitebuilder/images/IMG_0961-417x308.jpg HTTP/1.1" 200 11717 "http://dotheton.com/index.php?topic=1721.0" "Mozilla/4.0 (compatible; MSIE 7.0; Windows NT 5.1; .NET CLR 2.0.50727; AskTB5.5)" "silverimagingcanada.com"
208.80.193.26 - - [12/Nov/2009:17:32:10 -0800] "GET / HTTP/1.0" 200 1723 "-" "Mozilla/4.0 (compatible; MSIE 6.0; Windows NT 5.0; H010818; .NET CLR 1.1.4322)" "silverimagingcanada.com"
66.235.124.71 - - [12/Nov/2009:22:01:15 -0800] "GET /robots.txt HTTP/1.0" 404 - "-" "Mozilla/5.0 (compatible; Ask Jeeves/Teoma; +http://about.ask.com/en/docs/about/webmasters.shtml)" "www.silverimagingcanada.com"
66.235.124.71 - - [12/Nov/2009:22:01:15 -0800] "GET /sitebuilder/images/IMG_0166-355x260.jpg HTTP/1.0" 200 20599 "-" "Mozilla/5.0 (compatible; Ask Jeeves/Teoma; +http://about.ask.com/en/docs/about/webmasters.shtml)" "www.silverimagingcanada.com"
96.54.74.213 - - [12/Nov/2009:22:52:01 -0800] "GET /sitebuilder/images/IMG_1184-420x310.jpg HTTP/1.1" 200 30969 "http://dotheton.com/index.php?topic=1721.0" "Mozilla/5.0 (Windows; U; Windows NT 5.1; en-GB; rv:1.9.0.15) Gecko/2009101601 Firefox/3.0.15 (.NET CLR 3.5.30729)" "silverimagingcanada.com"
96.54.74.213 - - [12/Nov/2009:22:52:02 -0800] "GET /sitebuilder/images/img052-374x274.jpg HTTP/1.1" 200 18043 "http://dotheton.com/index.php?topic=1721.0" "Mozilla/5.0 (Windows; U; Windows NT 5.1; en-GB; rv:1.9.0.15) Gecko/2009101601 Firefox/3.0.15 (.NET CLR 3.5.30729)" "silverimagingcanada.com"
96.54.74.213 - - [12/Nov/2009:22:52:02 -0800] "GET /sitebuilder/images/img053-365x267.jpg HTTP/1.1" 200 19523 "http://dotheton.com/index.php?topic=1721.0" "Mozilla/5.0 (Windows; U; Windows NT 5.1; en-GB; rv:1.9.0.15) Gecko/2009101601 Firefox/3.0.15 (.NET CLR 3.5.30729)" "silverimagingcanada.com"
96.54.74.213 - - [12/Nov/2009:22:52:02 -0800] "GET /sitebuilder/images/img056-393x289.jpg HTTP/1.1" 200 20721 "http://dotheton.com/index.php?topic=1721.0" "Mozilla/5.0 (Windows; U; Windows NT 5.1; en-GB; rv:1.9.0.15) Gecko/2009101601 Firefox/3.0.15 (.NET CLR 3.5.30729)" "silverimagingcanada.com"
96.54.74.213 - - [12/Nov/2009:22:52:04 -0800] "GET /sitebuilder/images/IMG_0939-380x278.jpg HTTP/1.0" 200 15324 "http://dotheton.com/index.php?topic=1721.0" "Mozilla/5.0 (Windows; U; Windows NT 5.1; en-GB; rv:1.9.0.15) Gecko/2009101601 Firefox/3.0.15 (.NET CLR 3.5.30729)" "silverimagingcanada.com"
66.249.65.154 - - [13/Nov/2009:01:33:45 -0800] "GET /robots.txt HTTP/1.1" 404 - "-" "Mozilla/5.0 (compatible; Googlebot/2.1; +http://www.google.com/bot.html)" "www.silverimagingcanada.com"
66.249.65.154 - - [13/Nov/2009:01:33:45 -0800] "GET /video HTTP/1.1" 404 - "-" "Mozilla/5.0 (compatible; Googlebot/2.1; +http://www.google.com/bot.html)" "www.silverimagingcanada.com"
83.167.62.165 - - [13/Nov/2009:01:46:16 -0800] "GET /robots.txt HTTP/1.1" 404 - "-" "Mozilla/5.0 (compatible; Exabot/3.0 (BiggerBetter); +http://www.exabot.com/go/robot)" "www.silverimagingcanada.com"
83.167.62.165 - - [13/Nov/2009:01:46:16 -0800] "GET /scripts/layers.js HTTP/1.1" 200 4045 "-" "Mozilla/5.0 (compatible; Exabot/3.0 (BiggerBetter); +http://www.exabot.com/go/robot)" "www.silverimagingcanada.com"
83.167.62.165 - - [13/Nov/2009:02:56:55 -0800] "GET /cammod.html HTTP/1.1" 404 - "-" "Mozilla/5.0 (compatible; Exabot/3.0 (BiggerBetter); +http://www.exabot.com/go/robot)" "www.silverimagingcanada.com"
83.145.98.94 - - [13/Nov/2009:05:00:22 -0800] "GET /sitebuilder/images/Gay_DVR_Splash_Screen2-581x435.jpg HTTP/1.1" 200 25628 "-" "Mozilla/4.0 (compatible; MSIE 5.5; Windows 98)" "www.silverimagingcanada.com"
67.195.115.236 - - [13/Nov/2009:06:47:00 -0800] "GET /robots.txt HTTP/1.0" 404 - "-" "Mozilla/5.0 (compatible; Yahoo! Slurp; http://help.yahoo.com/help/us/ysearch/slurp)" "www.silverimagingcanada.com"
67.195.115.236 - - [13/Nov/2009:06:47:00 -0800] "GET /MechScan.html HTTP/1.0" 404 - "-" "Mozilla/5.0 (compatible; Yahoo! Slurp/3.0; http://help.yahoo.com/help/us/ysearch/slurp)" "www.silverimagingcanada.com"
67.195.115.236 - - [13/Nov/2009:07:00:44 -0800] "GET /aboutme.html HTTP/1.0" 404 - "-" "Mozilla/5.0 (compatible; Yahoo! Slurp/3.0; http://help.yahoo.com/help/us/ysearch/slurp)" "www.silverimagingcanada.com"
208.80.193.31 - - [13/Nov/2009:07:41:58 -0800] "GET / HTTP/1.0" 200 1723 "-" "Mozilla/4.0 (compatible; MSIE 6.0; Windows NT 5.1; Q321017; SV1; .NET CLR 1.1.4322; .NET CLR 2.0.50727)" "www.silverimagingcanada.com"
124.115.6.15 - - [13/Nov/2009:11:34:35 -0800] "GET /robots.txt HTTP/1.1" 404 - "-" "Sosospider+(+http://help.soso.com/webspider.htm)" "www.silverimagingcanada.com"
88.131.106.7 - - [13/Nov/2009:14:02:03 -0800] "GET /robots.txt HTTP/1.0" 404 - "-" "Speedy Spider (http://www.entireweb.com/about/search_tech/speedy_spider/)" "silverimagingcanada.com"
88.131.106.7 - - [13/Nov/2009:14:02:05 -0800] "GET / HTTP/1.0" 200 1723 "-" "Speedy Spider (http://www.entireweb.com/about/search_tech/speedy_spider/)" "silverimagingcanada.com"
58.61.164.40 - - [13/Nov/2009:15:44:54 -0800] "GET / HTTP/1.1" 200 1739 "-" "Mozilla/4.0 (compatible; MSIE 6.0; Windows NT 5.1)" "www.silverimagingcanada.com"
58.61.164.39 - - [13/Nov/2009:16:20:52 -0800] "GET / HTTP/1.1" 200 1739 "-" "Mozilla/4.0 (compatible; MSIE 6.0; Windows NT 5.1)" "www.silverimagingcanada.com"
124.115.1.7 - - [13/Nov/2009:16:25:04 -0800] "GET / HTTP/1.1" 200 1739 "-" "Mozilla/4.0 (compatible; MSIE 6.0; Windows NT 5.1)" "www.silverimagingcanada.com"
58.61.164.141 - - [13/Nov/2009:16:51:35 -0800] "GET / HTTP/1.1" 200 1739 "-" "Mozilla/4.0 (compatible; MSIE 6.0; Windows NT 5.1)" "www.silverimagingcanada.com"
58.61.164.140 - - [13/Nov/2009:17:16:34 -0800] "GET / HTTP/1.1" 200 1739 "-" "Mozilla/4.0 (compatible; MSIE 6.0; Windows NT 5.1)" "www.silverimagingcanada.com"
58.61.164.139 - - [13/Nov/2009:17:49:44 -0800] "GET / HTTP/1.1" 200 1739 "-" "Mozilla/4.0 (compatible; MSIE 6.0; Windows NT 5.1)" "www.silverimagingcanada.com"
67.195.115.236 - - [13/Nov/2009:18:07:37 -0800] "GET /robots.txt HTTP/1.0" 404 - "-" "Mozilla/5.0 (compatible; Yahoo! Slurp; http://help.yahoo.com/help/us/ysearch/slurp)" "www.silverimagingcanada.com"
67.195.115.236 - - [13/Nov/2009:18:07:37 -0800] "GET /logs/access_090312.log HTTP/1.0" 200 333571 "-" "Mozilla/5.0 (compatible; Yahoo! Slurp/3.0; http://help.yahoo.com/help/us/ysearch/slurp)" "www.silverimagingcanada.com"
124.115.1.8 - - [13/Nov/2009:18:17:48 -0800] "GET / HTTP/1.1" 200 1739 "-" "Mozilla/4.0 (compatible; MSIE 6.0; Windows NT 5.1)" "www.silverimagingcanada.com"
193.47.80.51 - - [13/Nov/2009:18:30:53 -0800] "GET /robots.txt HTTP/1.1" 404 - "-" "Mozilla/5.0 (compatible; Exabot/3.0; +http://www.exabot.com/go/robot)" "www.silverimagingcanada.com"
193.47.80.51 - - [13/Nov/2009:18:30:53 -0800] "GET /logs/ HTTP/1.0" 200 2215 "-" "Mozilla/5.0 (compatible; Exabot/3.0; +http://www.exabot.com/go/robot)" "www.silverimagingcanada.com"
67.195.115.236 - - [13/Nov/2009:20:39:14 -0800] "GET /?M=A HTTP/1.0" 200 1723 "-" "Mozilla/5.0 (compatible; Yahoo! Slurp/3.0; http://help.yahoo.com/help/us/ysearch/slurp)" "www.silverimagingcanada.com"
67.195.115.236 - - [14/Nov/2009:01:59:39 -0800] "GET /robots.txt HTTP/1.0" 404 - "-" "Mozilla/5.0 (compatible; Yahoo! Slurp; http://help.yahoo.com/help/us/ysearch/slurp)" "www.silverimagingcanada.com"
67.195.115.236 - - [14/Nov/2009:01:59:39 -0800] "GET / HTTP/1.0" 200 1723 "-" "Mozilla/5.0 (compatible; Yahoo! Slurp/3.0; http://help.yahoo.com/help/us/ysearch/slurp)" "www.silverimagingcanada.com"
67.195.115.236 - - [14/Nov/2009:02:03:31 -0800] "GET /?D=A HTTP/1.0" 200 1723 "-" "Mozilla/5.0 (compatible; Yahoo! Slurp/3.0; http://help.yahoo.com/help/us/ysearch/slurp)" "www.silverimagingcanada.com"
67.195.115.236 - - [14/Nov/2009:02:20:07 -0800] "GET /logs/ HTTP/1.0" 200 2215 "-" "Mozilla/5.0 (compatible; Yahoo! Slurp/3.0; http://help.yahoo.com/help/us/ysearch/slurp)" "www.silverimagingcanada.com"
95.108.142.150 - - [14/Nov/2009:06:09:25 -0800] "GET /robots.txt HTTP/1.1" 404 - "-" "Yandex/1.01.001 (compatible; Win16; H)" "silverimagingcanada.com"
95.108.142.150 - - [14/Nov/2009:06:09:26 -0800] "GET /robots.txt HTTP/1.1" 404 - "-" "Yandex/1.01.001 (compatible; Win16; H)" "www.silverimagingcanada.com"
95.108.142.150 - - [14/Nov/2009:06:09:27 -0800] "GET / HTTP/1.1" 200 1739 "-" "Yandex/1.01.001 (compatible; Win16; H)" "silverimagingcanada.com"
95.108.142.150 - - [14/Nov/2009:06:09:28 -0800] "GET / HTTP/1.1" 200 1739 "-" "Yandex/1.01.001 (compatible; Win16; H)" "www.silverimagingcanada.com"
95.108.142.150 - - [14/Nov/2009:06:09:29 -0800] "GET / HTTP/1.1" 200 1739 "-" "Yandex/1.01.001 (compatible; Win16; H)" "silverimagingcanada.com"
95.108.142.150 - - [14/Nov/2009:06:09:30 -0800] "GET / HTTP/1.1" 200 1739 "-" "Yandex/1.01.001 (compatible; Win16; H)" "www.silverimagingcanada.com"
67.195.115.236 - - [14/Nov/2009:06:34:48 -0800] "GET /images/?D=A HTTP/1.0" 200 510 "-" "Mozilla/5.0 (compatible; Yahoo! Slurp/3.0; http://help.yahoo.com/help/us/ysearch/slurp)" "www.silverimagingcanada.com"
66.249.65.154 - - [14/Nov/2009:06:55:27 -0800] "GET /robots.txt HTTP/1.1" 404 - "-" "Googlebot-Image/1.0" "www.silverimagingcanada.com"
66.249.65.154 - - [14/Nov/2009:06:55:27 -0800] "GET /sitebuilder/images/IMG_1112-288x207.jpg HTTP/1.1" 200 9422 "-" "Googlebot-Image/1.0" "www.silverimagingcanada.com"
77.88.25.27 - - [14/Nov/2009:13:58:12 -0800] "GET /robots.txt HTTP/1.1" 404 - "-" "Yandex/1.01.001 (compatible; Win16; I)" "www.silverimagingcanada.com"
124.115.6.15 - - [14/Nov/2009:15:28:26 -0800] "GET /robots.txt HTTP/1.1" 404 - "-" "Sosospider+(+http://help.soso.com/webspider.htm)" "www.silverimagingcanada.com"
58.61.164.139 - - [14/Nov/2009:15:59:55 -0800] "GET / HTTP/1.1" 200 1739 "-" "Mozilla/4.0 (compatible; MSIE 6.0; Windows NT 5.1)" "www.silverimagingcanada.com"
58.61.164.40 - - [14/Nov/2009:16:00:23 -0800] "GET / HTTP/1.1" 200 1739 "-" "Mozilla/4.0 (compatible; MSIE 6.0; Windows NT 5.1)" "www.silverimagingcanada.com"
58.61.164.39 - - [14/Nov/2009:16:03:49 -0800] "GET / HTTP/1.1" 200 1739 "-" "Mozilla/4.0 (compatible; MSIE 6.0; Windows NT 5.1)" "www.silverimagingcanada.com"
124.115.1.7 - - [14/Nov/2009:16:09:53 -0800] "GET / HTTP/1.1" 200 1739 "-" "Mozilla/4.0 (compatible; MSIE 6.0; Windows NT 5.1)" "www.silverimagingcanada.com"
114.80.93.71 - - [14/Nov/2009:16:30:13 -0800] "GET / HTTP/1.1" 200 1739 "-" "Mozilla/4.0 (compatible; MSIE 6.0; Windows NT 5.1)" "www.silverimagingcanada.com"
77.88.25.27 - - [14/Nov/2009:16:44:58 -0800] "GET /robots.txt HTTP/1.1" 404 - "-" "Yandex/1.01.001 (compatible; Win16; I)" "silverimagingcanada.com"
58.61.164.140 - - [14/Nov/2009:16:59:03 -0800] "GET / HTTP/1.1" 200 1739 "-" "Mozilla/4.0 (compatible; MSIE 6.0; Windows NT 5.1)" "www.silverimagingcanada.com"
58.61.164.141 - - [14/Nov/2009:17:03:52 -0800] "GET / HTTP/1.1" 200 1739 "-" "Mozilla/4.0 (compatible; MSIE 6.0; Windows NT 5.1)" "www.silverimagingcanada.com"
67.195.115.236 - - [14/Nov/2009:21:01:29 -0800] "GET /robots.txt HTTP/1.0" 404 - "-" "Mozilla/5.0 (compatible; Yahoo! Slurp; http://help.yahoo.com/help/us/ysearch/slurp)" "www.silverimagingcanada.com"
67.195.115.236 - - [14/Nov/2009:21:01:29 -0800] "GET /sitebuilder/ HTTP/1.0" 200 932 "-" "Mozilla/5.0 (compatible; Yahoo! Slurp/3.0; http://help.yahoo.com/help/us/ysearch/slurp)" "www.silverimagingcanada.com"
82.161.231.16 - - [14/Nov/2009:22:19:39 -0800] "GET / HTTP/1.0" 200 1723 "-" "Mozilla/2.0 (compatible; MSIE 3.0B; Windows NT)" "www.silverimagingcanada.com"
67.195.115.236 - - [14/Nov/2009:22:40:32 -0800] "GET /robots.txt HTTP/1.0" 404 - "-" "Mozilla/5.0 (compatible; Yahoo! Slurp; http://help.yahoo.com/help/us/ysearch/slurp)" "www.silverimagingcanada.com"
67.195.115.236 - - [14/Nov/2009:22:40:32 -0800] "GET /navigation_bars/?N=D HTTP/1.0" 200 667 "-" "Mozilla/5.0 (compatible; Yahoo! Slurp/3.0; http://help.yahoo.com/help/us/ysearch/slurp)" "www.silverimagingcanada.com"
193.47.80.51 - - [14/Nov/2009:22:41:56 -0800] "GET /robots.txt HTTP/1.1" 404 - "-" "Mozilla/5.0 (compatible; Exabot/3.0; +http://www.exabot.com/go/robot)" "www.silverimagingcanada.com"
193.47.80.51 - - [14/Nov/2009:22:41:56 -0800] "GET / HTTP/1.1" 200 1739 "-" "Mozilla/5.0 (compatible; Exabot/3.0; +http://www.exabot.com/go/robot)" "www.silverimagingcanada.com"
208.80.193.38 - - [14/Nov/2009:22:44:06 -0800] "GET / HTTP/1.0" 200 1723 "-" "Mozilla/4.0 (compatible; MSIE 6.0; Windows NT 5.1; YComp 5.0.0.0; SV1; (R1 1.5))" "silverimagingcanada.com"
124.115.10.64 - - [14/Nov/2009:23:14:23 -0800] "GET / HTTP/1.1" 200 1739 "-" "Mozilla/4.0 (compatible; MSIE 6.0; Windows NT 5.1)" "www.silverimagingcanada.com"
124.115.6.15 - - [14/Nov/2009:23:21:57 -0800] "GET /robots.txt HTTP/1.1" 404 - "-" "Sosospider+(+http://help.soso.com/webspider.htm)" "silverimagingcanada.com"
67.195.115.236 - - [15/Nov/2009:01:50:05 -0800] "GET /?S=A HTTP/1.0" 200 1723 "-" "Mozilla/5.0 (compatible; Yahoo! Slurp/3.0; http://help.yahoo.com/help/us/ysearch/slurp)" "www.silverimagingcanada.com"
115.148.161.85 - - [15/Nov/2009:03:09:44 -0800] "GET /?M=A HTTP/1.1" 200 1739 "-" "Mozilla/4.0 (compatible; MSIE 6.0; Windows NT 5.0)" "silverimagingcanada.com"
115.148.161.85 - - [15/Nov/2009:03:09:44 -0800] "GET / HTTP/1.0" 200 1723 "-" "Mozilla/4.0 (compatible; MSIE 6.0; Windows NT 5.0)" "www.silverimagingcanada.com"
115.148.161.85 - - [15/Nov/2009:03:09:44 -0800] "GET /navigation_bars/ HTTP/1.1" 200 683 "-" "Mozilla/4.0 (compatible; MSIE 6.0; Windows NT 5.0)" "www.silverimagingcanada.com"
115.148.161.85 - - [15/Nov/2009:03:09:44 -0800] "GET /logs/ HTTP/1.1" 200 2231 "-" "Mozilla/4.0 (compatible; MSIE 6.0; Windows NT 5.0)" "silverimagingcanada.com"
188.72.202.101 - - [15/Nov/2009:04:34:26 -0800] "GET /?contact HTTP/1.1" 200 1739 "-" "Mozilla/4.0 (compatible; MSIE 7.0; Windows NT 5.2; Trident/4.0; .NET CLR 1.1.4322; .NET CLR 2.0.50727; .NET CLR 3.0.4506.2152; .NET CLR 3.5.30729)" "www.silverimagingcanada.com"
119.63.198.60 - - [15/Nov/2009:05:19:09 -0800] "GET / HTTP/1.1" 200 1739 "-" "Baiduspider+(+http://www.baidu.jp/spider/)" "www.silverimagingcanada.com"
38.105.83.12 - - [15/Nov/2009:05:29:11 -0800] "GET / HTTP/1.1" 200 1739 "-" "Mozilla/4.0 (compatible; MSIE 7.0; Windows NT 5.2)" "www.silverimagingcanada.com"
38.105.83.12 - - [15/Nov/2009:05:29:43 -0800] "GET /images/ HTTP/1.1" 200 526 "http://www.silverimagingcanada.com/" "Mozilla/4.0 (compatible; MSIE 7.0; Windows NT 5.2)" "www.silverimagingcanada.com"
38.105.83.12 - - [15/Nov/2009:05:29:46 -0800] "GET /media/ HTTP/1.1" 200 2086 "http://www.silverimagingcanada.com/" "Mozilla/4.0 (compatible; MSIE 7.0; Windows NT 5.2)" "www.silverimagingcanada.com"
38.105.83.12 - - [15/Nov/2009:05:29:48 -0800] "GET /logs/ HTTP/1.1" 200 2231 "http://www.silverimagingcanada.com/" "Mozilla/4.0 (compatible; MSIE 7.0; Windows NT 5.2)" "www.silverimagingcanada.com"
38.105.83.12 - - [15/Nov/2009:05:29:49 -0800] "GET /clipart/ HTTP/1.1" 200 1350 "http://www.silverimagingcanada.com/" "Mozilla/4.0 (compatible; MSIE 7.0; Windows NT 5.2)" "www.silverimagingcanada.com"
38.105.83.12 - - [15/Nov/2009:05:29:51 -0800] "GET /tmp/ HTTP/1.1" 200 520 "http://www.silverimagingcanada.com/" "Mozilla/4.0 (compatible; MSIE 7.0; Windows NT 5.2)" "www.silverimagingcanada.com"
38.105.83.12 - - [15/Nov/2009:05:29:52 -0800] "GET /scripts/ HTTP/1.1" 200 666 "http://www.silverimagingcanada.com/" "Mozilla/4.0 (compatible; MSIE 7.0; Windows NT 5.2)" "www.silverimagingcanada.com"
38.105.83.12 - - [15/Nov/2009:05:29:54 -0800] "GET /navigation_bars/ HTTP/1.1" 200 683 "http://www.silverimagingcanada.com/" "Mozilla/4.0 (compatible; MSIE 7.0; Windows NT 5.2)" "www.silverimagingcanada.com"
38.105.83.12 - - [15/Nov/2009:05:29:56 -0800] "GET /sounds/ HTTP/1.1" 200 664 "http://www.silverimagingcanada.com/" "Mozilla/4.0 (compatible; MSIE 7.0; Windows NT 5.2)" "www.silverimagingcanada.com"
38.105.83.12 - - [15/Nov/2009:05:29:58 -0800] "GET /sitebuilder/ HTTP/1.1" 200 948 "http://www.silverimagingcanada.com/" "Mozilla/4.0 (compatible; MSIE 7.0; Windows NT 5.2)" "www.silverimagingcanada.com"
38.105.83.12 - - [15/Nov/2009:05:30:47 -0800] "GET /logs/access_090912.log HTTP/1.1" 200 131072 "http://www.silverimagingcanada.com/logs/" "Mozilla/4.0 (compatible; MSIE 7.0; Windows NT 5.2)" "www.silverimagingcanada.com"
38.105.83.12 - - [15/Nov/2009:05:30:48 -0800] "GET /logs/access_090212.log HTTP/1.1" 200 131072 "http://www.silverimagingcanada.com/logs/" "Mozilla/4.0 (compatible; MSIE 7.0; Windows NT 5.2)" "www.silverimagingcanada.com"
38.105.83.12 - - [15/Nov/2009:05:30:49 -0800] "GET /logs/access.log HTTP/1.1" 200 25201 "http://www.silverimagingcanada.com/logs/" "Mozilla/4.0 (compatible; MSIE 7.0; Windows NT 5.2)" "www.silverimagingcanada.com"
38.105.83.12 - - [15/Nov/2009:05:30:53 -0800] "GET /logs/access_091012.log HTTP/1.1" 200 65536 "http://www.silverimagingcanada.com/logs/" "Mozilla/4.0 (compatible; MSIE 7.0; Windows NT 5.2)" "www.silverimagingcanada.com"
38.105.83.12 - - [15/Nov/2009:05:30:53 -0800] "GET /logs/access_090512.log HTTP/1.1" 200 65536 "http://www.silverimagingcanada.com/logs/" "Mozilla/4.0 (compatible; MSIE 7.0; Windows NT 5.2)" "www.silverimagingcanada.com"
38.105.83.12 - - [15/Nov/2009:05:30:59 -0800] "GET /logs/access_090312.log HTTP/1.1" 200 65536 "http://www.silverimagingcanada.com/logs/" "Mozilla/4.0 (compatible; MSIE 7.0; Windows NT 5.2)" "www.silverimagingcanada.com"
38.105.83.12 - - [15/Nov/2009:05:31:00 -0800] "GET /logs/access_090112.log HTTP/1.1" 200 65536 "http://www.silverimagingcanada.com/logs/" "Mozilla/4.0 (compatible; MSIE 7.0; Windows NT 5.2)" "www.silverimagingcanada.com"
38.105.83.12 - - [15/Nov/2009:05:31:02 -0800] "GET /logs/access_091112.log HTTP/1.1" 200 65536 "http://www.silverimagingcanada.com/logs/" "Mozilla/4.0 (compatible; MSIE 7.0; Windows NT 5.2)" "www.silverimagingcanada.com"
38.105.83.12 - - [15/Nov/2009:05:31:05 -0800] "GET /logs/access_090812.log HTTP/1.1" 200 65536 "http://www.silverimagingcanada.com/logs/" "Mozilla/4.0 (compatible; MSIE 7.0; Windows NT 5.2)" "www.silverimagingcanada.com"
38.105.83.12 - - [15/Nov/2009:05:31:07 -0800] "GET /logs/access_090712.log HTTP/1.1" 200 65536 "http://www.silverimagingcanada.com/logs/" "Mozilla/4.0 (compatible; MSIE 7.0; Windows NT 5.2)" "www.silverimagingcanada.com"
38.105.83.12 - - [15/Nov/2009:05:31:12 -0800] "GET /logs/access_090412.log HTTP/1.1" 200 196608 "http://www.silverimagingcanada.com/logs/" "Mozilla/4.0 (compatible; MSIE 7.0; Windows NT 5.2)" "www.silverimagingcanada.com"
38.105.83.12 - - [15/Nov/2009:05:31:12 -0800] "GET /clipart/backgrounds/ HTTP/1.1" 200 696 "http://www.silverimagingcanada.com/clipart/" "Mozilla/4.0 (compatible; MSIE 7.0; Windows NT 5.2)" "www.silverimagingcanada.com"
38.105.83.12 - - [15/Nov/2009:05:31:15 -0800] "GET /clipart/pageHeaders/ HTTP/1.1" 200 1322 "http://www.silverimagingcanada.com/clipart/" "Mozilla/4.0 (compatible; MSIE 7.0; Windows NT 5.2)" "www.silverimagingcanada.com"
38.105.83.12 - - [15/Nov/2009:05:31:17 -0800] "GET /clipart/bullets/ HTTP/1.1" 200 962 "http://www.silverimagingcanada.com/clipart/" "Mozilla/4.0 (compatible; MSIE 7.0; Windows NT 5.2)" "www.silverimagingcanada.com"
38.105.83.12 - - [15/Nov/2009:05:31:19 -0800] "GET /clipart/photos/ HTTP/1.1" 200 687 "http://www.silverimagingcanada.com/clipart/" "Mozilla/4.0 (compatible; MSIE 7.0; Windows NT 5.2)" "www.silverimagingcanada.com"
38.105.83.12 - - [15/Nov/2009:05:31:21 -0800] "GET /clipart/buttons/ HTTP/1.1" 200 956 "http://www.silverimagingcanada.com/clipart/" "Mozilla/4.0 (compatible; MSIE 7.0; Windows NT 5.2)" "www.silverimagingcanada.com"
38.105.83.12 - - [15/Nov/2009:05:31:23 -0800] "GET /clipart/images/ HTTP/1.1" 200 993 "http://www.silverimagingcanada.com/clipart/" "Mozilla/4.0 (compatible; MSIE 7.0; Windows NT 5.2)" "www.silverimagingcanada.com"
38.105.83.12 - - [15/Nov/2009:05:31:24 -0800] "GET /navigation_bars/navbar.nav HTTP/1.1" 200 643 "http://www.silverimagingcanada.com/navigation_bars/" "Mozilla/4.0 (compatible; MSIE 7.0; Windows NT 5.2)" "www.silverimagingcanada.com"
38.105.83.12 - - [15/Nov/2009:05:31:27 -0800] "GET /sitebuilder/images/ HTTP/1.1" 200 55010 "http://www.silverimagingcanada.com/sitebuilder/" "Mozilla/4.0 (compatible; MSIE 7.0; Windows NT 5.2)" "www.silverimagingcanada.com"
38.105.83.12 - - [15/Nov/2009:05:31:29 -0800] "GET /sitebuilder/server_meta.txt HTTP/1.1" 200 15718 "http://www.silverimagingcanada.com/sitebuilder/" "Mozilla/4.0 (compatible; MSIE 7.0; Windows NT 5.2)" "www.silverimagingcanada.com"
38.105.83.12 - - [15/Nov/2009:05:31:30 -0800] "GET /sitebuilder/scripts/ HTTP/1.1" 200 702 "http://www.silverimagingcanada.com/sitebuilder/" "Mozilla/4.0 (compatible; MSIE 7.0; Windows NT 5.2)" "www.silverimagingcanada.com"
38.105.83.12 - - [15/Nov/2009:05:32:22 -0800] "GET /clipart/buttons/blank/ HTTP/1.1" 200 719 "http://www.silverimagingcanada.com/clipart/buttons/" "Mozilla/4.0 (compatible; MSIE 7.0; Windows NT 5.2)" "www.silverimagingcanada.com"
38.105.83.12 - - [15/Nov/2009:05:32:22 -0800] "GET /clipart/buttons/themes/ HTTP/1.1" 200 1122 "http://www.silverimagingcanada.com/clipart/buttons/" "Mozilla/4.0 (compatible; MSIE 7.0; Windows NT 5.2)" "www.silverimagingcanada.com"
38.105.83.12 - - [15/Nov/2009:05:32:25 -0800] "GET /clipart/buttons/paypal/ HTTP/1.1" 200 710 "http://www.silverimagingcanada.com/clipart/buttons/" "Mozilla/4.0 (compatible; MSIE 7.0; Windows NT 5.2)" "www.silverimagingcanada.com"
38.105.83.12 - - [15/Nov/2009:05:32:26 -0800] "GET /clipart/photos/business/ HTTP/1.1" 200 711 "http://www.silverimagingcanada.com/clipart/photos/" "Mozilla/4.0 (compatible; MSIE 7.0; Windows NT 5.2)" "www.silverimagingcanada.com"
38.105.83.12 - - [15/Nov/2009:05:32:28 -0800] "GET /clipart/bullets/numbers/ HTTP/1.1" 200 722 "http://www.silverimagingcanada.com/clipart/bullets/" "Mozilla/4.0 (compatible; MSIE 7.0; Windows NT 5.2)" "www.silverimagingcanada.com"
38.105.83.12 - - [15/Nov/2009:05:32:28 -0800] "GET /clipart/bullets/arrows/ HTTP/1.1" 200 725 "http://www.silverimagingcanada.com/clipart/bullets/" "Mozilla/4.0 (compatible; MSIE 7.0; Windows NT 5.2)" "www.silverimagingcanada.com"
38.105.83.12 - - [15/Nov/2009:05:32:30 -0800] "GET /clipart/backgrounds/sidebar/ HTTP/1.1" 200 744 "http://www.silverimagingcanada.com/clipart/backgrounds/" "Mozilla/4.0 (compatible; MSIE 7.0; Windows NT 5.2)" "www.silverimagingcanada.com"
38.105.83.12 - - [15/Nov/2009:05:32:31 -0800] "GET /clipart/images/sidebars/ HTTP/1.1" 200 1311 "http://www.silverimagingcanada.com/clipart/images/" "Mozilla/4.0 (compatible; MSIE 7.0; Windows NT 5.2)" "www.silverimagingcanada.com"
38.105.83.12 - - [15/Nov/2009:05:33:15 -0800] "GET /clipart/buttons/themes/gray/ HTTP/1.1" 200 1010 "http://www.silverimagingcanada.com/clipart/buttons/themes/" "Mozilla/4.0 (compatible; MSIE 7.0; Windows NT 5.2)" "www.silverimagingcanada.com"
38.105.83.12 - - [15/Nov/2009:05:33:17 -0800] "GET /clipart/buttons/themes/beam/ HTTP/1.1" 200 1010 "http://www.silverimagingcanada.com/clipart/buttons/themes/" "Mozilla/4.0 (compatible; MSIE 7.0; Windows NT 5.2)" "www.silverimagingcanada.com"
38.105.83.12 - - [15/Nov/2009:05:33:18 -0800] "GET /clipart/buttons/themes/rounded_blue/ HTTP/1.1" 200 1026 "http://www.silverimagingcanada.com/clipart/buttons/themes/" "Mozilla/4.0 (compatible; MSIE 7.0; Windows NT 5.2)" "www.silverimagingcanada.com"
38.105.83.12 - - [15/Nov/2009:05:33:19 -0800] "GET /clipart/buttons/paypal/buy_now/ HTTP/1.1" 200 742 "http://www.silverimagingcanada.com/clipart/buttons/paypal/" "Mozilla/4.0 (compatible; MSIE 7.0; Windows NT 5.2)" "www.silverimagingcanada.com"
38.105.83.12 - - [15/Nov/2009:05:33:20 -0800] "GET /clipart/buttons/themes/elegant_blue/ HTTP/1.1" 200 1026 "http://www.silverimagingcanada.com/clipart/buttons/themes/" "Mozilla/4.0 (compatible; MSIE 7.0; Windows NT 5.2)" "www.silverimagingcanada.com"
77.88.25.27 - - [15/Nov/2009:09:57:02 -0800] "GET / HTTP/1.1" 200 1739 "-" "Yandex/1.01.001 (compatible; Win16; I)" "www.silverimagingcanada.com"
83.167.62.165 - - [15/Nov/2009:11:55:35 -0800] "GET /robots.txt HTTP/1.1" 404 - "-" "Mozilla/5.0 (compatible; Exabot/3.0 (BiggerBetter); +http://www.exabot.com/go/robot)" "www.silverimagingcanada.com"
83.167.62.165 - - [15/Nov/2009:11:55:35 -0800] "GET /tmp/?S=A HTTP/1.1" 200 520 "-" "Mozilla/5.0 (compatible; Exabot/3.0 (BiggerBetter); +http://www.exabot.com/go/robot)" "www.silverimagingcanada.com"
208.80.193.40 - - [15/Nov/2009:12:32:54 -0800] "GET / HTTP/1.0" 200 1723 "-" "Mozilla/4.0 (compatible; MSIE 6.0; Windows NT 5.1; SV1; FunWebProducts; Avant Browser; .NET CLR 2.0.50727)" "www.silverimagingcanada.com"
83.167.62.165 - - [15/Nov/2009:12:37:10 -0800] "GET /?M=A HTTP/1.1" 200 1739 "-" "Mozilla/5.0 (compatible; Exabot/3.0 (BiggerBetter); +http://www.exabot.com/go/robot)" "www.silverimagingcanada.com"
193.47.80.51 - - [15/Nov/2009:14:01:47 -0800] "GET /logs/?N=D HTTP/1.1" 200 2231 "-" "Mozilla/5.0 (compatible; Exabot/3.0; +http://www.exabot.com/go/robot)" "www.silverimagingcanada.com"
67.195.115.236 - - [15/Nov/2009:14:58:25 -0800] "GET /robots.txt HTTP/1.0" 404 - "-" "Mozilla/5.0 (compatible; Yahoo! Slurp; http://help.yahoo.com/help/us/ysearch/slurp)" "www.silverimagingcanada.com"
67.195.115.236 - - [15/Nov/2009:14:58:26 -0800] "GET /logs/access_090812.log HTTP/1.0" 200 304217 "-" "Mozilla/5.0 (compatible; Yahoo! Slurp/3.0; http://help.yahoo.com/help/us/ysearch/slurp)" "www.silverimagingcanada.com"
114.80.93.71 - - [15/Nov/2009:16:29:24 -0800] "GET / HTTP/1.1" 200 1739 "-" "Mozilla/4.0 (compatible; MSIE 6.0; Windows NT 5.1)" "www.silverimagingcanada.com"
67.195.115.236 - - [15/Nov/2009:17:52:34 -0800] "GET /images/?N=A HTTP/1.0" 200 510 "-" "Mozilla/5.0 (compatible; Yahoo! Slurp/3.0; http://help.yahoo.com/help/us/ysearch/slurp)" "www.silverimagingcanada.com"
98.213.132.208 - - [15/Nov/2009:19:05:26 -0800] "GET /sitebuilder/images/IMG_1184-420x310.jpg HTTP/1.1" 200 30969 "http://dotheton.com/index.php?topic=1721.0" "Mozilla/4.0 (compatible; MSIE 8.0; Windows NT 5.1; Trident/4.0; .NET CLR 1.1.4322)" "silverimagingcanada.com"
98.213.132.208 - - [15/Nov/2009:19:05:27 -0800] "GET /sitebuilder/images/img052-374x274.jpg HTTP/1.1" 200 18043 "http://dotheton.com/index.php?topic=1721.0" "Mozilla/4.0 (compatible; MSIE 8.0; Windows NT 5.1; Trident/4.0; .NET CLR 1.1.4322)" "silverimagingcanada.com"
98.213.132.208 - - [15/Nov/2009:19:05:27 -0800] "GET /sitebuilder/images/img053-365x267.jpg HTTP/1.1" 200 19523 "http://dotheton.com/index.php?topic=1721.0" "Mozilla/4.0 (compatible; MSIE 8.0; Windows NT 5.1; Trident/4.0; .NET CLR 1.1.4322)" "silverimagingcanada.com"
98.213.132.208 - - [15/Nov/2009:19:05:27 -0800] "GET /sitebuilder/images/IMG_0961-417x308.jpg HTTP/1.1" 200 11717 "http://dotheton.com/index.php?topic=1721.0" "Mozilla/4.0 (compatible; MSIE 8.0; Windows NT 5.1; Trident/4.0; .NET CLR 1.1.4322)" "silverimagingcanada.com"
98.213.132.208 - - [15/Nov/2009:19:05:27 -0800] "GET /sitebuilder/images/IMG_0939-380x278.jpg HTTP/1.1" 200 15324 "http://dotheton.com/index.php?topic=1721.0" "Mozilla/4.0 (compatible; MSIE 8.0; Windows NT 5.1; Trident/4.0; .NET CLR 1.1.4322)" "silverimagingcanada.com"
98.213.132.208 - - [15/Nov/2009:19:05:27 -0800] "GET /sitebuilder/images/img056-393x289.jpg HTTP/1.1" 200 20721 "http://dotheton.com/index.php?topic=1721.0" "Mozilla/4.0 (compatible; MSIE 8.0; Windows NT 5.1; Trident/4.0; .NET CLR 1.1.4322)" "silverimagingcanada.com"
98.213.132.208 - - [15/Nov/2009:19:05:27 -0800] "GET /sitebuilder/images/IMG_0937-312x416.jpg HTTP/1.1" 200 20123 "http://dotheton.com/index.php?topic=1721.0" "Mozilla/4.0 (compatible; MSIE 8.0; Windows NT 5.1; Trident/4.0; .NET CLR 1.1.4322)" "silverimagingcanada.com"
98.213.132.208 - - [15/Nov/2009:19:08:45 -0800] "GET /sitebuilder/images/img129-405x298.jpg HTTP/1.1" 200 17041 "http://dotheton.com/index.php?topic=1721.15" "Mozilla/4.0 (compatible; MSIE 8.0; Windows NT 5.1; Trident/4.0; .NET CLR 1.1.4322)" "silverimagingcanada.com"
98.213.132.208 - - [15/Nov/2009:19:08:45 -0800] "GET /sitebuilder/images/IMG_1272-351x257.jpg HTTP/1.1" 200 23815 "http://dotheton.com/index.php?topic=1721.15" "Mozilla/4.0 (compatible; MSIE 8.0; Windows NT 5.1; Trident/4.0; .NET CLR 1.1.4322)" "silverimagingcanada.com"
98.213.132.208 - - [15/Nov/2009:19:08:45 -0800] "GET /sitebuilder/images/IMG_1288-451x334.jpg HTTP/1.1" 200 25996 "http://dotheton.com/index.php?topic=1721.15" "Mozilla/4.0 (compatible; MSIE 8.0; Windows NT 5.1; Trident/4.0; .NET CLR 1.1.4322)" "silverimagingcanada.com"
98.213.132.208 - - [15/Nov/2009:19:08:45 -0800] "GET /sitebuilder/images/IMG_1276-406x299.jpg HTTP/1.1" 200 31845 "http://dotheton.com/index.php?topic=1721.15" "Mozilla/4.0 (compatible; MSIE 8.0; Windows NT 5.1; Trident/4.0; .NET CLR 1.1.4322)" "silverimagingcanada.com"
98.213.132.208 - - [15/Nov/2009:19:11:45 -0800] "GET /sitebuilder/images/img1412-430x317.jpg HTTP/1.1" 200 28270 "http://dotheton.com/index.php?topic=1721.30" "Mozilla/4.0 (compatible; MSIE 8.0; Windows NT 5.1; Trident/4.0; .NET CLR 1.1.4322)" "silverimagingcanada.com"
98.213.132.208 - - [15/Nov/2009:19:11:45 -0800] "GET /sitebuilder/images/img138-399x293.jpg HTTP/1.1" 200 24204 "http://dotheton.com/index.php?topic=1721.30" "Mozilla/4.0 (compatible; MSIE 8.0; Windows NT 5.1; Trident/4.0; .NET CLR 1.1.4322)" "silverimagingcanada.com"
98.213.132.208 - - [15/Nov/2009:19:11:45 -0800] "GET /sitebuilder/images/img144-352x257.jpg HTTP/1.1" 200 12721 "http://dotheton.com/index.php?topic=1721.30" "Mozilla/4.0 (compatible; MSIE 8.0; Windows NT 5.1; Trident/4.0; .NET CLR 1.1.4322)" "silverimagingcanada.com"
98.213.132.208 - - [15/Nov/2009:19:11:46 -0800] "GET /sitebuilder/images/img135-317x428.jpg HTTP/1.1" 200 25396 "http://dotheton.com/index.php?topic=1721.30" "Mozilla/4.0 (compatible; MSIE 8.0; Windows NT 5.1; Trident/4.0; .NET CLR 1.1.4322)" "silverimagingcanada.com"
98.213.132.208 - - [15/Nov/2009:19:11:46 -0800] "GET /sitebuilder/images/tank2-272x195.jpg HTTP/1.1" 200 7366 "http://dotheton.com/index.php?topic=1721.30" "Mozilla/4.0 (compatible; MSIE 8.0; Windows NT 5.1; Trident/4.0; .NET CLR 1.1.4322)" "silverimagingcanada.com"
98.213.132.208 - - [15/Nov/2009:19:11:46 -0800] "GET /sitebuilder/images/tank1-257x350.jpg HTTP/1.1" 200 11565 "http://dotheton.com/index.php?topic=1721.30" "Mozilla/4.0 (compatible; MSIE 8.0; Windows NT 5.1; Trident/4.0; .NET CLR 1.1.4322)" "silverimagingcanada.com"
124.115.6.15 - - [15/Nov/2009:19:13:48 -0800] "GET /robots.txt HTTP/1.1" 404 - "-" "Sosospider+(+http://help.soso.com/webspider.htm)" "www.silverimagingcanada.com"
67.195.115.236 - - [16/Nov/2009:00:04:01 -0800] "GET /robots.txt HTTP/1.0" 404 - "-" "Mozilla/5.0 (compatible; Yahoo! Slurp; http://help.yahoo.com/help/us/ysearch/slurp)" "www.silverimagingcanada.com"
67.195.115.236 - - [16/Nov/2009:00:04:01 -0800] "GET /cammod2.html HTTP/1.0" 404 - "-" "Mozilla/5.0 (compatible; Yahoo! Slurp/3.0; http://help.yahoo.com/help/us/ysearch/slurp)" "www.silverimagingcanada.com"
41.18.207.11 - - [16/Nov/2009:00:07:57 -0800] "GET /sitebuilder/images/IMG_1184-420x310.jpg HTTP/1.1" 200 30969 "http://dotheton.com/index.php?topic=1721.0" "Mozilla/4.0 (compatible; MSIE 7.0; Windows NT 5.1; GTB6)" "silverimagingcanada.com"
41.18.207.11 - - [16/Nov/2009:00:07:58 -0800] "GET /sitebuilder/images/img053-365x267.jpg HTTP/1.1" 200 19523 "http://dotheton.com/index.php?topic=1721.0" "Mozilla/4.0 (compatible; MSIE 7.0; Windows NT 5.1; GTB6)" "silverimagingcanada.com"
41.18.207.11 - - [16/Nov/2009:00:08:00 -0800] "GET /sitebuilder/images/img056-393x289.jpg HTTP/1.1" 200 20721 "http://dotheton.com/index.php?topic=1721.0" "Mozilla/4.0 (compatible; MSIE 7.0; Windows NT 5.1; GTB6)" "silverimagingcanada.com"
41.18.207.11 - - [16/Nov/2009:00:08:00 -0800] "GET /sitebuilder/images/IMG_0937-312x416.jpg HTTP/1.1" 200 20123 "http://dotheton.com/index.php?topic=1721.0" "Mozilla/4.0 (compatible; MSIE 7.0; Windows NT 5.1; GTB6)" "silverimagingcanada.com"
41.18.207.11 - - [16/Nov/2009:00:08:01 -0800] "GET /sitebuilder/images/IMG_0961-417x308.jpg HTTP/1.1" 200 11717 "http://dotheton.com/index.php?topic=1721.0" "Mozilla/4.0 (compatible; MSIE 7.0; Windows NT 5.1; GTB6)" "silverimagingcanada.com"
41.18.207.11 - - [16/Nov/2009:00:09:34 -0800] "GET /sitebuilder/images/img129-405x298.jpg HTTP/1.1" 200 17041 "http://dotheton.com/index.php?topic=1721.15" "Mozilla/4.0 (compatible; MSIE 7.0; Windows NT 5.1; GTB6)" "silverimagingcanada.com"
41.18.207.11 - - [16/Nov/2009:00:09:35 -0800] "GET /sitebuilder/images/IMG_1288-451x334.jpg HTTP/1.1" 200 25996 "http://dotheton.com/index.php?topic=1721.15" "Mozilla/4.0 (compatible; MSIE 7.0; Windows NT 5.1; GTB6)" "silverimagingcanada.com"
41.18.207.11 - - [16/Nov/2009:00:09:36 -0800] "GET /sitebuilder/images/IMG_1272-351x257.jpg HTTP/1.1" 200 23815 "http://dotheton.com/index.php?topic=1721.15" "Mozilla/4.0 (compatible; MSIE 7.0; Windows NT 5.1; GTB6)" "silverimagingcanada.com"
41.18.207.11 - - [16/Nov/2009:00:10:12 -0800] "GET /sitebuilder/images/img1412-430x317.jpg HTTP/1.1" 200 28270 "http://dotheton.com/index.php?topic=1721.30" "Mozilla/4.0 (compatible; MSIE 7.0; Windows NT 5.1; GTB6)" "silverimagingcanada.com"
41.18.207.11 - - [16/Nov/2009:00:10:12 -0800] "GET /sitebuilder/images/img138-399x293.jpg HTTP/1.1" 200 24204 "http://dotheton.com/index.php?topic=1721.30" "Mozilla/4.0 (compatible; MSIE 7.0; Windows NT 5.1; GTB6)" "silverimagingcanada.com"
41.18.207.11 - - [16/Nov/2009:00:10:14 -0800] "GET /sitebuilder/images/img135-317x428.jpg HTTP/1.1" 200 25396 "http://dotheton.com/index.php?topic=1721.30" "Mozilla/4.0 (compatible; MSIE 7.0; Windows NT 5.1; GTB6)" "silverimagingcanada.com"
41.18.207.11 - - [16/Nov/2009:00:10:14 -0800] "GET /sitebuilder/images/img144-352x257.jpg HTTP/1.1" 200 12721 "http://dotheton.com/index.php?topic=1721.30" "Mozilla/4.0 (compatible; MSIE 7.0; Windows NT 5.1; GTB6)" "silverimagingcanada.com"
41.18.207.11 - - [16/Nov/2009:00:10:15 -0800] "GET /sitebuilder/images/tank1-257x350.jpg HTTP/1.1" 200 11565 "http://dotheton.com/index.php?topic=1721.30" "Mozilla/4.0 (compatible; MSIE 7.0; Windows NT 5.1; GTB6)" "silverimagingcanada.com"
67.195.115.236 - - [16/Nov/2009:02:56:22 -0800] "GET /Products.html HTTP/1.0" 404 - "-" "Mozilla/5.0 (compatible; Yahoo! Slurp/3.0; http://help.yahoo.com/help/us/ysearch/slurp)" "www.silverimagingcanada.com"
67.195.115.236 - - [16/Nov/2009:02:57:59 -0800] "GET /images/ HTTP/1.0" 200 510 "-" "Mozilla/5.0 (compatible; Yahoo! Slurp/3.0; http://help.yahoo.com/help/us/ysearch/slurp)" "www.silverimagingcanada.com"
68.160.2.253 - - [16/Nov/2009:04:58:06 -0800] "GET /sitebuilder/images/IMG_0939-380x278.jpg HTTP/1.1" 200 15324 "http://dotheton.com/index.php?topic=1721.0" "Mozilla/4.0 (compatible; MSIE 8.0; Windows NT 6.0; Trident/4.0; Mozilla/4.0 (compatible; MSIE 6.0; Windows NT 5.1; SV1) ; SLCC1; .NET CLR 2.0.50727; Media Center PC 5.0; Windows-Media-Player/10.00.00.3990; .NET CLR 3.5.30729; .NET CLR 3.0.30729)" "silverimagingcanada.com"
68.160.2.253 - - [16/Nov/2009:04:58:07 -0800] "GET /sitebuilder/images/img053-365x267.jpg HTTP/1.1" 200 19523 "http://dotheton.com/index.php?topic=1721.0" "Mozilla/4.0 (compatible; MSIE 8.0; Windows NT 6.0; Trident/4.0; Mozilla/4.0 (compatible; MSIE 6.0; Windows NT 5.1; SV1) ; SLCC1; .NET CLR 2.0.50727; Media Center PC 5.0; Windows-Media-Player/10.00.00.3990; .NET CLR 3.5.30729; .NET CLR 3.0.30729)" "silverimagingcanada.com"
124.115.6.15 - - [16/Nov/2009:06:24:15 -0800] "GET /robots.txt HTTP/1.1" 404 - "-" "Sosospider+(+http://help.soso.com/webspider.htm)" "silverimagingcanada.com"
208.80.193.29 - - [16/Nov/2009:08:15:56 -0800] "GET / HTTP/1.0" 200 1723 "-" "Mozilla/4.0 (compatible; MSIE 7.0; Windows NT 5.1; .NET CLR 1.0.3705; .NET CLR 1.1.4322; Media Center PC 4.0; .NET CLR 2.0.50727; InfoPath.2; IEMB3; IEMB3)" "silverimagingcanada.com"
67.195.115.236 - - [16/Nov/2009:09:15:30 -0800] "GET /robots.txt HTTP/1.0" 404 - "-" "Mozilla/5.0 (compatible; Yahoo! Slurp; http://help.yahoo.com/help/us/ysearch/slurp)" "www.silverimagingcanada.com"
67.195.115.236 - - [16/Nov/2009:09:15:31 -0800] "GET /logs/access_090112.log HTTP/1.0" 200 425963 "-" "Mozilla/5.0 (compatible; Yahoo! Slurp/3.0; http://help.yahoo.com/help/us/ysearch/slurp)" "www.silverimagingcanada.com"
95.168.64.130 - - [16/Nov/2009:12:38:21 -0800] "GET /sitebuilder/images/Gay_DVR_Splash_Screen2-581x435.jpg HTTP/1.1" 200 25628 "http://camerahacks.10.forumer.com/a/change-a-stupid-splash-screen-on-a-dvrcamera_post3239.html" "Mozilla/5.0 (Windows; U; Windows NT 5.1; hu; rv:1.9.1.5) Gecko/20091102 Firefox/3.5.5" "www.silverimagingcanada.com"
95.168.64.130 - - [16/Nov/2009:12:38:23 -0800] "GET /sitebuilder/images/IMG_0332-476x353.jpg HTTP/1.1" 200 33138 "http://camerahacks.10.forumer.com/a/change-a-stupid-splash-screen-on-a-dvrcamera_post3239.html" "Mozilla/5.0 (Windows; U; Windows NT 5.1; hu; rv:1.9.1.5) Gecko/20091102 Firefox/3.5.5" "www.silverimagingcanada.com"
95.168.64.130 - - [16/Nov/2009:12:38:23 -0800] "GET /sitebuilder/images/IMG_0330-444x329.jpg HTTP/1.1" 200 35303 "http://camerahacks.10.forumer.com/a/change-a-stupid-splash-screen-on-a-dvrcamera_post3239.html" "Mozilla/5.0 (Windows; U; Windows NT 5.1; hu; rv:1.9.1.5) Gecko/20091102 Firefox/3.5.5" "www.silverimagingcanada.com"
95.168.64.130 - - [16/Nov/2009:12:38:23 -0800] "GET /sitebuilder/images/IMG_0342-444x328.jpg HTTP/1.1" 200 14174 "http://camerahacks.10.forumer.com/a/change-a-stupid-splash-screen-on-a-dvrcamera_post3239.html" "Mozilla/5.0 (Windows; U; Windows NT 5.1; hu; rv:1.9.1.5) Gecko/20091102 Firefox/3.5.5" "www.silverimagingcanada.com"
65.55.207.118 - - [16/Nov/2009:15:02:44 -0800] "GET /robots.txt HTTP/1.1" 404 - "-" "msnbot/2.0b (+http://search.msn.com/msnbot.htm)" "silverimagingcanada.com"
65.55.207.118 - - [16/Nov/2009:15:04:24 -0800] "GET / HTTP/1.1" 200 1739 "-" "msnbot/2.0b (+http://search.msn.com/msnbot.htm)" "silverimagingcanada.com"
124.115.1.8 - - [16/Nov/2009:16:04:21 -0800] "GET / HTTP/1.1" 200 1739 "-" "Mozilla/4.0 (compatible; MSIE 6.0; Windows NT 5.1)" "www.silverimagingcanada.com"
119.63.198.44 - - [16/Nov/2009:17:00:29 -0800] "GET /robots.txt HTTP/1.1" 404 - "-" "Baiduspider+(+http://www.baidu.com/search/spider.htm)" "www.silverimagingcanada.com"
58.61.164.140 - - [16/Nov/2009:17:26:03 -0800] "GET / HTTP/1.1" 200 1739 "-" "Mozilla/4.0 (compatible; MSIE 6.0; Windows NT 5.1)" "www.silverimagingcanada.com"
67.195.115.236 - - [16/Nov/2009:17:51:34 -0800] "GET /sitebuilder/?S=A HTTP/1.0" 200 932 "-" "Mozilla/5.0 (compatible; Yahoo! Slurp/3.0; http://help.yahoo.com/help/us/ysearch/slurp)" "www.silverimagingcanada.com"
208.80.193.32 - - [16/Nov/2009:22:33:39 -0800] "GET / HTTP/1.0" 200 1723 "-" "Mozilla/4.0 (compatible; MSIE 7.0; Windows NT 5.1; .NET CLR 1.0.3705; .NET CLR 1.1.4322; Media Center PC 4.0; Zango 10.0.341.0)" "www.silverimagingcanada.com"
124.115.6.15 - - [16/Nov/2009:22:56:17 -0800] "GET /robots.txt HTTP/1.1" 404 - "-" "Sosospider+(+http://help.soso.com/webspider.htm)" "www.silverimagingcanada.com"
65.98.224.7 - - [17/Nov/2009:01:27:59 -0800] "GET /robots.txt HTTP/1.0" 404 - "-" "TurnitinBot/2.1 (http://www.turnitin.com/robot/crawlerinfo.html)" "www.silverimagingcanada.com"
65.98.224.7 - - [17/Nov/2009:01:33:31 -0800] "GET /media/?S=A HTTP/1.0" 200 2070 "-" "TurnitinBot/2.1 (http://www.turnitin.com/robot/crawlerinfo.html)" "www.silverimagingcanada.com"
65.98.224.7 - - [17/Nov/2009:01:34:07 -0800] "GET /media/?N=D HTTP/1.0" 200 2070 "-" "TurnitinBot/2.1 (http://www.turnitin.com/robot/crawlerinfo.html)" "www.silverimagingcanada.com"
65.98.224.7 - - [17/Nov/2009:01:34:38 -0800] "GET /media/?M=A HTTP/1.0" 200 2070 "-" "TurnitinBot/2.1 (http://www.turnitin.com/robot/crawlerinfo.html)" "www.silverimagingcanada.com"
65.98.224.7 - - [17/Nov/2009:01:35:08 -0800] "GET /sitebuilder/ HTTP/1.0" 200 932 "-" "TurnitinBot/2.1 (http://www.turnitin.com/robot/crawlerinfo.html)" "www.silverimagingcanada.com"
65.98.224.7 - - [17/Nov/2009:01:35:38 -0800] "GET /media/ HTTP/1.0" 200 2070 "-" "TurnitinBot/2.1 (http://www.turnitin.com/robot/crawlerinfo.html)" "www.silverimagingcanada.com"
67.195.115.236 - - [17/Nov/2009:01:46:38 -0800] "GET /robots.txt HTTP/1.0" 404 - "-" "Mozilla/5.0 (compatible; Yahoo! Slurp; http://help.yahoo.com/help/us/ysearch/slurp)" "www.silverimagingcanada.com"
67.195.115.236 - - [17/Nov/2009:01:46:38 -0800] "GET /images/?M=A HTTP/1.0" 200 510 "-" "Mozilla/5.0 (compatible; Yahoo! Slurp/3.0; http://help.yahoo.com/help/us/ysearch/slurp)" "www.silverimagingcanada.com"
67.195.115.236 - - [17/Nov/2009:05:30:54 -0800] "GET /robots.txt HTTP/1.0" 404 - "-" "Mozilla/5.0 (compatible; Yahoo! Slurp; http://help.yahoo.com/help/us/ysearch/slurp)" "www.silverimagingcanada.com"
67.195.115.236 - - [17/Nov/2009:05:30:54 -0800] "GET /media/ HTTP/1.0" 200 2070 "-" "Mozilla/5.0 (compatible; Yahoo! Slurp/3.0; http://help.yahoo.com/help/us/ysearch/slurp)" "www.silverimagingcanada.com"
66.249.71.181 - - [17/Nov/2009:06:00:15 -0800] "GET /robots.txt HTTP/1.1" 404 - "-" "Googlebot-Image/1.0" "silverimagingcanada.com"
66.249.71.181 - - [17/Nov/2009:06:00:15 -0800] "GET /sitebuilder/images/S4020074-310x225.jpg HTTP/1.1" 200 15862 "-" "Googlebot-Image/1.0" "silverimagingcanada.com"
193.47.80.51 - - [17/Nov/2009:06:28:18 -0800] "GET /robots.txt HTTP/1.1" 404 - "-" "Mozilla/5.0 (compatible; Exabot/3.0; +http://www.exabot.com/go/robot)" "www.silverimagingcanada.com"
