203.184.25.251 - - [11/Dec/2009:18:54:33 -0800] "GET /sitebuilder/images/Gay_DVR_Splash_Screen2-581x435.jpg HTTP/1.1" 200 25628 "http://camerahacks.10.forumer.com/a/change-a-stupid-splash-screen-on-a-dvrcamera_post3239.html" "Mozilla/5.0 (Windows; U; Windows NT 5.1; en-GB; rv:1.9.1.5) Gecko/20091102 Firefox/3.5.5" "www.silverimagingcanada.com"
203.184.25.251 - - [11/Dec/2009:18:54:36 -0800] "GET /sitebuilder/images/IMG_0332-476x353.jpg HTTP/1.1" 200 33138 "http://camerahacks.10.forumer.com/a/change-a-stupid-splash-screen-on-a-dvrcamera_post3239.html" "Mozilla/5.0 (Windows; U; Windows NT 5.1; en-GB; rv:1.9.1.5) Gecko/20091102 Firefox/3.5.5" "www.silverimagingcanada.com"
203.184.25.251 - - [11/Dec/2009:18:54:36 -0800] "GET /sitebuilder/images/IMG_0342-444x328.jpg HTTP/1.1" 200 14174 "http://camerahacks.10.forumer.com/a/change-a-stupid-splash-screen-on-a-dvrcamera_post3239.html" "Mozilla/5.0 (Windows; U; Windows NT 5.1; en-GB; rv:1.9.1.5) Gecko/20091102 Firefox/3.5.5" "www.silverimagingcanada.com"
203.184.25.251 - - [11/Dec/2009:18:54:36 -0800] "GET /sitebuilder/images/IMG_0330-444x329.jpg HTTP/1.1" 200 35303 "http://camerahacks.10.forumer.com/a/change-a-stupid-splash-screen-on-a-dvrcamera_post3239.html" "Mozilla/5.0 (Windows; U; Windows NT 5.1; en-GB; rv:1.9.1.5) Gecko/20091102 Firefox/3.5.5" "www.silverimagingcanada.com"
193.47.80.51 - - [11/Dec/2009:20:44:09 -0800] "GET /robots.txt HTTP/1.1" 404 - "-" "Mozilla/5.0 (compatible; Exabot/3.0; +http://www.exabot.com/go/robot)" "www.silverimagingcanada.com"
193.47.80.51 - - [11/Dec/2009:20:44:10 -0800] "GET /navigation_bars/ HTTP/1.1" 200 683 "-" "Mozilla/5.0 (compatible; Exabot/3.0; +http://www.exabot.com/go/robot)" "www.silverimagingcanada.com"
125.167.155.83 - - [11/Dec/2009:21:53:59 -0800] "GET /sitebuilder/images/Gay_DVR_Splash_Screen2-581x435.jpg HTTP/1.1" 200 25628 "http://images.google.co.id/imgres?imgurl=http://www.silverimagingcanada.com/sitebuilder/images/Gay_DVR_Splash_Screen2-581x435.jpg&imgrefurl=http://camerahacks.10.forumer.com/a/change-a-stupid-splash-screen-on-a-dvrcamera_post3239.html&usg=__0LNop2S4KLD4CbH2GVxZ6p8MpK0=&h=435&w=581&sz=26&hl=id&start=211&tbnid=-qCRkDP9GmlDpM:&tbnh=100&tbnw=134&prev=/images%3Fq%3Dgay%2Bhentai%26gbv%3D2%26ndsp%3D20%26hl%3Did%26sa%3DN%26start%3D200" "Mozilla/4.0 (compatible; MSIE 6.0; Windows NT 5.1; SV1; InfoPath.2)" "www.silverimagingcanada.com"
119.63.198.53 - - [12/Dec/2009:04:38:26 -0800] "GET /robots.txt HTTP/1.1" 404 - "-" "Baiduspider+(+http://www.baidu.com/search/spider.htm)" "www.silverimagingcanada.com"
208.80.193.54 - - [12/Dec/2009:10:53:25 -0800] "GET / HTTP/1.0" 200 1723 "-" "Mozilla/4.0 (compatible; MSIE 6.0; Windows NT 5.1; SV1; SIMBAR Enabled; SIMBAR={CAB64A13-6865-4c94-A61A-3CA42AC65E5E}; SIMBAR=0; .NET CLR 1.1.4322)" "silverimagingcanada.com"
193.47.80.51 - - [12/Dec/2009:19:31:11 -0800] "GET / HTTP/1.1" 200 1739 "-" "Mozilla/5.0 (compatible; Exabot/3.0; +http://www.exabot.com/go/robot)" "www.silverimagingcanada.com"
208.80.193.26 - - [12/Dec/2009:21:13:11 -0800] "GET / HTTP/1.0" 200 1723 "-" "Mozilla/4.0 (compatible; MSIE 6.0; Windows NT 5.1; DigExt; SV1; IEMB3; .NET CLR 1.1.4322; .NET CLR 2.0.50727)" "www.silverimagingcanada.com"
66.249.65.90 - - [13/Dec/2009:05:03:37 -0800] "GET /robots.txt HTTP/1.1" 404 - "-" "Googlebot-Image/1.0" "silverimagingcanada.com"
66.249.65.117 - - [13/Dec/2009:05:03:37 -0800] "GET /sitebuilder/images/Cavcam_Brush2-323x240.jpg HTTP/1.1" 200 6763 "-" "Googlebot-Image/1.0" "silverimagingcanada.com"
66.249.65.78 - - [13/Dec/2009:05:06:40 -0800] "GET /robots.txt HTTP/1.1" 404 - "-" "Googlebot-Image/1.0" "www.silverimagingcanada.com"
66.249.65.103 - - [13/Dec/2009:05:06:40 -0800] "GET /sitebuilder/images/IMG_1116-276x198.jpg HTTP/1.1" 200 10722 "-" "Googlebot-Image/1.0" "www.silverimagingcanada.com"
98.213.131.102 - - [13/Dec/2009:08:47:44 -0800] "GET /sitebuilder/images/IMG_1184-420x310.jpg HTTP/1.1" 200 30969 "http://dotheton.com/index.php?topic=1721.0" "Mozilla/4.0 (compatible; MSIE 8.0; Windows NT 5.1; Trident/4.0; .NET CLR 1.1.4322; .NET CLR 2.0.50727; .NET CLR 3.0.4506.2152; .NET CLR 3.5.30729)" "silverimagingcanada.com"
98.213.131.102 - - [13/Dec/2009:08:47:45 -0800] "GET /sitebuilder/images/img052-374x274.jpg HTTP/1.1" 200 18043 "http://dotheton.com/index.php?topic=1721.0" "Mozilla/4.0 (compatible; MSIE 8.0; Windows NT 5.1; Trident/4.0; .NET CLR 1.1.4322; .NET CLR 2.0.50727; .NET CLR 3.0.4506.2152; .NET CLR 3.5.30729)" "silverimagingcanada.com"
98.213.131.102 - - [13/Dec/2009:08:47:45 -0800] "GET /sitebuilder/images/img056-393x289.jpg HTTP/1.1" 200 20721 "http://dotheton.com/index.php?topic=1721.0" "Mozilla/4.0 (compatible; MSIE 8.0; Windows NT 5.1; Trident/4.0; .NET CLR 1.1.4322; .NET CLR 2.0.50727; .NET CLR 3.0.4506.2152; .NET CLR 3.5.30729)" "silverimagingcanada.com"
98.213.131.102 - - [13/Dec/2009:08:47:45 -0800] "GET /sitebuilder/images/img053-365x267.jpg HTTP/1.1" 200 19523 "http://dotheton.com/index.php?topic=1721.0" "Mozilla/4.0 (compatible; MSIE 8.0; Windows NT 5.1; Trident/4.0; .NET CLR 1.1.4322; .NET CLR 2.0.50727; .NET CLR 3.0.4506.2152; .NET CLR 3.5.30729)" "silverimagingcanada.com"
98.213.131.102 - - [13/Dec/2009:08:47:45 -0800] "GET /sitebuilder/images/IMG_0939-380x278.jpg HTTP/1.0" 200 15324 "http://dotheton.com/index.php?topic=1721.0" "Mozilla/4.0 (compatible; MSIE 8.0; Windows NT 5.1; Trident/4.0; .NET CLR 1.1.4322; .NET CLR 2.0.50727; .NET CLR 3.0.4506.2152; .NET CLR 3.5.30729)" "silverimagingcanada.com"
98.213.131.102 - - [13/Dec/2009:08:47:45 -0800] "GET /sitebuilder/images/IMG_0937-312x416.jpg HTTP/1.1" 200 20123 "http://dotheton.com/index.php?topic=1721.0" "Mozilla/4.0 (compatible; MSIE 8.0; Windows NT 5.1; Trident/4.0; .NET CLR 1.1.4322; .NET CLR 2.0.50727; .NET CLR 3.0.4506.2152; .NET CLR 3.5.30729)" "silverimagingcanada.com"
98.213.131.102 - - [13/Dec/2009:08:47:45 -0800] "GET /sitebuilder/images/IMG_0961-417x308.jpg HTTP/1.0" 200 11717 "http://dotheton.com/index.php?topic=1721.0" "Mozilla/4.0 (compatible; MSIE 8.0; Windows NT 5.1; Trident/4.0; .NET CLR 1.1.4322; .NET CLR 2.0.50727; .NET CLR 3.0.4506.2152; .NET CLR 3.5.30729)" "silverimagingcanada.com"
98.213.131.102 - - [13/Dec/2009:08:50:08 -0800] "GET /sitebuilder/images/img129-405x298.jpg HTTP/1.1" 200 17041 "http://dotheton.com/index.php?topic=1721.15" "Mozilla/4.0 (compatible; MSIE 8.0; Windows NT 5.1; Trident/4.0; .NET CLR 1.1.4322; .NET CLR 2.0.50727; .NET CLR 3.0.4506.2152; .NET CLR 3.5.30729)" "silverimagingcanada.com"
98.213.131.102 - - [13/Dec/2009:08:50:08 -0800] "GET /sitebuilder/images/IMG_1288-451x334.jpg HTTP/1.1" 200 25996 "http://dotheton.com/index.php?topic=1721.15" "Mozilla/4.0 (compatible; MSIE 8.0; Windows NT 5.1; Trident/4.0; .NET CLR 1.1.4322; .NET CLR 2.0.50727; .NET CLR 3.0.4506.2152; .NET CLR 3.5.30729)" "silverimagingcanada.com"
98.213.131.102 - - [13/Dec/2009:08:50:08 -0800] "GET /sitebuilder/images/IMG_1272-351x257.jpg HTTP/1.1" 200 23815 "http://dotheton.com/index.php?topic=1721.15" "Mozilla/4.0 (compatible; MSIE 8.0; Windows NT 5.1; Trident/4.0; .NET CLR 1.1.4322; .NET CLR 2.0.50727; .NET CLR 3.0.4506.2152; .NET CLR 3.5.30729)" "silverimagingcanada.com"
98.213.131.102 - - [13/Dec/2009:08:50:08 -0800] "GET /sitebuilder/images/IMG_1276-406x299.jpg HTTP/1.1" 200 31845 "http://dotheton.com/index.php?topic=1721.15" "Mozilla/4.0 (compatible; MSIE 8.0; Windows NT 5.1; Trident/4.0; .NET CLR 1.1.4322; .NET CLR 2.0.50727; .NET CLR 3.0.4506.2152; .NET CLR 3.5.30729)" "silverimagingcanada.com"
87.250.254.242 - - [13/Dec/2009:13:29:07 -0800] "GET /robots.txt HTTP/1.1" 404 - "-" "Yandex/1.01.001 (compatible; Win16; I)" "www.silverimagingcanada.com"
68.196.100.161 - - [13/Dec/2009:16:02:19 -0800] "GET /sitebuilder/images/IMG_1184-420x310.jpg HTTP/1.1" 200 30969 "http://dotheton.com/index.php?topic=1721.0" "Mozilla/5.0 (Windows; U; Windows NT 5.1; en-US; rv:1.9.0.15) Gecko/2009101601 Firefox/3.0.15" "silverimagingcanada.com"
68.196.100.161 - - [13/Dec/2009:16:02:19 -0800] "GET /sitebuilder/images/img052-374x274.jpg HTTP/1.1" 200 18043 "http://dotheton.com/index.php?topic=1721.0" "Mozilla/5.0 (Windows; U; Windows NT 5.1; en-US; rv:1.9.0.15) Gecko/2009101601 Firefox/3.0.15" "silverimagingcanada.com"
68.196.100.161 - - [13/Dec/2009:16:02:19 -0800] "GET /sitebuilder/images/img053-365x267.jpg HTTP/1.1" 200 19523 "http://dotheton.com/index.php?topic=1721.0" "Mozilla/5.0 (Windows; U; Windows NT 5.1; en-US; rv:1.9.0.15) Gecko/2009101601 Firefox/3.0.15" "silverimagingcanada.com"
68.196.100.161 - - [13/Dec/2009:16:02:19 -0800] "GET /sitebuilder/images/img056-393x289.jpg HTTP/1.1" 200 20721 "http://dotheton.com/index.php?topic=1721.0" "Mozilla/5.0 (Windows; U; Windows NT 5.1; en-US; rv:1.9.0.15) Gecko/2009101601 Firefox/3.0.15" "silverimagingcanada.com"
68.196.100.161 - - [13/Dec/2009:16:02:19 -0800] "GET /sitebuilder/images/IMG_0937-312x416.jpg HTTP/1.1" 200 20123 "http://dotheton.com/index.php?topic=1721.0" "Mozilla/5.0 (Windows; U; Windows NT 5.1; en-US; rv:1.9.0.15) Gecko/2009101601 Firefox/3.0.15" "silverimagingcanada.com"
68.196.100.161 - - [13/Dec/2009:16:02:20 -0800] "GET /sitebuilder/images/IMG_0961-417x308.jpg HTTP/1.1" 200 11717 "http://dotheton.com/index.php?topic=1721.0" "Mozilla/5.0 (Windows; U; Windows NT 5.1; en-US; rv:1.9.0.15) Gecko/2009101601 Firefox/3.0.15" "silverimagingcanada.com"
68.196.100.161 - - [13/Dec/2009:16:04:34 -0800] "GET /sitebuilder/images/img129-405x298.jpg HTTP/1.1" 200 17041 "http://dotheton.com/index.php?topic=1721.15" "Mozilla/5.0 (Windows; U; Windows NT 5.1; en-US; rv:1.9.0.15) Gecko/2009101601 Firefox/3.0.15" "silverimagingcanada.com"
68.196.100.161 - - [13/Dec/2009:16:04:34 -0800] "GET /sitebuilder/images/IMG_1276-406x299.jpg HTTP/1.1" 200 31845 "http://dotheton.com/index.php?topic=1721.15" "Mozilla/5.0 (Windows; U; Windows NT 5.1; en-US; rv:1.9.0.15) Gecko/2009101601 Firefox/3.0.15" "silverimagingcanada.com"
68.196.100.161 - - [13/Dec/2009:16:04:34 -0800] "GET /sitebuilder/images/IMG_1288-451x334.jpg HTTP/1.1" 200 25996 "http://dotheton.com/index.php?topic=1721.15" "Mozilla/5.0 (Windows; U; Windows NT 5.1; en-US; rv:1.9.0.15) Gecko/2009101601 Firefox/3.0.15" "silverimagingcanada.com"
95.108.150.235 - - [13/Dec/2009:16:06:11 -0800] "GET /robots.txt HTTP/1.1" 404 - "-" "Yandex/1.01.001 (compatible; Win16; H)" "www.silverimagingcanada.com"
95.108.150.235 - - [13/Dec/2009:16:06:13 -0800] "GET / HTTP/1.1" 200 1739 "-" "Yandex/1.01.001 (compatible; Win16; H)" "www.silverimagingcanada.com"
95.108.150.235 - - [13/Dec/2009:16:06:14 -0800] "GET /robots.txt HTTP/1.1" 404 - "-" "Yandex/1.01.001 (compatible; Win16; H)" "silverimagingcanada.com"
95.108.150.235 - - [13/Dec/2009:16:06:15 -0800] "GET / HTTP/1.1" 200 1739 "-" "Yandex/1.01.001 (compatible; Win16; H)" "www.silverimagingcanada.com"
95.108.150.235 - - [13/Dec/2009:16:06:16 -0800] "GET / HTTP/1.1" 200 1739 "-" "Yandex/1.01.001 (compatible; Win16; H)" "silverimagingcanada.com"
95.108.150.235 - - [13/Dec/2009:16:06:18 -0800] "GET / HTTP/1.1" 200 1739 "-" "Yandex/1.01.001 (compatible; Win16; H)" "silverimagingcanada.com"
74.196.171.231 - - [13/Dec/2009:19:36:28 -0800] "GET /sitebuilder/images/Gay_DVR_Splash_Screen2-581x435.jpg HTTP/1.1" 200 25628 "http://camerahacks.10.forumer.com/a/change-a-stupid-splash-screen-on-a-dvrcamera_post3239.html" "Mozilla/5.0 (Windows; U; Windows NT 5.1; en-US; rv:1.9.1.5) Gecko/20091102 Firefox/3.5.5" "www.silverimagingcanada.com"
74.196.171.231 - - [13/Dec/2009:19:36:29 -0800] "GET /sitebuilder/images/IMG_0330-444x329.jpg HTTP/1.1" 200 35303 "http://camerahacks.10.forumer.com/a/change-a-stupid-splash-screen-on-a-dvrcamera_post3239.html" "Mozilla/5.0 (Windows; U; Windows NT 5.1; en-US; rv:1.9.1.5) Gecko/20091102 Firefox/3.5.5" "www.silverimagingcanada.com"
74.196.171.231 - - [13/Dec/2009:19:36:29 -0800] "GET /sitebuilder/images/IMG_0342-444x328.jpg HTTP/1.1" 200 14174 "http://camerahacks.10.forumer.com/a/change-a-stupid-splash-screen-on-a-dvrcamera_post3239.html" "Mozilla/5.0 (Windows; U; Windows NT 5.1; en-US; rv:1.9.1.5) Gecko/20091102 Firefox/3.5.5" "www.silverimagingcanada.com"
74.196.171.231 - - [13/Dec/2009:19:36:29 -0800] "GET /sitebuilder/images/IMG_0332-476x353.jpg HTTP/1.1" 200 33138 "http://camerahacks.10.forumer.com/a/change-a-stupid-splash-screen-on-a-dvrcamera_post3239.html" "Mozilla/5.0 (Windows; U; Windows NT 5.1; en-US; rv:1.9.1.5) Gecko/20091102 Firefox/3.5.5" "www.silverimagingcanada.com"
87.250.254.242 - - [13/Dec/2009:20:21:38 -0800] "GET / HTTP/1.1" 200 1739 "-" "Yandex/1.01.001 (compatible; Win16; I)" "www.silverimagingcanada.com"
75.6.253.135 - - [13/Dec/2009:23:48:24 -0800] "GET /sitebuilder/images/IMG_0166-2-336x245.jpg HTTP/1.0" 200 18263 "http://dotheton.com/index.php?action=profile;u=378;sa=showPosts;start=360" "Mozilla/5.0 (Windows; U; Windows NT 5.1; en-US; rv:1.9.1.5) Gecko/20091102 Firefox/3.5.5" "www.silverimagingcanada.com"
75.6.253.135 - - [13/Dec/2009:23:48:24 -0800] "GET /sitebuilder/images/Las_Vegas_034-394x290.jpg HTTP/1.1" 200 29097 "http://dotheton.com/index.php?action=profile;u=378;sa=showPosts;start=360" "Mozilla/5.0 (Windows; U; Windows NT 5.1; en-US; rv:1.9.1.5) Gecko/20091102 Firefox/3.5.5" "www.silverimagingcanada.com"
75.6.253.135 - - [13/Dec/2009:23:48:24 -0800] "GET /sitebuilder/images/IMG_1216-364x267.jpg HTTP/1.0" 200 23168 "http://dotheton.com/index.php?action=profile;u=378;sa=showPosts;start=360" "Mozilla/5.0 (Windows; U; Windows NT 5.1; en-US; rv:1.9.1.5) Gecko/20091102 Firefox/3.5.5" "www.silverimagingcanada.com"
75.6.253.135 - - [13/Dec/2009:23:48:36 -0800] "GET /sitebuilder/images/tank2-272x195.jpg HTTP/1.1" 200 7366 "http://dotheton.com/index.php?action=profile;u=378;sa=showPosts;start=300" "Mozilla/5.0 (Windows; U; Windows NT 5.1; en-US; rv:1.9.1.5) Gecko/20091102 Firefox/3.5.5" "silverimagingcanada.com"
75.6.253.135 - - [13/Dec/2009:23:48:36 -0800] "GET /sitebuilder/images/tank1-257x350.jpg HTTP/1.1" 200 11565 "http://dotheton.com/index.php?action=profile;u=378;sa=showPosts;start=300" "Mozilla/5.0 (Windows; U; Windows NT 5.1; en-US; rv:1.9.1.5) Gecko/20091102 Firefox/3.5.5" "silverimagingcanada.com"
75.6.253.135 - - [13/Dec/2009:23:49:49 -0800] "GET /sitebuilder/images/Bullet_Signals-295x237.jpg HTTP/1.1" 200 16322 "http://dotheton.com/index.php?action=profile;u=378;sa=showPosts;start=195" "Mozilla/5.0 (Windows; U; Windows NT 5.1; en-US; rv:1.9.1.5) Gecko/20091102 Firefox/3.5.5" "silverimagingcanada.com"
75.6.253.135 - - [13/Dec/2009:23:49:49 -0800] "GET /sitebuilder/images/Bullet_Signals2-278x251.jpg HTTP/1.1" 200 18028 "http://dotheton.com/index.php?action=profile;u=378;sa=showPosts;start=195" "Mozilla/5.0 (Windows; U; Windows NT 5.1; en-US; rv:1.9.1.5) Gecko/20091102 Firefox/3.5.5" "silverimagingcanada.com"
75.6.253.135 - - [13/Dec/2009:23:54:04 -0800] "GET /sitebuilder/images/IMG_1184-420x310.jpg HTTP/1.1" 200 30969 "http://dotheton.com/index.php?topic=1721.120" "Mozilla/5.0 (Windows; U; Windows NT 5.1; en-US; rv:1.9.1.5) Gecko/20091102 Firefox/3.5.5" "silverimagingcanada.com"
75.6.253.135 - - [13/Dec/2009:23:55:44 -0800] "GET /sitebuilder/images/img1412-430x317.jpg HTTP/1.1" 200 28270 "http://dotheton.com/index.php?topic=1721.30" "Mozilla/5.0 (Windows; U; Windows NT 5.1; en-US; rv:1.9.1.5) Gecko/20091102 Firefox/3.5.5" "silverimagingcanada.com"
75.6.253.135 - - [13/Dec/2009:23:55:44 -0800] "GET /sitebuilder/images/img138-399x293.jpg HTTP/1.1" 200 24204 "http://dotheton.com/index.php?topic=1721.30" "Mozilla/5.0 (Windows; U; Windows NT 5.1; en-US; rv:1.9.1.5) Gecko/20091102 Firefox/3.5.5" "silverimagingcanada.com"
75.6.253.135 - - [13/Dec/2009:23:55:45 -0800] "GET /sitebuilder/images/img135-317x428.jpg HTTP/1.1" 200 25396 "http://dotheton.com/index.php?topic=1721.30" "Mozilla/5.0 (Windows; U; Windows NT 5.1; en-US; rv:1.9.1.5) Gecko/20091102 Firefox/3.5.5" "silverimagingcanada.com"
75.6.253.135 - - [13/Dec/2009:23:55:45 -0800] "GET /sitebuilder/images/img144-352x257.jpg HTTP/1.1" 200 12721 "http://dotheton.com/index.php?topic=1721.30" "Mozilla/5.0 (Windows; U; Windows NT 5.1; en-US; rv:1.9.1.5) Gecko/20091102 Firefox/3.5.5" "silverimagingcanada.com"
75.6.253.135 - - [13/Dec/2009:23:56:02 -0800] "GET /sitebuilder/images/img129-405x298.jpg HTTP/1.1" 200 17041 "http://dotheton.com/index.php?topic=1721.15" "Mozilla/5.0 (Windows; U; Windows NT 5.1; en-US; rv:1.9.1.5) Gecko/20091102 Firefox/3.5.5" "silverimagingcanada.com"
75.6.253.135 - - [13/Dec/2009:23:56:02 -0800] "GET /sitebuilder/images/IMG_1288-451x334.jpg HTTP/1.1" 200 25996 "http://dotheton.com/index.php?topic=1721.15" "Mozilla/5.0 (Windows; U; Windows NT 5.1; en-US; rv:1.9.1.5) Gecko/20091102 Firefox/3.5.5" "silverimagingcanada.com"
75.6.253.135 - - [13/Dec/2009:23:56:06 -0800] "GET /sitebuilder/images/IMG_1272-351x257.jpg HTTP/1.1" 200 23815 "http://dotheton.com/index.php?topic=1721.15" "Mozilla/5.0 (Windows; U; Windows NT 5.1; en-US; rv:1.9.1.5) Gecko/20091102 Firefox/3.5.5" "silverimagingcanada.com"
75.6.253.135 - - [13/Dec/2009:23:56:39 -0800] "GET /sitebuilder/images/img053-365x267.jpg HTTP/1.1" 200 19523 "http://dotheton.com/index.php?topic=1721.0" "Mozilla/5.0 (Windows; U; Windows NT 5.1; en-US; rv:1.9.1.5) Gecko/20091102 Firefox/3.5.5" "silverimagingcanada.com"
75.6.253.135 - - [13/Dec/2009:23:56:40 -0800] "GET /sitebuilder/images/img056-393x289.jpg HTTP/1.1" 200 20721 "http://dotheton.com/index.php?topic=1721.0" "Mozilla/5.0 (Windows; U; Windows NT 5.1; en-US; rv:1.9.1.5) Gecko/20091102 Firefox/3.5.5" "silverimagingcanada.com"
75.6.253.135 - - [13/Dec/2009:23:56:40 -0800] "GET /sitebuilder/images/IMG_0939-380x278.jpg HTTP/1.1" 200 15324 "http://dotheton.com/index.php?topic=1721.0" "Mozilla/5.0 (Windows; U; Windows NT 5.1; en-US; rv:1.9.1.5) Gecko/20091102 Firefox/3.5.5" "silverimagingcanada.com"
208.80.193.44 - - [14/Dec/2009:03:54:36 -0800] "GET / HTTP/1.0" 200 1723 "-" "Mozilla/4.0 (compatible; MSIE 6.0; Windows NT 5.1; EmbeddedWB 14.52 from: http://www.bsalsa.com/ EmbeddedWB 14.52; .NET CLR 1.1.4322)" "www.silverimagingcanada.com"
87.250.254.242 - - [14/Dec/2009:05:43:25 -0800] "GET /tmp/ HTTP/1.1" 200 520 "-" "Yandex/1.01.001 (compatible; Win16; I)" "www.silverimagingcanada.com"
122.173.247.82 - - [14/Dec/2009:10:15:04 -0800] "GET /favicon.ico HTTP/1.1" 404 - "-" "Mozilla/5.0 (Windows; U; Windows NT 5.1; en-US; rv:1.9.1.5) Gecko/20091102 Firefox/3.5.5 (.NET CLR 3.5.30729)" "www.silverimagingcanada.com"
216.255.240.104 - - [14/Dec/2009:11:18:00 -0800] "GET /sitebuilder/images/IMG_1184-420x310.jpg HTTP/1.1" 200 30969 "http://dotheton.com/index.php?topic=1721.120" "Mozilla/5.0 (Windows; U; Windows NT 5.1; en-US; rv:1.9.0.15) Gecko/2009101601 Firefox/3.0.15 (.NET CLR 3.5.30729)" "silverimagingcanada.com"
74.52.245.146 - - [14/Dec/2009:12:50:42 -0800] "GET / HTTP/1.0" 200 1723 "-" "Mozilla/5.0 (X11; U; Linux i686; en-US; rv:1.7.5) Gecko/20041107 Firefox/1.0" "www.silverimagingcanada.com"
69.58.178.30 - - [14/Dec/2009:20:43:39 -0800] "GET /robots.txt HTTP/1.1" 404 - "-" "Mozilla/5.0 (X11; U; Linux i686; en-US; rv:1.9.1.3; ips-agent) Gecko/20090824 Fedora/1.0.7-1.1.fc4 Firefox/3.5.3" "www.silverimagingcanada.com"
69.58.178.30 - - [14/Dec/2009:20:43:40 -0800] "GET / HTTP/1.1" 200 1739 "-" "Mozilla/5.0 (X11; U; Linux i686; en-US; rv:1.9.1.3; ips-agent) Gecko/20090824 Fedora/1.0.7-1.1.fc4 Firefox/3.5.3" "www.silverimagingcanada.com"
69.58.178.30 - - [14/Dec/2009:20:43:41 -0800] "GET /?N=D HTTP/1.1" 200 1739 "-" "Mozilla/5.0 (X11; U; Linux i686; en-US; rv:1.9.1.3; ips-agent) Gecko/20090824 Fedora/1.0.7-1.1.fc4 Firefox/3.5.3" "www.silverimagingcanada.com"
69.58.178.30 - - [14/Dec/2009:20:43:42 -0800] "GET /?M=A HTTP/1.1" 200 1739 "-" "Mozilla/5.0 (X11; U; Linux i686; en-US; rv:1.9.1.3; ips-agent) Gecko/20090824 Fedora/1.0.7-1.1.fc4 Firefox/3.5.3" "www.silverimagingcanada.com"
69.58.178.30 - - [14/Dec/2009:20:43:43 -0800] "GET /?S=A HTTP/1.1" 200 1739 "-" "Mozilla/5.0 (X11; U; Linux i686; en-US; rv:1.9.1.3; ips-agent) Gecko/20090824 Fedora/1.0.7-1.1.fc4 Firefox/3.5.3" "www.silverimagingcanada.com"
69.58.178.30 - - [14/Dec/2009:20:43:44 -0800] "GET /?D=A HTTP/1.1" 200 1739 "-" "Mozilla/5.0 (X11; U; Linux i686; en-US; rv:1.9.1.3; ips-agent) Gecko/20090824 Fedora/1.0.7-1.1.fc4 Firefox/3.5.3" "www.silverimagingcanada.com"
69.58.178.30 - - [14/Dec/2009:20:43:45 -0800] "GET /clipart/ HTTP/1.1" 200 1350 "-" "Mozilla/5.0 (X11; U; Linux i686; en-US; rv:1.9.1.3; ips-agent) Gecko/20090824 Fedora/1.0.7-1.1.fc4 Firefox/3.5.3" "www.silverimagingcanada.com"
69.58.178.30 - - [14/Dec/2009:20:43:46 -0800] "GET /images/ HTTP/1.1" 200 526 "-" "Mozilla/5.0 (X11; U; Linux i686; en-US; rv:1.9.1.3; ips-agent) Gecko/20090824 Fedora/1.0.7-1.1.fc4 Firefox/3.5.3" "www.silverimagingcanada.com"
69.58.178.30 - - [14/Dec/2009:20:43:47 -0800] "GET /logs/ HTTP/1.1" 200 2231 "-" "Mozilla/5.0 (X11; U; Linux i686; en-US; rv:1.9.1.3; ips-agent) Gecko/20090824 Fedora/1.0.7-1.1.fc4 Firefox/3.5.3" "www.silverimagingcanada.com"
69.58.178.30 - - [14/Dec/2009:20:43:49 -0800] "GET /media/ HTTP/1.1" 200 2086 "-" "Mozilla/5.0 (X11; U; Linux i686; en-US; rv:1.9.1.3; ips-agent) Gecko/20090824 Fedora/1.0.7-1.1.fc4 Firefox/3.5.3" "www.silverimagingcanada.com"
69.58.178.30 - - [14/Dec/2009:20:43:50 -0800] "GET /navigation_bars/ HTTP/1.1" 200 683 "-" "Mozilla/5.0 (X11; U; Linux i686; en-US; rv:1.9.1.3; ips-agent) Gecko/20090824 Fedora/1.0.7-1.1.fc4 Firefox/3.5.3" "www.silverimagingcanada.com"
193.47.80.51 - - [14/Dec/2009:20:45:29 -0800] "GET /robots.txt HTTP/1.1" 404 - "-" "Mozilla/5.0 (compatible; Exabot/3.0; +http://www.exabot.com/go/robot)" "www.silverimagingcanada.com"
193.47.80.51 - - [14/Dec/2009:20:45:29 -0800] "GET /?S=A HTTP/1.1" 200 1739 "-" "Mozilla/5.0 (compatible; Exabot/3.0; +http://www.exabot.com/go/robot)" "www.silverimagingcanada.com"
208.80.193.37 - - [15/Dec/2009:00:46:18 -0800] "GET / HTTP/1.0" 200 1723 "-" "Mozilla/4.0 (compatible; MSIE 7.0; Windows NT 5.1; (R1 1.5); .NET CLR 1.1.4322; IEMB3; SpamBlockerUtility 4.8.6; Windows-Media-Player/10.00.00.3990; IEMB3)" "silverimagingcanada.com"
119.63.198.21 - - [15/Dec/2009:08:20:14 -0800] "GET /robots.txt HTTP/1.1" 404 - "-" "Baiduspider+(+http://www.baidu.com/search/spider.htm)" "www.silverimagingcanada.com"
79.180.233.216 - - [15/Dec/2009:10:47:46 -0800] "GET /sitebuilder/images/Gay_DVR_Splash_Screen2-581x435.jpg HTTP/1.1" 200 25628 "http://camerahacks.10.forumer.com/a/change-a-stupid-splash-screen-on-a-dvrcamera_post3239.html" "Mozilla/4.0 (compatible; MSIE 7.0; Windows NT 5.1; GTB6; .NET CLR 1.1.4322)" "www.silverimagingcanada.com"
208.80.193.26 - - [15/Dec/2009:11:19:03 -0800] "GET / HTTP/1.0" 200 1723 "-" "Mozilla/4.0 (compatible; MSIE 6.0; Windows NT 5.1; SV1; FunWebProducts; IEMB3; .NET CLR 1.0.3705; .NET CLR 1.1.4322; Media Center PC 4.0)" "www.silverimagingcanada.com"
95.108.150.235 - - [15/Dec/2009:16:22:29 -0800] "GET /robots.txt HTTP/1.1" 404 - "-" "Yandex/1.01.001 (compatible; Win16; H)" "silverimagingcanada.com"
95.108.150.235 - - [15/Dec/2009:16:22:30 -0800] "GET / HTTP/1.1" 200 1739 "-" "Yandex/1.01.001 (compatible; Win16; H)" "www.silverimagingcanada.com"
95.108.150.235 - - [15/Dec/2009:16:22:31 -0800] "GET / HTTP/1.1" 200 1739 "-" "Yandex/1.01.001 (compatible; Win16; H)" "silverimagingcanada.com"
95.108.150.235 - - [15/Dec/2009:16:22:32 -0800] "GET / HTTP/1.1" 200 1739 "-" "Yandex/1.01.001 (compatible; Win16; H)" "www.silverimagingcanada.com"
95.108.150.235 - - [15/Dec/2009:16:22:33 -0800] "GET / HTTP/1.1" 200 1739 "-" "Yandex/1.01.001 (compatible; Win16; H)" "silverimagingcanada.com"
83.167.62.165 - - [15/Dec/2009:19:33:26 -0800] "GET /robots.txt HTTP/1.1" 404 - "-" "Mozilla/5.0 (compatible; Exabot/3.0 (BiggerBetter); +http://www.exabot.com/go/robot)" "www.silverimagingcanada.com"
83.167.62.165 - - [15/Dec/2009:19:33:27 -0800] "GET /sitebuilder/server_meta.txt HTTP/1.1" 200 15718 "-" "Mozilla/5.0 (compatible; Exabot/3.0 (BiggerBetter); +http://www.exabot.com/go/robot)" "www.silverimagingcanada.com"
83.167.62.165 - - [15/Dec/2009:19:33:29 -0800] "GET /media/?M=D HTTP/1.1" 200 2086 "-" "Mozilla/5.0 (compatible; Exabot/3.0 (BiggerBetter); +http://www.exabot.com/go/robot)" "www.silverimagingcanada.com"
83.167.62.165 - - [15/Dec/2009:19:33:32 -0800] "GET /scripts/?S=A HTTP/1.1" 200 666 "-" "Mozilla/5.0 (compatible; Exabot/3.0 (BiggerBetter); +http://www.exabot.com/go/robot)" "www.silverimagingcanada.com"
83.167.62.165 - - [15/Dec/2009:19:33:36 -0800] "GET /scripts/?M=A HTTP/1.1" 200 666 "-" "Mozilla/5.0 (compatible; Exabot/3.0 (BiggerBetter); +http://www.exabot.com/go/robot)" "www.silverimagingcanada.com"
66.249.65.104 - - [16/Dec/2009:00:56:13 -0800] "GET /robots.txt HTTP/1.1" 404 - "-" "Googlebot-Image/1.0" "www.silverimagingcanada.com"
66.249.65.66 - - [16/Dec/2009:00:56:13 -0800] "GET /sitebuilder/images/IMG_1114-284x203.jpg HTTP/1.1" 200 11265 "-" "Googlebot-Image/1.0" "www.silverimagingcanada.com"
119.63.198.28 - - [16/Dec/2009:02:12:52 -0800] "GET /robots.txt HTTP/1.1" 404 - "-" "Baiduspider+(+http://www.baidu.com/search/spider.htm)" "www.silverimagingcanada.com"
67.195.112.89 - - [16/Dec/2009:03:25:29 -0800] "GET /robots.txt HTTP/1.0" 404 - "-" "Mozilla/5.0 (compatible; Yahoo! Slurp; http://help.yahoo.com/help/us/ysearch/slurp)" "www.silverimagingcanada.com"
67.195.112.89 - - [16/Dec/2009:03:25:29 -0800] "GET / HTTP/1.0" 200 1723 "-" "Mozilla/5.0 (compatible; Yahoo! Slurp/3.0; http://help.yahoo.com/help/us/ysearch/slurp)" "www.silverimagingcanada.com"
66.249.65.70 - - [16/Dec/2009:03:43:22 -0800] "GET /sitebuilder/images/IMG_1103-675x443.jpg HTTP/1.1" 200 17818 "-" "Googlebot-Image/1.0" "www.silverimagingcanada.com"
67.195.112.89 - - [16/Dec/2009:05:37:34 -0800] "GET /?D=A HTTP/1.0" 200 1723 "-" "Mozilla/5.0 (compatible; Yahoo! Slurp/3.0; http://help.yahoo.com/help/us/ysearch/slurp)" "www.silverimagingcanada.com"
114.80.93.71 - - [16/Dec/2009:07:19:54 -0800] "GET / HTTP/1.1" 200 1739 "-" "Mozilla/4.0 (compatible; MSIE 6.0; Windows NT 5.1)" "www.silverimagingcanada.com"
208.80.193.42 - - [16/Dec/2009:08:05:03 -0800] "GET / HTTP/1.0" 200 1723 "-" "Mozilla/4.0 (compatible; MSIE 7.0; Windows NT 5.1; MathPlayer 2.0; FunWebProducts)" "silverimagingcanada.com"
66.235.124.71 - - [16/Dec/2009:10:07:17 -0800] "GET /sitebuilder/images/IMG_0347-380x279.jpg HTTP/1.0" 200 23443 "-" "Mozilla/5.0 (compatible; Ask Jeeves/Teoma; +http://about.ask.com/en/docs/about/webmasters.shtml)" "www.silverimagingcanada.com"
124.115.6.15 - - [16/Dec/2009:10:16:28 -0800] "GET /robots.txt HTTP/1.1" 404 - "-" "Sosospider+(+http://help.soso.com/webspider.htm)" "www.silverimagingcanada.com"
193.47.80.51 - - [16/Dec/2009:10:40:11 -0800] "GET /robots.txt HTTP/1.1" 404 - "-" "Mozilla/5.0 (compatible; Exabot/3.0; +http://www.exabot.com/go/robot)" "www.silverimagingcanada.com"
193.47.80.51 - - [16/Dec/2009:10:40:11 -0800] "GET /tmp/ HTTP/1.1" 200 520 "-" "Mozilla/5.0 (compatible; Exabot/3.0; +http://www.exabot.com/go/robot)" "www.silverimagingcanada.com"
87.250.254.242 - - [16/Dec/2009:12:28:04 -0800] "GET /robots.txt HTTP/1.1" 404 - "-" "Yandex/1.01.001 (compatible; Win16; I)" "www.silverimagingcanada.com"
195.210.57.83 - - [16/Dec/2009:13:25:01 -0800] "GET /robots.txt HTTP/1.0" 404 - "-" "Mozilla/5.0 (compatible; KaloogaBot; http://www.kalooga.com/info.html?page=crawler)" "www.silverimagingcanada.com"
195.210.57.83 - - [16/Dec/2009:13:25:01 -0800] "GET /?N=D HTTP/1.0" 200 1723 "-" "Mozilla/5.0 (compatible; KaloogaBot; http://www.kalooga.com/info.html?page=crawler)" "www.silverimagingcanada.com"
208.80.193.29 - - [16/Dec/2009:18:32:26 -0800] "GET / HTTP/1.0" 200 1723 "-" "Mozilla/4.0 (compatible; MSIE 6.0; Windows NT 5.0; OptusIE55-31; FunWebProducts)" "www.silverimagingcanada.com"
71.197.244.31 - - [16/Dec/2009:18:36:25 -0800] "GET /sitebuilder/images/img052-374x274.jpg HTTP/1.1" 200 18043 "http://dotheton.com/index.php?topic=1721.0" "Mozilla/5.0 (Windows; U; Windows NT 6.0; en-US; rv:1.9.1.6) Gecko/20091201 Firefox/3.5.6 (.NET CLR 3.5.30729)" "silverimagingcanada.com"
71.197.244.31 - - [16/Dec/2009:18:36:25 -0800] "GET /sitebuilder/images/img053-365x267.jpg HTTP/1.1" 200 19523 "http://dotheton.com/index.php?topic=1721.0" "Mozilla/5.0 (Windows; U; Windows NT 6.0; en-US; rv:1.9.1.6) Gecko/20091201 Firefox/3.5.6 (.NET CLR 3.5.30729)" "silverimagingcanada.com"
71.197.244.31 - - [16/Dec/2009:18:36:25 -0800] "GET /sitebuilder/images/img056-393x289.jpg HTTP/1.1" 200 20721 "http://dotheton.com/index.php?topic=1721.0" "Mozilla/5.0 (Windows; U; Windows NT 6.0; en-US; rv:1.9.1.6) Gecko/20091201 Firefox/3.5.6 (.NET CLR 3.5.30729)" "silverimagingcanada.com"
71.197.244.31 - - [16/Dec/2009:18:36:25 -0800] "GET /sitebuilder/images/IMG_1184-420x310.jpg HTTP/1.1" 200 30969 "http://dotheton.com/index.php?topic=1721.0" "Mozilla/5.0 (Windows; U; Windows NT 6.0; en-US; rv:1.9.1.6) Gecko/20091201 Firefox/3.5.6 (.NET CLR 3.5.30729)" "silverimagingcanada.com"
71.197.244.31 - - [16/Dec/2009:18:36:25 -0800] "GET /sitebuilder/images/IMG_0939-380x278.jpg HTTP/1.1" 200 15324 "http://dotheton.com/index.php?topic=1721.0" "Mozilla/5.0 (Windows; U; Windows NT 6.0; en-US; rv:1.9.1.6) Gecko/20091201 Firefox/3.5.6 (.NET CLR 3.5.30729)" "silverimagingcanada.com"
71.197.244.31 - - [16/Dec/2009:18:36:25 -0800] "GET /sitebuilder/images/IMG_0937-312x416.jpg HTTP/1.1" 200 20123 "http://dotheton.com/index.php?topic=1721.0" "Mozilla/5.0 (Windows; U; Windows NT 6.0; en-US; rv:1.9.1.6) Gecko/20091201 Firefox/3.5.6 (.NET CLR 3.5.30729)" "silverimagingcanada.com"
71.197.244.31 - - [16/Dec/2009:18:36:25 -0800] "GET /sitebuilder/images/IMG_0961-417x308.jpg HTTP/1.1" 200 11717 "http://dotheton.com/index.php?topic=1721.0" "Mozilla/5.0 (Windows; U; Windows NT 6.0; en-US; rv:1.9.1.6) Gecko/20091201 Firefox/3.5.6 (.NET CLR 3.5.30729)" "silverimagingcanada.com"
87.250.254.242 - - [16/Dec/2009:22:48:39 -0800] "GET / HTTP/1.1" 200 1739 "-" "Yandex/1.01.001 (compatible; Win16; I)" "www.silverimagingcanada.com"
95.108.150.235 - - [17/Dec/2009:01:20:35 -0800] "GET /robots.txt HTTP/1.1" 404 - "-" "Yandex/1.01.001 (compatible; Win16; H)" "www.silverimagingcanada.com"
95.108.150.235 - - [17/Dec/2009:01:20:37 -0800] "GET / HTTP/1.1" 200 1739 "-" "Yandex/1.01.001 (compatible; Win16; H)" "www.silverimagingcanada.com"
95.108.150.235 - - [17/Dec/2009:01:20:39 -0800] "GET / HTTP/1.1" 200 1739 "-" "Yandex/1.01.001 (compatible; Win16; H)" "www.silverimagingcanada.com"
95.108.150.235 - - [17/Dec/2009:01:20:40 -0800] "GET /robots.txt HTTP/1.1" 404 - "-" "Yandex/1.01.001 (compatible; Win16; H)" "silverimagingcanada.com"
95.108.150.235 - - [17/Dec/2009:01:20:42 -0800] "GET / HTTP/1.1" 200 1739 "-" "Yandex/1.01.001 (compatible; Win16; H)" "silverimagingcanada.com"
95.108.150.235 - - [17/Dec/2009:01:20:43 -0800] "GET / HTTP/1.1" 200 1739 "-" "Yandex/1.01.001 (compatible; Win16; H)" "silverimagingcanada.com"
174.129.19.16 - - [17/Dec/2009:02:07:52 -0800] "GET / HTTP/1.1" 200 1739 "-" "Mozilla/5.0 (compatible; Firefox Addon; Windows XP 5.1)" "silverimagingcanada.com"
67.195.112.89 - - [17/Dec/2009:08:17:39 -0800] "GET /robots.txt HTTP/1.0" 404 - "-" "Mozilla/5.0 (compatible; Yahoo! Slurp; http://help.yahoo.com/help/us/ysearch/slurp)" "www.silverimagingcanada.com"
67.195.112.89 - - [17/Dec/2009:08:17:40 -0800] "GET /clipart/buttons/blank/ HTTP/1.0" 200 703 "-" "Mozilla/5.0 (compatible; Yahoo! Slurp/3.0; http://help.yahoo.com/help/us/ysearch/slurp)" "www.silverimagingcanada.com"
114.80.93.71 - - [17/Dec/2009:09:38:11 -0800] "GET / HTTP/1.1" 200 1739 "-" "Mozilla/4.0 (compatible; MSIE 6.0; Windows NT 5.1)" "www.silverimagingcanada.com"
124.115.6.15 - - [17/Dec/2009:11:54:23 -0800] "GET /robots.txt HTTP/1.0" 404 - "-" "Sosospider+(+http://help.soso.com/webspider.htm)" "www.silverimagingcanada.com"
67.195.112.89 - - [17/Dec/2009:14:23:46 -0800] "GET /sitebuilder/ HTTP/1.0" 200 932 "-" "Mozilla/5.0 (compatible; Yahoo! Slurp/3.0; http://help.yahoo.com/help/us/ysearch/slurp)" "www.silverimagingcanada.com"
208.80.193.27 - - [17/Dec/2009:15:41:24 -0800] "GET / HTTP/1.0" 200 1723 "-" "Mozilla/4.0 (compatible; MSIE 6.0; Windows NT 5.1; SV1; iebar; acc=; acc=none; (none))" "silverimagingcanada.com"
58.61.164.140 - - [17/Dec/2009:16:03:53 -0800] "GET / HTTP/1.1" 200 1739 "-" "Mozilla/4.0 (compatible; MSIE 6.0; Windows NT 5.1)" "www.silverimagingcanada.com"
58.61.164.139 - - [17/Dec/2009:16:21:21 -0800] "GET / HTTP/1.1" 200 1739 "-" "Mozilla/4.0 (compatible; MSIE 6.0; Windows NT 5.1)" "www.silverimagingcanada.com"
58.61.164.40 - - [17/Dec/2009:16:21:22 -0800] "GET / HTTP/1.1" 200 1739 "-" "Mozilla/4.0 (compatible; MSIE 6.0; Windows NT 5.1)" "www.silverimagingcanada.com"
58.61.164.39 - - [17/Dec/2009:16:22:45 -0800] "GET / HTTP/1.1" 200 1739 "-" "Mozilla/4.0 (compatible; MSIE 6.0; Windows NT 5.1)" "www.silverimagingcanada.com"
58.61.164.141 - - [17/Dec/2009:16:36:10 -0800] "GET / HTTP/1.1" 200 1739 "-" "Mozilla/4.0 (compatible; MSIE 6.0; Windows NT 5.1)" "www.silverimagingcanada.com"
124.115.1.8 - - [17/Dec/2009:16:38:41 -0800] "GET / HTTP/1.1" 200 1739 "-" "Mozilla/4.0 (compatible; MSIE 6.0; Windows NT 5.1)" "www.silverimagingcanada.com"
124.115.1.7 - - [17/Dec/2009:16:39:53 -0800] "GET / HTTP/1.1" 200 1739 "-" "Mozilla/4.0 (compatible; MSIE 6.0; Windows NT 5.1)" "www.silverimagingcanada.com"
66.235.124.71 - - [17/Dec/2009:17:40:42 -0800] "GET /sitebuilder/images/IMG_0166-355x260.jpg HTTP/1.0" 200 20599 "-" "Mozilla/5.0 (compatible; Ask Jeeves/Teoma; +http://about.ask.com/en/docs/about/webmasters.shtml)" "www.silverimagingcanada.com"
88.131.106.7 - - [17/Dec/2009:20:02:46 -0800] "GET / HTTP/1.0" 200 1723 "-" "Speedy Spider (http://www.entireweb.com/about/search_tech/speedy_spider/)" "silverimagingcanada.com"
68.178.201.134 - - [17/Dec/2009:21:01:02 -0800] "GET / HTTP/1.1" 200 1739 "-" "-" "www.silverimagingcanada.com"
193.47.80.51 - - [18/Dec/2009:00:33:47 -0800] "GET /robots.txt HTTP/1.1" 404 - "-" "Mozilla/5.0 (compatible; Exabot/3.0; +http://www.exabot.com/go/robot)" "www.silverimagingcanada.com"
193.47.80.51 - - [18/Dec/2009:00:33:47 -0800] "GET /?N=A HTTP/1.1" 200 1739 "-" "Mozilla/5.0 (compatible; Exabot/3.0; +http://www.exabot.com/go/robot)" "www.silverimagingcanada.com"
208.80.193.30 - - [18/Dec/2009:02:12:09 -0800] "GET / HTTP/1.0" 200 1723 "-" "Mozilla/4.0 (compatible; MSIE 6.0; Windows NT 5.1; SV1; .NET CLR 1.1.4322; InfoPath.1; HbTools 4.8.2)" "www.silverimagingcanada.com"
67.195.112.89 - - [18/Dec/2009:03:06:35 -0800] "GET /robots.txt HTTP/1.0" 404 - "-" "Mozilla/5.0 (compatible; Yahoo! Slurp; http://help.yahoo.com/help/us/ysearch/slurp)" "www.silverimagingcanada.com"
67.195.112.89 - - [18/Dec/2009:03:06:36 -0800] "GET /cammod.html HTTP/1.0" 404 - "-" "Mozilla/5.0 (compatible; Yahoo! Slurp/3.0; http://help.yahoo.com/help/us/ysearch/slurp)" "www.silverimagingcanada.com"
83.167.62.165 - - [18/Dec/2009:04:58:03 -0800] "GET /robots.txt HTTP/1.1" 404 - "-" "Mozilla/5.0 (compatible; Exabot/3.0 (BiggerBetter); +http://www.exabot.com/go/robot)" "www.silverimagingcanada.com"
83.167.62.165 - - [18/Dec/2009:04:58:03 -0800] "GET /media/?D=D HTTP/1.1" 200 2086 "-" "Mozilla/5.0 (compatible; Exabot/3.0 (BiggerBetter); +http://www.exabot.com/go/robot)" "www.silverimagingcanada.com"
195.210.57.83 - - [18/Dec/2009:05:08:01 -0800] "GET /robots.txt HTTP/1.0" 404 - "-" "Mozilla/5.0 (compatible; KaloogaBot; http://www.kalooga.com/info.html?page=crawler)" "www.silverimagingcanada.com"
195.210.57.83 - - [18/Dec/2009:05:08:01 -0800] "GET /?N=D HTTP/1.0" 200 1723 "-" "Mozilla/5.0 (compatible; KaloogaBot; http://www.kalooga.com/info.html?page=crawler)" "www.silverimagingcanada.com"
87.250.252.242 - - [18/Dec/2009:11:08:36 -0800] "GET /robots.txt HTTP/1.1" 404 - "-" "Yandex/1.01.001 (compatible; Win16; I)" "www.silverimagingcanada.com"
114.80.93.71 - - [18/Dec/2009:11:32:59 -0800] "GET / HTTP/1.1" 200 1739 "-" "Mozilla/4.0 (compatible; MSIE 6.0; Windows NT 5.1)" "www.silverimagingcanada.com"
193.47.80.51 - - [18/Dec/2009:11:46:23 -0800] "GET /logs/ HTTP/1.1" 200 2231 "-" "Mozilla/5.0 (compatible; Exabot/3.0; +http://www.exabot.com/go/robot)" "www.silverimagingcanada.com"
124.115.6.15 - - [18/Dec/2009:13:33:01 -0800] "GET /robots.txt HTTP/1.1" 404 - "-" "Sosospider+(+http://help.soso.com/webspider.htm)" "www.silverimagingcanada.com"
67.195.112.89 - - [18/Dec/2009:15:03:51 -0800] "GET /images/?M=A HTTP/1.0" 200 510 "-" "Mozilla/5.0 (compatible; Yahoo! Slurp/3.0; http://help.yahoo.com/help/us/ysearch/slurp)" "www.silverimagingcanada.com"
94.178.112.118 - - [18/Dec/2009:15:11:53 -0800] "GET /sitebuilder/images/Gay_DVR_Splash_Screen2-581x435.jpg HTTP/1.1" 200 25628 "http://camerahacks.10.forumer.com/a/change-a-stupid-splash-screen-on-a-dvrcamera_post3239.html" "Opera/9.80 (Windows NT 5.1; U; ru) Presto/2.2.15 Version/10.00" "www.silverimagingcanada.com"
94.178.112.118 - - [18/Dec/2009:15:11:53 -0800] "GET /sitebuilder/images/IMG_0332-476x353.jpg HTTP/1.1" 200 33138 "http://camerahacks.10.forumer.com/a/change-a-stupid-splash-screen-on-a-dvrcamera_post3239.html" "Opera/9.80 (Windows NT 5.1; U; ru) Presto/2.2.15 Version/10.00" "www.silverimagingcanada.com"
94.178.112.118 - - [18/Dec/2009:15:11:53 -0800] "GET /sitebuilder/images/IMG_0342-444x328.jpg HTTP/1.1" 200 14174 "http://camerahacks.10.forumer.com/a/change-a-stupid-splash-screen-on-a-dvrcamera_post3239.html" "Opera/9.80 (Windows NT 5.1; U; ru) Presto/2.2.15 Version/10.00" "www.silverimagingcanada.com"
94.178.112.118 - - [18/Dec/2009:15:11:53 -0800] "GET /sitebuilder/images/IMG_0330-444x329.jpg HTTP/1.1" 200 35303 "http://camerahacks.10.forumer.com/a/change-a-stupid-splash-screen-on-a-dvrcamera_post3239.html" "Opera/9.80 (Windows NT 5.1; U; ru) Presto/2.2.15 Version/10.00" "www.silverimagingcanada.com"
114.80.93.71 - - [18/Dec/2009:17:16:28 -0800] "GET / HTTP/1.1" 200 1739 "-" "Mozilla/4.0 (compatible; MSIE 6.0; Windows NT 5.1)" "www.silverimagingcanada.com"
58.61.164.39 - - [18/Dec/2009:17:41:14 -0800] "GET / HTTP/1.1" 200 1739 "-" "Mozilla/4.0 (compatible; MSIE 6.0; Windows NT 5.1)" "www.silverimagingcanada.com"
124.115.1.7 - - [18/Dec/2009:18:10:34 -0800] "GET / HTTP/1.1" 200 1739 "-" "Mozilla/4.0 (compatible; MSIE 6.0; Windows NT 5.1)" "www.silverimagingcanada.com"
58.61.164.40 - - [18/Dec/2009:18:30:41 -0800] "GET / HTTP/1.1" 200 1739 "-" "Mozilla/4.0 (compatible; MSIE 6.0; Windows NT 5.1)" "www.silverimagingcanada.com"
58.61.164.139 - - [18/Dec/2009:18:45:07 -0800] "GET / HTTP/1.1" 200 1739 "-" "Mozilla/4.0 (compatible; MSIE 6.0; Windows NT 5.1)" "www.silverimagingcanada.com"
58.61.164.140 - - [18/Dec/2009:19:22:41 -0800] "GET / HTTP/1.1" 200 1739 "-" "Mozilla/4.0 (compatible; MSIE 6.0; Windows NT 5.1)" "www.silverimagingcanada.com"
124.115.1.8 - - [18/Dec/2009:19:24:15 -0800] "GET / HTTP/1.1" 200 1739 "-" "Mozilla/4.0 (compatible; MSIE 6.0; Windows NT 5.1)" "www.silverimagingcanada.com"
67.195.112.89 - - [18/Dec/2009:19:44:51 -0800] "GET /robots.txt HTTP/1.0" 404 - "-" "Mozilla/5.0 (compatible; Yahoo! Slurp; http://help.yahoo.com/help/us/ysearch/slurp)" "www.silverimagingcanada.com"
67.195.112.89 - - [18/Dec/2009:19:44:51 -0800] "GET /tmp/ HTTP/1.0" 200 504 "-" "Mozilla/5.0 (compatible; Yahoo! Slurp/3.0; http://help.yahoo.com/help/us/ysearch/slurp)" "www.silverimagingcanada.com"
58.61.164.141 - - [18/Dec/2009:20:34:05 -0800] "GET / HTTP/1.1" 200 1739 "-" "Mozilla/4.0 (compatible; MSIE 6.0; Windows NT 5.1)" "www.silverimagingcanada.com"
67.195.112.51 - - [18/Dec/2009:20:43:04 -0800] "GET /robots.txt HTTP/1.0" 404 - "-" "Mozilla/5.0 (compatible; Yahoo! Slurp; http://help.yahoo.com/help/us/ysearch/slurp)" "silverimagingcanada.com"
67.195.112.51 - - [18/Dec/2009:20:43:04 -0800] "GET /Products.html HTTP/1.0" 404 - "-" "Mozilla/5.0 (compatible; Yahoo! Slurp/3.0; http://help.yahoo.com/help/us/ysearch/slurp)" "silverimagingcanada.com"
67.195.112.89 - - [18/Dec/2009:20:52:20 -0800] "GET /media/ HTTP/1.0" 200 2070 "-" "Mozilla/5.0 (compatible; Yahoo! Slurp/3.0; http://help.yahoo.com/help/us/ysearch/slurp)" "www.silverimagingcanada.com"
87.250.252.242 - - [18/Dec/2009:21:10:52 -0800] "GET /tmp/ HTTP/1.1" 200 520 "-" "Yandex/1.01.001 (compatible; Win16; I)" "www.silverimagingcanada.com"
208.80.193.27 - - [18/Dec/2009:23:41:58 -0800] "GET / HTTP/1.0" 200 1723 "-" "Mozilla/4.0 (compatible; MSIE 6.0; Windows NT 5.1; SV1; .NET CLR 1.1.4322; SpamBlockerUtility 4.6.1; .NET CLR 2.0.50727)" "silverimagingcanada.com"
67.195.112.89 - - [18/Dec/2009:23:49:17 -0800] "GET /clipart/ HTTP/1.0" 200 1334 "-" "Mozilla/5.0 (compatible; Yahoo! Slurp/3.0; http://help.yahoo.com/help/us/ysearch/slurp)" "www.silverimagingcanada.com"
72.236.167.154 - - [19/Dec/2009:04:45:15 -0800] "GET /cammod.html HTTP/1.1" 404 - "-" "Mozilla/4.0 (compatible; MSIE 6.0; Windows NT 5.1; SV1)" "www.silverimagingcanada.com"
79.120.127.41 - - [19/Dec/2009:04:45:31 -0800] "GET /cammod.html HTTP/1.1" 404 - "-" "Mozilla/4.0 (compatible; MSIE 6.0; Windows NT 5.1; SV1)" "www.silverimagingcanada.com"
89.110.34.122 - - [19/Dec/2009:04:45:36 -0800] "GET /cammod.html HTTP/1.1" 404 - "-" "Mozilla/4.0 (compatible; MSIE 6.0; Windows NT 5.1; SV1)" "www.silverimagingcanada.com"
114.80.93.71 - - [19/Dec/2009:10:17:39 -0800] "GET / HTTP/1.1" 200 1739 "-" "Mozilla/4.0 (compatible; MSIE 6.0; Windows NT 5.1)" "www.silverimagingcanada.com"
75.93.156.66 - - [19/Dec/2009:10:30:51 -0800] "GET /sitebuilder/images/IMG_1184-420x310.jpg HTTP/1.1" 200 30969 "http://dotheton.com/index.php?topic=1721.120" "Mozilla/5.0 (Windows; U; Windows NT 6.0; en-US; rv:1.9.0.15) Gecko/2009101601 Firefox/3.0.15 (.NET CLR 3.5.30729)" "silverimagingcanada.com"
208.80.193.53 - - [19/Dec/2009:10:47:02 -0800] "GET / HTTP/1.0" 200 1723 "-" "Mozilla/4.0 (compatible; MSIE 7.0; Windows NT 5.1; BT Openworld BB; .NET CLR 1.1.4322; .NET CLR 2.0.50727)" "www.silverimagingcanada.com"
95.108.150.235 - - [19/Dec/2009:11:07:11 -0800] "GET /robots.txt HTTP/1.1" 404 - "-" "Yandex/1.01.001 (compatible; Win16; H)" "www.silverimagingcanada.com"
95.108.150.235 - - [19/Dec/2009:11:07:12 -0800] "GET /robots.txt HTTP/1.1" 404 - "-" "Yandex/1.01.001 (compatible; Win16; H)" "silverimagingcanada.com"
95.108.150.235 - - [19/Dec/2009:11:07:13 -0800] "GET / HTTP/1.1" 200 1739 "-" "Yandex/1.01.001 (compatible; Win16; H)" "silverimagingcanada.com"
95.108.150.235 - - [19/Dec/2009:11:07:14 -0800] "GET / HTTP/1.1" 200 1739 "-" "Yandex/1.01.001 (compatible; Win16; H)" "silverimagingcanada.com"
95.108.150.235 - - [19/Dec/2009:11:07:16 -0800] "GET / HTTP/1.1" 200 1739 "-" "Yandex/1.01.001 (compatible; Win16; H)" "www.silverimagingcanada.com"
95.108.150.235 - - [19/Dec/2009:11:07:18 -0800] "GET / HTTP/1.1" 200 1739 "-" "Yandex/1.01.001 (compatible; Win16; H)" "www.silverimagingcanada.com"
66.249.65.102 - - [19/Dec/2009:11:07:18 -0800] "GET /robots.txt HTTP/1.1" 404 - "-" "Mozilla/5.0 (compatible; Googlebot/2.1; +http://www.google.com/bot.html)" "www.silverimagingcanada.com"
66.249.65.87 - - [19/Dec/2009:11:07:18 -0800] "GET /video HTTP/1.1" 404 - "-" "Mozilla/5.0 (compatible; Googlebot/2.1; +http://www.google.com/bot.html)" "www.silverimagingcanada.com"
65.55.207.53 - - [19/Dec/2009:11:11:38 -0800] "GET /robots.txt HTTP/1.1" 404 - "-" "msnbot/2.0b (+http://search.msn.com/msnbot.htm)" "silverimagingcanada.com"
67.195.112.89 - - [19/Dec/2009:11:21:57 -0800] "GET /robots.txt HTTP/1.0" 404 - "-" "Mozilla/5.0 (compatible; Yahoo! Slurp; http://help.yahoo.com/help/us/ysearch/slurp)" "www.silverimagingcanada.com"
67.195.112.89 - - [19/Dec/2009:11:21:57 -0800] "GET /aboutus.html HTTP/1.0" 404 - "-" "Mozilla/5.0 (compatible; Yahoo! Slurp/3.0; http://help.yahoo.com/help/us/ysearch/slurp)" "www.silverimagingcanada.com"
65.55.207.53 - - [19/Dec/2009:12:00:12 -0800] "GET /logs/ HTTP/1.1" 200 2088 "-" "msnbot/2.0b (+http://search.msn.com/msnbot.htm)" "silverimagingcanada.com"
207.194.66.105 - - [19/Dec/2009:13:37:01 -0800] "GET /sitebuilder/images/IMG_1216-364x267.jpg HTTP/1.1" 200 23168 "http://dotheton.com/index.php?topic=1443.0" "Mozilla/4.0 (compatible; MSIE 7.0; Windows NT 5.1; .NET CLR 1.1.4322; .NET CLR 2.0.50727; .NET CLR 3.0.4506.2152; .NET CLR 3.5.30729)" "www.silverimagingcanada.com"
207.194.66.105 - - [19/Dec/2009:13:37:01 -0800] "GET /sitebuilder/images/IMG_0166-2-336x245.jpg HTTP/1.1" 200 18263 "http://dotheton.com/index.php?topic=1443.0" "Mozilla/4.0 (compatible; MSIE 7.0; Windows NT 5.1; .NET CLR 1.1.4322; .NET CLR 2.0.50727; .NET CLR 3.0.4506.2152; .NET CLR 3.5.30729)" "www.silverimagingcanada.com"
207.194.66.105 - - [19/Dec/2009:13:37:03 -0800] "GET /sitebuilder/images/Las_Vegas_034-394x290.jpg HTTP/1.1" 200 29097 "http://dotheton.com/index.php?topic=1443.0" "Mozilla/4.0 (compatible; MSIE 7.0; Windows NT 5.1; .NET CLR 1.1.4322; .NET CLR 2.0.50727; .NET CLR 3.0.4506.2152; .NET CLR 3.5.30729)" "www.silverimagingcanada.com"
75.101.242.106 - - [19/Dec/2009:14:20:38 -0800] "GET /robots.txt HTTP/1.0" 404 - "-" "SheenBot/SheenBot-1.0.2 (Sheen web crawler)" "www.silverimagingcanada.com"
75.101.242.106 - - [19/Dec/2009:14:20:38 -0800] "GET / HTTP/1.0" 200 1723 "-" "SheenBot/SheenBot-1.0.2 (Sheen web crawler)" "www.silverimagingcanada.com"
124.115.6.15 - - [19/Dec/2009:15:22:05 -0800] "GET /robots.txt HTTP/1.1" 404 - "-" "Sosospider+(+http://help.soso.com/webspider.htm)" "www.silverimagingcanada.com"
114.80.93.71 - - [19/Dec/2009:17:37:40 -0800] "GET / HTTP/1.1" 200 1739 "-" "Mozilla/4.0 (compatible; MSIE 6.0; Windows NT 5.1)" "www.silverimagingcanada.com"
97.82.29.171 - - [19/Dec/2009:17:42:18 -0800] "GET /sitebuilder/images/IMG_1184-420x310.jpg HTTP/1.1" 200 30969 "http://dotheton.com/index.php?topic=1721.0" "Mozilla/4.0 (compatible; MSIE 7.0; Windows NT 6.0; SLCC1; .NET CLR 2.0.50727; Media Center PC 5.0; InfoPath.2; .NET CLR 3.5.30729; .NET CLR 3.0.30618; NET_mmhpset)" "silverimagingcanada.com"
97.82.29.171 - - [19/Dec/2009:17:42:18 -0800] "GET /sitebuilder/images/img053-365x267.jpg HTTP/1.1" 200 19523 "http://dotheton.com/index.php?topic=1721.0" "Mozilla/4.0 (compatible; MSIE 7.0; Windows NT 6.0; SLCC1; .NET CLR 2.0.50727; Media Center PC 5.0; InfoPath.2; .NET CLR 3.5.30729; .NET CLR 3.0.30618; NET_mmhpset)" "silverimagingcanada.com"
97.82.29.171 - - [19/Dec/2009:17:42:19 -0800] "GET /sitebuilder/images/img052-374x274.jpg HTTP/1.1" 200 18043 "http://dotheton.com/index.php?topic=1721.0" "Mozilla/4.0 (compatible; MSIE 7.0; Windows NT 6.0; SLCC1; .NET CLR 2.0.50727; Media Center PC 5.0; InfoPath.2; .NET CLR 3.5.30729; .NET CLR 3.0.30618; NET_mmhpset)" "silverimagingcanada.com"
97.82.29.171 - - [19/Dec/2009:17:42:19 -0800] "GET /sitebuilder/images/img056-393x289.jpg HTTP/1.1" 200 20721 "http://dotheton.com/index.php?topic=1721.0" "Mozilla/4.0 (compatible; MSIE 7.0; Windows NT 6.0; SLCC1; .NET CLR 2.0.50727; Media Center PC 5.0; InfoPath.2; .NET CLR 3.5.30729; .NET CLR 3.0.30618; NET_mmhpset)" "silverimagingcanada.com"
97.82.29.171 - - [19/Dec/2009:17:42:19 -0800] "GET /sitebuilder/images/IMG_0939-380x278.jpg HTTP/1.1" 200 15324 "http://dotheton.com/index.php?topic=1721.0" "Mozilla/4.0 (compatible; MSIE 7.0; Windows NT 6.0; SLCC1; .NET CLR 2.0.50727; Media Center PC 5.0; InfoPath.2; .NET CLR 3.5.30729; .NET CLR 3.0.30618; NET_mmhpset)" "silverimagingcanada.com"
97.82.29.171 - - [19/Dec/2009:17:42:19 -0800] "GET /sitebuilder/images/IMG_0937-312x416.jpg HTTP/1.1" 200 20123 "http://dotheton.com/index.php?topic=1721.0" "Mozilla/4.0 (compatible; MSIE 7.0; Windows NT 6.0; SLCC1; .NET CLR 2.0.50727; Media Center PC 5.0; InfoPath.2; .NET CLR 3.5.30729; .NET CLR 3.0.30618; NET_mmhpset)" "silverimagingcanada.com"
97.82.29.171 - - [19/Dec/2009:17:42:19 -0800] "GET /sitebuilder/images/IMG_0961-417x308.jpg HTTP/1.1" 200 11717 "http://dotheton.com/index.php?topic=1721.0" "Mozilla/4.0 (compatible; MSIE 7.0; Windows NT 6.0; SLCC1; .NET CLR 2.0.50727; Media Center PC 5.0; InfoPath.2; .NET CLR 3.5.30729; .NET CLR 3.0.30618; NET_mmhpset)" "silverimagingcanada.com"
97.82.29.171 - - [19/Dec/2009:17:45:52 -0800] "GET /sitebuilder/images/IMG_1288-451x334.jpg HTTP/1.1" 200 25996 "http://dotheton.com/index.php?topic=1721.15" "Mozilla/4.0 (compatible; MSIE 7.0; Windows NT 6.0; SLCC1; .NET CLR 2.0.50727; Media Center PC 5.0; InfoPath.2; .NET CLR 3.5.30729; .NET CLR 3.0.30618; NET_mmhpset)" "silverimagingcanada.com"
97.82.29.171 - - [19/Dec/2009:17:45:52 -0800] "GET /sitebuilder/images/img129-405x298.jpg HTTP/1.1" 200 17041 "http://dotheton.com/index.php?topic=1721.15" "Mozilla/4.0 (compatible; MSIE 7.0; Windows NT 6.0; SLCC1; .NET CLR 2.0.50727; Media Center PC 5.0; InfoPath.2; .NET CLR 3.5.30729; .NET CLR 3.0.30618; NET_mmhpset)" "silverimagingcanada.com"
97.82.29.171 - - [19/Dec/2009:17:45:53 -0800] "GET /sitebuilder/images/IMG_1276-406x299.jpg HTTP/1.1" 200 31845 "http://dotheton.com/index.php?topic=1721.15" "Mozilla/4.0 (compatible; MSIE 7.0; Windows NT 6.0; SLCC1; .NET CLR 2.0.50727; Media Center PC 5.0; InfoPath.2; .NET CLR 3.5.30729; .NET CLR 3.0.30618; NET_mmhpset)" "silverimagingcanada.com"
97.82.29.171 - - [19/Dec/2009:17:45:53 -0800] "GET /sitebuilder/images/IMG_1272-351x257.jpg HTTP/1.1" 200 23815 "http://dotheton.com/index.php?topic=1721.15" "Mozilla/4.0 (compatible; MSIE 7.0; Windows NT 6.0; SLCC1; .NET CLR 2.0.50727; Media Center PC 5.0; InfoPath.2; .NET CLR 3.5.30729; .NET CLR 3.0.30618; NET_mmhpset)" "silverimagingcanada.com"
97.82.29.171 - - [19/Dec/2009:17:47:32 -0800] "GET /sitebuilder/images/img138-399x293.jpg HTTP/1.1" 200 24204 "http://dotheton.com/index.php?topic=1721.30" "Mozilla/4.0 (compatible; MSIE 7.0; Windows NT 6.0; SLCC1; .NET CLR 2.0.50727; Media Center PC 5.0; InfoPath.2; .NET CLR 3.5.30729; .NET CLR 3.0.30618; NET_mmhpset)" "silverimagingcanada.com"
97.82.29.171 - - [19/Dec/2009:17:47:32 -0800] "GET /sitebuilder/images/img1412-430x317.jpg HTTP/1.1" 200 28270 "http://dotheton.com/index.php?topic=1721.30" "Mozilla/4.0 (compatible; MSIE 7.0; Windows NT 6.0; SLCC1; .NET CLR 2.0.50727; Media Center PC 5.0; InfoPath.2; .NET CLR 3.5.30729; .NET CLR 3.0.30618; NET_mmhpset)" "silverimagingcanada.com"
