208.80.193.31 - - [30/Dec/2009:18:57:00 -0800] "GET / HTTP/1.0" 200 1723 "-" "Mozilla/4.0 (compatible; MSIE 7.0; Windows NT 5.1; iebar; .NET CLR 1.1.4322; .NET CLR 2.0.50727; IEMB3; IEMB3)" "www.silverimagingcanada.com"
208.115.111.245 - - [30/Dec/2009:20:55:47 -0800] "GET /robots.txt HTTP/1.1" 404 - "-" "Mozilla/5.0 (compatible; DotBot/1.1; http://www.dotnetdotcom.org/, crawler@dotnetdotcom.org)" "www.silverimagingcanada.com"
208.115.111.245 - - [30/Dec/2009:22:22:45 -0800] "GET /robots.txt HTTP/1.1" 404 - "-" "Mozilla/5.0 (compatible; DotBot/1.1; http://www.dotnetdotcom.org/, crawler@dotnetdotcom.org)" "silverimagingcanada.com"
208.115.111.245 - - [30/Dec/2009:22:22:46 -0800] "GET /robots.txt HTTP/1.1" 404 - "-" "Mozilla/5.0 (compatible; DotBot/1.1; http://www.dotnetdotcom.org/, crawler@dotnetdotcom.org)" "www.silverimagingcanada.com"
208.115.111.245 - - [31/Dec/2009:00:38:30 -0800] "GET /MechScan.html HTTP/1.1" 404 - "-" "Mozilla/5.0 (compatible; DotBot/1.1; http://www.dotnetdotcom.org/, crawler@dotnetdotcom.org)" "www.silverimagingcanada.com"
208.115.111.245 - - [31/Dec/2009:00:38:51 -0800] "GET /Products.html HTTP/1.1" 404 - "-" "Mozilla/5.0 (compatible; DotBot/1.1; http://www.dotnetdotcom.org/, crawler@dotnetdotcom.org)" "www.silverimagingcanada.com"
208.115.111.245 - - [31/Dec/2009:00:39:13 -0800] "GET /ZoneAlarm.html HTTP/1.1" 404 - "-" "Mozilla/5.0 (compatible; DotBot/1.1; http://www.dotnetdotcom.org/, crawler@dotnetdotcom.org)" "www.silverimagingcanada.com"
208.115.111.245 - - [31/Dec/2009:00:39:31 -0800] "GET /aboutme.html HTTP/1.1" 404 - "-" "Mozilla/5.0 (compatible; DotBot/1.1; http://www.dotnetdotcom.org/, crawler@dotnetdotcom.org)" "www.silverimagingcanada.com"
208.115.111.245 - - [31/Dec/2009:00:39:51 -0800] "GET /contactus.html HTTP/1.1" 404 - "-" "Mozilla/5.0 (compatible; DotBot/1.1; http://www.dotnetdotcom.org/, crawler@dotnetdotcom.org)" "www.silverimagingcanada.com"
208.115.111.245 - - [31/Dec/2009:00:40:14 -0800] "GET /products1.html HTTP/1.1" 404 - "-" "Mozilla/5.0 (compatible; DotBot/1.1; http://www.dotnetdotcom.org/, crawler@dotnetdotcom.org)" "www.silverimagingcanada.com"
67.195.112.89 - - [31/Dec/2009:01:21:53 -0800] "GET /robots.txt HTTP/1.0" 404 - "-" "Mozilla/5.0 (compatible; Yahoo! Slurp; http://help.yahoo.com/help/us/ysearch/slurp)" "www.silverimagingcanada.com"
67.195.112.89 - - [31/Dec/2009:01:21:54 -0800] "GET /scripts/?N=D HTTP/1.0" 200 650 "-" "Mozilla/5.0 (compatible; Yahoo! Slurp/3.0; http://help.yahoo.com/help/us/ysearch/slurp)" "www.silverimagingcanada.com"
67.195.112.89 - - [31/Dec/2009:01:58:58 -0800] "GET /clipart/buttons/?M=A HTTP/1.0" 200 940 "-" "Mozilla/5.0 (compatible; Yahoo! Slurp/3.0; http://help.yahoo.com/help/us/ysearch/slurp)" "www.silverimagingcanada.com"
208.115.111.245 - - [31/Dec/2009:04:28:53 -0800] "GET /robots.txt HTTP/1.1" 404 - "-" "Mozilla/5.0 (compatible; DotBot/1.1; http://www.dotnetdotcom.org/, crawler@dotnetdotcom.org)" "www.silverimagingcanada.com"
208.115.111.245 - - [31/Dec/2009:06:38:01 -0800] "GET / HTTP/1.1" 200 1739 "-" "Mozilla/5.0 (compatible; DotBot/1.1; http://www.dotnetdotcom.org/, crawler@dotnetdotcom.org)" "silverimagingcanada.com"
208.115.111.245 - - [31/Dec/2009:06:38:25 -0800] "GET /cammod.html HTTP/1.1" 404 - "-" "Mozilla/5.0 (compatible; DotBot/1.1; http://www.dotnetdotcom.org/, crawler@dotnetdotcom.org)" "www.silverimagingcanada.com"
208.115.111.245 - - [31/Dec/2009:06:38:44 -0800] "GET /cammod2.html HTTP/1.1" 404 - "-" "Mozilla/5.0 (compatible; DotBot/1.1; http://www.dotnetdotcom.org/, crawler@dotnetdotcom.org)" "www.silverimagingcanada.com"
208.115.111.245 - - [31/Dec/2009:06:39:05 -0800] "GET /clipart/ HTTP/1.1" 200 1350 "-" "Mozilla/5.0 (compatible; DotBot/1.1; http://www.dotnetdotcom.org/, crawler@dotnetdotcom.org)" "www.silverimagingcanada.com"
208.115.111.245 - - [31/Dec/2009:06:39:25 -0800] "GET /images/ HTTP/1.1" 200 526 "-" "Mozilla/5.0 (compatible; DotBot/1.1; http://www.dotnetdotcom.org/, crawler@dotnetdotcom.org)" "www.silverimagingcanada.com"
208.115.111.245 - - [31/Dec/2009:06:39:44 -0800] "GET /index.html HTTP/1.1" 404 - "-" "Mozilla/5.0 (compatible; DotBot/1.1; http://www.dotnetdotcom.org/, crawler@dotnetdotcom.org)" "www.silverimagingcanada.com"
208.115.111.245 - - [31/Dec/2009:06:40:05 -0800] "GET /navigation_bars/ HTTP/1.1" 200 683 "-" "Mozilla/5.0 (compatible; DotBot/1.1; http://www.dotnetdotcom.org/, crawler@dotnetdotcom.org)" "www.silverimagingcanada.com"
208.115.111.245 - - [31/Dec/2009:06:40:20 -0800] "GET /scripts/ HTTP/1.1" 200 666 "-" "Mozilla/5.0 (compatible; DotBot/1.1; http://www.dotnetdotcom.org/, crawler@dotnetdotcom.org)" "www.silverimagingcanada.com"
208.115.111.245 - - [31/Dec/2009:06:40:38 -0800] "GET /sitebuilder/ HTTP/1.1" 200 948 "-" "Mozilla/5.0 (compatible; DotBot/1.1; http://www.dotnetdotcom.org/, crawler@dotnetdotcom.org)" "www.silverimagingcanada.com"
208.115.111.245 - - [31/Dec/2009:06:40:58 -0800] "GET /sounds/ HTTP/1.1" 200 664 "-" "Mozilla/5.0 (compatible; DotBot/1.1; http://www.dotnetdotcom.org/, crawler@dotnetdotcom.org)" "www.silverimagingcanada.com"
67.195.112.89 - - [31/Dec/2009:08:01:42 -0800] "GET /robots.txt HTTP/1.0" 404 - "-" "Mozilla/5.0 (compatible; Yahoo! Slurp; http://help.yahoo.com/help/us/ysearch/slurp)" "www.silverimagingcanada.com"
67.195.112.89 - - [31/Dec/2009:08:01:43 -0800] "GET /scripts/?M=A HTTP/1.0" 200 650 "-" "Mozilla/5.0 (compatible; Yahoo! Slurp/3.0; http://help.yahoo.com/help/us/ysearch/slurp)" "www.silverimagingcanada.com"
67.195.112.89 - - [31/Dec/2009:09:13:08 -0800] "GET /images/ HTTP/1.0" 200 510 "-" "Mozilla/5.0 (compatible; Yahoo! Slurp/3.0; http://help.yahoo.com/help/us/ysearch/slurp)" "www.silverimagingcanada.com"
216.255.240.104 - - [31/Dec/2009:09:15:52 -0800] "GET /sitebuilder/images/IMG_1184-420x310.jpg HTTP/1.1" 200 30969 "http://dotheton.com/index.php?topic=1721.120" "Mozilla/5.0 (Windows; U; Windows NT 5.1; en-US; rv:1.9.0.16) Gecko/2009120208 Firefox/3.0.16 (.NET CLR 3.5.30729)" "silverimagingcanada.com"
66.249.65.123 - - [31/Dec/2009:09:22:15 -0800] "GET /robots.txt HTTP/1.1" 404 - "-" "Googlebot-Image/1.0" "silverimagingcanada.com"
66.249.65.108 - - [31/Dec/2009:09:22:15 -0800] "GET /sitebuilder/images/S4020063-290x368.jpg HTTP/1.1" 200 18483 "-" "Googlebot-Image/1.0" "silverimagingcanada.com"
208.115.111.245 - - [31/Dec/2009:09:57:20 -0800] "GET /robots.txt HTTP/1.1" 404 - "-" "Mozilla/5.0 (compatible; DotBot/1.1; http://www.dotnetdotcom.org/, crawler@dotnetdotcom.org)" "www.silverimagingcanada.com"
208.115.111.245 - - [31/Dec/2009:10:16:05 -0800] "GET / HTTP/1.1" 200 1739 "-" "Mozilla/5.0 (compatible; DotBot/1.1; http://www.dotnetdotcom.org/, crawler@dotnetdotcom.org)" "silverimagingcanada.com"
208.115.111.245 - - [31/Dec/2009:10:16:14 -0800] "GET /cammod.html HTTP/1.1" 404 - "-" "Mozilla/5.0 (compatible; DotBot/1.1; http://www.dotnetdotcom.org/, crawler@dotnetdotcom.org)" "www.silverimagingcanada.com"
208.115.111.245 - - [31/Dec/2009:10:16:15 -0800] "GET /cammod2.html HTTP/1.1" 404 - "-" "Mozilla/5.0 (compatible; DotBot/1.1; http://www.dotnetdotcom.org/, crawler@dotnetdotcom.org)" "www.silverimagingcanada.com"
208.115.111.245 - - [31/Dec/2009:10:16:16 -0800] "GET /clipart/ HTTP/1.1" 200 1350 "-" "Mozilla/5.0 (compatible; DotBot/1.1; http://www.dotnetdotcom.org/, crawler@dotnetdotcom.org)" "www.silverimagingcanada.com"
208.115.111.245 - - [31/Dec/2009:10:16:17 -0800] "GET /images/ HTTP/1.1" 200 526 "-" "Mozilla/5.0 (compatible; DotBot/1.1; http://www.dotnetdotcom.org/, crawler@dotnetdotcom.org)" "www.silverimagingcanada.com"
208.115.111.245 - - [31/Dec/2009:10:16:18 -0800] "GET /index.html HTTP/1.1" 404 - "-" "Mozilla/5.0 (compatible; DotBot/1.1; http://www.dotnetdotcom.org/, crawler@dotnetdotcom.org)" "www.silverimagingcanada.com"
208.115.111.245 - - [31/Dec/2009:10:16:19 -0800] "GET /navigation_bars/ HTTP/1.1" 200 683 "-" "Mozilla/5.0 (compatible; DotBot/1.1; http://www.dotnetdotcom.org/, crawler@dotnetdotcom.org)" "www.silverimagingcanada.com"
208.115.111.245 - - [31/Dec/2009:10:16:20 -0800] "GET /scripts/ HTTP/1.1" 200 666 "-" "Mozilla/5.0 (compatible; DotBot/1.1; http://www.dotnetdotcom.org/, crawler@dotnetdotcom.org)" "www.silverimagingcanada.com"
208.115.111.245 - - [31/Dec/2009:10:16:21 -0800] "GET /sitebuilder/ HTTP/1.1" 200 948 "-" "Mozilla/5.0 (compatible; DotBot/1.1; http://www.dotnetdotcom.org/, crawler@dotnetdotcom.org)" "www.silverimagingcanada.com"
208.115.111.245 - - [31/Dec/2009:10:16:22 -0800] "GET /sounds/ HTTP/1.1" 200 664 "-" "Mozilla/5.0 (compatible; DotBot/1.1; http://www.dotnetdotcom.org/, crawler@dotnetdotcom.org)" "www.silverimagingcanada.com"
67.195.112.89 - - [31/Dec/2009:10:28:03 -0800] "GET /clipart/buttons/themes/ HTTP/1.0" 200 1106 "-" "Mozilla/5.0 (compatible; Yahoo! Slurp/3.0; http://help.yahoo.com/help/us/ysearch/slurp)" "www.silverimagingcanada.com"
87.250.252.242 - - [31/Dec/2009:10:35:52 -0800] "GET /robots.txt HTTP/1.1" 404 - "-" "Yandex/1.01.001 (compatible; Win16; I)" "www.silverimagingcanada.com"
195.128.18.19 - - [31/Dec/2009:10:54:08 -0800] "GET /robots.txt HTTP/1.0" 404 - "-" "Mozilla/5.0 (compatible; aiHitBot/1.0; +http://www.aihit.com/)" "www.silverimagingcanada.com"
195.128.18.19 - - [31/Dec/2009:10:54:10 -0800] "GET / HTTP/1.0" 200 1723 "-" "Mozilla/5.0 (compatible; aiHitBot/1.0; +http://www.aihit.com/)" "www.silverimagingcanada.com"
208.115.111.245 - - [31/Dec/2009:11:44:31 -0800] "GET / HTTP/1.1" 200 1739 "-" "Mozilla/5.0 (compatible; DotBot/1.1; http://www.dotnetdotcom.org/, crawler@dotnetdotcom.org)" "www.silverimagingcanada.com"
208.115.111.245 - - [31/Dec/2009:11:44:45 -0800] "GET /?D=A HTTP/1.1" 200 1739 "-" "Mozilla/5.0 (compatible; DotBot/1.1; http://www.dotnetdotcom.org/, crawler@dotnetdotcom.org)" "www.silverimagingcanada.com"
208.115.111.245 - - [31/Dec/2009:11:44:46 -0800] "GET /?M=A HTTP/1.1" 200 1739 "-" "Mozilla/5.0 (compatible; DotBot/1.1; http://www.dotnetdotcom.org/, crawler@dotnetdotcom.org)" "www.silverimagingcanada.com"
208.115.111.245 - - [31/Dec/2009:11:44:47 -0800] "GET /?N=D HTTP/1.1" 200 1739 "-" "Mozilla/5.0 (compatible; DotBot/1.1; http://www.dotnetdotcom.org/, crawler@dotnetdotcom.org)" "www.silverimagingcanada.com"
208.115.111.245 - - [31/Dec/2009:11:44:48 -0800] "GET /?S=A HTTP/1.1" 200 1739 "-" "Mozilla/5.0 (compatible; DotBot/1.1; http://www.dotnetdotcom.org/, crawler@dotnetdotcom.org)" "www.silverimagingcanada.com"
208.115.111.245 - - [31/Dec/2009:11:44:49 -0800] "GET /logs/ HTTP/1.0" 200 2072 "-" "Mozilla/5.0 (compatible; DotBot/1.1; http://www.dotnetdotcom.org/, crawler@dotnetdotcom.org)" "www.silverimagingcanada.com"
208.115.111.245 - - [31/Dec/2009:11:44:50 -0800] "GET /media/ HTTP/1.1" 200 2086 "-" "Mozilla/5.0 (compatible; DotBot/1.1; http://www.dotnetdotcom.org/, crawler@dotnetdotcom.org)" "www.silverimagingcanada.com"
208.115.111.245 - - [31/Dec/2009:11:44:51 -0800] "GET /tmp/ HTTP/1.1" 200 520 "-" "Mozilla/5.0 (compatible; DotBot/1.1; http://www.dotnetdotcom.org/, crawler@dotnetdotcom.org)" "www.silverimagingcanada.com"
67.195.112.89 - - [31/Dec/2009:13:31:20 -0800] "GET /tmp/?D=A HTTP/1.0" 200 504 "-" "Mozilla/5.0 (compatible; Yahoo! Slurp/3.0; http://help.yahoo.com/help/us/ysearch/slurp)" "www.silverimagingcanada.com"
124.115.6.15 - - [31/Dec/2009:14:14:10 -0800] "GET /robots.txt HTTP/1.1" 404 - "-" "Sosospider+(+http://help.soso.com/webspider.htm)" "www.silverimagingcanada.com"
195.210.57.83 - - [31/Dec/2009:15:34:33 -0800] "GET /robots.txt HTTP/1.0" 404 - "-" "Mozilla/5.0 (compatible; KaloogaBot; http://www.kalooga.com/info.html?page=crawler)" "www.silverimagingcanada.com"
195.210.57.83 - - [31/Dec/2009:15:34:33 -0800] "GET /clipart/ HTTP/1.0" 200 1334 "-" "Mozilla/5.0 (compatible; KaloogaBot; http://www.kalooga.com/info.html?page=crawler)" "www.silverimagingcanada.com"
95.108.150.235 - - [31/Dec/2009:15:50:17 -0800] "GET /robots.txt HTTP/1.1" 404 - "-" "Yandex/1.01.001 (compatible; Win16; H)" "www.silverimagingcanada.com"
95.108.150.235 - - [31/Dec/2009:15:50:18 -0800] "GET /robots.txt HTTP/1.1" 404 - "-" "Yandex/1.01.001 (compatible; Win16; H)" "silverimagingcanada.com"
95.108.150.235 - - [31/Dec/2009:15:50:19 -0800] "GET / HTTP/1.1" 200 1739 "-" "Yandex/1.01.001 (compatible; Win16; H)" "silverimagingcanada.com"
95.108.150.235 - - [31/Dec/2009:15:50:20 -0800] "GET / HTTP/1.1" 200 1739 "-" "Yandex/1.01.001 (compatible; Win16; H)" "silverimagingcanada.com"
95.108.150.235 - - [31/Dec/2009:15:50:22 -0800] "GET / HTTP/1.1" 200 1739 "-" "Yandex/1.01.001 (compatible; Win16; H)" "www.silverimagingcanada.com"
95.108.150.235 - - [31/Dec/2009:15:50:23 -0800] "GET / HTTP/1.1" 200 1739 "-" "Yandex/1.01.001 (compatible; Win16; H)" "www.silverimagingcanada.com"
58.61.164.40 - - [31/Dec/2009:16:44:25 -0800] "GET / HTTP/1.1" 200 1739 "-" "Mozilla/4.0 (compatible; MSIE 6.0; Windows NT 5.1)" "www.silverimagingcanada.com"
208.80.193.31 - - [31/Dec/2009:16:45:57 -0800] "GET / HTTP/1.0" 200 1723 "-" "Mozilla/4.0 (compatible; MSIE 6.0; Windows NT 5.1; SV1; .NET CLR 1.0.3705; Media Center PC 3.1; .NET CLR 1.1.4322; ZangoToolbar 4.8.2)" "silverimagingcanada.com"
58.61.164.139 - - [31/Dec/2009:17:59:37 -0800] "GET / HTTP/1.1" 200 1739 "-" "Mozilla/4.0 (compatible; MSIE 6.0; Windows NT 5.1)" "www.silverimagingcanada.com"
124.115.1.7 - - [31/Dec/2009:18:23:02 -0800] "GET / HTTP/1.1" 200 1739 "-" "Mozilla/4.0 (compatible; MSIE 6.0; Windows NT 5.1)" "www.silverimagingcanada.com"
124.115.1.8 - - [31/Dec/2009:18:34:23 -0800] "GET / HTTP/1.1" 200 1739 "-" "Mozilla/4.0 (compatible; MSIE 6.0; Windows NT 5.1)" "www.silverimagingcanada.com"
58.61.164.140 - - [31/Dec/2009:18:46:03 -0800] "GET / HTTP/1.1" 200 1739 "-" "Mozilla/4.0 (compatible; MSIE 6.0; Windows NT 5.1)" "www.silverimagingcanada.com"
67.142.165.37 - - [31/Dec/2009:18:52:20 -0800] "GET /sitebuilder/images/Gay_DVR_Splash_Screen2-581x435.jpg HTTP/1.1" 200 25628 "http://images.google.com/images?hl=en&safe=off&um=1&q=gay+hug&sa=N&start=270&ndsp=18" "Mozilla/5.0 (Windows; U; Windows NT 6.0; en-US; rv:1.9.1.6) Gecko/20091201 Firefox/3.5.6 (.NET CLR 3.5.30729)" "www.silverimagingcanada.com"
87.250.252.242 - - [31/Dec/2009:20:54:43 -0800] "GET /tmp/ HTTP/1.1" 200 520 "-" "Yandex/1.01.001 (compatible; Win16; I)" "www.silverimagingcanada.com"
88.131.106.21 - - [31/Dec/2009:21:24:50 -0800] "GET /robots.txt HTTP/1.0" 404 - "-" "Speedy Spider (http://www.entireweb.com/about/search_tech/speedy_spider/)" "silverimagingcanada.com"
88.131.106.21 - - [31/Dec/2009:21:24:51 -0800] "GET /?S=A HTTP/1.0" 200 1723 "-" "Speedy Spider (http://www.entireweb.com/about/search_tech/speedy_spider/)" "silverimagingcanada.com"
67.195.112.89 - - [31/Dec/2009:23:36:28 -0800] "GET /robots.txt HTTP/1.0" 404 - "-" "Mozilla/5.0 (compatible; Yahoo! Slurp; http://help.yahoo.com/help/us/ysearch/slurp)" "www.silverimagingcanada.com"
67.195.112.89 - - [31/Dec/2009:23:36:29 -0800] "GET /logs/ HTTP/1.0" 200 2072 "-" "Mozilla/5.0 (compatible; Yahoo! Slurp/3.0; http://help.yahoo.com/help/us/ysearch/slurp)" "www.silverimagingcanada.com"
83.167.62.165 - - [01/Jan/2010:00:57:19 -0800] "GET /robots.txt HTTP/1.1" 404 - "-" "Mozilla/5.0 (compatible; Exabot/3.0 (BiggerBetter); +http://www.exabot.com/go/robot)" "www.silverimagingcanada.com"
83.167.62.165 - - [01/Jan/2010:00:57:19 -0800] "GET /sitebuilder/scripts/layers.js HTTP/1.1" 200 4045 "-" "Mozilla/5.0 (compatible; Exabot/3.0 (BiggerBetter); +http://www.exabot.com/go/robot)" "www.silverimagingcanada.com"
208.80.193.42 - - [01/Jan/2010:02:42:46 -0800] "GET / HTTP/1.0" 200 1723 "-" "Mozilla/4.0 (compatible; MSIE 6.0; AOL 9.0; Windows NT 5.1; ESB{0D7DF3FF-9365-4C40-B84D-A0255EDCA576}; SV1; .NET CLR 1.0.3705)" "www.silverimagingcanada.com"
83.167.62.165 - - [01/Jan/2010:02:45:55 -0800] "GET /logs/?S=A HTTP/1.1" 200 2088 "-" "Mozilla/5.0 (compatible; Exabot/3.0 (BiggerBetter); +http://www.exabot.com/go/robot)" "www.silverimagingcanada.com"
83.167.62.165 - - [01/Jan/2010:02:45:58 -0800] "GET /media/bigballs.mpeg HTTP/1.1" 200 720896 "-" "Mozilla/5.0 (compatible; Exabot/3.0 (BiggerBetter); +http://www.exabot.com/go/robot)" "www.silverimagingcanada.com"
83.167.62.165 - - [01/Jan/2010:04:34:10 -0800] "GET /scripts/?D=A HTTP/1.1" 200 666 "-" "Mozilla/5.0 (compatible; Exabot/3.0 (BiggerBetter); +http://www.exabot.com/go/robot)" "www.silverimagingcanada.com"
83.167.62.165 - - [01/Jan/2010:04:34:12 -0800] "GET /sitebuilder/scripts/?S=D HTTP/1.1" 200 702 "-" "Mozilla/5.0 (compatible; Exabot/3.0 (BiggerBetter); +http://www.exabot.com/go/robot)" "www.silverimagingcanada.com"
83.167.62.165 - - [01/Jan/2010:04:34:18 -0800] "GET /?S=D HTTP/1.1" 200 1739 "-" "Mozilla/5.0 (compatible; Exabot/3.0 (BiggerBetter); +http://www.exabot.com/go/robot)" "www.silverimagingcanada.com"
88.131.106.21 - - [01/Jan/2010:06:12:22 -0800] "GET /robots.txt HTTP/1.0" 404 - "-" "Speedy Spider (http://www.entireweb.com/about/search_tech/speedy_spider/)" "silverimagingcanada.com"
88.131.106.21 - - [01/Jan/2010:06:12:22 -0800] "GET /media/ HTTP/1.0" 200 2070 "-" "Speedy Spider (http://www.entireweb.com/about/search_tech/speedy_spider/)" "silverimagingcanada.com"
65.55.51.70 - - [01/Jan/2010:11:03:43 -0800] "GET /robots.txt HTTP/1.1" 404 - "-" "msnbot/2.0b (+http://search.msn.com/msnbot.htm)" "silverimagingcanada.com"
65.55.51.70 - - [01/Jan/2010:11:07:56 -0800] "GET /?D=A HTTP/1.1" 200 1739 "-" "msnbot/2.0b (+http://search.msn.com/msnbot.htm)" "silverimagingcanada.com"
95.108.150.235 - - [01/Jan/2010:11:18:58 -0800] "GET /robots.txt HTTP/1.1" 404 - "-" "Yandex/1.01.001 (compatible; Win16; H)" "www.silverimagingcanada.com"
95.108.150.235 - - [01/Jan/2010:11:18:59 -0800] "GET /robots.txt HTTP/1.1" 404 - "-" "Yandex/1.01.001 (compatible; Win16; H)" "silverimagingcanada.com"
95.108.150.235 - - [01/Jan/2010:11:19:00 -0800] "GET / HTTP/1.1" 200 1739 "-" "Yandex/1.01.001 (compatible; Win16; H)" "www.silverimagingcanada.com"
95.108.150.235 - - [01/Jan/2010:11:19:04 -0800] "GET / HTTP/1.1" 200 1739 "-" "Yandex/1.01.001 (compatible; Win16; H)" "silverimagingcanada.com"
95.108.150.235 - - [01/Jan/2010:11:19:04 -0800] "GET / HTTP/1.1" 200 1739 "-" "Yandex/1.01.001 (compatible; Win16; H)" "www.silverimagingcanada.com"
95.108.150.235 - - [01/Jan/2010:11:19:04 -0800] "GET / HTTP/1.1" 200 1739 "-" "Yandex/1.01.001 (compatible; Win16; H)" "silverimagingcanada.com"
207.46.199.198 - - [01/Jan/2010:13:55:38 -0800] "GET /robots.txt HTTP/1.1" 404 - "-" "msnbot/2.0b (+http://search.msn.com/msnbot.htm)" "silverimagingcanada.com"
207.46.199.198 - - [01/Jan/2010:14:41:26 -0800] "GET /?D=A HTTP/1.1" 200 1739 "-" "msnbot/2.0b (+http://search.msn.com/msnbot.htm)" "silverimagingcanada.com"
124.115.6.15 - - [01/Jan/2010:17:52:57 -0800] "GET /robots.txt HTTP/1.1" 404 - "-" "Sosospider+(+http://help.soso.com/webspider.htm)" "www.silverimagingcanada.com"
67.195.112.89 - - [01/Jan/2010:18:05:29 -0800] "GET /robots.txt HTTP/1.0" 404 - "-" "Mozilla/5.0 (compatible; Yahoo! Slurp; http://help.yahoo.com/help/us/ysearch/slurp)" "www.silverimagingcanada.com"
67.195.112.89 - - [01/Jan/2010:18:05:29 -0800] "GET /clipart/ HTTP/1.0" 200 1334 "-" "Mozilla/5.0 (compatible; Yahoo! Slurp/3.0; http://help.yahoo.com/help/us/ysearch/slurp)" "www.silverimagingcanada.com"
114.80.93.71 - - [01/Jan/2010:19:35:29 -0800] "GET / HTTP/1.1" 200 1739 "-" "Mozilla/4.0 (compatible; MSIE 6.0; Windows NT 5.1)" "www.silverimagingcanada.com"
67.195.112.89 - - [01/Jan/2010:23:14:59 -0800] "GET /robots.txt HTTP/1.0" 404 - "-" "Mozilla/5.0 (compatible; Yahoo! Slurp; http://help.yahoo.com/help/us/ysearch/slurp)" "www.silverimagingcanada.com"
67.195.112.89 - - [01/Jan/2010:23:14:59 -0800] "GET /media/?D=A HTTP/1.0" 200 2070 "-" "Mozilla/5.0 (compatible; Yahoo! Slurp/3.0; http://help.yahoo.com/help/us/ysearch/slurp)" "www.silverimagingcanada.com"
208.80.193.38 - - [02/Jan/2010:00:34:23 -0800] "GET / HTTP/1.0" 200 1723 "-" "Mozilla/4.0 (compatible; MSIE 6.0; Windows NT 5.1; {733ADB44-06F5-FAE0-DA18-D7AA06E951E2}; .NET CLR 1.0.3705; .NET CLR 1.1.4322; Media Center PC 3.1)" "silverimagingcanada.com"
67.195.112.89 - - [02/Jan/2010:02:42:50 -0800] "GET /cammod.html HTTP/1.0" 404 - "-" "Mozilla/5.0 (compatible; Yahoo! Slurp/3.0; http://help.yahoo.com/help/us/ysearch/slurp)" "www.silverimagingcanada.com"
67.195.112.89 - - [02/Jan/2010:07:25:50 -0800] "GET /robots.txt HTTP/1.0" 404 - "-" "Mozilla/5.0 (compatible; Yahoo! Slurp; http://help.yahoo.com/help/us/ysearch/slurp)" "www.silverimagingcanada.com"
67.195.112.89 - - [02/Jan/2010:07:25:51 -0800] "GET /sitebuilder/ HTTP/1.0" 200 932 "-" "Mozilla/5.0 (compatible; Yahoo! Slurp/3.0; http://help.yahoo.com/help/us/ysearch/slurp)" "www.silverimagingcanada.com"
67.195.112.89 - - [02/Jan/2010:08:28:21 -0800] "GET /tmp/ HTTP/1.0" 200 504 "-" "Mozilla/5.0 (compatible; Yahoo! Slurp/3.0; http://help.yahoo.com/help/us/ysearch/slurp)" "www.silverimagingcanada.com"
87.250.252.242 - - [02/Jan/2010:09:36:43 -0800] "GET /robots.txt HTTP/1.1" 404 - "-" "Yandex/1.01.001 (compatible; Win16; I)" "www.silverimagingcanada.com"
208.80.193.41 - - [02/Jan/2010:11:16:29 -0800] "GET / HTTP/1.0" 200 1723 "-" "Mozilla/4.0 (compatible; MSIE 7.0; Windows NT 5.1; {F7017D5B-B79A-C6FE-61B6-4771B9CCD926}; .NET CLR 1.1.4322; IEMB3; IEMB3)" "www.silverimagingcanada.com"
67.195.112.89 - - [02/Jan/2010:17:19:41 -0800] "GET /robots.txt HTTP/1.0" 404 - "-" "Mozilla/5.0 (compatible; Yahoo! Slurp; http://help.yahoo.com/help/us/ysearch/slurp)" "www.silverimagingcanada.com"
67.195.112.89 - - [02/Jan/2010:17:19:42 -0800] "GET /images/?N=D HTTP/1.0" 200 510 "-" "Mozilla/5.0 (compatible; Yahoo! Slurp/3.0; http://help.yahoo.com/help/us/ysearch/slurp)" "www.silverimagingcanada.com"
124.115.1.7 - - [02/Jan/2010:18:00:22 -0800] "GET / HTTP/1.1" 200 1739 "-" "Mozilla/4.0 (compatible; MSIE 6.0; Windows NT 5.1)" "www.silverimagingcanada.com"
58.61.164.39 - - [02/Jan/2010:18:43:51 -0800] "GET / HTTP/1.1" 200 1739 "-" "Mozilla/4.0 (compatible; MSIE 6.0; Windows NT 5.1)" "www.silverimagingcanada.com"
58.61.164.40 - - [02/Jan/2010:18:45:31 -0800] "GET / HTTP/1.1" 200 1739 "-" "Mozilla/4.0 (compatible; MSIE 6.0; Windows NT 5.1)" "www.silverimagingcanada.com"
58.61.164.139 - - [02/Jan/2010:18:46:41 -0800] "GET / HTTP/1.1" 200 1739 "-" "Mozilla/4.0 (compatible; MSIE 6.0; Windows NT 5.1)" "www.silverimagingcanada.com"
58.61.164.140 - - [02/Jan/2010:19:09:08 -0800] "GET / HTTP/1.1" 200 1739 "-" "Mozilla/4.0 (compatible; MSIE 6.0; Windows NT 5.1)" "www.silverimagingcanada.com"
58.61.164.141 - - [02/Jan/2010:19:14:05 -0800] "GET / HTTP/1.1" 200 1739 "-" "Mozilla/4.0 (compatible; MSIE 6.0; Windows NT 5.1)" "www.silverimagingcanada.com"
124.115.1.8 - - [02/Jan/2010:19:34:39 -0800] "GET / HTTP/1.1" 200 1739 "-" "Mozilla/4.0 (compatible; MSIE 6.0; Windows NT 5.1)" "www.silverimagingcanada.com"
87.250.252.242 - - [02/Jan/2010:20:40:53 -0800] "GET /navigation_bars/ HTTP/1.1" 200 683 "-" "Yandex/1.01.001 (compatible; Win16; I)" "www.silverimagingcanada.com"
124.115.6.15 - - [02/Jan/2010:21:35:47 -0800] "GET /robots.txt HTTP/1.1" 404 - "-" "Sosospider+(+http://help.soso.com/webspider.htm)" "www.silverimagingcanada.com"
83.167.62.165 - - [02/Jan/2010:23:34:12 -0800] "GET /robots.txt HTTP/1.1" 404 - "-" "Mozilla/5.0 (compatible; Exabot/3.0 (BiggerBetter); +http://www.exabot.com/go/robot)" "www.silverimagingcanada.com"
83.167.62.165 - - [02/Jan/2010:23:34:14 -0800] "GET /sitebuilder/images/?D=A HTTP/1.1" 200 55010 "-" "Mozilla/5.0 (compatible; Exabot/3.0 (BiggerBetter); +http://www.exabot.com/go/robot)" "www.silverimagingcanada.com"
69.84.9.77 - - [03/Jan/2010:01:24:50 -0800] "GET /sitebuilder/images/img052-374x274.jpg HTTP/1.1" 200 18043 "http://dotheton.com/index.php?topic=1721.0" "Mozilla/5.0 (Macintosh; U; Intel Mac OS X 10_4_11; en) AppleWebKit/531.21.8 (KHTML, like Gecko) Version/4.0.4 Safari/531.21.10" "silverimagingcanada.com"
69.84.9.77 - - [03/Jan/2010:01:24:50 -0800] "GET /sitebuilder/images/img053-365x267.jpg HTTP/1.1" 200 19523 "http://dotheton.com/index.php?topic=1721.0" "Mozilla/5.0 (Macintosh; U; Intel Mac OS X 10_4_11; en) AppleWebKit/531.21.8 (KHTML, like Gecko) Version/4.0.4 Safari/531.21.10" "silverimagingcanada.com"
69.84.9.77 - - [03/Jan/2010:01:24:50 -0800] "GET /sitebuilder/images/img056-393x289.jpg HTTP/1.1" 200 20721 "http://dotheton.com/index.php?topic=1721.0" "Mozilla/5.0 (Macintosh; U; Intel Mac OS X 10_4_11; en) AppleWebKit/531.21.8 (KHTML, like Gecko) Version/4.0.4 Safari/531.21.10" "silverimagingcanada.com"
69.84.9.77 - - [03/Jan/2010:01:24:50 -0800] "GET /sitebuilder/images/IMG_1184-420x310.jpg HTTP/1.1" 200 30969 "http://dotheton.com/index.php?topic=1721.0" "Mozilla/5.0 (Macintosh; U; Intel Mac OS X 10_4_11; en) AppleWebKit/531.21.8 (KHTML, like Gecko) Version/4.0.4 Safari/531.21.10" "silverimagingcanada.com"
69.84.9.77 - - [03/Jan/2010:01:24:51 -0800] "GET /sitebuilder/images/IMG_0937-312x416.jpg HTTP/1.1" 200 20123 "http://dotheton.com/index.php?topic=1721.0" "Mozilla/5.0 (Macintosh; U; Intel Mac OS X 10_4_11; en) AppleWebKit/531.21.8 (KHTML, like Gecko) Version/4.0.4 Safari/531.21.10" "silverimagingcanada.com"
69.84.9.77 - - [03/Jan/2010:01:24:51 -0800] "GET /sitebuilder/images/IMG_0939-380x278.jpg HTTP/1.1" 200 15324 "http://dotheton.com/index.php?topic=1721.0" "Mozilla/5.0 (Macintosh; U; Intel Mac OS X 10_4_11; en) AppleWebKit/531.21.8 (KHTML, like Gecko) Version/4.0.4 Safari/531.21.10" "silverimagingcanada.com"
69.84.9.77 - - [03/Jan/2010:01:24:51 -0800] "GET /sitebuilder/images/IMG_0961-417x308.jpg HTTP/1.1" 200 11717 "http://dotheton.com/index.php?topic=1721.0" "Mozilla/5.0 (Macintosh; U; Intel Mac OS X 10_4_11; en) AppleWebKit/531.21.8 (KHTML, like Gecko) Version/4.0.4 Safari/531.21.10" "silverimagingcanada.com"
83.167.62.165 - - [03/Jan/2010:01:42:51 -0800] "GET /sitebuilder/scripts/?D=A HTTP/1.1" 200 702 "-" "Mozilla/5.0 (compatible; Exabot/3.0 (BiggerBetter); +http://www.exabot.com/go/robot)" "www.silverimagingcanada.com"
95.108.150.235 - - [03/Jan/2010:02:39:29 -0800] "GET /robots.txt HTTP/1.1" 404 - "-" "Yandex/1.01.001 (compatible; Win16; H)" "www.silverimagingcanada.com"
95.108.150.235 - - [03/Jan/2010:02:39:30 -0800] "GET /robots.txt HTTP/1.1" 404 - "-" "Yandex/1.01.001 (compatible; Win16; H)" "silverimagingcanada.com"
95.108.150.235 - - [03/Jan/2010:02:39:31 -0800] "GET / HTTP/1.1" 200 1739 "-" "Yandex/1.01.001 (compatible; Win16; H)" "www.silverimagingcanada.com"
95.108.150.235 - - [03/Jan/2010:02:39:32 -0800] "GET / HTTP/1.1" 200 1739 "-" "Yandex/1.01.001 (compatible; Win16; H)" "silverimagingcanada.com"
95.108.150.235 - - [03/Jan/2010:02:39:33 -0800] "GET / HTTP/1.1" 200 1739 "-" "Yandex/1.01.001 (compatible; Win16; H)" "www.silverimagingcanada.com"
95.108.150.235 - - [03/Jan/2010:02:39:34 -0800] "GET / HTTP/1.1" 200 1739 "-" "Yandex/1.01.001 (compatible; Win16; H)" "silverimagingcanada.com"
67.195.112.89 - - [03/Jan/2010:03:50:23 -0800] "GET /robots.txt HTTP/1.0" 404 - "-" "Mozilla/5.0 (compatible; Yahoo! Slurp; http://help.yahoo.com/help/us/ysearch/slurp)" "www.silverimagingcanada.com"
67.195.112.89 - - [03/Jan/2010:03:50:23 -0800] "GET /media/?S=A HTTP/1.0" 200 2070 "-" "Mozilla/5.0 (compatible; Yahoo! Slurp/3.0; http://help.yahoo.com/help/us/ysearch/slurp)" "www.silverimagingcanada.com"
195.210.57.83 - - [03/Jan/2010:08:06:19 -0800] "GET /robots.txt HTTP/1.0" 404 - "-" "Mozilla/5.0 (compatible; KaloogaBot; http://www.kalooga.com/info.html?page=crawler)" "www.silverimagingcanada.com"
195.210.57.83 - - [03/Jan/2010:08:06:19 -0800] "GET /scripts/ HTTP/1.0" 200 650 "-" "Mozilla/5.0 (compatible; KaloogaBot; http://www.kalooga.com/info.html?page=crawler)" "www.silverimagingcanada.com"
208.80.193.54 - - [03/Jan/2010:09:12:36 -0800] "GET / HTTP/1.0" 200 1723 "-" "Mozilla/4.0 (compatible; MSIE 7.0; Windows NT 5.1; SIMBAR={DE59C368-3A8A-47A8-86DE-6742C8A5DBA4}; .NET CLR 1.1.4322)" "silverimagingcanada.com"
24.143.21.165 - - [03/Jan/2010:14:31:59 -0800] "GET /sitebuilder/images/img052-374x274.jpg HTTP/1.1" 200 18043 "http://dotheton.com/index.php?topic=1721.0" "Mozilla/4.0 (compatible; MSIE 8.0; Windows NT 5.1; Trident/4.0; GTB6.3; .NET CLR 1.1.4322; .NET CLR 3.0.04506.30; .NET CLR 2.0.50727; .NET CLR 3.0.4506.2152; .NET CLR 3.5.30729)" "silverimagingcanada.com"
24.143.21.165 - - [03/Jan/2010:14:31:59 -0800] "GET /sitebuilder/images/IMG_0939-380x278.jpg HTTP/1.1" 200 15324 "http://dotheton.com/index.php?topic=1721.0" "Mozilla/4.0 (compatible; MSIE 8.0; Windows NT 5.1; Trident/4.0; GTB6.3; .NET CLR 1.1.4322; .NET CLR 3.0.04506.30; .NET CLR 2.0.50727; .NET CLR 3.0.4506.2152; .NET CLR 3.5.30729)" "silverimagingcanada.com"
24.143.21.165 - - [03/Jan/2010:14:31:59 -0800] "GET /sitebuilder/images/IMG_1184-420x310.jpg HTTP/1.1" 200 30969 "http://dotheton.com/index.php?topic=1721.0" "Mozilla/4.0 (compatible; MSIE 8.0; Windows NT 5.1; Trident/4.0; GTB6.3; .NET CLR 1.1.4322; .NET CLR 3.0.04506.30; .NET CLR 2.0.50727; .NET CLR 3.0.4506.2152; .NET CLR 3.5.30729)" "silverimagingcanada.com"
24.143.21.165 - - [03/Jan/2010:14:31:59 -0800] "GET /sitebuilder/images/img056-393x289.jpg HTTP/1.1" 200 20721 "http://dotheton.com/index.php?topic=1721.0" "Mozilla/4.0 (compatible; MSIE 8.0; Windows NT 5.1; Trident/4.0; GTB6.3; .NET CLR 1.1.4322; .NET CLR 3.0.04506.30; .NET CLR 2.0.50727; .NET CLR 3.0.4506.2152; .NET CLR 3.5.30729)" "silverimagingcanada.com"
24.143.21.165 - - [03/Jan/2010:14:31:59 -0800] "GET /sitebuilder/images/IMG_0937-312x416.jpg HTTP/1.1" 200 20123 "http://dotheton.com/index.php?topic=1721.0" "Mozilla/4.0 (compatible; MSIE 8.0; Windows NT 5.1; Trident/4.0; GTB6.3; .NET CLR 1.1.4322; .NET CLR 3.0.04506.30; .NET CLR 2.0.50727; .NET CLR 3.0.4506.2152; .NET CLR 3.5.30729)" "silverimagingcanada.com"
24.143.21.165 - - [03/Jan/2010:14:31:59 -0800] "GET /sitebuilder/images/IMG_0961-417x308.jpg HTTP/1.1" 200 11717 "http://dotheton.com/index.php?topic=1721.0" "Mozilla/4.0 (compatible; MSIE 8.0; Windows NT 5.1; Trident/4.0; GTB6.3; .NET CLR 1.1.4322; .NET CLR 3.0.04506.30; .NET CLR 2.0.50727; .NET CLR 3.0.4506.2152; .NET CLR 3.5.30729)" "silverimagingcanada.com"
24.143.21.165 - - [03/Jan/2010:14:32:01 -0800] "GET /sitebuilder/images/img053-365x267.jpg HTTP/1.0" 200 19523 "http://dotheton.com/index.php?topic=1721.0" "Mozilla/4.0 (compatible; MSIE 8.0; Windows NT 5.1; Trident/4.0; GTB6.3; .NET CLR 1.1.4322; .NET CLR 3.0.04506.30; .NET CLR 2.0.50727; .NET CLR 3.0.4506.2152; .NET CLR 3.5.30729)" "silverimagingcanada.com"
24.143.21.165 - - [03/Jan/2010:14:34:04 -0800] "GET /sitebuilder/images/img129-405x298.jpg HTTP/1.1" 200 17041 "http://dotheton.com/index.php?topic=1721.15" "Mozilla/4.0 (compatible; MSIE 8.0; Windows NT 5.1; Trident/4.0; GTB6.3; .NET CLR 1.1.4322; .NET CLR 3.0.04506.30; .NET CLR 2.0.50727; .NET CLR 3.0.4506.2152; .NET CLR 3.5.30729)" "silverimagingcanada.com"
24.143.21.165 - - [03/Jan/2010:14:34:04 -0800] "GET /sitebuilder/images/IMG_1288-451x334.jpg HTTP/1.1" 200 25996 "http://dotheton.com/index.php?topic=1721.15" "Mozilla/4.0 (compatible; MSIE 8.0; Windows NT 5.1; Trident/4.0; GTB6.3; .NET CLR 1.1.4322; .NET CLR 3.0.04506.30; .NET CLR 2.0.50727; .NET CLR 3.0.4506.2152; .NET CLR 3.5.30729)" "silverimagingcanada.com"
24.143.21.165 - - [03/Jan/2010:14:34:04 -0800] "GET /sitebuilder/images/IMG_1276-406x299.jpg HTTP/1.1" 200 31845 "http://dotheton.com/index.php?topic=1721.15" "Mozilla/4.0 (compatible; MSIE 8.0; Windows NT 5.1; Trident/4.0; GTB6.3; .NET CLR 1.1.4322; .NET CLR 3.0.04506.30; .NET CLR 2.0.50727; .NET CLR 3.0.4506.2152; .NET CLR 3.5.30729)" "silverimagingcanada.com"
24.143.21.165 - - [03/Jan/2010:14:34:05 -0800] "GET /sitebuilder/images/IMG_1272-351x257.jpg HTTP/1.1" 200 23815 "http://dotheton.com/index.php?topic=1721.15" "Mozilla/4.0 (compatible; MSIE 8.0; Windows NT 5.1; Trident/4.0; GTB6.3; .NET CLR 1.1.4322; .NET CLR 3.0.04506.30; .NET CLR 2.0.50727; .NET CLR 3.0.4506.2152; .NET CLR 3.5.30729)" "silverimagingcanada.com"
24.143.21.165 - - [03/Jan/2010:14:35:42 -0800] "GET /sitebuilder/images/img135-317x428.jpg HTTP/1.1" 200 25396 "http://dotheton.com/index.php?topic=1721.30" "Mozilla/4.0 (compatible; MSIE 8.0; Windows NT 5.1; Trident/4.0; GTB6.3; .NET CLR 1.1.4322; .NET CLR 3.0.04506.30; .NET CLR 2.0.50727; .NET CLR 3.0.4506.2152; .NET CLR 3.5.30729)" "silverimagingcanada.com"
24.143.21.165 - - [03/Jan/2010:14:35:42 -0800] "GET /sitebuilder/images/img138-399x293.jpg HTTP/1.1" 200 24204 "http://dotheton.com/index.php?topic=1721.30" "Mozilla/4.0 (compatible; MSIE 8.0; Windows NT 5.1; Trident/4.0; GTB6.3; .NET CLR 1.1.4322; .NET CLR 3.0.04506.30; .NET CLR 2.0.50727; .NET CLR 3.0.4506.2152; .NET CLR 3.5.30729)" "silverimagingcanada.com"
24.143.21.165 - - [03/Jan/2010:14:35:42 -0800] "GET /sitebuilder/images/img1412-430x317.jpg HTTP/1.1" 200 28270 "http://dotheton.com/index.php?topic=1721.30" "Mozilla/4.0 (compatible; MSIE 8.0; Windows NT 5.1; Trident/4.0; GTB6.3; .NET CLR 1.1.4322; .NET CLR 3.0.04506.30; .NET CLR 2.0.50727; .NET CLR 3.0.4506.2152; .NET CLR 3.5.30729)" "silverimagingcanada.com"
24.143.21.165 - - [03/Jan/2010:14:35:43 -0800] "GET /sitebuilder/images/tank1-257x350.jpg HTTP/1.1" 200 11565 "http://dotheton.com/index.php?topic=1721.30" "Mozilla/4.0 (compatible; MSIE 8.0; Windows NT 5.1; Trident/4.0; GTB6.3; .NET CLR 1.1.4322; .NET CLR 3.0.04506.30; .NET CLR 2.0.50727; .NET CLR 3.0.4506.2152; .NET CLR 3.5.30729)" "silverimagingcanada.com"
24.143.21.165 - - [03/Jan/2010:14:35:43 -0800] "GET /sitebuilder/images/tank2-272x195.jpg HTTP/1.1" 200 7366 "http://dotheton.com/index.php?topic=1721.30" "Mozilla/4.0 (compatible; MSIE 8.0; Windows NT 5.1; Trident/4.0; GTB6.3; .NET CLR 1.1.4322; .NET CLR 3.0.04506.30; .NET CLR 2.0.50727; .NET CLR 3.0.4506.2152; .NET CLR 3.5.30729)" "silverimagingcanada.com"
24.143.21.165 - - [03/Jan/2010:14:35:43 -0800] "GET /sitebuilder/images/img144-352x257.jpg HTTP/1.1" 200 12721 "http://dotheton.com/index.php?topic=1721.30" "Mozilla/4.0 (compatible; MSIE 8.0; Windows NT 5.1; Trident/4.0; GTB6.3; .NET CLR 1.1.4322; .NET CLR 3.0.04506.30; .NET CLR 2.0.50727; .NET CLR 3.0.4506.2152; .NET CLR 3.5.30729)" "silverimagingcanada.com"
24.143.21.165 - - [03/Jan/2010:14:43:07 -0800] "GET /sitebuilder/images/Bullet_Signals2-278x251.jpg HTTP/1.1" 200 18028 "http://dotheton.com/index.php?topic=1721.90" "Mozilla/4.0 (compatible; MSIE 8.0; Windows NT 5.1; Trident/4.0; GTB6.3; .NET CLR 1.1.4322; .NET CLR 3.0.04506.30; .NET CLR 2.0.50727; .NET CLR 3.0.4506.2152; .NET CLR 3.5.30729)" "silverimagingcanada.com"
24.143.21.165 - - [03/Jan/2010:14:43:07 -0800] "GET /sitebuilder/images/Bullet_Signals-295x237.jpg HTTP/1.1" 200 16322 "http://dotheton.com/index.php?topic=1721.90" "Mozilla/4.0 (compatible; MSIE 8.0; Windows NT 5.1; Trident/4.0; GTB6.3; .NET CLR 1.1.4322; .NET CLR 3.0.04506.30; .NET CLR 2.0.50727; .NET CLR 3.0.4506.2152; .NET CLR 3.5.30729)" "silverimagingcanada.com"
188.40.100.135 - - [03/Jan/2010:15:35:52 -0800] "GET / HTTP/1.0" 200 1723 "-" "Wget/1.11.4" "www.silverimagingcanada.com"
67.195.112.89 - - [03/Jan/2010:15:38:44 -0800] "GET /contactus.html HTTP/1.0" 404 - "-" "Mozilla/5.0 (compatible; Yahoo! Slurp/3.0; http://help.yahoo.com/help/us/ysearch/slurp)" "www.silverimagingcanada.com"
67.195.112.89 - - [03/Jan/2010:16:09:06 -0800] "GET /sounds/ HTTP/1.0" 200 648 "-" "Mozilla/5.0 (compatible; Yahoo! Slurp/3.0; http://help.yahoo.com/help/us/ysearch/slurp)" "www.silverimagingcanada.com"
114.80.93.71 - - [03/Jan/2010:18:25:44 -0800] "GET / HTTP/1.1" 200 1739 "-" "Mozilla/4.0 (compatible; MSIE 6.0; Windows NT 5.1)" "www.silverimagingcanada.com"
207.46.199.196 - - [03/Jan/2010:18:52:40 -0800] "GET /robots.txt HTTP/1.1" 404 - "-" "msnbot/2.0b (+http://search.msn.com/msnbot.htm)" "silverimagingcanada.com"
99.48.212.217 - - [03/Jan/2010:19:10:19 -0800] "GET /sitebuilder/images/img052-374x274.jpg HTTP/1.1" 200 18043 "http://dotheton.com/index.php?topic=1721.0" "Mozilla/5.0 (Macintosh; U; Intel Mac OS X 10.6; en-US; rv:1.9.1.6) Gecko/20091201 Firefox/3.5.6" "silverimagingcanada.com"
99.48.212.217 - - [03/Jan/2010:19:10:19 -0800] "GET /sitebuilder/images/IMG_0939-380x278.jpg HTTP/1.1" 200 15324 "http://dotheton.com/index.php?topic=1721.0" "Mozilla/5.0 (Macintosh; U; Intel Mac OS X 10.6; en-US; rv:1.9.1.6) Gecko/20091201 Firefox/3.5.6" "silverimagingcanada.com"
99.48.212.217 - - [03/Jan/2010:19:10:19 -0800] "GET /sitebuilder/images/IMG_0937-312x416.jpg HTTP/1.1" 200 20123 "http://dotheton.com/index.php?topic=1721.0" "Mozilla/5.0 (Macintosh; U; Intel Mac OS X 10.6; en-US; rv:1.9.1.6) Gecko/20091201 Firefox/3.5.6" "silverimagingcanada.com"
99.48.212.217 - - [03/Jan/2010:19:10:19 -0800] "GET /sitebuilder/images/img056-393x289.jpg HTTP/1.1" 200 20721 "http://dotheton.com/index.php?topic=1721.0" "Mozilla/5.0 (Macintosh; U; Intel Mac OS X 10.6; en-US; rv:1.9.1.6) Gecko/20091201 Firefox/3.5.6" "silverimagingcanada.com"
99.48.212.217 - - [03/Jan/2010:19:14:48 -0800] "GET /sitebuilder/images/IMG_1272-351x257.jpg HTTP/1.1" 200 23815 "http://dotheton.com/index.php?topic=1721.15" "Mozilla/5.0 (Macintosh; U; Intel Mac OS X 10.6; en-US; rv:1.9.1.6) Gecko/20091201 Firefox/3.5.6" "silverimagingcanada.com"
99.48.212.217 - - [03/Jan/2010:19:17:33 -0800] "GET /sitebuilder/images/img135-317x428.jpg HTTP/1.1" 200 25396 "http://dotheton.com/index.php?topic=1721.30" "Mozilla/5.0 (Macintosh; U; Intel Mac OS X 10.6; en-US; rv:1.9.1.6) Gecko/20091201 Firefox/3.5.6" "silverimagingcanada.com"
99.48.212.217 - - [03/Jan/2010:19:17:33 -0800] "GET /sitebuilder/images/img1412-430x317.jpg HTTP/1.1" 200 28270 "http://dotheton.com/index.php?topic=1721.30" "Mozilla/5.0 (Macintosh; U; Intel Mac OS X 10.6; en-US; rv:1.9.1.6) Gecko/20091201 Firefox/3.5.6" "silverimagingcanada.com"
99.48.212.217 - - [03/Jan/2010:19:17:34 -0800] "GET /sitebuilder/images/tank1-257x350.jpg HTTP/1.1" 200 11565 "http://dotheton.com/index.php?topic=1721.30" "Mozilla/5.0 (Macintosh; U; Intel Mac OS X 10.6; en-US; rv:1.9.1.6) Gecko/20091201 Firefox/3.5.6" "silverimagingcanada.com"
99.48.212.217 - - [03/Jan/2010:19:26:23 -0800] "GET /sitebuilder/images/Bullet_Signals-295x237.jpg HTTP/1.1" 200 16322 "http://dotheton.com/index.php?topic=1721.90" "Mozilla/5.0 (Macintosh; U; Intel Mac OS X 10.6; en-US; rv:1.9.1.6) Gecko/20091201 Firefox/3.5.6" "silverimagingcanada.com"
87.250.252.242 - - [03/Jan/2010:19:39:30 -0800] "GET /robots.txt HTTP/1.1" 404 - "-" "Yandex/1.01.001 (compatible; Win16; I)" "www.silverimagingcanada.com"
208.80.193.31 - - [03/Jan/2010:19:50:01 -0800] "GET / HTTP/1.0" 200 1723 "-" "Mozilla/4.0 (compatible; MSIE 7.0; Windows NT 6.0; WOW64; SLCC1; .NET CLR 2.0.50727; .NET CLR 3.0.04506; Media Center PC 5.0; .NET CLR 1.1.4322; InfoPath.2)" "www.silverimagingcanada.com"
67.195.112.89 - - [03/Jan/2010:22:17:38 -0800] "GET /robots.txt HTTP/1.0" 404 - "-" "Mozilla/5.0 (compatible; Yahoo! Slurp; http://help.yahoo.com/help/us/ysearch/slurp)" "www.silverimagingcanada.com"
67.195.112.89 - - [03/Jan/2010:22:17:38 -0800] "GET /scripts/layers.js HTTP/1.0" 200 4045 "-" "Mozilla/5.0 (compatible; Yahoo! Slurp/3.0; http://help.yahoo.com/help/us/ysearch/slurp)" "www.silverimagingcanada.com"
121.54.82.6 - - [03/Jan/2010:23:05:46 -0800] "GET /sitebuilder/images/Gay_DVR_Splash_Screen2-581x435.jpg HTTP/1.1" 200 25628 "http://camerahacks.10.forumer.com/a/change-a-stupid-splash-screen-on-a-dvrcamera_post3239.html" "Mozilla/5.0 (Windows; U; Windows NT 5.1; en-US; rv:1.9.0.16) Gecko/2009120208 Firefox/3.0.16 (.NET CLR 3.5.30729)" "www.silverimagingcanada.com"
121.54.82.6 - - [03/Jan/2010:23:06:05 -0800] "GET /sitebuilder/images/IMG_0332-476x353.jpg HTTP/1.1" 200 33138 "http://camerahacks.10.forumer.com/a/change-a-stupid-splash-screen-on-a-dvrcamera_post3239.html" "Mozilla/5.0 (Windows; U; Windows NT 5.1; en-US; rv:1.9.0.16) Gecko/2009120208 Firefox/3.0.16 (.NET CLR 3.5.30729)" "www.silverimagingcanada.com"
121.54.82.6 - - [03/Jan/2010:23:06:06 -0800] "GET /sitebuilder/images/IMG_0330-444x329.jpg HTTP/1.1" 200 35303 "http://camerahacks.10.forumer.com/a/change-a-stupid-splash-screen-on-a-dvrcamera_post3239.html" "Mozilla/5.0 (Windows; U; Windows NT 5.1; en-US; rv:1.9.0.16) Gecko/2009120208 Firefox/3.0.16 (.NET CLR 3.5.30729)" "www.silverimagingcanada.com"
121.54.82.6 - - [03/Jan/2010:23:06:06 -0800] "GET /sitebuilder/images/IMG_0342-444x328.jpg HTTP/1.1" 200 14174 "http://camerahacks.10.forumer.com/a/change-a-stupid-splash-screen-on-a-dvrcamera_post3239.html" "Mozilla/5.0 (Windows; U; Windows NT 5.1; en-US; rv:1.9.0.16) Gecko/2009120208 Firefox/3.0.16 (.NET CLR 3.5.30729)" "www.silverimagingcanada.com"
90.189.170.80 - - [04/Jan/2010:01:02:32 -0800] "GET /sitebuilder/images/IMG_0332-476x353.jpg HTTP/1.1" 200 33138 "http://images.google.ru/imglanding?q=PCB%20sd%20card&imgurl=http://robozone.su/uploads/posts/2008-11/1227202433_pcb-sd_mmc-modulev2.jpg&imgrefurl=http://robozone.su/2008/11/20/modul-dlja-pokljuchenija-sdmmc-kart-pamjati-v2.0.html&usg=__N2N5Fxarrm4P_-3SjGMRUx1r8Yc=&h=472&w=827&sz=76&hl=ru&um=1&tbnid=9X6KwDmpamYtcM:&tbnh=82&tbnw=144&prev=/images%3Fq%3DPCB%2Bsd%2Bcard%26hl%3Dru%26lr%3D%26sa%3DG%26um%3D1%26newwindow%3D1&lr=&sa=G&um=1&newwindow=1&start=0" "Mozilla/5.0 (Windows; U; Windows NT 5.1; ru; rv:1.9.1) Gecko/20090624 Firefox/3.5" "www.silverimagingcanada.com"
124.115.6.15 - - [04/Jan/2010:01:22:58 -0800] "GET /robots.txt HTTP/1.1" 404 - "-" "Sosospider+(+http://help.soso.com/webspider.htm)" "www.silverimagingcanada.com"
83.167.62.165 - - [04/Jan/2010:03:10:56 -0800] "GET /robots.txt HTTP/1.1" 404 - "-" "Mozilla/5.0 (compatible; Exabot/3.0 (BiggerBetter); +http://www.exabot.com/go/robot)" "www.silverimagingcanada.com"
83.167.62.165 - - [04/Jan/2010:03:10:57 -0800] "GET /logs/?N=D HTTP/1.1" 200 2088 "-" "Mozilla/5.0 (compatible; Exabot/3.0 (BiggerBetter); +http://www.exabot.com/go/robot)" "www.silverimagingcanada.com"
83.167.62.165 - - [04/Jan/2010:03:10:59 -0800] "GET /logs/?S=D HTTP/1.1" 200 2088 "-" "Mozilla/5.0 (compatible; Exabot/3.0 (BiggerBetter); +http://www.exabot.com/go/robot)" "www.silverimagingcanada.com"
83.167.62.165 - - [04/Jan/2010:03:11:02 -0800] "GET /media/?S=A HTTP/1.1" 200 2086 "-" "Mozilla/5.0 (compatible; Exabot/3.0 (BiggerBetter); +http://www.exabot.com/go/robot)" "www.silverimagingcanada.com"
67.195.112.89 - - [04/Jan/2010:05:31:16 -0800] "GET /robots.txt HTTP/1.0" 404 - "-" "Mozilla/5.0 (compatible; Yahoo! Slurp; http://help.yahoo.com/help/us/ysearch/slurp)" "www.silverimagingcanada.com"
67.195.112.89 - - [04/Jan/2010:05:31:17 -0800] "GET /tmp/?M=A HTTP/1.0" 200 504 "-" "Mozilla/5.0 (compatible; Yahoo! Slurp/3.0; http://help.yahoo.com/help/us/ysearch/slurp)" "www.silverimagingcanada.com"
83.167.62.165 - - [04/Jan/2010:05:55:30 -0800] "GET /images/?D=A HTTP/1.1" 200 526 "-" "Mozilla/5.0 (compatible; Exabot/3.0 (BiggerBetter); +http://www.exabot.com/go/robot)" "www.silverimagingcanada.com"
67.195.112.89 - - [04/Jan/2010:08:29:02 -0800] "GET /sitebuilder/server_meta.txt HTTP/1.0" 200 15718 "-" "Mozilla/5.0 (compatible; Yahoo! Slurp/3.0; http://help.yahoo.com/help/us/ysearch/slurp)" "www.silverimagingcanada.com"
87.250.252.242 - - [04/Jan/2010:08:50:11 -0800] "GET / HTTP/1.1" 200 1739 "-" "Yandex/1.01.001 (compatible; Win16; I)" "www.silverimagingcanada.com"
196.12.244.198 - - [04/Jan/2010:09:02:32 -0800] "GET /sitebuilder/images/IMG_0330-444x329.jpg HTTP/1.1" 200 35303 "http://camerahacks.10.forumer.com/a/change-a-stupid-splash-screen-on-a-dvrcamera_post3239.html" "Mozilla/4.0 (compatible; MSIE 7.0; Windows NT 5.1; Trident/4.0; .NET CLR 2.0.50727)" "www.silverimagingcanada.com"
196.12.244.198 - - [04/Jan/2010:09:02:32 -0800] "GET /sitebuilder/images/IMG_0332-476x353.jpg HTTP/1.1" 200 33138 "http://camerahacks.10.forumer.com/a/change-a-stupid-splash-screen-on-a-dvrcamera_post3239.html" "Mozilla/4.0 (compatible; MSIE 7.0; Windows NT 5.1; Trident/4.0; .NET CLR 2.0.50727)" "www.silverimagingcanada.com"
196.12.244.198 - - [04/Jan/2010:09:02:32 -0800] "GET /sitebuilder/images/IMG_0342-444x328.jpg HTTP/1.1" 200 14174 "http://camerahacks.10.forumer.com/a/change-a-stupid-splash-screen-on-a-dvrcamera_post3239.html" "Mozilla/4.0 (compatible; MSIE 7.0; Windows NT 5.1; Trident/4.0; .NET CLR 2.0.50727)" "www.silverimagingcanada.com"
88.131.106.7 - - [04/Jan/2010:10:57:34 -0800] "GET /robots.txt HTTP/1.0" 404 - "-" "Speedy Spider (http://www.entireweb.com/about/search_tech/speedy_spider/)" "silverimagingcanada.com"
208.80.193.53 - - [04/Jan/2010:13:34:56 -0800] "GET / HTTP/1.0" 200 1723 "-" "Mozilla/4.0 (compatible; MSIE 7.0; Windows NT 5.1; SYMPA; .NET CLR 2.0.50727)" "www.silverimagingcanada.com"
67.195.112.89 - - [04/Jan/2010:13:40:45 -0800] "GET /robots.txt HTTP/1.0" 404 - "-" "Mozilla/5.0 (compatible; Yahoo! Slurp; http://help.yahoo.com/help/us/ysearch/slurp)" "www.silverimagingcanada.com"
69.84.9.77 - - [04/Jan/2010:16:56:40 -0800] "GET /sitebuilder/images/IMG_0419-240x321.jpg HTTP/1.1" 200 23573 "http://dotheton.com/index.php?topic=3172.0" "Mozilla/5.0 (Macintosh; U; Intel Mac OS X 10_4_11; en) AppleWebKit/531.21.8 (KHTML, like Gecko) Version/4.0.4 Safari/531.21.10" "silverimagingcanada.com"
193.47.80.51 - - [04/Jan/2010:19:01:20 -0800] "GET /robots.txt HTTP/1.1" 404 - "-" "Mozilla/5.0 (compatible; Exabot/3.0; +http://www.exabot.com/go/robot)" "www.silverimagingcanada.com"
193.47.80.51 - - [04/Jan/2010:19:01:20 -0800] "GET / HTTP/1.1" 200 1739 "-" "Mozilla/5.0 (compatible; Exabot/3.0; +http://www.exabot.com/go/robot)" "www.silverimagingcanada.com"
67.195.112.89 - - [04/Jan/2010:19:23:35 -0800] "GET / HTTP/1.0" 200 1723 "-" "Mozilla/5.0 (compatible; Yahoo! Slurp/3.0; http://help.yahoo.com/help/us/ysearch/slurp)" "www.silverimagingcanada.com"
67.195.112.89 - - [04/Jan/2010:20:01:33 -0800] "GET /clipart/ HTTP/1.0" 200 1334 "-" "Mozilla/5.0 (compatible; Yahoo! Slurp/3.0; http://help.yahoo.com/help/us/ysearch/slurp)" "www.silverimagingcanada.com"
122.161.175.67 - - [04/Jan/2010:23:15:05 -0800] "GET /sitebuilder/images/IMG_1184-420x310.jpg HTTP/1.1" 200 30969 "http://dotheton.com/index.php?topic=1721.0" "Mozilla/4.0 (compatible; MSIE 8.0; Windows NT 6.1; Trident/4.0; SLCC2; .NET CLR 2.0.50727; .NET CLR 3.5.30729; .NET CLR 3.0.30729; Media Center PC 6.0)" "silverimagingcanada.com"
122.161.175.67 - - [04/Jan/2010:23:15:10 -0800] "GET /sitebuilder/images/img052-374x274.jpg HTTP/1.1" 200 18043 "http://dotheton.com/index.php?topic=1721.0" "Mozilla/4.0 (compatible; MSIE 8.0; Windows NT 6.1; Trident/4.0; SLCC2; .NET CLR 2.0.50727; .NET CLR 3.5.30729; .NET CLR 3.0.30729; Media Center PC 6.0)" "silverimagingcanada.com"
122.161.175.67 - - [04/Jan/2010:23:15:10 -0800] "GET /sitebuilder/images/img053-365x267.jpg HTTP/1.0" 200 19523 "http://dotheton.com/index.php?topic=1721.0" "Mozilla/4.0 (compatible; MSIE 8.0; Windows NT 6.1; Trident/4.0; SLCC2; .NET CLR 2.0.50727; .NET CLR 3.5.30729; .NET CLR 3.0.30729; Media Center PC 6.0)" "silverimagingcanada.com"
122.161.175.67 - - [04/Jan/2010:23:15:12 -0800] "GET /sitebuilder/images/img056-393x289.jpg HTTP/1.1" 200 20721 "http://dotheton.com/index.php?topic=1721.0" "Mozilla/4.0 (compatible; MSIE 8.0; Windows NT 6.1; Trident/4.0; SLCC2; .NET CLR 2.0.50727; .NET CLR 3.5.30729; .NET CLR 3.0.30729; Media Center PC 6.0)" "silverimagingcanada.com"
122.161.175.67 - - [04/Jan/2010:23:15:13 -0800] "GET /sitebuilder/images/IMG_0937-312x416.jpg HTTP/1.1" 200 20123 "http://dotheton.com/index.php?topic=1721.0" "Mozilla/4.0 (compatible; MSIE 8.0; Windows NT 6.1; Trident/4.0; SLCC2; .NET CLR 2.0.50727; .NET CLR 3.5.30729; .NET CLR 3.0.30729; Media Center PC 6.0)" "silverimagingcanada.com"
122.161.175.67 - - [04/Jan/2010:23:15:13 -0800] "GET /sitebuilder/images/IMG_0939-380x278.jpg HTTP/1.1" 200 15324 "http://dotheton.com/index.php?topic=1721.0" "Mozilla/4.0 (compatible; MSIE 8.0; Windows NT 6.1; Trident/4.0; SLCC2; .NET CLR 2.0.50727; .NET CLR 3.5.30729; .NET CLR 3.0.30729; Media Center PC 6.0)" "silverimagingcanada.com"
122.161.175.67 - - [04/Jan/2010:23:15:13 -0800] "GET /sitebuilder/images/IMG_0961-417x308.jpg HTTP/1.1" 200 11717 "http://dotheton.com/index.php?topic=1721.0" "Mozilla/4.0 (compatible; MSIE 8.0; Windows NT 6.1; Trident/4.0; SLCC2; .NET CLR 2.0.50727; .NET CLR 3.5.30729; .NET CLR 3.0.30729; Media Center PC 6.0)" "silverimagingcanada.com"
122.161.175.67 - - [04/Jan/2010:23:16:43 -0800] "GET /sitebuilder/images/img129-405x298.jpg HTTP/1.1" 200 17041 "http://dotheton.com/index.php?topic=1721.15" "Mozilla/4.0 (compatible; MSIE 8.0; Windows NT 6.1; Trident/4.0; SLCC2; .NET CLR 2.0.50727; .NET CLR 3.5.30729; .NET CLR 3.0.30729; Media Center PC 6.0)" "silverimagingcanada.com"
122.161.175.67 - - [04/Jan/2010:23:16:43 -0800] "GET /sitebuilder/images/IMG_1288-451x334.jpg HTTP/1.1" 200 25996 "http://dotheton.com/index.php?topic=1721.15" "Mozilla/4.0 (compatible; MSIE 8.0; Windows NT 6.1; Trident/4.0; SLCC2; .NET CLR 2.0.50727; .NET CLR 3.5.30729; .NET CLR 3.0.30729; Media Center PC 6.0)" "silverimagingcanada.com"
122.161.175.67 - - [04/Jan/2010:23:16:43 -0800] "GET /sitebuilder/images/IMG_1276-406x299.jpg HTTP/1.1" 200 31845 "http://dotheton.com/index.php?topic=1721.15" "Mozilla/4.0 (compatible; MSIE 8.0; Windows NT 6.1; Trident/4.0; SLCC2; .NET CLR 2.0.50727; .NET CLR 3.5.30729; .NET CLR 3.0.30729; Media Center PC 6.0)" "silverimagingcanada.com"
122.161.175.67 - - [04/Jan/2010:23:16:43 -0800] "GET /sitebuilder/images/IMG_1272-351x257.jpg HTTP/1.1" 200 23815 "http://dotheton.com/index.php?topic=1721.15" "Mozilla/4.0 (compatible; MSIE 8.0; Windows NT 6.1; Trident/4.0; SLCC2; .NET CLR 2.0.50727; .NET CLR 3.5.30729; .NET CLR 3.0.30729; Media Center PC 6.0)" "silverimagingcanada.com"
122.161.175.67 - - [04/Jan/2010:23:17:15 -0800] "GET /sitebuilder/images/img1412-430x317.jpg HTTP/1.1" 200 28270 "http://dotheton.com/index.php?topic=1721.30" "Mozilla/4.0 (compatible; MSIE 8.0; Windows NT 6.1; Trident/4.0; SLCC2; .NET CLR 2.0.50727; .NET CLR 3.5.30729; .NET CLR 3.0.30729; Media Center PC 6.0)" "silverimagingcanada.com"
122.161.175.67 - - [04/Jan/2010:23:17:15 -0800] "GET /sitebuilder/images/img135-317x428.jpg HTTP/1.1" 200 25396 "http://dotheton.com/index.php?topic=1721.30" "Mozilla/4.0 (compatible; MSIE 8.0; Windows NT 6.1; Trident/4.0; SLCC2; .NET CLR 2.0.50727; .NET CLR 3.5.30729; .NET CLR 3.0.30729; Media Center PC 6.0)" "silverimagingcanada.com"
