38.105.83.12 - - [16/Jan/2010:01:50:22 -0800] "GET /clipart/buttons/themes/elegant_blue/ HTTP/1.1" 200 1026 "http://www.silverimagingcanada.com/clipart/buttons/themes/" "Mozilla/4.0 (compatible; MSIE 7.0; Windows NT 5.2)" "www.silverimagingcanada.com"
38.105.83.12 - - [16/Jan/2010:01:50:24 -0800] "GET /clipart/buttons/paypal/buy_now/ HTTP/1.1" 200 742 "http://www.silverimagingcanada.com/clipart/buttons/paypal/" "Mozilla/4.0 (compatible; MSIE 7.0; Windows NT 5.2)" "www.silverimagingcanada.com"
38.105.83.12 - - [16/Jan/2010:01:50:26 -0800] "GET /clipart/buttons/themes/gray/ HTTP/1.1" 200 1010 "http://www.silverimagingcanada.com/clipart/buttons/themes/" "Mozilla/4.0 (compatible; MSIE 7.0; Windows NT 5.2)" "www.silverimagingcanada.com"
67.195.112.89 - - [16/Jan/2010:04:46:45 -0800] "GET /robots.txt HTTP/1.0" 404 - "-" "Mozilla/5.0 (compatible; Yahoo! Slurp; http://help.yahoo.com/help/us/ysearch/slurp)" "www.silverimagingcanada.com"
67.195.112.89 - - [16/Jan/2010:04:46:45 -0800] "GET /media/ HTTP/1.0" 200 2070 "-" "Mozilla/5.0 (compatible; Yahoo! Slurp/3.0; http://help.yahoo.com/help/us/ysearch/slurp)" "www.silverimagingcanada.com"
66.235.124.71 - - [16/Jan/2010:06:03:38 -0800] "GET /robots.txt HTTP/1.0" 404 - "-" "Mozilla/5.0 (compatible; Ask Jeeves/Teoma; +http://about.ask.com/en/docs/about/webmasters.shtml)" "www.silverimagingcanada.com"
66.235.124.71 - - [16/Jan/2010:06:03:38 -0800] "GET /sitebuilder/images/IMG_0347-380x279.jpg HTTP/1.0" 200 23443 "-" "Mozilla/5.0 (compatible; Ask Jeeves/Teoma; +http://about.ask.com/en/docs/about/webmasters.shtml)" "www.silverimagingcanada.com"
87.250.252.242 - - [16/Jan/2010:08:52:14 -0800] "GET /navigation_bars/ HTTP/1.1" 200 683 "-" "Yandex/1.01.001 (compatible; Win16; I)" "www.silverimagingcanada.com"
217.120.133.177 - - [16/Jan/2010:09:03:04 -0800] "GET /sitebuilder/images/img052-374x274.jpg HTTP/1.1" 200 18043 "http://dotheton.com/index.php?topic=1721.0" "Mozilla/5.0 (Windows; U; Windows NT 6.1; nl; rv:1.9.1.7) Gecko/20091221 Firefox/3.5.7 (.NET CLR 3.5.30729)" "silverimagingcanada.com"
217.120.133.177 - - [16/Jan/2010:09:03:04 -0800] "GET /sitebuilder/images/IMG_1184-420x310.jpg HTTP/1.1" 200 30969 "http://dotheton.com/index.php?topic=1721.0" "Mozilla/5.0 (Windows; U; Windows NT 6.1; nl; rv:1.9.1.7) Gecko/20091221 Firefox/3.5.7 (.NET CLR 3.5.30729)" "silverimagingcanada.com"
217.120.133.177 - - [16/Jan/2010:09:03:04 -0800] "GET /sitebuilder/images/img053-365x267.jpg HTTP/1.1" 200 19523 "http://dotheton.com/index.php?topic=1721.0" "Mozilla/5.0 (Windows; U; Windows NT 6.1; nl; rv:1.9.1.7) Gecko/20091221 Firefox/3.5.7 (.NET CLR 3.5.30729)" "silverimagingcanada.com"
217.120.133.177 - - [16/Jan/2010:09:03:05 -0800] "GET /sitebuilder/images/img056-393x289.jpg HTTP/1.1" 200 20721 "http://dotheton.com/index.php?topic=1721.0" "Mozilla/5.0 (Windows; U; Windows NT 6.1; nl; rv:1.9.1.7) Gecko/20091221 Firefox/3.5.7 (.NET CLR 3.5.30729)" "silverimagingcanada.com"
217.120.133.177 - - [16/Jan/2010:09:03:05 -0800] "GET /sitebuilder/images/IMG_0937-312x416.jpg HTTP/1.1" 200 20123 "http://dotheton.com/index.php?topic=1721.0" "Mozilla/5.0 (Windows; U; Windows NT 6.1; nl; rv:1.9.1.7) Gecko/20091221 Firefox/3.5.7 (.NET CLR 3.5.30729)" "silverimagingcanada.com"
217.120.133.177 - - [16/Jan/2010:09:03:05 -0800] "GET /sitebuilder/images/IMG_0939-380x278.jpg HTTP/1.1" 200 15324 "http://dotheton.com/index.php?topic=1721.0" "Mozilla/5.0 (Windows; U; Windows NT 6.1; nl; rv:1.9.1.7) Gecko/20091221 Firefox/3.5.7 (.NET CLR 3.5.30729)" "silverimagingcanada.com"
217.120.133.177 - - [16/Jan/2010:09:03:06 -0800] "GET /sitebuilder/images/IMG_0961-417x308.jpg HTTP/1.1" 200 11717 "http://dotheton.com/index.php?topic=1721.0" "Mozilla/5.0 (Windows; U; Windows NT 6.1; nl; rv:1.9.1.7) Gecko/20091221 Firefox/3.5.7 (.NET CLR 3.5.30729)" "silverimagingcanada.com"
66.249.65.166 - - [16/Jan/2010:10:30:25 -0800] "GET /robots.txt HTTP/1.1" 404 - "-" "Googlebot-Image/1.0" "www.silverimagingcanada.com"
66.249.65.166 - - [16/Jan/2010:10:30:25 -0800] "GET /sitebuilder/images/Gay_DVR_Splash_Screen2-581x435.jpg HTTP/1.1" 200 25628 "-" "Googlebot-Image/1.0" "www.silverimagingcanada.com"
208.80.193.38 - - [16/Jan/2010:10:34:33 -0800] "GET / HTTP/1.0" 200 1723 "-" "Mozilla/4.0 (compatible; MSIE 7.0; Windows NT 5.1; SU 3.004; FunWebProducts; .NET CLR 1.1.4322; .NET CLR 2.0.50727)" "www.silverimagingcanada.com"
79.107.61.80 - - [16/Jan/2010:12:44:09 -0800] "GET /sitebuilder/images/Gay_DVR_Splash_Screen2-581x435.jpg HTTP/1.1" 200 25628 "http://camerahacks.10.forumer.com/a/change-a-stupid-splash-screen-on-a-dvrcamera_post3239.html" "Mozilla/4.0 (compatible; MSIE 7.0; Windows NT 6.1; Trident/4.0; GTB6.3; SLCC2; .NET CLR 2.0.50727; .NET CLR 3.5.30729; .NET CLR 3.0.30729; Media Center PC 6.0; InfoPath.2)" "www.silverimagingcanada.com"
79.107.61.80 - - [16/Jan/2010:12:44:09 -0800] "GET /sitebuilder/images/IMG_0342-444x328.jpg HTTP/1.1" 200 14174 "http://camerahacks.10.forumer.com/a/change-a-stupid-splash-screen-on-a-dvrcamera_post3239.html" "Mozilla/4.0 (compatible; MSIE 7.0; Windows NT 6.1; Trident/4.0; GTB6.3; SLCC2; .NET CLR 2.0.50727; .NET CLR 3.5.30729; .NET CLR 3.0.30729; Media Center PC 6.0; InfoPath.2)" "www.silverimagingcanada.com"
79.107.61.80 - - [16/Jan/2010:12:44:10 -0800] "GET /sitebuilder/images/IMG_0332-476x353.jpg HTTP/1.1" 200 33138 "http://camerahacks.10.forumer.com/a/change-a-stupid-splash-screen-on-a-dvrcamera_post3239.html" "Mozilla/4.0 (compatible; MSIE 7.0; Windows NT 6.1; Trident/4.0; GTB6.3; SLCC2; .NET CLR 2.0.50727; .NET CLR 3.5.30729; .NET CLR 3.0.30729; Media Center PC 6.0; InfoPath.2)" "www.silverimagingcanada.com"
79.107.61.80 - - [16/Jan/2010:12:44:10 -0800] "GET /sitebuilder/images/IMG_0330-444x329.jpg HTTP/1.1" 200 35303 "http://camerahacks.10.forumer.com/a/change-a-stupid-splash-screen-on-a-dvrcamera_post3239.html" "Mozilla/4.0 (compatible; MSIE 7.0; Windows NT 6.1; Trident/4.0; GTB6.3; SLCC2; .NET CLR 2.0.50727; .NET CLR 3.5.30729; .NET CLR 3.0.30729; Media Center PC 6.0; InfoPath.2)" "www.silverimagingcanada.com"
96.48.9.1 - - [16/Jan/2010:13:14:06 -0800] "GET /sitebuilder/images/img053-365x267.jpg HTTP/1.1" 200 19523 "http://dotheton.com/index.php?topic=1721.0" "Mozilla/5.0 (Macintosh; U; Intel Mac OS X 10_6_2; en-us) AppleWebKit/531.21.8 (KHTML, like Gecko) Version/4.0.4 Safari/531.21.10" "silverimagingcanada.com"
96.48.9.1 - - [16/Jan/2010:13:14:06 -0800] "GET /sitebuilder/images/IMG_1184-420x310.jpg HTTP/1.1" 200 30969 "http://dotheton.com/index.php?topic=1721.0" "Mozilla/5.0 (Macintosh; U; Intel Mac OS X 10_6_2; en-us) AppleWebKit/531.21.8 (KHTML, like Gecko) Version/4.0.4 Safari/531.21.10" "silverimagingcanada.com"
96.48.9.1 - - [16/Jan/2010:13:14:06 -0800] "GET /sitebuilder/images/img056-393x289.jpg HTTP/1.1" 200 20721 "http://dotheton.com/index.php?topic=1721.0" "Mozilla/5.0 (Macintosh; U; Intel Mac OS X 10_6_2; en-us) AppleWebKit/531.21.8 (KHTML, like Gecko) Version/4.0.4 Safari/531.21.10" "silverimagingcanada.com"
96.48.9.1 - - [16/Jan/2010:13:14:06 -0800] "GET /sitebuilder/images/IMG_0939-380x278.jpg HTTP/1.1" 200 15324 "http://dotheton.com/index.php?topic=1721.0" "Mozilla/5.0 (Macintosh; U; Intel Mac OS X 10_6_2; en-us) AppleWebKit/531.21.8 (KHTML, like Gecko) Version/4.0.4 Safari/531.21.10" "silverimagingcanada.com"
96.48.9.1 - - [16/Jan/2010:13:14:06 -0800] "GET /sitebuilder/images/IMG_0937-312x416.jpg HTTP/1.1" 200 20123 "http://dotheton.com/index.php?topic=1721.0" "Mozilla/5.0 (Macintosh; U; Intel Mac OS X 10_6_2; en-us) AppleWebKit/531.21.8 (KHTML, like Gecko) Version/4.0.4 Safari/531.21.10" "silverimagingcanada.com"
96.48.9.1 - - [16/Jan/2010:13:14:06 -0800] "GET /sitebuilder/images/img052-374x274.jpg HTTP/1.1" 200 18043 "http://dotheton.com/index.php?topic=1721.0" "Mozilla/5.0 (Macintosh; U; Intel Mac OS X 10_6_2; en-us) AppleWebKit/531.21.8 (KHTML, like Gecko) Version/4.0.4 Safari/531.21.10" "silverimagingcanada.com"
96.48.9.1 - - [16/Jan/2010:13:14:06 -0800] "GET /sitebuilder/images/IMG_0961-417x308.jpg HTTP/1.1" 200 11717 "http://dotheton.com/index.php?topic=1721.0" "Mozilla/5.0 (Macintosh; U; Intel Mac OS X 10_6_2; en-us) AppleWebKit/531.21.8 (KHTML, like Gecko) Version/4.0.4 Safari/531.21.10" "silverimagingcanada.com"
66.235.124.71 - - [16/Jan/2010:15:44:09 -0800] "GET /sitebuilder/images/IMG_0166-355x260.jpg HTTP/1.0" 200 20599 "-" "Mozilla/5.0 (compatible; Ask Jeeves/Teoma; +http://about.ask.com/en/docs/about/webmasters.shtml)" "www.silverimagingcanada.com"
67.195.112.89 - - [16/Jan/2010:17:25:26 -0800] "GET /robots.txt HTTP/1.0" 404 - "-" "Mozilla/5.0 (compatible; Yahoo! Slurp; http://help.yahoo.com/help/us/ysearch/slurp)" "www.silverimagingcanada.com"
67.195.112.89 - - [16/Jan/2010:17:25:26 -0800] "GET /tmp/ HTTP/1.0" 200 504 "-" "Mozilla/5.0 (compatible; Yahoo! Slurp/3.0; http://help.yahoo.com/help/us/ysearch/slurp)" "www.silverimagingcanada.com"
124.115.6.15 - - [16/Jan/2010:18:39:54 -0800] "GET /robots.txt HTTP/1.1" 404 - "-" "Sosospider+(+http://help.soso.com/webspider.htm)" "www.silverimagingcanada.com"
67.195.112.89 - - [16/Jan/2010:18:51:20 -0800] "GET /CameraSites.html HTTP/1.0" 404 - "-" "Mozilla/5.0 (compatible; Yahoo! Slurp/3.0; http://help.yahoo.com/help/us/ysearch/slurp)" "www.silverimagingcanada.com"
58.61.164.139 - - [16/Jan/2010:18:56:06 -0800] "GET / HTTP/1.1" 200 1739 "-" "Mozilla/4.0 (compatible; MSIE 6.0; Windows NT 5.1)" "www.silverimagingcanada.com"
58.61.164.140 - - [16/Jan/2010:19:02:24 -0800] "GET / HTTP/1.1" 200 1739 "-" "Mozilla/4.0 (compatible; MSIE 6.0; Windows NT 5.1)" "www.silverimagingcanada.com"
58.61.164.39 - - [16/Jan/2010:19:27:15 -0800] "GET / HTTP/1.1" 200 1739 "-" "Mozilla/4.0 (compatible; MSIE 6.0; Windows NT 5.1)" "www.silverimagingcanada.com"
124.115.1.7 - - [16/Jan/2010:20:48:16 -0800] "GET / HTTP/1.1" 200 1739 "-" "Mozilla/4.0 (compatible; MSIE 6.0; Windows NT 5.1)" "www.silverimagingcanada.com"
87.250.252.242 - - [16/Jan/2010:21:10:58 -0800] "GET /robots.txt HTTP/1.1" 404 - "-" "Yandex/1.01.001 (compatible; Win16; I)" "www.silverimagingcanada.com"
69.58.178.27 - - [17/Jan/2010:00:02:45 -0800] "GET /robots.txt HTTP/1.1" 404 - "-" "Mozilla/5.0 (X11; U; Linux i686; en-US; rv:1.9.1.3; ips-agent) Gecko/20090824 Fedora/1.0.7-1.1.fc4 Firefox/3.5.3" "www.silverimagingcanada.com"
69.58.178.27 - - [17/Jan/2010:00:02:47 -0800] "GET / HTTP/1.1" 200 1739 "-" "Mozilla/5.0 (X11; U; Linux i686; en-US; rv:1.9.1.3; ips-agent) Gecko/20090824 Fedora/1.0.7-1.1.fc4 Firefox/3.5.3" "www.silverimagingcanada.com"
69.58.178.27 - - [17/Jan/2010:00:02:48 -0800] "GET /?N=D HTTP/1.1" 200 1739 "-" "Mozilla/5.0 (X11; U; Linux i686; en-US; rv:1.9.1.3; ips-agent) Gecko/20090824 Fedora/1.0.7-1.1.fc4 Firefox/3.5.3" "www.silverimagingcanada.com"
69.58.178.27 - - [17/Jan/2010:00:02:49 -0800] "GET /?M=A HTTP/1.1" 200 1739 "-" "Mozilla/5.0 (X11; U; Linux i686; en-US; rv:1.9.1.3; ips-agent) Gecko/20090824 Fedora/1.0.7-1.1.fc4 Firefox/3.5.3" "www.silverimagingcanada.com"
69.58.178.27 - - [17/Jan/2010:00:02:50 -0800] "GET /?S=A HTTP/1.1" 200 1739 "-" "Mozilla/5.0 (X11; U; Linux i686; en-US; rv:1.9.1.3; ips-agent) Gecko/20090824 Fedora/1.0.7-1.1.fc4 Firefox/3.5.3" "www.silverimagingcanada.com"
69.58.178.27 - - [17/Jan/2010:00:02:51 -0800] "GET /?D=A HTTP/1.1" 200 1739 "-" "Mozilla/5.0 (X11; U; Linux i686; en-US; rv:1.9.1.3; ips-agent) Gecko/20090824 Fedora/1.0.7-1.1.fc4 Firefox/3.5.3" "www.silverimagingcanada.com"
69.58.178.27 - - [17/Jan/2010:00:02:52 -0800] "GET /clipart/ HTTP/1.1" 200 1350 "-" "Mozilla/5.0 (X11; U; Linux i686; en-US; rv:1.9.1.3; ips-agent) Gecko/20090824 Fedora/1.0.7-1.1.fc4 Firefox/3.5.3" "www.silverimagingcanada.com"
69.58.178.27 - - [17/Jan/2010:00:02:53 -0800] "GET /images/ HTTP/1.1" 200 526 "-" "Mozilla/5.0 (X11; U; Linux i686; en-US; rv:1.9.1.3; ips-agent) Gecko/20090824 Fedora/1.0.7-1.1.fc4 Firefox/3.5.3" "www.silverimagingcanada.com"
69.58.178.27 - - [17/Jan/2010:00:02:54 -0800] "GET /logs/ HTTP/1.1" 200 2088 "-" "Mozilla/5.0 (X11; U; Linux i686; en-US; rv:1.9.1.3; ips-agent) Gecko/20090824 Fedora/1.0.7-1.1.fc4 Firefox/3.5.3" "www.silverimagingcanada.com"
69.58.178.27 - - [17/Jan/2010:00:02:55 -0800] "GET /media/ HTTP/1.1" 200 2086 "-" "Mozilla/5.0 (X11; U; Linux i686; en-US; rv:1.9.1.3; ips-agent) Gecko/20090824 Fedora/1.0.7-1.1.fc4 Firefox/3.5.3" "www.silverimagingcanada.com"
69.58.178.27 - - [17/Jan/2010:00:02:56 -0800] "GET /navigation_bars/ HTTP/1.1" 200 683 "-" "Mozilla/5.0 (X11; U; Linux i686; en-US; rv:1.9.1.3; ips-agent) Gecko/20090824 Fedora/1.0.7-1.1.fc4 Firefox/3.5.3" "www.silverimagingcanada.com"
67.195.112.89 - - [17/Jan/2010:01:18:25 -0800] "GET /robots.txt HTTP/1.0" 404 - "-" "Mozilla/5.0 (compatible; Yahoo! Slurp; http://help.yahoo.com/help/us/ysearch/slurp)" "www.silverimagingcanada.com"
67.195.112.89 - - [17/Jan/2010:01:18:25 -0800] "GET /sitebuilder/ HTTP/1.0" 200 932 "-" "Mozilla/5.0 (compatible; Yahoo! Slurp/3.0; http://help.yahoo.com/help/us/ysearch/slurp)" "www.silverimagingcanada.com"
124.115.1.8 - - [17/Jan/2010:01:26:28 -0800] "GET / HTTP/1.1" 200 1739 "-" "Mozilla/4.0 (compatible; MSIE 6.0; Windows NT 5.1)" "www.silverimagingcanada.com"
67.195.112.89 - - [17/Jan/2010:02:41:18 -0800] "GET /logs/access_090312.log HTTP/1.0" 404 - "-" "Mozilla/5.0 (compatible; Yahoo! Slurp/3.0; http://help.yahoo.com/help/us/ysearch/slurp)" "www.silverimagingcanada.com"
88.131.106.26 - - [17/Jan/2010:04:04:37 -0800] "GET /robots.txt HTTP/1.0" 404 - "-" "Speedy Spider (http://www.entireweb.com/about/search_tech/speedy_spider/)" "silverimagingcanada.com"
88.131.106.26 - - [17/Jan/2010:04:04:40 -0800] "GET /clipart/bullets/ HTTP/1.0" 200 946 "-" "Speedy Spider (http://www.entireweb.com/about/search_tech/speedy_spider/)" "silverimagingcanada.com"
83.167.62.165 - - [17/Jan/2010:06:43:53 -0800] "GET /robots.txt HTTP/1.1" 404 - "-" "Mozilla/5.0 (compatible; Exabot/3.0 (BiggerBetter); +http://www.exabot.com/go/robot)" "www.silverimagingcanada.com"
83.167.62.165 - - [17/Jan/2010:06:43:53 -0800] "GET /sitebuilder/?S=D HTTP/1.1" 200 948 "-" "Mozilla/5.0 (compatible; Exabot/3.0 (BiggerBetter); +http://www.exabot.com/go/robot)" "www.silverimagingcanada.com"
83.167.62.165 - - [17/Jan/2010:06:43:55 -0800] "GET /scripts/?D=D HTTP/1.1" 200 666 "-" "Mozilla/5.0 (compatible; Exabot/3.0 (BiggerBetter); +http://www.exabot.com/go/robot)" "www.silverimagingcanada.com"
87.250.252.242 - - [17/Jan/2010:08:06:43 -0800] "GET / HTTP/1.1" 200 1739 "-" "Yandex/1.01.001 (compatible; Win16; I)" "www.silverimagingcanada.com"
119.63.198.45 - - [17/Jan/2010:08:12:07 -0800] "GET /robots.txt HTTP/1.1" 404 - "-" "Baiduspider+(+http://www.baidu.com/search/spider.htm)" "www.silverimagingcanada.com"
208.80.193.33 - - [17/Jan/2010:08:32:34 -0800] "GET / HTTP/1.0" 200 1723 "-" "Mozilla/4.0 (compatible; MSIE 6.0; Windows NT 5.0; onlineTV; www.cdesign.de; .NET CLR 1.1.4322)" "silverimagingcanada.com"
67.195.112.89 - - [17/Jan/2010:14:32:54 -0800] "GET /robots.txt HTTP/1.0" 404 - "-" "Mozilla/5.0 (compatible; Yahoo! Slurp; http://help.yahoo.com/help/us/ysearch/slurp)" "www.silverimagingcanada.com"
67.195.112.89 - - [17/Jan/2010:14:32:54 -0800] "GET /ZoneAlarm.html HTTP/1.0" 404 - "-" "Mozilla/5.0 (compatible; Yahoo! Slurp/3.0; http://help.yahoo.com/help/us/ysearch/slurp)" "www.silverimagingcanada.com"
114.80.93.71 - - [17/Jan/2010:16:58:39 -0800] "GET / HTTP/1.1" 200 1739 "-" "Mozilla/4.0 (compatible; MSIE 6.0; Windows NT 5.1)" "www.silverimagingcanada.com"
124.115.1.7 - - [17/Jan/2010:17:29:14 -0800] "GET / HTTP/1.1" 200 1739 "-" "Mozilla/4.0 (compatible; MSIE 6.0; Windows NT 5.1)" "www.silverimagingcanada.com"
58.61.164.40 - - [17/Jan/2010:17:30:16 -0800] "GET / HTTP/1.1" 200 1739 "-" "Mozilla/4.0 (compatible; MSIE 6.0; Windows NT 5.1)" "www.silverimagingcanada.com"
58.61.164.141 - - [17/Jan/2010:17:32:55 -0800] "GET / HTTP/1.1" 200 1739 "-" "Mozilla/4.0 (compatible; MSIE 6.0; Windows NT 5.1)" "www.silverimagingcanada.com"
58.61.164.139 - - [17/Jan/2010:17:52:40 -0800] "GET / HTTP/1.1" 200 1739 "-" "Mozilla/4.0 (compatible; MSIE 6.0; Windows NT 5.1)" "www.silverimagingcanada.com"
99.245.150.17 - - [17/Jan/2010:17:55:33 -0800] "GET /sitebuilder/images/IMG_1184-420x310.jpg HTTP/1.0" 200 30969 "http://dotheton.com/index.php?topic=1721.0" "Mozilla/4.0 (compatible; MSIE 7.0; Windows NT 5.1; FunWebProducts; GTB5; .NET CLR 1.0.3705; .NET CLR 1.1.4322; Media Center PC 4.0; .NET CLR 2.0.50727; .NET CLR 3.0.04506.30; .NET CLR 3.0.4506.2152; .NET CLR 3.5.30729)" "silverimagingcanada.com"
99.245.150.17 - - [17/Jan/2010:17:55:34 -0800] "GET /sitebuilder/images/img053-365x267.jpg HTTP/1.0" 200 19523 "http://dotheton.com/index.php?topic=1721.0" "Mozilla/4.0 (compatible; MSIE 7.0; Windows NT 5.1; FunWebProducts; GTB5; .NET CLR 1.0.3705; .NET CLR 1.1.4322; Media Center PC 4.0; .NET CLR 2.0.50727; .NET CLR 3.0.04506.30; .NET CLR 3.0.4506.2152; .NET CLR 3.5.30729)" "silverimagingcanada.com"
99.245.150.17 - - [17/Jan/2010:17:55:34 -0800] "GET /sitebuilder/images/img056-393x289.jpg HTTP/1.0" 200 20721 "http://dotheton.com/index.php?topic=1721.0" "Mozilla/4.0 (compatible; MSIE 7.0; Windows NT 5.1; FunWebProducts; GTB5; .NET CLR 1.0.3705; .NET CLR 1.1.4322; Media Center PC 4.0; .NET CLR 2.0.50727; .NET CLR 3.0.04506.30; .NET CLR 3.0.4506.2152; .NET CLR 3.5.30729)" "silverimagingcanada.com"
99.245.150.17 - - [17/Jan/2010:17:55:34 -0800] "GET /sitebuilder/images/img052-374x274.jpg HTTP/1.0" 200 18043 "http://dotheton.com/index.php?topic=1721.0" "Mozilla/4.0 (compatible; MSIE 7.0; Windows NT 5.1; FunWebProducts; GTB5; .NET CLR 1.0.3705; .NET CLR 1.1.4322; Media Center PC 4.0; .NET CLR 2.0.50727; .NET CLR 3.0.04506.30; .NET CLR 3.0.4506.2152; .NET CLR 3.5.30729)" "silverimagingcanada.com"
99.245.150.17 - - [17/Jan/2010:17:55:34 -0800] "GET /sitebuilder/images/IMG_0937-312x416.jpg HTTP/1.0" 200 20123 "http://dotheton.com/index.php?topic=1721.0" "Mozilla/4.0 (compatible; MSIE 7.0; Windows NT 5.1; FunWebProducts; GTB5; .NET CLR 1.0.3705; .NET CLR 1.1.4322; Media Center PC 4.0; .NET CLR 2.0.50727; .NET CLR 3.0.04506.30; .NET CLR 3.0.4506.2152; .NET CLR 3.5.30729)" "silverimagingcanada.com"
99.245.150.17 - - [17/Jan/2010:17:55:34 -0800] "GET /sitebuilder/images/IMG_0939-380x278.jpg HTTP/1.0" 200 15324 "http://dotheton.com/index.php?topic=1721.0" "Mozilla/4.0 (compatible; MSIE 7.0; Windows NT 5.1; FunWebProducts; GTB5; .NET CLR 1.0.3705; .NET CLR 1.1.4322; Media Center PC 4.0; .NET CLR 2.0.50727; .NET CLR 3.0.04506.30; .NET CLR 3.0.4506.2152; .NET CLR 3.5.30729)" "silverimagingcanada.com"
99.245.150.17 - - [17/Jan/2010:17:55:34 -0800] "GET /sitebuilder/images/IMG_0961-417x308.jpg HTTP/1.0" 200 11717 "http://dotheton.com/index.php?topic=1721.0" "Mozilla/4.0 (compatible; MSIE 7.0; Windows NT 5.1; FunWebProducts; GTB5; .NET CLR 1.0.3705; .NET CLR 1.1.4322; Media Center PC 4.0; .NET CLR 2.0.50727; .NET CLR 3.0.04506.30; .NET CLR 3.0.4506.2152; .NET CLR 3.5.30729)" "silverimagingcanada.com"
208.80.193.35 - - [17/Jan/2010:18:07:01 -0800] "GET / HTTP/1.0" 200 1723 "-" "Mozilla/4.0 (compatible; MSIE 7.0; Windows NT 5.1; {7F0ACCB6-2FED-4287-99A0-4380396CB426}; YPC 3.2.0; .NET CLR 1.1.4322; yplus 5.1.04b)" "www.silverimagingcanada.com"
58.61.164.140 - - [17/Jan/2010:18:26:00 -0800] "GET / HTTP/1.1" 200 1739 "-" "Mozilla/4.0 (compatible; MSIE 6.0; Windows NT 5.1)" "www.silverimagingcanada.com"
58.61.164.39 - - [17/Jan/2010:18:28:15 -0800] "GET / HTTP/1.1" 200 1739 "-" "Mozilla/4.0 (compatible; MSIE 6.0; Windows NT 5.1)" "www.silverimagingcanada.com"
95.108.150.235 - - [17/Jan/2010:19:21:02 -0800] "GET /robots.txt HTTP/1.1" 404 - "-" "Yandex/1.01.001 (compatible; Win16; H)" "www.silverimagingcanada.com"
95.108.150.235 - - [17/Jan/2010:19:21:03 -0800] "GET /robots.txt HTTP/1.1" 404 - "-" "Yandex/1.01.001 (compatible; Win16; H)" "silverimagingcanada.com"
95.108.150.235 - - [17/Jan/2010:19:21:04 -0800] "GET / HTTP/1.1" 200 1739 "-" "Yandex/1.01.001 (compatible; Win16; H)" "www.silverimagingcanada.com"
95.108.150.235 - - [17/Jan/2010:19:21:05 -0800] "GET / HTTP/1.1" 200 1739 "-" "Yandex/1.01.001 (compatible; Win16; H)" "silverimagingcanada.com"
95.108.150.235 - - [17/Jan/2010:19:21:06 -0800] "GET / HTTP/1.1" 200 1739 "-" "Yandex/1.01.001 (compatible; Win16; H)" "www.silverimagingcanada.com"
95.108.150.235 - - [17/Jan/2010:19:21:07 -0800] "GET / HTTP/1.1" 200 1739 "-" "Yandex/1.01.001 (compatible; Win16; H)" "silverimagingcanada.com"
124.115.1.8 - - [17/Jan/2010:19:52:24 -0800] "GET / HTTP/1.1" 200 1739 "-" "Mozilla/4.0 (compatible; MSIE 6.0; Windows NT 5.1)" "www.silverimagingcanada.com"
67.195.112.89 - - [17/Jan/2010:21:45:22 -0800] "GET /navigation_bars/?M=A HTTP/1.0" 200 667 "-" "Mozilla/5.0 (compatible; Yahoo! Slurp/3.0; http://help.yahoo.com/help/us/ysearch/slurp)" "www.silverimagingcanada.com"
124.115.6.15 - - [18/Jan/2010:00:15:20 -0800] "GET /robots.txt HTTP/1.1" 404 - "-" "Sosospider+(+http://help.soso.com/webspider.htm)" "www.silverimagingcanada.com"
66.235.124.17 - - [18/Jan/2010:00:50:11 -0800] "GET /robots.txt HTTP/1.1" 404 - "-" "Mozilla/5.0 (compatible; Ask Jeeves/Teoma; +http://about.ask.com/en/docs/about/webmasters.shtml)" "www.silverimagingcanada.com"
66.235.124.17 - - [18/Jan/2010:00:50:11 -0800] "GET / HTTP/1.1" 200 1739 "-" "Mozilla/5.0 (compatible; Ask Jeeves/Teoma; +http://about.ask.com/en/docs/about/webmasters.shtml)" "www.silverimagingcanada.com"
119.63.198.23 - - [18/Jan/2010:02:46:32 -0800] "GET /robots.txt HTTP/1.1" 404 - "-" "Baiduspider+(+http://www.baidu.com/search/spider.htm)" "www.silverimagingcanada.com"
83.167.62.165 - - [18/Jan/2010:06:37:18 -0800] "GET /media/pipetest.mpg HTTP/1.1" 200 786432 "-" "Mozilla/5.0 (compatible; Exabot/3.0 (BiggerBetter); +http://www.exabot.com/go/robot)" "www.silverimagingcanada.com"
87.250.252.242 - - [18/Jan/2010:15:01:03 -0800] "GET /robots.txt HTTP/1.1" 404 - "-" "Yandex/1.01.001 (compatible; Win16; I)" "www.silverimagingcanada.com"
208.80.193.35 - - [18/Jan/2010:16:08:04 -0800] "GET / HTTP/1.0" 200 1723 "-" "Mozilla/4.0 (compatible; MSIE 6.0; Windows NT 5.1; DigExt; SV1; acc=; acc=none; (none); .NET CLR 1.1.4322)" "silverimagingcanada.com"
114.80.93.71 - - [18/Jan/2010:16:15:19 -0800] "GET / HTTP/1.1" 200 1739 "-" "Mozilla/4.0 (compatible; MSIE 6.0; Windows NT 5.1)" "www.silverimagingcanada.com"
83.167.62.165 - - [19/Jan/2010:00:00:06 -0800] "GET /robots.txt HTTP/1.1" 404 - "-" "Mozilla/5.0 (compatible; Exabot/3.0 (BiggerBetter); +http://www.exabot.com/go/robot)" "www.silverimagingcanada.com"
83.167.62.165 - - [19/Jan/2010:00:00:07 -0800] "GET /media/Las_Vegas_082.avi HTTP/1.1" 200 786432 "-" "Mozilla/5.0 (compatible; Exabot/3.0 (BiggerBetter); +http://www.exabot.com/go/robot)" "www.silverimagingcanada.com"
83.167.62.165 - - [19/Jan/2010:01:05:26 -0800] "GET /media/bigballs.mpeg HTTP/1.1" 200 786432 "-" "Mozilla/5.0 (compatible; Exabot/3.0 (BiggerBetter); +http://www.exabot.com/go/robot)" "www.silverimagingcanada.com"
208.80.193.27 - - [19/Jan/2010:01:46:29 -0800] "GET / HTTP/1.0" 200 1723 "-" "Mozilla/4.0 (compatible; MSIE 6.0; Windows NT 5.1; SV1; PRU_IE)" "www.silverimagingcanada.com"
95.108.150.235 - - [19/Jan/2010:02:06:31 -0800] "GET /robots.txt HTTP/1.1" 404 - "-" "Yandex/1.01.001 (compatible; Win16; H)" "silverimagingcanada.com"
95.108.150.235 - - [19/Jan/2010:02:06:32 -0800] "GET /robots.txt HTTP/1.1" 404 - "-" "Yandex/1.01.001 (compatible; Win16; H)" "www.silverimagingcanada.com"
95.108.150.235 - - [19/Jan/2010:02:06:33 -0800] "GET / HTTP/1.1" 200 1739 "-" "Yandex/1.01.001 (compatible; Win16; H)" "silverimagingcanada.com"
95.108.150.235 - - [19/Jan/2010:02:06:34 -0800] "GET / HTTP/1.1" 200 1739 "-" "Yandex/1.01.001 (compatible; Win16; H)" "www.silverimagingcanada.com"
95.108.150.235 - - [19/Jan/2010:02:06:35 -0800] "GET / HTTP/1.1" 200 1739 "-" "Yandex/1.01.001 (compatible; Win16; H)" "silverimagingcanada.com"
95.108.150.235 - - [19/Jan/2010:02:06:36 -0800] "GET / HTTP/1.1" 200 1739 "-" "Yandex/1.01.001 (compatible; Win16; H)" "www.silverimagingcanada.com"
124.115.6.15 - - [19/Jan/2010:07:09:21 -0800] "GET /robots.txt HTTP/1.1" 404 - "-" "Sosospider+(+http://help.soso.com/webspider.htm)" "www.silverimagingcanada.com"
220.255.7.199 - - [19/Jan/2010:07:50:50 -0800] "GET /sitebuilder/images/img052-374x274.jpg HTTP/1.1" 200 18043 "http://dotheton.com/index.php?topic=1721.0" "Mozilla/4.0 (compatible; MSIE 8.0; Windows NT 6.0; Trident/4.0; SLCC1; .NET CLR 2.0.50727; Media Center PC 5.0; FDM; .NET CLR 3.5.30729; OfficeLiveConnector.1.3; OfficeLivePatch.0.0; .NET CLR 3.0.30618)" "silverimagingcanada.com"
220.255.7.105 - - [19/Jan/2010:07:50:50 -0800] "GET /sitebuilder/images/IMG_1184-420x310.jpg HTTP/1.1" 200 30969 "http://dotheton.com/index.php?topic=1721.0" "Mozilla/4.0 (compatible; MSIE 8.0; Windows NT 6.0; Trident/4.0; SLCC1; .NET CLR 2.0.50727; Media Center PC 5.0; FDM; .NET CLR 3.5.30729; OfficeLiveConnector.1.3; OfficeLivePatch.0.0; .NET CLR 3.0.30618)" "silverimagingcanada.com"
220.255.7.132 - - [19/Jan/2010:07:50:50 -0800] "GET /sitebuilder/images/img053-365x267.jpg HTTP/1.1" 200 19523 "http://dotheton.com/index.php?topic=1721.0" "Mozilla/4.0 (compatible; MSIE 8.0; Windows NT 6.0; Trident/4.0; SLCC1; .NET CLR 2.0.50727; Media Center PC 5.0; FDM; .NET CLR 3.5.30729; OfficeLiveConnector.1.3; OfficeLivePatch.0.0; .NET CLR 3.0.30618)" "silverimagingcanada.com"
220.255.7.217 - - [19/Jan/2010:07:50:50 -0800] "GET /sitebuilder/images/img056-393x289.jpg HTTP/1.1" 200 20721 "http://dotheton.com/index.php?topic=1721.0" "Mozilla/4.0 (compatible; MSIE 8.0; Windows NT 6.0; Trident/4.0; SLCC1; .NET CLR 2.0.50727; Media Center PC 5.0; FDM; .NET CLR 3.5.30729; OfficeLiveConnector.1.3; OfficeLivePatch.0.0; .NET CLR 3.0.30618)" "silverimagingcanada.com"
220.255.7.195 - - [19/Jan/2010:07:50:51 -0800] "GET /sitebuilder/images/IMG_0939-380x278.jpg HTTP/1.1" 200 15324 "http://dotheton.com/index.php?topic=1721.0" "Mozilla/4.0 (compatible; MSIE 8.0; Windows NT 6.0; Trident/4.0; SLCC1; .NET CLR 2.0.50727; Media Center PC 5.0; FDM; .NET CLR 3.5.30729; OfficeLiveConnector.1.3; OfficeLivePatch.0.0; .NET CLR 3.0.30618)" "silverimagingcanada.com"
220.255.7.211 - - [19/Jan/2010:07:50:51 -0800] "GET /sitebuilder/images/IMG_0961-417x308.jpg HTTP/1.1" 200 11717 "http://dotheton.com/index.php?topic=1721.0" "Mozilla/4.0 (compatible; MSIE 8.0; Windows NT 6.0; Trident/4.0; SLCC1; .NET CLR 2.0.50727; Media Center PC 5.0; FDM; .NET CLR 3.5.30729; OfficeLiveConnector.1.3; OfficeLivePatch.0.0; .NET CLR 3.0.30618)" "silverimagingcanada.com"
220.255.7.241 - - [19/Jan/2010:07:50:51 -0800] "GET /sitebuilder/images/IMG_0937-312x416.jpg HTTP/1.1" 200 20123 "http://dotheton.com/index.php?topic=1721.0" "Mozilla/4.0 (compatible; MSIE 8.0; Windows NT 6.0; Trident/4.0; SLCC1; .NET CLR 2.0.50727; Media Center PC 5.0; FDM; .NET CLR 3.5.30729; OfficeLiveConnector.1.3; OfficeLivePatch.0.0; .NET CLR 3.0.30618)" "silverimagingcanada.com"
220.255.7.244 - - [19/Jan/2010:07:58:38 -0800] "GET /sitebuilder/images/IMG_1276-406x299.jpg HTTP/1.1" 200 31845 "http://dotheton.com/index.php?topic=1721.15" "Mozilla/4.0 (compatible; MSIE 8.0; Windows NT 6.0; Trident/4.0; SLCC1; .NET CLR 2.0.50727; Media Center PC 5.0; FDM; .NET CLR 3.5.30729; OfficeLiveConnector.1.3; OfficeLivePatch.0.0; .NET CLR 3.0.30618)" "silverimagingcanada.com"
220.255.7.152 - - [19/Jan/2010:07:58:38 -0800] "GET /sitebuilder/images/IMG_1272-351x257.jpg HTTP/1.1" 200 23815 "http://dotheton.com/index.php?topic=1721.15" "Mozilla/4.0 (compatible; MSIE 8.0; Windows NT 6.0; Trident/4.0; SLCC1; .NET CLR 2.0.50727; Media Center PC 5.0; FDM; .NET CLR 3.5.30729; OfficeLiveConnector.1.3; OfficeLivePatch.0.0; .NET CLR 3.0.30618)" "silverimagingcanada.com"
220.255.7.116 - - [19/Jan/2010:07:58:39 -0800] "GET /sitebuilder/images/IMG_1288-451x334.jpg HTTP/1.1" 200 25996 "http://dotheton.com/index.php?topic=1721.15" "Mozilla/4.0 (compatible; MSIE 8.0; Windows NT 6.0; Trident/4.0; SLCC1; .NET CLR 2.0.50727; Media Center PC 5.0; FDM; .NET CLR 3.5.30729; OfficeLiveConnector.1.3; OfficeLivePatch.0.0; .NET CLR 3.0.30618)" "silverimagingcanada.com"
220.255.7.111 - - [19/Jan/2010:07:58:41 -0800] "GET /sitebuilder/images/img129-405x298.jpg HTTP/1.1" 200 17041 "http://dotheton.com/index.php?topic=1721.15" "Mozilla/4.0 (compatible; MSIE 8.0; Windows NT 6.0; Trident/4.0; SLCC1; .NET CLR 2.0.50727; Media Center PC 5.0; FDM; .NET CLR 3.5.30729; OfficeLiveConnector.1.3; OfficeLivePatch.0.0; .NET CLR 3.0.30618)" "silverimagingcanada.com"
87.250.252.242 - - [19/Jan/2010:08:42:46 -0800] "GET /tmp/ HTTP/1.1" 200 520 "-" "Yandex/1.01.001 (compatible; Win16; I)" "www.silverimagingcanada.com"
87.250.252.242 - - [19/Jan/2010:12:52:27 -0800] "GET /robots.txt HTTP/1.1" 404 - "-" "Yandex/1.01.001 (compatible; Win16; I)" "www.silverimagingcanada.com"
67.195.111.31 - - [19/Jan/2010:13:15:31 -0800] "GET /robots.txt HTTP/1.0" 404 - "-" "Mozilla/5.0 (compatible; Yahoo! Slurp; http://help.yahoo.com/help/us/ysearch/slurp)" "www.silverimagingcanada.com"
67.195.111.31 - - [19/Jan/2010:13:15:31 -0800] "GET / HTTP/1.0" 200 1723 "-" "Mozilla/5.0 (compatible; Yahoo! Slurp/3.0; http://help.yahoo.com/help/us/ysearch/slurp)" "www.silverimagingcanada.com"
71.202.87.129 - - [19/Jan/2010:20:39:16 -0800] "GET /sitebuilder/images/IMG_1184-420x310.jpg HTTP/1.1" 200 30969 "http://dotheton.com/index.php?topic=1721.0" "Mozilla/5.0 (Windows; U; Windows NT 6.1; en-US; rv:1.9.1.7) Gecko/20091221 Firefox/3.5.7 (.NET CLR 2.0.50727; .NET CLR 3.0.30729; .NET CLR 3.5.30729)" "silverimagingcanada.com"
71.202.87.129 - - [19/Jan/2010:20:39:16 -0800] "GET /sitebuilder/images/img052-374x274.jpg HTTP/1.1" 200 18043 "http://dotheton.com/index.php?topic=1721.0" "Mozilla/5.0 (Windows; U; Windows NT 6.1; en-US; rv:1.9.1.7) Gecko/20091221 Firefox/3.5.7 (.NET CLR 2.0.50727; .NET CLR 3.0.30729; .NET CLR 3.5.30729)" "silverimagingcanada.com"
71.202.87.129 - - [19/Jan/2010:20:39:16 -0800] "GET /sitebuilder/images/img053-365x267.jpg HTTP/1.1" 200 19523 "http://dotheton.com/index.php?topic=1721.0" "Mozilla/5.0 (Windows; U; Windows NT 6.1; en-US; rv:1.9.1.7) Gecko/20091221 Firefox/3.5.7 (.NET CLR 2.0.50727; .NET CLR 3.0.30729; .NET CLR 3.5.30729)" "silverimagingcanada.com"
71.202.87.129 - - [19/Jan/2010:20:39:16 -0800] "GET /sitebuilder/images/img056-393x289.jpg HTTP/1.1" 200 20721 "http://dotheton.com/index.php?topic=1721.0" "Mozilla/5.0 (Windows; U; Windows NT 6.1; en-US; rv:1.9.1.7) Gecko/20091221 Firefox/3.5.7 (.NET CLR 2.0.50727; .NET CLR 3.0.30729; .NET CLR 3.5.30729)" "silverimagingcanada.com"
71.202.87.129 - - [19/Jan/2010:20:39:16 -0800] "GET /sitebuilder/images/IMG_0937-312x416.jpg HTTP/1.1" 200 20123 "http://dotheton.com/index.php?topic=1721.0" "Mozilla/5.0 (Windows; U; Windows NT 6.1; en-US; rv:1.9.1.7) Gecko/20091221 Firefox/3.5.7 (.NET CLR 2.0.50727; .NET CLR 3.0.30729; .NET CLR 3.5.30729)" "silverimagingcanada.com"
71.202.87.129 - - [19/Jan/2010:20:39:16 -0800] "GET /sitebuilder/images/IMG_0939-380x278.jpg HTTP/1.1" 200 15324 "http://dotheton.com/index.php?topic=1721.0" "Mozilla/5.0 (Windows; U; Windows NT 6.1; en-US; rv:1.9.1.7) Gecko/20091221 Firefox/3.5.7 (.NET CLR 2.0.50727; .NET CLR 3.0.30729; .NET CLR 3.5.30729)" "silverimagingcanada.com"
71.202.87.129 - - [19/Jan/2010:20:39:17 -0800] "GET /sitebuilder/images/IMG_0961-417x308.jpg HTTP/1.1" 200 11717 "http://dotheton.com/index.php?topic=1721.0" "Mozilla/5.0 (Windows; U; Windows NT 6.1; en-US; rv:1.9.1.7) Gecko/20091221 Firefox/3.5.7 (.NET CLR 2.0.50727; .NET CLR 3.0.30729; .NET CLR 3.5.30729)" "silverimagingcanada.com"
67.195.111.31 - - [19/Jan/2010:23:25:12 -0800] "GET /robots.txt HTTP/1.0" 404 - "-" "Mozilla/5.0 (compatible; Yahoo! Slurp; http://help.yahoo.com/help/us/ysearch/slurp)" "www.silverimagingcanada.com"
208.80.193.35 - - [19/Jan/2010:23:57:37 -0800] "GET / HTTP/1.0" 200 1723 "-" "Mozilla/4.0 (compatible; MSIE 7.0; Windows NT 5.1; .NET CLR 1.0.3705; .NET CLR 1.1.4322; Media Center PC 2.8; .NET CLR 2.0.50727; Windows-Media-Player/10.00.00.3990)" "silverimagingcanada.com"
67.195.111.31 - - [20/Jan/2010:00:42:24 -0800] "GET /robots.txt HTTP/1.0" 404 - "-" "Mozilla/5.0 (compatible; Yahoo! Slurp; http://help.yahoo.com/help/us/ysearch/slurp)" "www.silverimagingcanada.com"
67.195.111.31 - - [20/Jan/2010:00:42:24 -0800] "GET /images/?D=A HTTP/1.0" 200 510 "-" "Mozilla/5.0 (compatible; Yahoo! Slurp/3.0; http://help.yahoo.com/help/us/ysearch/slurp)" "www.silverimagingcanada.com"
88.131.106.26 - - [20/Jan/2010:02:32:51 -0800] "GET /robots.txt HTTP/1.0" 404 - "-" "Speedy Spider (http://www.entireweb.com/about/search_tech/speedy_spider/)" "silverimagingcanada.com"
88.131.106.26 - - [20/Jan/2010:02:32:52 -0800] "GET /tmp/ HTTP/1.0" 200 504 "-" "Speedy Spider (http://www.entireweb.com/about/search_tech/speedy_spider/)" "silverimagingcanada.com"
88.131.106.26 - - [20/Jan/2010:06:50:43 -0800] "GET /robots.txt HTTP/1.0" 404 - "-" "Speedy Spider (http://www.entireweb.com/about/search_tech/speedy_spider/)" "silverimagingcanada.com"
88.131.106.26 - - [20/Jan/2010:06:50:51 -0800] "GET /media/ HTTP/1.0" 200 2070 "-" "Speedy Spider (http://www.entireweb.com/about/search_tech/speedy_spider/)" "silverimagingcanada.com"
87.250.252.242 - - [20/Jan/2010:09:16:58 -0800] "GET /navigation_bars/ HTTP/1.1" 200 683 "-" "Yandex/1.01.001 (compatible; Win16; I)" "www.silverimagingcanada.com"
208.80.193.38 - - [20/Jan/2010:09:55:49 -0800] "GET / HTTP/1.0" 200 1723 "-" "Mozilla/4.0 (compatible; MSIE 6.0; Windows NT 5.1; SV1; .NET CLR 1.1.4322; PeoplePal 3.0; .NET CLR 2.0.50727; Windows-Media-Player/10.00.00.3990)" "www.silverimagingcanada.com"
87.250.252.242 - - [20/Jan/2010:11:14:45 -0800] "GET /robots.txt HTTP/1.1" 404 - "-" "Yandex/1.01.001 (compatible; Win16; I)" "www.silverimagingcanada.com"
67.195.111.31 - - [20/Jan/2010:11:23:26 -0800] "GET /sitebuilder/?S=A HTTP/1.0" 200 932 "-" "Mozilla/5.0 (compatible; Yahoo! Slurp/3.0; http://help.yahoo.com/help/us/ysearch/slurp)" "www.silverimagingcanada.com"
124.115.6.15 - - [20/Jan/2010:14:10:21 -0800] "GET /robots.txt HTTP/1.1" 404 - "-" "Sosospider+(+http://help.soso.com/webspider.htm)" "www.silverimagingcanada.com"
195.210.57.83 - - [20/Jan/2010:23:04:46 -0800] "GET /robots.txt HTTP/1.0" 404 - "-" "Mozilla/5.0 (compatible; KaloogaBot; http://www.kalooga.com/info.html?page=crawler)" "www.silverimagingcanada.com"
195.210.57.83 - - [20/Jan/2010:23:04:46 -0800] "GET /navigation_bars/ HTTP/1.0" 200 667 "-" "Mozilla/5.0 (compatible; KaloogaBot; http://www.kalooga.com/info.html?page=crawler)" "www.silverimagingcanada.com"
95.108.150.235 - - [20/Jan/2010:23:10:28 -0800] "GET /robots.txt HTTP/1.1" 404 - "-" "Yandex/1.01.001 (compatible; Win16; H)" "silverimagingcanada.com"
95.108.150.235 - - [20/Jan/2010:23:10:29 -0800] "GET /robots.txt HTTP/1.1" 404 - "-" "Yandex/1.01.001 (compatible; Win16; H)" "www.silverimagingcanada.com"
95.108.150.235 - - [20/Jan/2010:23:10:30 -0800] "GET / HTTP/1.1" 200 1739 "-" "Yandex/1.01.001 (compatible; Win16; H)" "silverimagingcanada.com"
95.108.150.235 - - [20/Jan/2010:23:10:31 -0800] "GET / HTTP/1.1" 200 1739 "-" "Yandex/1.01.001 (compatible; Win16; H)" "www.silverimagingcanada.com"
95.108.150.235 - - [20/Jan/2010:23:10:32 -0800] "GET / HTTP/1.1" 200 1739 "-" "Yandex/1.01.001 (compatible; Win16; H)" "silverimagingcanada.com"
95.108.150.235 - - [20/Jan/2010:23:10:33 -0800] "GET / HTTP/1.1" 200 1739 "-" "Yandex/1.01.001 (compatible; Win16; H)" "www.silverimagingcanada.com"
83.167.62.165 - - [21/Jan/2010:00:41:41 -0800] "GET /robots.txt HTTP/1.1" 404 - "-" "Mozilla/5.0 (compatible; Exabot/3.0 (BiggerBetter); +http://www.exabot.com/go/robot)" "www.silverimagingcanada.com"
83.167.62.165 - - [21/Jan/2010:00:41:42 -0800] "GET /sitebuilder/images/?M=D HTTP/1.1" 200 55010 "-" "Mozilla/5.0 (compatible; Exabot/3.0 (BiggerBetter); +http://www.exabot.com/go/robot)" "www.silverimagingcanada.com"
208.80.193.29 - - [21/Jan/2010:09:02:31 -0800] "GET / HTTP/1.0" 200 1723 "-" "Mozilla/4.0 (compatible; MSIE 6.0; Windows NT 5.1; SaveWealth)" "silverimagingcanada.com"
87.250.252.242 - - [21/Jan/2010:09:19:10 -0800] "GET / HTTP/1.1" 200 1739 "-" "Yandex/1.01.001 (compatible; Win16; I)" "www.silverimagingcanada.com"
195.210.57.83 - - [21/Jan/2010:15:13:06 -0800] "GET /robots.txt HTTP/1.0" 404 - "-" "Mozilla/5.0 (compatible; KaloogaBot; http://www.kalooga.com/info.html?page=crawler)" "www.silverimagingcanada.com"
195.210.57.83 - - [21/Jan/2010:15:13:07 -0800] "GET /navigation_bars/ HTTP/1.0" 200 667 "-" "Mozilla/5.0 (compatible; KaloogaBot; http://www.kalooga.com/info.html?page=crawler)" "www.silverimagingcanada.com"
208.80.193.42 - - [21/Jan/2010:19:15:29 -0800] "GET / HTTP/1.0" 200 1723 "-" "Mozilla/4.0 (compatible; MSIE 6.0; Windows NT 5.1; SV1; FunWebProducts; .NET CLR 1.1.4322; MSN 9.0; MSNbMSNI; MSNmen-us; MSNcIA)" "www.silverimagingcanada.com"
124.115.6.15 - - [21/Jan/2010:21:03:09 -0800] "GET /robots.txt HTTP/1.1" 404 - "-" "Sosospider+(+http://help.soso.com/webspider.htm)" "www.silverimagingcanada.com"
174.129.51.63 - - [22/Jan/2010:07:46:55 -0800] "GET /robots.txt HTTP/1.0" 404 - "-" "SheenBot/SheenBot-1.0.3 (Sheen web crawler)" "www.silverimagingcanada.com"
174.129.51.63 - - [22/Jan/2010:07:46:55 -0800] "GET / HTTP/1.0" 200 1723 "-" "SheenBot/SheenBot-1.0.3 (Sheen web crawler)" "www.silverimagingcanada.com"
87.250.252.242 - - [22/Jan/2010:10:24:15 -0800] "GET /robots.txt HTTP/1.1" 404 - "-" "Yandex/1.01.001 (compatible; Win16; I)" "www.silverimagingcanada.com"
119.63.198.39 - - [22/Jan/2010:10:41:51 -0800] "GET /robots.txt HTTP/1.1" 404 - "-" "Baiduspider+(+http://www.baidu.com/search/spider.htm)" "www.silverimagingcanada.com"
67.218.116.162 - - [22/Jan/2010:15:43:55 -0800] "GET / HTTP/1.0" 200 1723 "-" "Mozilla/5.0 (Twiceler-0.9 http://www.cuil.com/twiceler/robot.html)" "www.silverimagingcanada.com"
208.80.193.29 - - [22/Jan/2010:19:44:26 -0800] "GET / HTTP/1.0" 200 1723 "-" "Mozilla/4.0 (compatible; MSIE 7.0; Windows NT 5.1; .NET CLR 1.1.4322; SpamBlockerUtility 4.8.4; .NET CLR 2.0.50727; Dealio Toolbar 3.1.1)" "silverimagingcanada.com"
83.167.62.165 - - [22/Jan/2010:22:56:47 -0800] "GET /robots.txt HTTP/1.1" 404 - "-" "Mozilla/5.0 (compatible; Exabot/3.0 (BiggerBetter); +http://www.exabot.com/go/robot)" "www.silverimagingcanada.com"
83.167.62.165 - - [22/Jan/2010:22:56:47 -0800] "GET /sitebuilder/?D=D HTTP/1.1" 200 948 "-" "Mozilla/5.0 (compatible; Exabot/3.0 (BiggerBetter); +http://www.exabot.com/go/robot)" "www.silverimagingcanada.com"
83.167.62.165 - - [22/Jan/2010:22:56:49 -0800] "GET /sitebuilder/?M=D HTTP/1.1" 200 948 "-" "Mozilla/5.0 (compatible; Exabot/3.0 (BiggerBetter); +http://www.exabot.com/go/robot)" "www.silverimagingcanada.com"
95.108.150.235 - - [23/Jan/2010:00:19:58 -0800] "GET /robots.txt HTTP/1.1" 404 - "-" "Yandex/1.01.001 (compatible; Win16; H)" "www.silverimagingcanada.com"
95.108.150.235 - - [23/Jan/2010:00:19:59 -0800] "GET /robots.txt HTTP/1.1" 404 - "-" "Yandex/1.01.001 (compatible; Win16; H)" "silverimagingcanada.com"
95.108.150.235 - - [23/Jan/2010:00:20:00 -0800] "GET / HTTP/1.1" 200 1739 "-" "Yandex/1.01.001 (compatible; Win16; H)" "www.silverimagingcanada.com"
95.108.150.235 - - [23/Jan/2010:00:20:01 -0800] "GET / HTTP/1.1" 200 1739 "-" "Yandex/1.01.001 (compatible; Win16; H)" "silverimagingcanada.com"
95.108.150.235 - - [23/Jan/2010:00:20:02 -0800] "GET / HTTP/1.1" 200 1739 "-" "Yandex/1.01.001 (compatible; Win16; H)" "www.silverimagingcanada.com"
95.108.150.235 - - [23/Jan/2010:00:20:03 -0800] "GET / HTTP/1.1" 200 1739 "-" "Yandex/1.01.001 (compatible; Win16; H)" "silverimagingcanada.com"
65.55.207.121 - - [23/Jan/2010:01:55:35 -0800] "GET /robots.txt HTTP/1.1" 404 - "-" "msnbot/2.0b (+http://search.msn.com/msnbot.htm)" "silverimagingcanada.com"
65.55.207.121 - - [23/Jan/2010:02:15:02 -0800] "GET / HTTP/1.1" 200 1739 "-" "msnbot/2.0b (+http://search.msn.com/msnbot.htm)" "silverimagingcanada.com"
124.115.6.15 - - [23/Jan/2010:03:49:17 -0800] "GET /robots.txt HTTP/1.1" 404 - "-" "Sosospider+(+http://help.soso.com/webspider.htm)" "www.silverimagingcanada.com"
119.63.198.17 - - [23/Jan/2010:05:21:48 -0800] "GET /robots.txt HTTP/1.1" 404 - "-" "Baiduspider+(+http://www.baidu.com/search/spider.htm)" "www.silverimagingcanada.com"
208.80.193.27 - - [23/Jan/2010:05:50:52 -0800] "GET / HTTP/1.0" 200 1723 "-" "Mozilla/4.0 (compatible; MSIE 6.0; Windows NT 5.0; DT; .NET CLR 1.1.4322)" "www.silverimagingcanada.com"
66.249.65.166 - - [23/Jan/2010:06:15:16 -0800] "GET /robots.txt HTTP/1.1" 404 - "-" "Mozilla/5.0 (compatible; Googlebot/2.1; +http://www.google.com/bot.html)" "www.silverimagingcanada.com"
82.193.97.66 - - [23/Jan/2010:07:30:56 -0800] "GET /robots.txt HTTP/1.0" 404 - "http://majestic12.co.uk/bot.php?I=3B8EA87E07-4308AD3F7B63EAD0-www_silverimagingcanada_com" "Mozilla/5.0 (compatible; MJ12bot/v1.3.2; http://www.majestic12.co.uk/bot.php?+)" "www.silverimagingcanada.com"
82.193.97.66 - - [23/Jan/2010:07:30:57 -0800] "GET /clipart/backgrounds/?D=D HTTP/1.1" 200 696 "-" "Mozilla/5.0 (compatible; MJ12bot/v1.3.2; http://www.majestic12.co.uk/bot.php?+)" "www.silverimagingcanada.com"
82.193.97.66 - - [23/Jan/2010:07:31:00 -0800] "GET /clipart/backgrounds/?M=A HTTP/1.1" 200 696 "-" "Mozilla/5.0 (compatible; MJ12bot/v1.3.2; http://www.majestic12.co.uk/bot.php?+)" "www.silverimagingcanada.com"
82.193.97.66 - - [23/Jan/2010:07:31:03 -0800] "GET /clipart/backgrounds/?M=D HTTP/1.1" 200 696 "-" "Mozilla/5.0 (compatible; MJ12bot/v1.3.2; http://www.majestic12.co.uk/bot.php?+)" "www.silverimagingcanada.com"
82.193.97.66 - - [23/Jan/2010:07:31:05 -0800] "GET /clipart/backgrounds/?N=A HTTP/1.1" 200 696 "-" "Mozilla/5.0 (compatible; MJ12bot/v1.3.2; http://www.majestic12.co.uk/bot.php?+)" "www.silverimagingcanada.com"
82.193.97.66 - - [23/Jan/2010:07:31:08 -0800] "GET /clipart/backgrounds/?S=A HTTP/1.1" 200 696 "-" "Mozilla/5.0 (compatible; MJ12bot/v1.3.2; http://www.majestic12.co.uk/bot.php?+)" "www.silverimagingcanada.com"
82.193.97.66 - - [23/Jan/2010:07:31:10 -0800] "GET /clipart/backgrounds/?S=D HTTP/1.1" 200 696 "-" "Mozilla/5.0 (compatible; MJ12bot/v1.3.2; http://www.majestic12.co.uk/bot.php?+)" "www.silverimagingcanada.com"
82.193.97.66 - - [23/Jan/2010:07:31:11 -0800] "GET /clipart/backgrounds/sidebar HTTP/1.1" 301 126 "-" "Mozilla/5.0 (compatible; MJ12bot/v1.3.2; http://www.majestic12.co.uk/bot.php?+)" "www.silverimagingcanada.com"
82.193.97.66 - - [23/Jan/2010:07:31:12 -0800] "GET /clipart/backgrounds/sidebar/ HTTP/1.1" 200 744 "http://www.silverimagingcanada.com/clipart/backgrounds/sidebar" "Mozilla/5.0 (compatible; MJ12bot/v1.3.2; http://www.majestic12.co.uk/bot.php?+)" "www.silverimagingcanada.com"
82.193.97.66 - - [23/Jan/2010:07:31:14 -0800] "GET /clipart/bullets/?D=D HTTP/1.1" 200 962 "-" "Mozilla/5.0 (compatible; MJ12bot/v1.3.2; http://www.majestic12.co.uk/bot.php?+)" "www.silverimagingcanada.com"
82.193.97.66 - - [23/Jan/2010:07:31:16 -0800] "GET /clipart/bullets/?M=A HTTP/1.1" 200 962 "-" "Mozilla/5.0 (compatible; MJ12bot/v1.3.2; http://www.majestic12.co.uk/bot.php?+)" "www.silverimagingcanada.com"
82.193.97.66 - - [23/Jan/2010:07:31:19 -0800] "GET /clipart/bullets/?M=D HTTP/1.1" 200 962 "-" "Mozilla/5.0 (compatible; MJ12bot/v1.3.2; http://www.majestic12.co.uk/bot.php?+)" "www.silverimagingcanada.com"
82.193.97.66 - - [23/Jan/2010:07:31:24 -0800] "GET /clipart/bullets/?N=A HTTP/1.1" 200 962 "-" "Mozilla/5.0 (compatible; MJ12bot/v1.3.2; http://www.majestic12.co.uk/bot.php?+)" "www.silverimagingcanada.com"
82.193.97.66 - - [23/Jan/2010:07:31:28 -0800] "GET /clipart/bullets/?S=A HTTP/1.1" 200 962 "-" "Mozilla/5.0 (compatible; MJ12bot/v1.3.2; http://www.majestic12.co.uk/bot.php?+)" "www.silverimagingcanada.com"
82.193.97.66 - - [23/Jan/2010:07:31:31 -0800] "GET /clipart/bullets/?S=D HTTP/1.1" 200 962 "-" "Mozilla/5.0 (compatible; MJ12bot/v1.3.2; http://www.majestic12.co.uk/bot.php?+)" "www.silverimagingcanada.com"
82.193.97.66 - - [23/Jan/2010:07:31:33 -0800] "GET /clipart/bullets/arrows HTTP/1.1" 301 121 "-" "Mozilla/5.0 (compatible; MJ12bot/v1.3.2; http://www.majestic12.co.uk/bot.php?+)" "www.silverimagingcanada.com"
82.193.97.66 - - [23/Jan/2010:07:31:34 -0800] "GET /clipart/bullets/arrows/ HTTP/1.1" 200 725 "http://www.silverimagingcanada.com/clipart/bullets/arrows" "Mozilla/5.0 (compatible; MJ12bot/v1.3.2; http://www.majestic12.co.uk/bot.php?+)" "www.silverimagingcanada.com"
82.193.97.66 - - [23/Jan/2010:07:31:38 -0800] "GET /clipart/bullets/numbers HTTP/1.1" 301 122 "-" "Mozilla/5.0 (compatible; MJ12bot/v1.3.2; http://www.majestic12.co.uk/bot.php?+)" "www.silverimagingcanada.com"
82.193.97.66 - - [23/Jan/2010:07:31:39 -0800] "GET /clipart/bullets/numbers/ HTTP/1.1" 200 722 "http://www.silverimagingcanada.com/clipart/bullets/numbers" "Mozilla/5.0 (compatible; MJ12bot/v1.3.2; http://www.majestic12.co.uk/bot.php?+)" "www.silverimagingcanada.com"
82.193.97.66 - - [23/Jan/2010:07:31:43 -0800] "GET /clipart/buttons/?D=D HTTP/1.1" 200 956 "-" "Mozilla/5.0 (compatible; MJ12bot/v1.3.2; http://www.majestic12.co.uk/bot.php?+)" "www.silverimagingcanada.com"
82.193.97.66 - - [23/Jan/2010:07:31:44 -0800] "GET /clipart/buttons/?M=A HTTP/1.1" 200 956 "-" "Mozilla/5.0 (compatible; MJ12bot/v1.3.2; http://www.majestic12.co.uk/bot.php?+)" "www.silverimagingcanada.com"
82.193.97.66 - - [23/Jan/2010:07:31:47 -0800] "GET /clipart/buttons/?M=D HTTP/1.1" 200 956 "-" "Mozilla/5.0 (compatible; MJ12bot/v1.3.2; http://www.majestic12.co.uk/bot.php?+)" "www.silverimagingcanada.com"
82.193.97.66 - - [23/Jan/2010:07:31:50 -0800] "GET /clipart/buttons/?N=A HTTP/1.1" 200 956 "-" "Mozilla/5.0 (compatible; MJ12bot/v1.3.2; http://www.majestic12.co.uk/bot.php?+)" "www.silverimagingcanada.com"
82.193.97.66 - - [23/Jan/2010:07:31:53 -0800] "GET /clipart/buttons/?S=A HTTP/1.1" 200 956 "-" "Mozilla/5.0 (compatible; MJ12bot/v1.3.2; http://www.majestic12.co.uk/bot.php?+)" "www.silverimagingcanada.com"
82.193.97.66 - - [23/Jan/2010:07:31:56 -0800] "GET /clipart/buttons/?S=D HTTP/1.1" 200 956 "-" "Mozilla/5.0 (compatible; MJ12bot/v1.3.2; http://www.majestic12.co.uk/bot.php?+)" "www.silverimagingcanada.com"
82.193.97.66 - - [23/Jan/2010:07:31:58 -0800] "GET /clipart/buttons/blank HTTP/1.1" 301 120 "-" "Mozilla/5.0 (compatible; MJ12bot/v1.3.2; http://www.majestic12.co.uk/bot.php?+)" "www.silverimagingcanada.com"
82.193.97.66 - - [23/Jan/2010:07:31:59 -0800] "GET /clipart/buttons/blank/ HTTP/1.1" 200 719 "http://www.silverimagingcanada.com/clipart/buttons/blank" "Mozilla/5.0 (compatible; MJ12bot/v1.3.2; http://www.majestic12.co.uk/bot.php?+)" "www.silverimagingcanada.com"
82.193.97.66 - - [23/Jan/2010:07:32:01 -0800] "GET /clipart/buttons/paypal HTTP/1.1" 301 121 "-" "Mozilla/5.0 (compatible; MJ12bot/v1.3.2; http://www.majestic12.co.uk/bot.php?+)" "www.silverimagingcanada.com"
82.193.97.66 - - [23/Jan/2010:07:32:02 -0800] "GET /clipart/buttons/paypal/ HTTP/1.1" 200 710 "http://www.silverimagingcanada.com/clipart/buttons/paypal" "Mozilla/5.0 (compatible; MJ12bot/v1.3.2; http://www.majestic12.co.uk/bot.php?+)" "www.silverimagingcanada.com"
82.193.97.66 - - [23/Jan/2010:07:32:04 -0800] "GET /clipart/buttons/themes HTTP/1.1" 301 121 "-" "Mozilla/5.0 (compatible; MJ12bot/v1.3.2; http://www.majestic12.co.uk/bot.php?+)" "www.silverimagingcanada.com"
82.193.97.66 - - [23/Jan/2010:07:32:04 -0800] "GET /clipart/buttons/themes/ HTTP/1.1" 200 1122 "http://www.silverimagingcanada.com/clipart/buttons/themes" "Mozilla/5.0 (compatible; MJ12bot/v1.3.2; http://www.majestic12.co.uk/bot.php?+)" "www.silverimagingcanada.com"
82.193.97.66 - - [23/Jan/2010:07:32:05 -0800] "GET /clipart/images/?D=D HTTP/1.1" 200 993 "-" "Mozilla/5.0 (compatible; MJ12bot/v1.3.2; http://www.majestic12.co.uk/bot.php?+)" "www.silverimagingcanada.com"
82.193.97.66 - - [23/Jan/2010:07:32:11 -0800] "GET /clipart/images/?M=A HTTP/1.1" 200 993 "-" "Mozilla/5.0 (compatible; MJ12bot/v1.3.2; http://www.majestic12.co.uk/bot.php?+)" "www.silverimagingcanada.com"
82.193.97.66 - - [23/Jan/2010:07:32:13 -0800] "GET /clipart/images/?M=D HTTP/1.1" 200 993 "-" "Mozilla/5.0 (compatible; MJ12bot/v1.3.2; http://www.majestic12.co.uk/bot.php?+)" "www.silverimagingcanada.com"
82.193.97.66 - - [23/Jan/2010:07:32:15 -0800] "GET /clipart/images/?N=A HTTP/1.1" 200 993 "-" "Mozilla/5.0 (compatible; MJ12bot/v1.3.2; http://www.majestic12.co.uk/bot.php?+)" "www.silverimagingcanada.com"
82.193.97.66 - - [23/Jan/2010:07:32:16 -0800] "GET /clipart/images/?S=A HTTP/1.1" 200 993 "-" "Mozilla/5.0 (compatible; MJ12bot/v1.3.2; http://www.majestic12.co.uk/bot.php?+)" "www.silverimagingcanada.com"
82.193.97.66 - - [23/Jan/2010:07:32:18 -0800] "GET /clipart/images/?S=D HTTP/1.1" 200 993 "-" "Mozilla/5.0 (compatible; MJ12bot/v1.3.2; http://www.majestic12.co.uk/bot.php?+)" "www.silverimagingcanada.com"
82.193.97.66 - - [23/Jan/2010:07:32:24 -0800] "GET /clipart/images/sidebars HTTP/1.1" 301 122 "-" "Mozilla/5.0 (compatible; MJ12bot/v1.3.2; http://www.majestic12.co.uk/bot.php?+)" "www.silverimagingcanada.com"
82.193.97.66 - - [23/Jan/2010:07:32:30 -0800] "GET /clipart/images/sidebars/ HTTP/1.1" 200 1311 "http://www.silverimagingcanada.com/clipart/images/sidebars" "Mozilla/5.0 (compatible; MJ12bot/v1.3.2; http://www.majestic12.co.uk/bot.php?+)" "www.silverimagingcanada.com"
82.193.97.66 - - [23/Jan/2010:07:32:32 -0800] "GET /clipart/pageHeaders/?D=D HTTP/1.1" 200 1322 "-" "Mozilla/5.0 (compatible; MJ12bot/v1.3.2; http://www.majestic12.co.uk/bot.php?+)" "www.silverimagingcanada.com"
82.193.97.66 - - [23/Jan/2010:07:32:34 -0800] "GET /clipart/pageHeaders/?M=A HTTP/1.1" 200 1322 "-" "Mozilla/5.0 (compatible; MJ12bot/v1.3.2; http://www.majestic12.co.uk/bot.php?+)" "www.silverimagingcanada.com"
82.193.97.66 - - [23/Jan/2010:07:32:46 -0800] "GET /clipart/pageHeaders/?M=D HTTP/1.1" 200 1322 "-" "Mozilla/5.0 (compatible; MJ12bot/v1.3.2; http://www.majestic12.co.uk/bot.php?+)" "www.silverimagingcanada.com"
82.193.97.66 - - [23/Jan/2010:07:32:57 -0800] "GET /clipart/pageHeaders/?N=A HTTP/1.1" 200 1322 "-" "Mozilla/5.0 (compatible; MJ12bot/v1.3.2; http://www.majestic12.co.uk/bot.php?+)" "www.silverimagingcanada.com"
