85.25.124.132 - - [06/Feb/2010:14:59:29 -0800] "GET /clipart/bullets/arrows/?N=D HTTP/1.1" 200 725 "-" "Linguee Bot (http://www.linguee.com/bot; bot@linguee.com)" "silverimagingcanada.com"
85.25.124.132 - - [06/Feb/2010:14:59:29 -0800] "GET /clipart/bullets/arrows/?M=A HTTP/1.1" 200 725 "-" "Linguee Bot (http://www.linguee.com/bot; bot@linguee.com)" "silverimagingcanada.com"
85.25.124.132 - - [06/Feb/2010:14:59:30 -0800] "GET /clipart/bullets/arrows/?S=A HTTP/1.1" 200 725 "-" "Linguee Bot (http://www.linguee.com/bot; bot@linguee.com)" "silverimagingcanada.com"
85.25.124.132 - - [06/Feb/2010:14:59:30 -0800] "GET /clipart/bullets/arrows/?D=A HTTP/1.1" 200 725 "-" "Linguee Bot (http://www.linguee.com/bot; bot@linguee.com)" "silverimagingcanada.com"
85.25.124.132 - - [06/Feb/2010:14:59:31 -0800] "GET /clipart/bullets/numbers/?N=D HTTP/1.1" 200 722 "-" "Linguee Bot (http://www.linguee.com/bot; bot@linguee.com)" "silverimagingcanada.com"
85.25.124.132 - - [06/Feb/2010:14:59:31 -0800] "GET /clipart/bullets/numbers/?M=A HTTP/1.1" 200 722 "-" "Linguee Bot (http://www.linguee.com/bot; bot@linguee.com)" "silverimagingcanada.com"
85.25.124.132 - - [06/Feb/2010:14:59:31 -0800] "GET /clipart/bullets/numbers/?S=A HTTP/1.1" 200 722 "-" "Linguee Bot (http://www.linguee.com/bot; bot@linguee.com)" "silverimagingcanada.com"
85.25.124.132 - - [06/Feb/2010:14:59:32 -0800] "GET /clipart/bullets/numbers/?D=A HTTP/1.1" 200 722 "-" "Linguee Bot (http://www.linguee.com/bot; bot@linguee.com)" "silverimagingcanada.com"
85.25.124.132 - - [06/Feb/2010:14:59:32 -0800] "GET /clipart/buttons/?N=A HTTP/1.1" 200 956 "-" "Linguee Bot (http://www.linguee.com/bot; bot@linguee.com)" "silverimagingcanada.com"
85.25.124.132 - - [06/Feb/2010:14:59:32 -0800] "GET /clipart/buttons/?M=D HTTP/1.1" 200 956 "-" "Linguee Bot (http://www.linguee.com/bot; bot@linguee.com)" "silverimagingcanada.com"
85.25.124.132 - - [06/Feb/2010:14:59:33 -0800] "GET /clipart/buttons/blank/?N=D HTTP/1.1" 200 719 "-" "Linguee Bot (http://www.linguee.com/bot; bot@linguee.com)" "silverimagingcanada.com"
85.25.124.132 - - [06/Feb/2010:14:59:33 -0800] "GET /clipart/buttons/blank/?M=A HTTP/1.1" 200 719 "-" "Linguee Bot (http://www.linguee.com/bot; bot@linguee.com)" "silverimagingcanada.com"
85.25.124.132 - - [06/Feb/2010:14:59:33 -0800] "GET /clipart/buttons/blank/?S=A HTTP/1.1" 200 719 "-" "Linguee Bot (http://www.linguee.com/bot; bot@linguee.com)" "silverimagingcanada.com"
85.25.124.132 - - [06/Feb/2010:14:59:34 -0800] "GET /clipart/buttons/blank/?D=A HTTP/1.1" 200 719 "-" "Linguee Bot (http://www.linguee.com/bot; bot@linguee.com)" "silverimagingcanada.com"
85.25.124.132 - - [06/Feb/2010:14:59:34 -0800] "GET /clipart/buttons/paypal/?N=D HTTP/1.1" 200 710 "-" "Linguee Bot (http://www.linguee.com/bot; bot@linguee.com)" "silverimagingcanada.com"
85.25.124.132 - - [06/Feb/2010:14:59:35 -0800] "GET /clipart/buttons/paypal/?M=A HTTP/1.1" 200 710 "-" "Linguee Bot (http://www.linguee.com/bot; bot@linguee.com)" "silverimagingcanada.com"
85.25.124.132 - - [06/Feb/2010:14:59:35 -0800] "GET /clipart/buttons/paypal/?S=A HTTP/1.1" 200 710 "-" "Linguee Bot (http://www.linguee.com/bot; bot@linguee.com)" "silverimagingcanada.com"
85.25.124.132 - - [06/Feb/2010:14:59:35 -0800] "GET /clipart/buttons/paypal/?D=A HTTP/1.1" 200 710 "-" "Linguee Bot (http://www.linguee.com/bot; bot@linguee.com)" "silverimagingcanada.com"
85.25.124.132 - - [06/Feb/2010:14:59:36 -0800] "GET /clipart/buttons/paypal/buy_now/ HTTP/1.1" 200 742 "-" "Linguee Bot (http://www.linguee.com/bot; bot@linguee.com)" "silverimagingcanada.com"
85.25.124.132 - - [06/Feb/2010:14:59:41 -0800] "GET /clipart/buttons/themes/?N=D HTTP/1.1" 200 1122 "-" "Linguee Bot (http://www.linguee.com/bot; bot@linguee.com)" "silverimagingcanada.com"
85.25.124.132 - - [06/Feb/2010:14:59:42 -0800] "GET /clipart/buttons/themes/?M=A HTTP/1.1" 200 1122 "-" "Linguee Bot (http://www.linguee.com/bot; bot@linguee.com)" "silverimagingcanada.com"
85.25.124.132 - - [06/Feb/2010:14:59:42 -0800] "GET /clipart/buttons/themes/?S=A HTTP/1.1" 200 1122 "-" "Linguee Bot (http://www.linguee.com/bot; bot@linguee.com)" "silverimagingcanada.com"
85.25.124.132 - - [06/Feb/2010:14:59:42 -0800] "GET /clipart/buttons/themes/?D=A HTTP/1.0" 200 1106 "-" "Linguee Bot (http://www.linguee.com/bot; bot@linguee.com)" "silverimagingcanada.com"
85.25.124.132 - - [06/Feb/2010:14:59:43 -0800] "GET /clipart/buttons/themes/beam/ HTTP/1.1" 200 1010 "-" "Linguee Bot (http://www.linguee.com/bot; bot@linguee.com)" "silverimagingcanada.com"
85.25.124.132 - - [06/Feb/2010:14:59:43 -0800] "GET /clipart/buttons/themes/elegant_blue/ HTTP/1.1" 200 1026 "-" "Linguee Bot (http://www.linguee.com/bot; bot@linguee.com)" "silverimagingcanada.com"
85.25.124.132 - - [06/Feb/2010:14:59:44 -0800] "GET /clipart/buttons/themes/gray/ HTTP/1.1" 200 1010 "-" "Linguee Bot (http://www.linguee.com/bot; bot@linguee.com)" "silverimagingcanada.com"
85.25.124.132 - - [06/Feb/2010:14:59:44 -0800] "GET /clipart/buttons/themes/rounded_blue/ HTTP/1.1" 200 1026 "-" "Linguee Bot (http://www.linguee.com/bot; bot@linguee.com)" "silverimagingcanada.com"
85.25.124.132 - - [06/Feb/2010:14:59:44 -0800] "GET /clipart/images/?N=A HTTP/1.1" 200 993 "-" "Linguee Bot (http://www.linguee.com/bot; bot@linguee.com)" "silverimagingcanada.com"
85.25.124.132 - - [06/Feb/2010:14:59:45 -0800] "GET /clipart/images/?M=D HTTP/1.1" 200 993 "-" "Linguee Bot (http://www.linguee.com/bot; bot@linguee.com)" "silverimagingcanada.com"
85.25.124.132 - - [06/Feb/2010:14:59:45 -0800] "GET /clipart/images/sidebars/?N=D HTTP/1.1" 200 1311 "-" "Linguee Bot (http://www.linguee.com/bot; bot@linguee.com)" "silverimagingcanada.com"
85.25.124.132 - - [06/Feb/2010:14:59:46 -0800] "GET /clipart/images/sidebars/?M=A HTTP/1.1" 200 1311 "-" "Linguee Bot (http://www.linguee.com/bot; bot@linguee.com)" "silverimagingcanada.com"
85.25.124.132 - - [06/Feb/2010:14:59:49 -0800] "GET /clipart/images/sidebars/?S=A HTTP/1.1" 200 1311 "-" "Linguee Bot (http://www.linguee.com/bot; bot@linguee.com)" "silverimagingcanada.com"
85.25.124.132 - - [06/Feb/2010:14:59:49 -0800] "GET /clipart/images/sidebars/?D=A HTTP/1.1" 200 1311 "-" "Linguee Bot (http://www.linguee.com/bot; bot@linguee.com)" "silverimagingcanada.com"
85.25.124.132 - - [06/Feb/2010:14:59:49 -0800] "GET /clipart/pageHeaders/?N=A HTTP/1.1" 200 1322 "-" "Linguee Bot (http://www.linguee.com/bot; bot@linguee.com)" "silverimagingcanada.com"
85.25.124.132 - - [06/Feb/2010:14:59:50 -0800] "GET /clipart/pageHeaders/?M=D HTTP/1.1" 200 1322 "-" "Linguee Bot (http://www.linguee.com/bot; bot@linguee.com)" "silverimagingcanada.com"
85.25.124.132 - - [06/Feb/2010:14:59:50 -0800] "GET /clipart/pageHeaders/?S=D HTTP/1.1" 200 1322 "-" "Linguee Bot (http://www.linguee.com/bot; bot@linguee.com)" "silverimagingcanada.com"
85.25.124.132 - - [06/Feb/2010:14:59:50 -0800] "GET /clipart/photos/business/?N=D HTTP/1.1" 200 711 "-" "Linguee Bot (http://www.linguee.com/bot; bot@linguee.com)" "silverimagingcanada.com"
85.25.124.132 - - [06/Feb/2010:14:59:51 -0800] "GET /clipart/photos/business/?M=A HTTP/1.1" 200 711 "-" "Linguee Bot (http://www.linguee.com/bot; bot@linguee.com)" "silverimagingcanada.com"
85.25.124.132 - - [06/Feb/2010:14:59:51 -0800] "GET /clipart/photos/business/?S=A HTTP/1.1" 200 711 "-" "Linguee Bot (http://www.linguee.com/bot; bot@linguee.com)" "silverimagingcanada.com"
85.25.124.132 - - [06/Feb/2010:14:59:51 -0800] "GET /clipart/photos/business/?D=A HTTP/1.1" 200 711 "-" "Linguee Bot (http://www.linguee.com/bot; bot@linguee.com)" "silverimagingcanada.com"
85.25.124.132 - - [06/Feb/2010:14:59:52 -0800] "GET /sitebuilder/images/?N=A HTTP/1.1" 200 55010 "-" "Linguee Bot (http://www.linguee.com/bot; bot@linguee.com)" "silverimagingcanada.com"
85.25.124.132 - - [06/Feb/2010:14:59:53 -0800] "GET /sitebuilder/images/?M=D HTTP/1.1" 200 55010 "-" "Linguee Bot (http://www.linguee.com/bot; bot@linguee.com)" "silverimagingcanada.com"
85.25.124.132 - - [06/Feb/2010:14:59:53 -0800] "GET /sitebuilder/images/?S=D HTTP/1.1" 200 55010 "-" "Linguee Bot (http://www.linguee.com/bot; bot@linguee.com)" "silverimagingcanada.com"
208.80.193.39 - - [06/Feb/2010:16:44:57 -0800] "GET / HTTP/1.0" 200 1723 "-" "Mozilla/4.0 (compatible; MSIE 7.0; Windows NT 5.1; FunWebProducts; (R1 1.3))" "silverimagingcanada.com"
193.47.80.51 - - [06/Feb/2010:18:43:13 -0800] "GET /robots.txt HTTP/1.1" 404 - "-" "Mozilla/5.0 (compatible; Exabot/3.0; +http://www.exabot.com/go/robot)" "www.silverimagingcanada.com"
193.47.80.51 - - [06/Feb/2010:18:43:13 -0800] "GET / HTTP/1.1" 200 1739 "-" "Mozilla/5.0 (compatible; Exabot/3.0; +http://www.exabot.com/go/robot)" "www.silverimagingcanada.com"
87.250.252.242 - - [06/Feb/2010:21:09:22 -0800] "GET /logs/ HTTP/1.1" 200 2088 "-" "Yandex/1.01.001 (compatible; Win16; I)" "www.silverimagingcanada.com"
64.191.56.197 - - [06/Feb/2010:21:36:41 -0800] "GET / HTTP/1.1" 200 1739 "-" "Mozilla/5.0 (Windows; U; Windows NT 5.1; en-US; rv:1.9.0.5) Gecko/2008120122 Firefox/3.0.5" "silverimagingcanada.com"
65.55.51.112 - - [06/Feb/2010:23:14:43 -0800] "GET /robots.txt HTTP/1.1" 404 - "-" "msnbot/2.0b (+http://search.msn.com/msnbot.htm)" "silverimagingcanada.com"
65.55.51.112 - - [06/Feb/2010:23:16:52 -0800] "GET /?D=A HTTP/1.1" 200 1739 "-" "msnbot/2.0b (+http://search.msn.com/msnbot.htm)" "silverimagingcanada.com"
204.15.39.12 - - [07/Feb/2010:02:03:56 -0800] "HEAD /logs/ HTTP/1.1" 200 0 "-" "Botslist Botfinder (+http://www.botslist.ca)" "www.silverimagingcanada.com"
204.15.39.12 - - [07/Feb/2010:02:03:57 -0800] "GET /logs/ HTTP/1.1" 200 2088 "-" "Botslist Botfinder (+http://www.botslist.ca)" "www.silverimagingcanada.com"
204.15.39.12 - - [07/Feb/2010:02:04:05 -0800] "HEAD /logs/access.log HTTP/1.1" 206 0 "-" "Botslist Botfinder (+http://www.botslist.ca)" "www.silverimagingcanada.com"
204.15.39.12 - - [07/Feb/2010:02:04:06 -0800] "GET /logs/access.log HTTP/1.1" 206 308948 "-" "Botslist Botfinder (+http://www.botslist.ca)" "www.silverimagingcanada.com"
204.15.39.12 - - [07/Feb/2010:02:04:07 -0800] "HEAD /logs/access_090412.log HTTP/1.1" 304 - "-" "Botslist Botfinder (+http://www.botslist.ca)" "www.silverimagingcanada.com"
204.15.39.12 - - [07/Feb/2010:02:04:07 -0800] "HEAD /logs/access_090512.log HTTP/1.1" 304 - "-" "Botslist Botfinder (+http://www.botslist.ca)" "www.silverimagingcanada.com"
204.15.39.12 - - [07/Feb/2010:02:04:07 -0800] "HEAD /logs/access_090612.log HTTP/1.1" 304 - "-" "Botslist Botfinder (+http://www.botslist.ca)" "www.silverimagingcanada.com"
204.15.39.12 - - [07/Feb/2010:02:04:07 -0800] "HEAD /logs/access_090712.log HTTP/1.1" 304 - "-" "Botslist Botfinder (+http://www.botslist.ca)" "www.silverimagingcanada.com"
204.15.39.12 - - [07/Feb/2010:02:04:07 -0800] "HEAD /logs/access_090812.log HTTP/1.1" 304 - "-" "Botslist Botfinder (+http://www.botslist.ca)" "www.silverimagingcanada.com"
204.15.39.12 - - [07/Feb/2010:02:04:08 -0800] "HEAD /logs/access_090912.log HTTP/1.1" 304 - "-" "Botslist Botfinder (+http://www.botslist.ca)" "www.silverimagingcanada.com"
204.15.39.12 - - [07/Feb/2010:02:04:08 -0800] "HEAD /logs/access_091012.log HTTP/1.1" 304 - "-" "Botslist Botfinder (+http://www.botslist.ca)" "www.silverimagingcanada.com"
204.15.39.12 - - [07/Feb/2010:02:04:08 -0800] "HEAD /logs/access_091112.log HTTP/1.1" 304 - "-" "Botslist Botfinder (+http://www.botslist.ca)" "www.silverimagingcanada.com"
204.15.39.12 - - [07/Feb/2010:02:04:08 -0800] "HEAD /logs/access_091212.log HTTP/1.1" 304 - "-" "Botslist Botfinder (+http://www.botslist.ca)" "www.silverimagingcanada.com"
204.15.39.12 - - [07/Feb/2010:02:04:08 -0800] "HEAD /logs/access_100112.log HTTP/1.1" 304 - "-" "Botslist Botfinder (+http://www.botslist.ca)" "www.silverimagingcanada.com"
208.80.193.37 - - [07/Feb/2010:03:13:23 -0800] "GET / HTTP/1.0" 200 1723 "-" "Mozilla/4.0 (compatible; MSIE 7.0; Windows NT 5.1; YPC 3.2.0; .NET CLR 1.0.3705; .NET CLR 1.1.4322; Windows-Media-Player/10.00.00.3990; yplus 5.1.04b)" "www.silverimagingcanada.com"
65.55.106.229 - - [07/Feb/2010:03:56:18 -0800] "GET /robots.txt HTTP/1.1" 404 - "-" "msnbot/2.0b (+http://search.msn.com/msnbot.htm)" "silverimagingcanada.com"
65.55.106.229 - - [07/Feb/2010:04:39:25 -0800] "GET / HTTP/1.1" 200 1739 "-" "msnbot/2.0b (+http://search.msn.com/msnbot.htm)" "silverimagingcanada.com"
88.131.106.32 - - [07/Feb/2010:06:43:18 -0800] "GET /robots.txt HTTP/1.0" 404 - "-" "Speedy Spider (http://www.entireweb.com/about/search_tech/speedy_spider/)" "silverimagingcanada.com"
88.131.106.32 - - [07/Feb/2010:06:43:20 -0800] "GET /clipart/ HTTP/1.0" 200 1334 "-" "Speedy Spider (http://www.entireweb.com/about/search_tech/speedy_spider/)" "silverimagingcanada.com"
95.108.150.235 - - [07/Feb/2010:08:08:33 -0800] "GET /robots.txt HTTP/1.1" 404 - "-" "Yandex/1.01.001 (compatible; Win16; H)" "www.silverimagingcanada.com"
95.108.150.235 - - [07/Feb/2010:08:08:36 -0800] "GET / HTTP/1.1" 200 1739 "-" "Yandex/1.01.001 (compatible; Win16; H)" "www.silverimagingcanada.com"
95.108.150.235 - - [07/Feb/2010:08:08:37 -0800] "GET /robots.txt HTTP/1.1" 404 - "-" "Yandex/1.01.001 (compatible; Win16; H)" "silverimagingcanada.com"
95.108.150.235 - - [07/Feb/2010:08:08:38 -0800] "GET / HTTP/1.1" 200 1739 "-" "Yandex/1.01.001 (compatible; Win16; H)" "www.silverimagingcanada.com"
95.108.150.235 - - [07/Feb/2010:08:08:39 -0800] "GET / HTTP/1.1" 200 1739 "-" "Yandex/1.01.001 (compatible; Win16; H)" "silverimagingcanada.com"
95.108.150.235 - - [07/Feb/2010:08:08:40 -0800] "GET / HTTP/1.1" 200 1739 "-" "Yandex/1.01.001 (compatible; Win16; H)" "silverimagingcanada.com"
87.250.252.242 - - [07/Feb/2010:08:14:08 -0800] "GET /sitebuilder/ HTTP/1.1" 200 948 "-" "Yandex/1.01.001 (compatible; Win16; I)" "www.silverimagingcanada.com"
193.47.80.51 - - [07/Feb/2010:10:32:26 -0800] "GET /sitebuilder/ HTTP/1.1" 200 948 "-" "Mozilla/5.0 (compatible; Exabot/3.0; +http://www.exabot.com/go/robot)" "www.silverimagingcanada.com"
87.250.252.242 - - [07/Feb/2010:14:53:37 -0800] "GET /robots.txt HTTP/1.1" 404 - "-" "Yandex/1.01.001 (compatible; Win16; I)" "www.silverimagingcanada.com"
88.131.106.32 - - [07/Feb/2010:16:14:39 -0800] "GET /robots.txt HTTP/1.0" 404 - "-" "Speedy Spider (http://www.entireweb.com/about/search_tech/speedy_spider/)" "silverimagingcanada.com"
88.131.106.32 - - [07/Feb/2010:16:14:40 -0800] "GET /images/ HTTP/1.0" 200 510 "-" "Speedy Spider (http://www.entireweb.com/about/search_tech/speedy_spider/)" "silverimagingcanada.com"
87.250.252.242 - - [07/Feb/2010:20:26:10 -0800] "GET /scripts/ HTTP/1.1" 200 666 "-" "Yandex/1.01.001 (compatible; Win16; I)" "www.silverimagingcanada.com"
195.210.57.83 - - [08/Feb/2010:00:48:07 -0800] "GET /robots.txt HTTP/1.0" 404 - "-" "Mozilla/5.0 (compatible; KaloogaBot; http://www.kalooga.com/info.html?page=crawler)" "www.silverimagingcanada.com"
195.210.57.83 - - [08/Feb/2010:00:48:07 -0800] "GET /images/?S=A HTTP/1.0" 200 510 "-" "Mozilla/5.0 (compatible; KaloogaBot; http://www.kalooga.com/info.html?page=crawler)" "www.silverimagingcanada.com"
208.80.193.35 - - [08/Feb/2010:05:27:45 -0800] "GET / HTTP/1.0" 200 1723 "-" "Mozilla/4.0 (compatible; MSIE 6.0; Windows NT 5.1; SV1; FunWebProducts; .NET CLR 1.1.4322; .NET CLR 2.0.50727; .NET CLR 3.0.04506.30; SpamBlockerUtility 4.8.4; yplus 5.1.04b)" "silverimagingcanada.com"
87.250.252.242 - - [08/Feb/2010:12:51:02 -0800] "GET /images/ HTTP/1.1" 200 526 "-" "Yandex/1.01.001 (compatible; Win16; I)" "www.silverimagingcanada.com"
195.210.57.83 - - [08/Feb/2010:14:12:18 -0800] "GET /robots.txt HTTP/1.0" 404 - "-" "Mozilla/5.0 (compatible; KaloogaBot; http://www.kalooga.com/info.html?page=crawler)" "www.silverimagingcanada.com"
195.210.57.83 - - [08/Feb/2010:14:12:18 -0800] "GET /images/?S=A HTTP/1.0" 200 510 "-" "Mozilla/5.0 (compatible; KaloogaBot; http://www.kalooga.com/info.html?page=crawler)" "www.silverimagingcanada.com"
208.80.193.37 - - [08/Feb/2010:16:19:37 -0800] "GET / HTTP/1.0" 200 1723 "-" "Mozilla/4.0 (compatible; MSIE 6.0; AOL 9.0; Windows NT 5.1; SV1; FunWebProducts; .NET CLR 1.0.3705; .NET CLR 1.1.4322; Media Center PC 4.0; PeoplePal 3.0)" "www.silverimagingcanada.com"
87.250.252.242 - - [08/Feb/2010:16:50:03 -0800] "GET /robots.txt HTTP/1.1" 404 - "-" "Yandex/1.01.001 (compatible; Win16; I)" "www.silverimagingcanada.com"
67.195.111.31 - - [08/Feb/2010:17:25:08 -0800] "GET /robots.txt HTTP/1.0" 404 - "-" "Mozilla/5.0 (compatible; Yahoo! Slurp; http://help.yahoo.com/help/us/ysearch/slurp)" "www.silverimagingcanada.com"
67.195.111.31 - - [08/Feb/2010:17:25:09 -0800] "GET /logs/access_090112.log HTTP/1.0" 404 - "-" "Mozilla/5.0 (compatible; Yahoo! Slurp/3.0; http://help.yahoo.com/help/us/ysearch/slurp)" "www.silverimagingcanada.com"
87.250.252.242 - - [08/Feb/2010:19:44:48 -0800] "GET /navigation_bars/ HTTP/1.1" 200 683 "-" "Yandex/1.01.001 (compatible; Win16; I)" "www.silverimagingcanada.com"
67.195.112.162 - - [08/Feb/2010:21:24:16 -0800] "GET /robots.txt HTTP/1.0" 404 - "-" "Mozilla/5.0 (compatible; Yahoo! Slurp; http://help.yahoo.com/help/us/ysearch/slurp)" "silverimagingcanada.com"
67.195.112.162 - - [08/Feb/2010:21:24:17 -0800] "GET /logs/ HTTP/1.0" 200 2072 "-" "Mozilla/5.0 (compatible; Yahoo! Slurp/3.0; http://help.yahoo.com/help/us/ysearch/slurp)" "silverimagingcanada.com"
87.250.252.242 - - [08/Feb/2010:22:53:26 -0800] "GET /navigation_bars/navbar.nav HTTP/1.1" 200 643 "-" "Yandex/1.01.001 (compatible; Win16; I)" "www.silverimagingcanada.com"
88.131.106.32 - - [09/Feb/2010:02:00:08 -0800] "GET /robots.txt HTTP/1.0" 404 - "-" "Speedy Spider (http://www.entireweb.com/about/search_tech/speedy_spider/)" "silverimagingcanada.com"
88.131.106.32 - - [09/Feb/2010:02:00:11 -0800] "GET /navigation_bars/ HTTP/1.0" 200 667 "-" "Speedy Spider (http://www.entireweb.com/about/search_tech/speedy_spider/)" "silverimagingcanada.com"
87.250.252.242 - - [09/Feb/2010:02:17:33 -0800] "GET /tmp/ HTTP/1.1" 200 520 "-" "Yandex/1.01.001 (compatible; Win16; I)" "www.silverimagingcanada.com"
38.107.191.114 - - [09/Feb/2010:02:41:07 -0800] "GET /robots.txt HTTP/1.1" 404 - "-" "CCBot/1.0 (+http://www.commoncrawl.org/bot.html)" "silverimagingcanada.com"
38.107.191.110 - - [09/Feb/2010:02:41:11 -0800] "GET / HTTP/1.1" 200 1739 "-" "CCBot/1.0 (+http://www.commoncrawl.org/bot.html)" "silverimagingcanada.com"
67.232.181.92 - - [09/Feb/2010:06:31:07 -0800] "GET /sitebuilder/images/IMG_1184-420x310.jpg HTTP/1.1" 200 30969 "http://dotheton.com/index.php?topic=1721.0" "Mozilla/4.0 (compatible; MSIE 6.0; Windows NT 5.1; SV1; .NET CLR 1.0.3705; .NET CLR 2.0.50727; .NET CLR 3.0.4506.2152; .NET CLR 3.5.30729; InfoPath.2)" "silverimagingcanada.com"
67.232.181.92 - - [09/Feb/2010:06:31:07 -0800] "GET /sitebuilder/images/img052-374x274.jpg HTTP/1.1" 200 18043 "http://dotheton.com/index.php?topic=1721.0" "Mozilla/4.0 (compatible; MSIE 6.0; Windows NT 5.1; SV1; .NET CLR 1.0.3705; .NET CLR 2.0.50727; .NET CLR 3.0.4506.2152; .NET CLR 3.5.30729; InfoPath.2)" "silverimagingcanada.com"
67.232.181.92 - - [09/Feb/2010:06:31:07 -0800] "GET /sitebuilder/images/img053-365x267.jpg HTTP/1.1" 200 19523 "http://dotheton.com/index.php?topic=1721.0" "Mozilla/4.0 (compatible; MSIE 6.0; Windows NT 5.1; SV1; .NET CLR 1.0.3705; .NET CLR 2.0.50727; .NET CLR 3.0.4506.2152; .NET CLR 3.5.30729; InfoPath.2)" "silverimagingcanada.com"
67.232.181.92 - - [09/Feb/2010:06:31:07 -0800] "GET /sitebuilder/images/img056-393x289.jpg HTTP/1.1" 200 20721 "http://dotheton.com/index.php?topic=1721.0" "Mozilla/4.0 (compatible; MSIE 6.0; Windows NT 5.1; SV1; .NET CLR 1.0.3705; .NET CLR 2.0.50727; .NET CLR 3.0.4506.2152; .NET CLR 3.5.30729; InfoPath.2)" "silverimagingcanada.com"
67.232.181.92 - - [09/Feb/2010:06:31:07 -0800] "GET /sitebuilder/images/IMG_0937-312x416.jpg HTTP/1.1" 200 20123 "http://dotheton.com/index.php?topic=1721.0" "Mozilla/4.0 (compatible; MSIE 6.0; Windows NT 5.1; SV1; .NET CLR 1.0.3705; .NET CLR 2.0.50727; .NET CLR 3.0.4506.2152; .NET CLR 3.5.30729; InfoPath.2)" "silverimagingcanada.com"
67.232.181.92 - - [09/Feb/2010:06:31:08 -0800] "GET /sitebuilder/images/IMG_0939-380x278.jpg HTTP/1.1" 200 15324 "http://dotheton.com/index.php?topic=1721.0" "Mozilla/4.0 (compatible; MSIE 6.0; Windows NT 5.1; SV1; .NET CLR 1.0.3705; .NET CLR 2.0.50727; .NET CLR 3.0.4506.2152; .NET CLR 3.5.30729; InfoPath.2)" "silverimagingcanada.com"
67.232.181.92 - - [09/Feb/2010:06:31:08 -0800] "GET /sitebuilder/images/IMG_0961-417x308.jpg HTTP/1.1" 200 11717 "http://dotheton.com/index.php?topic=1721.0" "Mozilla/4.0 (compatible; MSIE 6.0; Windows NT 5.1; SV1; .NET CLR 1.0.3705; .NET CLR 2.0.50727; .NET CLR 3.0.4506.2152; .NET CLR 3.5.30729; InfoPath.2)" "silverimagingcanada.com"
87.250.252.242 - - [09/Feb/2010:07:09:06 -0800] "GET /media/ HTTP/1.1" 200 2086 "-" "Yandex/1.01.001 (compatible; Win16; I)" "www.silverimagingcanada.com"
67.195.111.31 - - [09/Feb/2010:07:39:41 -0800] "GET /robots.txt HTTP/1.0" 404 - "-" "Mozilla/5.0 (compatible; Yahoo! Slurp; http://help.yahoo.com/help/us/ysearch/slurp)" "www.silverimagingcanada.com"
67.195.111.31 - - [09/Feb/2010:07:39:41 -0800] "GET /tmp/?D=A HTTP/1.0" 200 504 "-" "Mozilla/5.0 (compatible; Yahoo! Slurp/3.0; http://help.yahoo.com/help/us/ysearch/slurp)" "www.silverimagingcanada.com"
67.195.111.31 - - [09/Feb/2010:11:56:50 -0800] "GET /aboutus.html HTTP/1.0" 404 - "-" "Mozilla/5.0 (compatible; Yahoo! Slurp/3.0; http://help.yahoo.com/help/us/ysearch/slurp)" "www.silverimagingcanada.com"
87.250.252.242 - - [09/Feb/2010:12:05:53 -0800] "GET /clipart/ HTTP/1.1" 200 1350 "-" "Yandex/1.01.001 (compatible; Win16; I)" "www.silverimagingcanada.com"
67.195.111.31 - - [09/Feb/2010:16:27:43 -0800] "GET /robots.txt HTTP/1.0" 404 - "-" "Mozilla/5.0 (compatible; Yahoo! Slurp; http://help.yahoo.com/help/us/ysearch/slurp)" "www.silverimagingcanada.com"
67.195.111.31 - - [09/Feb/2010:16:27:44 -0800] "GET /sounds/ HTTP/1.0" 200 648 "-" "Mozilla/5.0 (compatible; Yahoo! Slurp/3.0; http://help.yahoo.com/help/us/ysearch/slurp)" "www.silverimagingcanada.com"
193.47.80.51 - - [09/Feb/2010:17:24:14 -0800] "GET /robots.txt HTTP/1.1" 404 - "-" "Mozilla/5.0 (compatible; Exabot/3.0; +http://www.exabot.com/go/robot)" "www.silverimagingcanada.com"
193.47.80.51 - - [09/Feb/2010:17:24:15 -0800] "GET /tmp/ HTTP/1.1" 200 520 "-" "Mozilla/5.0 (compatible; Exabot/3.0; +http://www.exabot.com/go/robot)" "www.silverimagingcanada.com"
95.108.150.235 - - [09/Feb/2010:17:31:09 -0800] "GET /robots.txt HTTP/1.1" 404 - "-" "Yandex/1.01.001 (compatible; Win16; H)" "www.silverimagingcanada.com"
95.108.150.235 - - [09/Feb/2010:17:31:10 -0800] "GET /robots.txt HTTP/1.1" 404 - "-" "Yandex/1.01.001 (compatible; Win16; H)" "silverimagingcanada.com"
95.108.150.235 - - [09/Feb/2010:17:31:11 -0800] "GET / HTTP/1.1" 200 1739 "-" "Yandex/1.01.001 (compatible; Win16; H)" "www.silverimagingcanada.com"
95.108.150.235 - - [09/Feb/2010:17:31:12 -0800] "GET / HTTP/1.1" 200 1739 "-" "Yandex/1.01.001 (compatible; Win16; H)" "silverimagingcanada.com"
95.108.150.235 - - [09/Feb/2010:17:31:13 -0800] "GET / HTTP/1.1" 200 1739 "-" "Yandex/1.01.001 (compatible; Win16; H)" "silverimagingcanada.com"
95.108.150.235 - - [09/Feb/2010:17:31:14 -0800] "GET / HTTP/1.1" 200 1739 "-" "Yandex/1.01.001 (compatible; Win16; H)" "www.silverimagingcanada.com"
67.195.111.31 - - [09/Feb/2010:18:02:41 -0800] "GET / HTTP/1.0" 200 1723 "-" "Mozilla/5.0 (compatible; Yahoo! Slurp/3.0; http://help.yahoo.com/help/us/ysearch/slurp)" "www.silverimagingcanada.com"
67.195.111.31 - - [09/Feb/2010:18:18:21 -0800] "GET /sounds/?D=A HTTP/1.0" 200 648 "-" "Mozilla/5.0 (compatible; Yahoo! Slurp/3.0; http://help.yahoo.com/help/us/ysearch/slurp)" "www.silverimagingcanada.com"
208.80.193.40 - - [09/Feb/2010:18:45:36 -0800] "GET / HTTP/1.0" 200 1723 "-" "Mozilla/4.0 (compatible; MSIE 6.0; Windows NT 5.1; SV1; SpamBlockerUtility 4.8.4; MSIECrawler)" "silverimagingcanada.com"
67.195.111.31 - - [09/Feb/2010:19:42:28 -0800] "GET /tmp/?M=A HTTP/1.0" 200 504 "-" "Mozilla/5.0 (compatible; Yahoo! Slurp/3.0; http://help.yahoo.com/help/us/ysearch/slurp)" "www.silverimagingcanada.com"
67.195.111.31 - - [09/Feb/2010:22:19:51 -0800] "GET /images/?S=A HTTP/1.0" 200 510 "-" "Mozilla/5.0 (compatible; Yahoo! Slurp/3.0; http://help.yahoo.com/help/us/ysearch/slurp)" "www.silverimagingcanada.com"
87.250.252.242 - - [09/Feb/2010:23:41:22 -0800] "GET /robots.txt HTTP/1.1" 404 - "-" "Yandex/1.01.001 (compatible; Win16; I)" "www.silverimagingcanada.com"
90.19.72.223 - - [10/Feb/2010:00:16:28 -0800] "GET /sitebuilder/images/IMG_1184-420x310.jpg HTTP/1.1" 200 30969 "http://dotheton.com/index.php?topic=1721.0" "Mozilla/4.0 (compatible; MSIE 8.0; Windows NT 5.1; Trident/4.0; GTB6.4; .NET CLR 1.1.4322; .NET CLR 2.0.50727; .NET CLR 3.0.4506.2152; .NET CLR 3.5.30729; Hotbar 10.2.232.0)" "silverimagingcanada.com"
90.19.72.223 - - [10/Feb/2010:00:16:30 -0800] "GET /sitebuilder/images/img052-374x274.jpg HTTP/1.1" 200 18043 "http://dotheton.com/index.php?topic=1721.0" "Mozilla/4.0 (compatible; MSIE 8.0; Windows NT 5.1; Trident/4.0; GTB6.4; .NET CLR 1.1.4322; .NET CLR 2.0.50727; .NET CLR 3.0.4506.2152; .NET CLR 3.5.30729; Hotbar 10.2.232.0)" "silverimagingcanada.com"
90.19.72.223 - - [10/Feb/2010:00:16:30 -0800] "GET /sitebuilder/images/img056-393x289.jpg HTTP/1.1" 200 20721 "http://dotheton.com/index.php?topic=1721.0" "Mozilla/4.0 (compatible; MSIE 8.0; Windows NT 5.1; Trident/4.0; GTB6.4; .NET CLR 1.1.4322; .NET CLR 2.0.50727; .NET CLR 3.0.4506.2152; .NET CLR 3.5.30729; Hotbar 10.2.232.0)" "silverimagingcanada.com"
90.19.72.223 - - [10/Feb/2010:00:16:30 -0800] "GET /sitebuilder/images/IMG_0937-312x416.jpg HTTP/1.1" 200 20123 "http://dotheton.com/index.php?topic=1721.0" "Mozilla/4.0 (compatible; MSIE 8.0; Windows NT 5.1; Trident/4.0; GTB6.4; .NET CLR 1.1.4322; .NET CLR 2.0.50727; .NET CLR 3.0.4506.2152; .NET CLR 3.5.30729; Hotbar 10.2.232.0)" "silverimagingcanada.com"
90.19.72.223 - - [10/Feb/2010:00:16:30 -0800] "GET /sitebuilder/images/img053-365x267.jpg HTTP/1.1" 200 19523 "http://dotheton.com/index.php?topic=1721.0" "Mozilla/4.0 (compatible; MSIE 8.0; Windows NT 5.1; Trident/4.0; GTB6.4; .NET CLR 1.1.4322; .NET CLR 2.0.50727; .NET CLR 3.0.4506.2152; .NET CLR 3.5.30729; Hotbar 10.2.232.0)" "silverimagingcanada.com"
90.19.72.223 - - [10/Feb/2010:00:16:34 -0800] "GET /sitebuilder/images/IMG_0961-417x308.jpg HTTP/1.1" 200 11717 "http://dotheton.com/index.php?topic=1721.0" "Mozilla/4.0 (compatible; MSIE 8.0; Windows NT 5.1; Trident/4.0; GTB6.4; .NET CLR 1.1.4322; .NET CLR 2.0.50727; .NET CLR 3.0.4506.2152; .NET CLR 3.5.30729; Hotbar 10.2.232.0)" "silverimagingcanada.com"
90.19.72.223 - - [10/Feb/2010:00:16:34 -0800] "GET /sitebuilder/images/IMG_0939-380x278.jpg HTTP/1.1" 200 15324 "http://dotheton.com/index.php?topic=1721.0" "Mozilla/4.0 (compatible; MSIE 8.0; Windows NT 5.1; Trident/4.0; GTB6.4; .NET CLR 1.1.4322; .NET CLR 2.0.50727; .NET CLR 3.0.4506.2152; .NET CLR 3.5.30729; Hotbar 10.2.232.0)" "silverimagingcanada.com"
90.19.72.223 - - [10/Feb/2010:00:17:20 -0800] "GET /sitebuilder/images/img129-405x298.jpg HTTP/1.1" 200 17041 "http://dotheton.com/index.php?topic=1721.15" "Mozilla/4.0 (compatible; MSIE 8.0; Windows NT 5.1; Trident/4.0; GTB6.4; .NET CLR 1.1.4322; .NET CLR 2.0.50727; .NET CLR 3.0.4506.2152; .NET CLR 3.5.30729; Hotbar 10.2.232.0)" "silverimagingcanada.com"
90.19.72.223 - - [10/Feb/2010:00:17:21 -0800] "GET /sitebuilder/images/IMG_1288-451x334.jpg HTTP/1.1" 200 25996 "http://dotheton.com/index.php?topic=1721.15" "Mozilla/4.0 (compatible; MSIE 8.0; Windows NT 5.1; Trident/4.0; GTB6.4; .NET CLR 1.1.4322; .NET CLR 2.0.50727; .NET CLR 3.0.4506.2152; .NET CLR 3.5.30729; Hotbar 10.2.232.0)" "silverimagingcanada.com"
90.19.72.223 - - [10/Feb/2010:00:17:21 -0800] "GET /sitebuilder/images/IMG_1276-406x299.jpg HTTP/1.1" 200 31845 "http://dotheton.com/index.php?topic=1721.15" "Mozilla/4.0 (compatible; MSIE 8.0; Windows NT 5.1; Trident/4.0; GTB6.4; .NET CLR 1.1.4322; .NET CLR 2.0.50727; .NET CLR 3.0.4506.2152; .NET CLR 3.5.30729; Hotbar 10.2.232.0)" "silverimagingcanada.com"
90.19.72.223 - - [10/Feb/2010:00:17:21 -0800] "GET /sitebuilder/images/IMG_1272-351x257.jpg HTTP/1.1" 200 23815 "http://dotheton.com/index.php?topic=1721.15" "Mozilla/4.0 (compatible; MSIE 8.0; Windows NT 5.1; Trident/4.0; GTB6.4; .NET CLR 1.1.4322; .NET CLR 2.0.50727; .NET CLR 3.0.4506.2152; .NET CLR 3.5.30729; Hotbar 10.2.232.0)" "silverimagingcanada.com"
90.19.72.223 - - [10/Feb/2010:00:19:19 -0800] "GET /sitebuilder/images/img138-399x293.jpg HTTP/1.1" 200 24204 "http://dotheton.com/index.php?topic=1721.30" "Mozilla/4.0 (compatible; MSIE 8.0; Windows NT 5.1; Trident/4.0; GTB6.4; .NET CLR 1.1.4322; .NET CLR 2.0.50727; .NET CLR 3.0.4506.2152; .NET CLR 3.5.30729; Hotbar 10.2.232.0)" "silverimagingcanada.com"
90.19.72.223 - - [10/Feb/2010:00:19:19 -0800] "GET /sitebuilder/images/img1412-430x317.jpg HTTP/1.1" 200 28270 "http://dotheton.com/index.php?topic=1721.30" "Mozilla/4.0 (compatible; MSIE 8.0; Windows NT 5.1; Trident/4.0; GTB6.4; .NET CLR 1.1.4322; .NET CLR 2.0.50727; .NET CLR 3.0.4506.2152; .NET CLR 3.5.30729; Hotbar 10.2.232.0)" "silverimagingcanada.com"
90.19.72.223 - - [10/Feb/2010:00:19:19 -0800] "GET /sitebuilder/images/img144-352x257.jpg HTTP/1.1" 200 12721 "http://dotheton.com/index.php?topic=1721.30" "Mozilla/4.0 (compatible; MSIE 8.0; Windows NT 5.1; Trident/4.0; GTB6.4; .NET CLR 1.1.4322; .NET CLR 2.0.50727; .NET CLR 3.0.4506.2152; .NET CLR 3.5.30729; Hotbar 10.2.232.0)" "silverimagingcanada.com"
90.19.72.223 - - [10/Feb/2010:00:19:19 -0800] "GET /sitebuilder/images/img135-317x428.jpg HTTP/1.1" 200 25396 "http://dotheton.com/index.php?topic=1721.30" "Mozilla/4.0 (compatible; MSIE 8.0; Windows NT 5.1; Trident/4.0; GTB6.4; .NET CLR 1.1.4322; .NET CLR 2.0.50727; .NET CLR 3.0.4506.2152; .NET CLR 3.5.30729; Hotbar 10.2.232.0)" "silverimagingcanada.com"
90.19.72.223 - - [10/Feb/2010:00:19:20 -0800] "GET /sitebuilder/images/tank1-257x350.jpg HTTP/1.1" 200 11565 "http://dotheton.com/index.php?topic=1721.30" "Mozilla/4.0 (compatible; MSIE 8.0; Windows NT 5.1; Trident/4.0; GTB6.4; .NET CLR 1.1.4322; .NET CLR 2.0.50727; .NET CLR 3.0.4506.2152; .NET CLR 3.5.30729; Hotbar 10.2.232.0)" "silverimagingcanada.com"
90.19.72.223 - - [10/Feb/2010:00:19:20 -0800] "GET /sitebuilder/images/tank2-272x195.jpg HTTP/1.1" 200 7366 "http://dotheton.com/index.php?topic=1721.30" "Mozilla/4.0 (compatible; MSIE 8.0; Windows NT 5.1; Trident/4.0; GTB6.4; .NET CLR 1.1.4322; .NET CLR 2.0.50727; .NET CLR 3.0.4506.2152; .NET CLR 3.5.30729; Hotbar 10.2.232.0)" "silverimagingcanada.com"
90.19.72.223 - - [10/Feb/2010:00:24:05 -0800] "GET /sitebuilder/images/Bullet_Signals-295x237.jpg HTTP/1.1" 200 16322 "http://dotheton.com/index.php?topic=1721.90" "Mozilla/4.0 (compatible; MSIE 8.0; Windows NT 5.1; Trident/4.0; GTB6.4; .NET CLR 1.1.4322; .NET CLR 2.0.50727; .NET CLR 3.0.4506.2152; .NET CLR 3.5.30729; Hotbar 10.2.232.0)" "silverimagingcanada.com"
90.19.72.223 - - [10/Feb/2010:00:24:05 -0800] "GET /sitebuilder/images/Bullet_Signals2-278x251.jpg HTTP/1.1" 200 18028 "http://dotheton.com/index.php?topic=1721.90" "Mozilla/4.0 (compatible; MSIE 8.0; Windows NT 5.1; Trident/4.0; GTB6.4; .NET CLR 1.1.4322; .NET CLR 2.0.50727; .NET CLR 3.0.4506.2152; .NET CLR 3.5.30729; Hotbar 10.2.232.0)" "silverimagingcanada.com"
83.8.206.67 - - [10/Feb/2010:00:55:08 -0800] "GET /sitebuilder/images/img052-374x274.jpg HTTP/1.1" 200 18043 "http://dotheton.com/index.php?topic=1721.0" "Mozilla/4.0 (compatible; MSIE 7.0; Windows NT 5.1)" "silverimagingcanada.com"
83.8.206.67 - - [10/Feb/2010:00:55:08 -0800] "GET /sitebuilder/images/IMG_1184-420x310.jpg HTTP/1.1" 200 30969 "http://dotheton.com/index.php?topic=1721.0" "Mozilla/4.0 (compatible; MSIE 7.0; Windows NT 5.1)" "silverimagingcanada.com"
83.8.206.67 - - [10/Feb/2010:00:55:09 -0800] "GET /sitebuilder/images/img056-393x289.jpg HTTP/1.1" 200 20721 "http://dotheton.com/index.php?topic=1721.0" "Mozilla/4.0 (compatible; MSIE 7.0; Windows NT 5.1)" "silverimagingcanada.com"
83.8.206.67 - - [10/Feb/2010:00:55:10 -0800] "GET /sitebuilder/images/IMG_0937-312x416.jpg HTTP/1.1" 200 20123 "http://dotheton.com/index.php?topic=1721.0" "Mozilla/4.0 (compatible; MSIE 7.0; Windows NT 5.1)" "silverimagingcanada.com"
83.8.206.67 - - [10/Feb/2010:00:55:11 -0800] "GET /sitebuilder/images/IMG_0939-380x278.jpg HTTP/1.1" 200 15324 "http://dotheton.com/index.php?topic=1721.0" "Mozilla/4.0 (compatible; MSIE 7.0; Windows NT 5.1)" "silverimagingcanada.com"
83.8.206.67 - - [10/Feb/2010:00:58:51 -0800] "GET /sitebuilder/images/img129-405x298.jpg HTTP/1.1" 200 17041 "http://dotheton.com/index.php?PHPSESSID=bf6da3ca9841c8b8a372a6ef713b89f4&topic=1721.15" "Mozilla/4.0 (compatible; MSIE 7.0; Windows NT 5.1)" "silverimagingcanada.com"
83.8.206.67 - - [10/Feb/2010:00:58:52 -0800] "GET /sitebuilder/images/IMG_1288-451x334.jpg HTTP/1.1" 200 25996 "http://dotheton.com/index.php?PHPSESSID=bf6da3ca9841c8b8a372a6ef713b89f4&topic=1721.15" "Mozilla/4.0 (compatible; MSIE 7.0; Windows NT 5.1)" "silverimagingcanada.com"
83.8.206.67 - - [10/Feb/2010:00:58:53 -0800] "GET /sitebuilder/images/IMG_1276-406x299.jpg HTTP/1.1" 200 31845 "http://dotheton.com/index.php?PHPSESSID=bf6da3ca9841c8b8a372a6ef713b89f4&topic=1721.15" "Mozilla/4.0 (compatible; MSIE 7.0; Windows NT 5.1)" "silverimagingcanada.com"
83.8.206.67 - - [10/Feb/2010:00:58:53 -0800] "GET /sitebuilder/images/IMG_1272-351x257.jpg HTTP/1.1" 200 23815 "http://dotheton.com/index.php?PHPSESSID=bf6da3ca9841c8b8a372a6ef713b89f4&topic=1721.15" "Mozilla/4.0 (compatible; MSIE 7.0; Windows NT 5.1)" "silverimagingcanada.com"
83.8.206.67 - - [10/Feb/2010:00:59:13 -0800] "GET /sitebuilder/images/img1412-430x317.jpg HTTP/1.1" 200 28270 "http://dotheton.com/index.php?topic=1721.30" "Mozilla/4.0 (compatible; MSIE 7.0; Windows NT 5.1)" "silverimagingcanada.com"
83.8.206.67 - - [10/Feb/2010:00:59:14 -0800] "GET /sitebuilder/images/img144-352x257.jpg HTTP/1.1" 200 12721 "http://dotheton.com/index.php?topic=1721.30" "Mozilla/4.0 (compatible; MSIE 7.0; Windows NT 5.1)" "silverimagingcanada.com"
83.8.206.67 - - [10/Feb/2010:01:01:43 -0800] "GET /sitebuilder/images/Bullet_Signals2-278x251.jpg HTTP/1.1" 200 18028 "http://dotheton.com/index.php?topic=1721.90" "Mozilla/4.0 (compatible; MSIE 7.0; Windows NT 5.1)" "silverimagingcanada.com"
87.250.252.242 - - [10/Feb/2010:02:09:29 -0800] "GET / HTTP/1.1" 200 1739 "-" "Yandex/1.01.001 (compatible; Win16; I)" "www.silverimagingcanada.com"
87.250.252.242 - - [10/Feb/2010:04:37:44 -0800] "GET /logs/ HTTP/1.1" 200 2088 "-" "Yandex/1.01.001 (compatible; Win16; I)" "www.silverimagingcanada.com"
208.80.193.39 - - [10/Feb/2010:05:53:26 -0800] "GET / HTTP/1.0" 200 1723 "-" "Mozilla/4.0 (compatible; MSIE 7.0; Windows NT 6.0; SU 3.002; SU 3.004; SLCC1; .NET CLR 2.0.50727; Media Center PC 5.0; .NET CLR 3.0.04506; InfoPath.2)" "www.silverimagingcanada.com"
87.250.252.242 - - [10/Feb/2010:07:10:14 -0800] "GET /sitebuilder/ HTTP/1.1" 200 948 "-" "Yandex/1.01.001 (compatible; Win16; I)" "www.silverimagingcanada.com"
87.250.252.242 - - [10/Feb/2010:09:36:41 -0800] "GET /media/PLUS0010.ASF HTTP/1.1" 200 786432 "-" "Yandex/1.01.001 (compatible; Win16; I)" "www.silverimagingcanada.com"
77.88.25.28 - - [10/Feb/2010:10:23:18 -0800] "GET /robots.txt HTTP/1.1" 404 - "-" "Yandex/1.01.001 (compatible; Win16; I)" "www.silverimagingcanada.com"
88.131.106.32 - - [10/Feb/2010:11:05:40 -0800] "GET /robots.txt HTTP/1.0" 404 - "-" "Speedy Spider (http://www.entireweb.com/about/search_tech/speedy_spider/)" "silverimagingcanada.com"
88.131.106.32 - - [10/Feb/2010:11:05:41 -0800] "GET /cammod.html HTTP/1.0" 404 - "-" "Speedy Spider (http://www.entireweb.com/about/search_tech/speedy_spider/)" "silverimagingcanada.com"
77.88.25.28 - - [10/Feb/2010:11:36:44 -0800] "GET /robots.txt HTTP/1.1" 404 - "-" "Yandex/1.01.001 (compatible; Win16; I)" "www.silverimagingcanada.com"
67.195.111.31 - - [10/Feb/2010:17:01:00 -0800] "GET /robots.txt HTTP/1.0" 404 - "-" "Mozilla/5.0 (compatible; Yahoo! Slurp; http://help.yahoo.com/help/us/ysearch/slurp)" "www.silverimagingcanada.com"
67.195.111.31 - - [10/Feb/2010:17:01:00 -0800] "GET /clipart/buttons/blank/ HTTP/1.0" 200 703 "-" "Mozilla/5.0 (compatible; Yahoo! Slurp/3.0; http://help.yahoo.com/help/us/ysearch/slurp)" "www.silverimagingcanada.com"
67.195.111.31 - - [10/Feb/2010:18:41:31 -0800] "GET /logs/?S=A HTTP/1.0" 200 2072 "-" "Mozilla/5.0 (compatible; Yahoo! Slurp/3.0; http://help.yahoo.com/help/us/ysearch/slurp)" "www.silverimagingcanada.com"
204.15.39.12 - - [10/Feb/2010:20:43:43 -0800] "HEAD /logs/ HTTP/1.1" 200 0 "-" "Botslist Botfinder (+http://www.botslist.ca)" "www.silverimagingcanada.com"
204.15.39.12 - - [10/Feb/2010:20:43:44 -0800] "GET /logs/ HTTP/1.1" 200 2088 "-" "Botslist Botfinder (+http://www.botslist.ca)" "www.silverimagingcanada.com"
204.15.39.12 - - [10/Feb/2010:20:43:52 -0800] "HEAD /logs/access.log HTTP/1.1" 206 0 "-" "Botslist Botfinder (+http://www.botslist.ca)" "www.silverimagingcanada.com"
204.15.39.12 - - [10/Feb/2010:20:43:53 -0800] "GET /logs/access.log HTTP/1.1" 206 335989 "-" "Botslist Botfinder (+http://www.botslist.ca)" "www.silverimagingcanada.com"
204.15.39.12 - - [10/Feb/2010:20:43:54 -0800] "HEAD /logs/access_090412.log HTTP/1.1" 304 - "-" "Botslist Botfinder (+http://www.botslist.ca)" "www.silverimagingcanada.com"
204.15.39.12 - - [10/Feb/2010:20:43:54 -0800] "HEAD /logs/access_090512.log HTTP/1.1" 304 - "-" "Botslist Botfinder (+http://www.botslist.ca)" "www.silverimagingcanada.com"
204.15.39.12 - - [10/Feb/2010:20:43:54 -0800] "HEAD /logs/access_090612.log HTTP/1.1" 304 - "-" "Botslist Botfinder (+http://www.botslist.ca)" "www.silverimagingcanada.com"
204.15.39.12 - - [10/Feb/2010:20:43:54 -0800] "HEAD /logs/access_090712.log HTTP/1.1" 304 - "-" "Botslist Botfinder (+http://www.botslist.ca)" "www.silverimagingcanada.com"
204.15.39.12 - - [10/Feb/2010:20:43:54 -0800] "HEAD /logs/access_090812.log HTTP/1.1" 304 - "-" "Botslist Botfinder (+http://www.botslist.ca)" "www.silverimagingcanada.com"
204.15.39.12 - - [10/Feb/2010:20:43:55 -0800] "HEAD /logs/access_090912.log HTTP/1.1" 304 - "-" "Botslist Botfinder (+http://www.botslist.ca)" "www.silverimagingcanada.com"
204.15.39.12 - - [10/Feb/2010:20:43:55 -0800] "HEAD /logs/access_091012.log HTTP/1.1" 304 - "-" "Botslist Botfinder (+http://www.botslist.ca)" "www.silverimagingcanada.com"
204.15.39.12 - - [10/Feb/2010:20:43:55 -0800] "HEAD /logs/access_091112.log HTTP/1.1" 304 - "-" "Botslist Botfinder (+http://www.botslist.ca)" "www.silverimagingcanada.com"
204.15.39.12 - - [10/Feb/2010:20:43:55 -0800] "HEAD /logs/access_091212.log HTTP/1.1" 304 - "-" "Botslist Botfinder (+http://www.botslist.ca)" "www.silverimagingcanada.com"
204.15.39.12 - - [10/Feb/2010:20:43:56 -0800] "HEAD /logs/access_100112.log HTTP/1.1" 304 - "-" "Botslist Botfinder (+http://www.botslist.ca)" "www.silverimagingcanada.com"
67.195.111.31 - - [11/Feb/2010:00:21:58 -0800] "GET /sounds/?S=A HTTP/1.0" 200 648 "-" "Mozilla/5.0 (compatible; Yahoo! Slurp/3.0; http://help.yahoo.com/help/us/ysearch/slurp)" "www.silverimagingcanada.com"
67.195.111.31 - - [11/Feb/2010:02:14:39 -0800] "GET /ZoneAlarm.html HTTP/1.0" 404 - "-" "Mozilla/5.0 (compatible; Yahoo! Slurp/3.0; http://help.yahoo.com/help/us/ysearch/slurp)" "www.silverimagingcanada.com"
77.88.25.28 - - [11/Feb/2010:03:26:47 -0800] "GET /scripts/ HTTP/1.1" 200 666 "-" "Yandex/1.01.001 (compatible; Win16; I)" "www.silverimagingcanada.com"
88.131.106.30 - - [11/Feb/2010:06:34:22 -0800] "GET /robots.txt HTTP/1.0" 404 - "-" "Speedy Spider (http://www.entireweb.com/about/search_tech/speedy_spider/)" "silverimagingcanada.com"
88.131.106.30 - - [11/Feb/2010:06:34:22 -0800] "GET /tmp/ HTTP/1.0" 200 504 "-" "Speedy Spider (http://www.entireweb.com/about/search_tech/speedy_spider/)" "silverimagingcanada.com"
67.195.111.31 - - [11/Feb/2010:06:48:35 -0800] "GET /robots.txt HTTP/1.0" 404 - "-" "Mozilla/5.0 (compatible; Yahoo! Slurp; http://help.yahoo.com/help/us/ysearch/slurp)" "www.silverimagingcanada.com"
67.195.111.31 - - [11/Feb/2010:06:48:36 -0800] "GET /clipart/ HTTP/1.0" 200 1334 "-" "Mozilla/5.0 (compatible; Yahoo! Slurp/3.0; http://help.yahoo.com/help/us/ysearch/slurp)" "www.silverimagingcanada.com"
208.80.193.34 - - [11/Feb/2010:08:00:16 -0800] "GET / HTTP/1.0" 200 1723 "-" "Mozilla/4.0 (compatible; MSIE 6.0; Windows NT 5.1; SV1; UGESL 1.4.8.0)" "silverimagingcanada.com"
69.183.61.38 - - [11/Feb/2010:09:18:04 -0800] "GET /sitebuilder/images/img052-374x274.jpg HTTP/1.1" 200 18043 "http://dotheton.com/index.php?topic=1721.0" "Mozilla/4.0 (compatible; MSIE 6.0; Windows NT 5.1; SV1; GTB6; .NET CLR 1.1.4322; .NET CLR 2.0.50727; .NET CLR 3.0.4506.2152; .NET CLR 3.5.30729)" "silverimagingcanada.com"
69.183.61.38 - - [11/Feb/2010:09:18:04 -0800] "GET /sitebuilder/images/IMG_1184-420x310.jpg HTTP/1.1" 200 30969 "http://dotheton.com/index.php?topic=1721.0" "Mozilla/4.0 (compatible; MSIE 6.0; Windows NT 5.1; SV1; GTB6; .NET CLR 1.1.4322; .NET CLR 2.0.50727; .NET CLR 3.0.4506.2152; .NET CLR 3.5.30729)" "silverimagingcanada.com"
69.183.61.38 - - [11/Feb/2010:09:18:04 -0800] "GET /sitebuilder/images/img053-365x267.jpg HTTP/1.1" 200 19523 "http://dotheton.com/index.php?topic=1721.0" "Mozilla/4.0 (compatible; MSIE 6.0; Windows NT 5.1; SV1; GTB6; .NET CLR 1.1.4322; .NET CLR 2.0.50727; .NET CLR 3.0.4506.2152; .NET CLR 3.5.30729)" "silverimagingcanada.com"
69.183.61.38 - - [11/Feb/2010:09:18:05 -0800] "GET /sitebuilder/images/img056-393x289.jpg HTTP/1.1" 200 20721 "http://dotheton.com/index.php?topic=1721.0" "Mozilla/4.0 (compatible; MSIE 6.0; Windows NT 5.1; SV1; GTB6; .NET CLR 1.1.4322; .NET CLR 2.0.50727; .NET CLR 3.0.4506.2152; .NET CLR 3.5.30729)" "silverimagingcanada.com"
69.183.61.38 - - [11/Feb/2010:09:18:05 -0800] "GET /sitebuilder/images/IMG_0937-312x416.jpg HTTP/1.1" 200 20123 "http://dotheton.com/index.php?topic=1721.0" "Mozilla/4.0 (compatible; MSIE 6.0; Windows NT 5.1; SV1; GTB6; .NET CLR 1.1.4322; .NET CLR 2.0.50727; .NET CLR 3.0.4506.2152; .NET CLR 3.5.30729)" "silverimagingcanada.com"
69.183.61.38 - - [11/Feb/2010:09:18:06 -0800] "GET /sitebuilder/images/IMG_0939-380x278.jpg HTTP/1.1" 200 15324 "http://dotheton.com/index.php?topic=1721.0" "Mozilla/4.0 (compatible; MSIE 6.0; Windows NT 5.1; SV1; GTB6; .NET CLR 1.1.4322; .NET CLR 2.0.50727; .NET CLR 3.0.4506.2152; .NET CLR 3.5.30729)" "silverimagingcanada.com"
69.183.61.38 - - [11/Feb/2010:09:18:06 -0800] "GET /sitebuilder/images/IMG_0961-417x308.jpg HTTP/1.1" 200 11717 "http://dotheton.com/index.php?topic=1721.0" "Mozilla/4.0 (compatible; MSIE 6.0; Windows NT 5.1; SV1; GTB6; .NET CLR 1.1.4322; .NET CLR 2.0.50727; .NET CLR 3.0.4506.2152; .NET CLR 3.5.30729)" "silverimagingcanada.com"
69.183.61.38 - - [11/Feb/2010:09:20:27 -0800] "GET /sitebuilder/images/img129-405x298.jpg HTTP/1.1" 200 17041 "http://dotheton.com/index.php?topic=1721.15" "Mozilla/4.0 (compatible; MSIE 6.0; Windows NT 5.1; SV1; GTB6; .NET CLR 1.1.4322; .NET CLR 2.0.50727; .NET CLR 3.0.4506.2152; .NET CLR 3.5.30729)" "silverimagingcanada.com"
69.183.61.38 - - [11/Feb/2010:09:20:27 -0800] "GET /sitebuilder/images/IMG_1288-451x334.jpg HTTP/1.1" 200 25996 "http://dotheton.com/index.php?topic=1721.15" "Mozilla/4.0 (compatible; MSIE 6.0; Windows NT 5.1; SV1; GTB6; .NET CLR 1.1.4322; .NET CLR 2.0.50727; .NET CLR 3.0.4506.2152; .NET CLR 3.5.30729)" "silverimagingcanada.com"
69.183.61.38 - - [11/Feb/2010:09:20:28 -0800] "GET /sitebuilder/images/IMG_1276-406x299.jpg HTTP/1.1" 200 31845 "http://dotheton.com/index.php?topic=1721.15" "Mozilla/4.0 (compatible; MSIE 6.0; Windows NT 5.1; SV1; GTB6; .NET CLR 1.1.4322; .NET CLR 2.0.50727; .NET CLR 3.0.4506.2152; .NET CLR 3.5.30729)" "silverimagingcanada.com"
69.183.61.38 - - [11/Feb/2010:09:20:28 -0800] "GET /sitebuilder/images/IMG_1272-351x257.jpg HTTP/1.1" 200 23815 "http://dotheton.com/index.php?topic=1721.15" "Mozilla/4.0 (compatible; MSIE 6.0; Windows NT 5.1; SV1; GTB6; .NET CLR 1.1.4322; .NET CLR 2.0.50727; .NET CLR 3.0.4506.2152; .NET CLR 3.5.30729)" "silverimagingcanada.com"
69.183.61.38 - - [11/Feb/2010:09:21:09 -0800] "GET /sitebuilder/images/img1412-430x317.jpg HTTP/1.1" 200 28270 "http://dotheton.com/index.php?topic=1721.30" "Mozilla/4.0 (compatible; MSIE 6.0; Windows NT 5.1; SV1; GTB6; .NET CLR 1.1.4322; .NET CLR 2.0.50727; .NET CLR 3.0.4506.2152; .NET CLR 3.5.30729)" "silverimagingcanada.com"
69.183.61.38 - - [11/Feb/2010:09:21:09 -0800] "GET /sitebuilder/images/img138-399x293.jpg HTTP/1.1" 200 24204 "http://dotheton.com/index.php?topic=1721.30" "Mozilla/4.0 (compatible; MSIE 6.0; Windows NT 5.1; SV1; GTB6; .NET CLR 1.1.4322; .NET CLR 2.0.50727; .NET CLR 3.0.4506.2152; .NET CLR 3.5.30729)" "silverimagingcanada.com"
69.183.61.38 - - [11/Feb/2010:09:21:10 -0800] "GET /sitebuilder/images/img135-317x428.jpg HTTP/1.1" 200 25396 "http://dotheton.com/index.php?topic=1721.30" "Mozilla/4.0 (compatible; MSIE 6.0; Windows NT 5.1; SV1; GTB6; .NET CLR 1.1.4322; .NET CLR 2.0.50727; .NET CLR 3.0.4506.2152; .NET CLR 3.5.30729)" "silverimagingcanada.com"
69.183.61.38 - - [11/Feb/2010:09:21:10 -0800] "GET /sitebuilder/images/img144-352x257.jpg HTTP/1.1" 200 12721 "http://dotheton.com/index.php?topic=1721.30" "Mozilla/4.0 (compatible; MSIE 6.0; Windows NT 5.1; SV1; GTB6; .NET CLR 1.1.4322; .NET CLR 2.0.50727; .NET CLR 3.0.4506.2152; .NET CLR 3.5.30729)" "silverimagingcanada.com"
69.183.61.38 - - [11/Feb/2010:09:21:10 -0800] "GET /sitebuilder/images/tank1-257x350.jpg HTTP/1.1" 200 11565 "http://dotheton.com/index.php?topic=1721.30" "Mozilla/4.0 (compatible; MSIE 6.0; Windows NT 5.1; SV1; GTB6; .NET CLR 1.1.4322; .NET CLR 2.0.50727; .NET CLR 3.0.4506.2152; .NET CLR 3.5.30729)" "silverimagingcanada.com"
69.183.61.38 - - [11/Feb/2010:09:21:10 -0800] "GET /sitebuilder/images/tank2-272x195.jpg HTTP/1.1" 200 7366 "http://dotheton.com/index.php?topic=1721.30" "Mozilla/4.0 (compatible; MSIE 6.0; Windows NT 5.1; SV1; GTB6; .NET CLR 1.1.4322; .NET CLR 2.0.50727; .NET CLR 3.0.4506.2152; .NET CLR 3.5.30729)" "silverimagingcanada.com"
67.195.111.31 - - [11/Feb/2010:09:52:20 -0800] "GET /scripts/ HTTP/1.0" 200 650 "-" "Mozilla/5.0 (compatible; Yahoo! Slurp/3.0; http://help.yahoo.com/help/us/ysearch/slurp)" "www.silverimagingcanada.com"
184.73.3.28 - - [11/Feb/2010:11:01:27 -0800] "GET /robots.txt HTTP/1.0" 404 - "-" "taptubot *** please read http://www.taptu.com/corp/taptubot ***" "silverimagingcanada.com"
184.73.3.28 - - [11/Feb/2010:11:01:28 -0800] "GET / HTTP/1.0" 200 1723 "-" "Mozilla/5.0 (iPhone; U; CPU like Mac OS X; en) AppleWebKit/420+ (KHTML, like Gecko) Version/3.0 Mobile/1A543a Safari/419.3" "silverimagingcanada.com"
184.73.3.28 - - [11/Feb/2010:11:01:30 -0800] "GET /apple-touch-icon.png HTTP/1.0" 404 - "-" "Mozilla/5.0 (iPhone; U; CPU like Mac OS X; en) AppleWebKit/420+ (KHTML, like Gecko) Version/3.0 Mobile/1A543a Safari/419.3" "silverimagingcanada.com"
184.73.3.28 - - [11/Feb/2010:11:01:59 -0800] "GET /m/ HTTP/1.0" 404 - "-" "Mozilla/5.0 (iPhone; U; CPU like Mac OS X; en) AppleWebKit/420+ (KHTML, like Gecko) Version/3.0 Mobile/1A543a Safari/419.3" "www.silverimagingcanada.com"
184.73.3.28 - - [11/Feb/2010:11:01:59 -0800] "GET /mobi/ HTTP/1.0" 404 - "-" "Mozilla/5.0 (iPhone; U; CPU like Mac OS X; en) AppleWebKit/420+ (KHTML, like Gecko) Version/3.0 Mobile/1A543a Safari/419.3" "www.silverimagingcanada.com"
95.108.150.235 - - [11/Feb/2010:11:15:29 -0800] "GET /robots.txt HTTP/1.1" 404 - "-" "Yandex/1.01.001 (compatible; Win16; H)" "silverimagingcanada.com"
95.108.150.235 - - [11/Feb/2010:11:15:30 -0800] "GET /robots.txt HTTP/1.1" 404 - "-" "Yandex/1.01.001 (compatible; Win16; H)" "www.silverimagingcanada.com"
95.108.150.235 - - [11/Feb/2010:11:15:31 -0800] "GET / HTTP/1.1" 200 1739 "-" "Yandex/1.01.001 (compatible; Win16; H)" "silverimagingcanada.com"
95.108.150.235 - - [11/Feb/2010:11:15:34 -0800] "GET / HTTP/1.1" 200 1739 "-" "Yandex/1.01.001 (compatible; Win16; H)" "www.silverimagingcanada.com"
95.108.150.235 - - [11/Feb/2010:11:15:35 -0800] "GET / HTTP/1.1" 200 1739 "-" "Yandex/1.01.001 (compatible; Win16; H)" "silverimagingcanada.com"
95.108.150.235 - - [11/Feb/2010:11:15:37 -0800] "GET / HTTP/1.1" 200 1739 "-" "Yandex/1.01.001 (compatible; Win16; H)" "www.silverimagingcanada.com"
88.131.106.30 - - [11/Feb/2010:11:39:38 -0800] "GET /robots.txt HTTP/1.0" 404 - "-" "Speedy Spider (http://www.entireweb.com/about/search_tech/speedy_spider/)" "silverimagingcanada.com"
88.131.106.30 - - [11/Feb/2010:11:39:41 -0800] "GET /media/ HTTP/1.0" 200 2070 "-" "Speedy Spider (http://www.entireweb.com/about/search_tech/speedy_spider/)" "silverimagingcanada.com"