203.44.80.242 - - [27/Jan/2010:15:03:26 -0800] "GET /sitebuilder/images/Bullet_Signals2-278x251.jpg HTTP/1.0" 200 18028 "http://dotheton.com/index.php?topic=1721.90" "Mozilla/5.0 (Windows; U; Windows NT 5.1; en-GB; rv:1.8.0.12) Gecko/20070508 Firefox/1.5.0.12" "silverimagingcanada.com"
65.55.207.134 - - [28/Jan/2010:02:38:52 -0800] "GET /robots.txt HTTP/1.1" 404 - "-" "msnbot/2.0b (+http://search.msn.com/msnbot.htm)" "silverimagingcanada.com"
67.195.111.31 - - [28/Jan/2010:03:11:31 -0800] "GET /robots.txt HTTP/1.0" 404 - "-" "Mozilla/5.0 (compatible; Yahoo! Slurp; http://help.yahoo.com/help/us/ysearch/slurp)" "www.silverimagingcanada.com"
67.195.111.31 - - [28/Jan/2010:03:11:32 -0800] "GET /logs/access_090812.log HTTP/1.0" 200 304217 "-" "Mozilla/5.0 (compatible; Yahoo! Slurp/3.0; http://help.yahoo.com/help/us/ysearch/slurp)" "www.silverimagingcanada.com"
65.55.207.134 - - [28/Jan/2010:03:13:03 -0800] "GET / HTTP/1.1" 200 1739 "-" "msnbot/2.0b (+http://search.msn.com/msnbot.htm)" "silverimagingcanada.com"
65.55.51.115 - - [28/Jan/2010:05:09:55 -0800] "GET /robots.txt HTTP/1.1" 404 - "-" "msnbot/2.0b (+http://search.msn.com/msnbot.htm)" "silverimagingcanada.com"
119.63.198.3 - - [28/Jan/2010:05:36:32 -0800] "GET /robots.txt HTTP/1.1" 404 - "-" "Baiduspider+(+http://www.baidu.com/search/spider.htm)" "www.silverimagingcanada.com"
216.255.240.104 - - [28/Jan/2010:08:01:34 -0800] "GET /sitebuilder/images/IMG_1184-420x310.jpg HTTP/1.1" 200 30969 "http://dotheton.com/index.php?topic=1721.120" "Mozilla/5.0 (Windows; U; Windows NT 5.1; en-US; rv:1.9.0.17) Gecko/2009122116 Firefox/3.0.17 (.NET CLR 3.5.30729)" "silverimagingcanada.com"
208.80.193.39 - - [28/Jan/2010:09:33:43 -0800] "GET / HTTP/1.0" 200 1723 "-" "Mozilla/4.0 (compatible; MSIE 6.0; Windows NT 5.1; SV1; PeoplePal 3.0; PeoplePal 6.1; InfoPath.1; .NET CLR 1.1.4322)" "silverimagingcanada.com"
95.158.199.95 - - [28/Jan/2010:12:28:03 -0800] "GET /sitebuilder/images/Gay_DVR_Splash_Screen2-581x435.jpg HTTP/1.1" 200 25628 "http://images.google.ru/imglanding?q=gay%20plumber&imgurl=http://www.antropus.com/images/plumber.jpg&imgrefurl=http://www.metafilter.com/archived.mefi/12/01/2004/&usg=__7WYHaw9k17-ce8dnUXQiPSwMm5E=&h=900&w=600&sz=199&hl=ru&sig2=KWii3DPPHQSvOZSuqTLRHw&um=1&tbnid=VF_C-t2Af_s13M:&tbnh=146&tbnw=97&prev=/images%3Fq%3Dgay%2Bplumber%26complete%3D1%26hl%3Dru%26lr%3D%26sa%3DN%26um%3D1&ei=1fJhS8blGJKVsAbW5Pz_Cw&complete=1&lr=&sa=N&um=1&start=1" "Mozilla/5.0 (Windows; U; Windows NT 6.1; ru; rv:1.9.1.6) Gecko/20091201 Firefox/3.5.6 (.NET CLR 3.5.30729)" "www.silverimagingcanada.com"
95.108.150.235 - - [28/Jan/2010:16:38:42 -0800] "GET /robots.txt HTTP/1.1" 404 - "-" "Yandex/1.01.001 (compatible; Win16; H)" "www.silverimagingcanada.com"
95.108.150.235 - - [28/Jan/2010:16:38:43 -0800] "GET /robots.txt HTTP/1.1" 404 - "-" "Yandex/1.01.001 (compatible; Win16; H)" "silverimagingcanada.com"
95.108.150.235 - - [28/Jan/2010:16:38:45 -0800] "GET / HTTP/1.1" 200 1739 "-" "Yandex/1.01.001 (compatible; Win16; H)" "www.silverimagingcanada.com"
95.108.150.235 - - [28/Jan/2010:16:38:46 -0800] "GET / HTTP/1.1" 200 1739 "-" "Yandex/1.01.001 (compatible; Win16; H)" "silverimagingcanada.com"
95.108.150.235 - - [28/Jan/2010:16:38:46 -0800] "GET / HTTP/1.1" 200 1739 "-" "Yandex/1.01.001 (compatible; Win16; H)" "www.silverimagingcanada.com"
95.108.150.235 - - [28/Jan/2010:16:38:47 -0800] "GET / HTTP/1.1" 200 1739 "-" "Yandex/1.01.001 (compatible; Win16; H)" "silverimagingcanada.com"
66.41.197.155 - - [28/Jan/2010:19:59:58 -0800] "GET /sitebuilder/images/IMG_1184-420x310.jpg HTTP/1.1" 200 30969 "http://dotheton.com/index.php?topic=1721.0" "Mozilla/4.0 (compatible; MSIE 8.0; Windows NT 5.1; Trident/4.0)" "silverimagingcanada.com"
66.41.197.155 - - [28/Jan/2010:19:59:59 -0800] "GET /sitebuilder/images/img052-374x274.jpg HTTP/1.1" 200 18043 "http://dotheton.com/index.php?topic=1721.0" "Mozilla/4.0 (compatible; MSIE 8.0; Windows NT 5.1; Trident/4.0)" "silverimagingcanada.com"
66.41.197.155 - - [28/Jan/2010:19:59:59 -0800] "GET /sitebuilder/images/img053-365x267.jpg HTTP/1.1" 200 19523 "http://dotheton.com/index.php?topic=1721.0" "Mozilla/4.0 (compatible; MSIE 8.0; Windows NT 5.1; Trident/4.0)" "silverimagingcanada.com"
66.41.197.155 - - [28/Jan/2010:20:00:00 -0800] "GET /sitebuilder/images/img056-393x289.jpg HTTP/1.1" 200 20721 "http://dotheton.com/index.php?topic=1721.0" "Mozilla/4.0 (compatible; MSIE 8.0; Windows NT 5.1; Trident/4.0)" "silverimagingcanada.com"
66.41.197.155 - - [28/Jan/2010:20:00:01 -0800] "GET /sitebuilder/images/IMG_0937-312x416.jpg HTTP/1.1" 200 20123 "http://dotheton.com/index.php?topic=1721.0" "Mozilla/4.0 (compatible; MSIE 8.0; Windows NT 5.1; Trident/4.0)" "silverimagingcanada.com"
66.41.197.155 - - [28/Jan/2010:20:00:01 -0800] "GET /sitebuilder/images/IMG_0939-380x278.jpg HTTP/1.1" 200 15324 "http://dotheton.com/index.php?topic=1721.0" "Mozilla/4.0 (compatible; MSIE 8.0; Windows NT 5.1; Trident/4.0)" "silverimagingcanada.com"
66.41.197.155 - - [28/Jan/2010:20:00:01 -0800] "GET /sitebuilder/images/IMG_0961-417x308.jpg HTTP/1.1" 200 11717 "http://dotheton.com/index.php?topic=1721.0" "Mozilla/4.0 (compatible; MSIE 8.0; Windows NT 5.1; Trident/4.0)" "silverimagingcanada.com"
208.80.193.31 - - [28/Jan/2010:20:33:09 -0800] "GET / HTTP/1.0" 200 1723 "-" "Mozilla/4.0 (compatible; MSIE 7.0; Windows NT 5.1; (R1 1.3); .NET CLR 2.0.50727)" "www.silverimagingcanada.com"
87.250.252.242 - - [28/Jan/2010:20:53:55 -0800] "GET /robots.txt HTTP/1.1" 404 - "-" "Yandex/1.01.001 (compatible; Win16; I)" "www.silverimagingcanada.com"
67.195.111.31 - - [28/Jan/2010:23:20:44 -0800] "GET /robots.txt HTTP/1.0" 404 - "-" "Mozilla/5.0 (compatible; Yahoo! Slurp; http://help.yahoo.com/help/us/ysearch/slurp)" "www.silverimagingcanada.com"
67.195.111.31 - - [28/Jan/2010:23:20:44 -0800] "GET /sounds/?D=A HTTP/1.0" 200 648 "-" "Mozilla/5.0 (compatible; Yahoo! Slurp/3.0; http://help.yahoo.com/help/us/ysearch/slurp)" "www.silverimagingcanada.com"
193.47.80.51 - - [29/Jan/2010:00:15:48 -0800] "GET /robots.txt HTTP/1.1" 404 - "-" "Mozilla/5.0 (compatible; Exabot/3.0; +http://www.exabot.com/go/robot)" "www.silverimagingcanada.com"
193.47.80.51 - - [29/Jan/2010:00:15:48 -0800] "GET / HTTP/1.1" 200 1739 "-" "Mozilla/5.0 (compatible; Exabot/3.0; +http://www.exabot.com/go/robot)" "www.silverimagingcanada.com"
122.52.99.217 - - [29/Jan/2010:10:48:33 -0800] "GET / HTTP/1.1" 200 1739 "http://bloghop.com/search.htm?action=checkit" "Mozilla/5.0 (Windows; U; Windows NT 5.1; en-US) AppleWebKit/532.5 (KHTML, like Gecko) Chrome/4.0.249.78 Safari/532.5" "www.silverimagingcanada.com"
122.52.99.217 - - [29/Jan/2010:10:48:34 -0800] "GET /favicon.ico HTTP/1.1" 404 - "-" "Mozilla/5.0 (Windows; U; Windows NT 5.1; en-US) AppleWebKit/532.5 (KHTML, like Gecko) Chrome/4.0.249.78 Safari/532.5" "www.silverimagingcanada.com"
83.167.62.165 - - [29/Jan/2010:19:16:18 -0800] "GET /robots.txt HTTP/1.1" 404 - "-" "Mozilla/5.0 (compatible; Exabot/3.0 (BiggerBetter); +http://www.exabot.com/go/robot)" "www.silverimagingcanada.com"
83.167.62.165 - - [29/Jan/2010:19:16:18 -0800] "GET /sitebuilder/images/?D=D HTTP/1.1" 200 55010 "-" "Mozilla/5.0 (compatible; Exabot/3.0 (BiggerBetter); +http://www.exabot.com/go/robot)" "www.silverimagingcanada.com"
88.131.106.31 - - [29/Jan/2010:19:25:35 -0800] "GET /robots.txt HTTP/1.0" 404 - "-" "Speedy Spider (http://www.entireweb.com/about/search_tech/speedy_spider/)" "silverimagingcanada.com"
88.131.106.31 - - [29/Jan/2010:19:25:36 -0800] "GET /?N=D HTTP/1.0" 200 1723 "-" "Speedy Spider (http://www.entireweb.com/about/search_tech/speedy_spider/)" "silverimagingcanada.com"
87.250.252.242 - - [29/Jan/2010:20:16:36 -0800] "GET /tmp/ HTTP/1.1" 200 520 "-" "Yandex/1.01.001 (compatible; Win16; I)" "www.silverimagingcanada.com"
208.80.193.37 - - [29/Jan/2010:22:39:17 -0800] "GET / HTTP/1.0" 200 1723 "-" "Mozilla/4.0 (compatible; MSIE 6.0; America Online Browser 1.1; rev1.5; Windows NT 5.1; SV1; IEMB3)" "silverimagingcanada.com"
67.195.111.31 - - [30/Jan/2010:03:49:11 -0800] "GET /robots.txt HTTP/1.0" 404 - "-" "Mozilla/5.0 (compatible; Yahoo! Slurp; http://help.yahoo.com/help/us/ysearch/slurp)" "www.silverimagingcanada.com"
67.195.111.31 - - [30/Jan/2010:03:49:11 -0800] "GET /scripts/?N=D HTTP/1.0" 200 650 "-" "Mozilla/5.0 (compatible; Yahoo! Slurp/3.0; http://help.yahoo.com/help/us/ysearch/slurp)" "www.silverimagingcanada.com"
67.195.111.31 - - [30/Jan/2010:05:31:16 -0800] "GET /sitebuilder/images/?S=A HTTP/1.0" 200 54994 "-" "Mozilla/5.0 (compatible; Yahoo! Slurp/3.0; http://help.yahoo.com/help/us/ysearch/slurp)" "www.silverimagingcanada.com"
67.195.111.31 - - [30/Jan/2010:07:03:56 -0800] "GET / HTTP/1.0" 200 1723 "-" "Mozilla/5.0 (compatible; Yahoo! Slurp/3.0; http://help.yahoo.com/help/us/ysearch/slurp)" "www.silverimagingcanada.com"
95.108.150.235 - - [30/Jan/2010:07:27:43 -0800] "GET /robots.txt HTTP/1.1" 404 - "-" "Yandex/1.01.001 (compatible; Win16; H)" "www.silverimagingcanada.com"
95.108.150.235 - - [30/Jan/2010:07:27:45 -0800] "GET / HTTP/1.1" 200 1739 "-" "Yandex/1.01.001 (compatible; Win16; H)" "www.silverimagingcanada.com"
95.108.150.235 - - [30/Jan/2010:07:27:47 -0800] "GET / HTTP/1.1" 200 1739 "-" "Yandex/1.01.001 (compatible; Win16; H)" "www.silverimagingcanada.com"
95.108.150.235 - - [30/Jan/2010:07:27:48 -0800] "GET /robots.txt HTTP/1.1" 404 - "-" "Yandex/1.01.001 (compatible; Win16; H)" "silverimagingcanada.com"
95.108.150.235 - - [30/Jan/2010:07:27:50 -0800] "GET / HTTP/1.1" 200 1739 "-" "Yandex/1.01.001 (compatible; Win16; H)" "silverimagingcanada.com"
95.108.150.235 - - [30/Jan/2010:07:27:52 -0800] "GET / HTTP/1.1" 200 1739 "-" "Yandex/1.01.001 (compatible; Win16; H)" "silverimagingcanada.com"
67.195.111.31 - - [30/Jan/2010:08:28:31 -0800] "GET /scripts/?M=A HTTP/1.0" 200 650 "-" "Mozilla/5.0 (compatible; Yahoo! Slurp/3.0; http://help.yahoo.com/help/us/ysearch/slurp)" "www.silverimagingcanada.com"
208.80.193.42 - - [30/Jan/2010:09:42:34 -0800] "GET / HTTP/1.0" 200 1723 "-" "Mozilla/4.0 (compatible; MSIE 6.0; Windows NT 5.1; {1E583BC0-550F-522F-F126-41B796E1C053}; .NET CLR 2.0.50727)" "www.silverimagingcanada.com"
88.131.106.31 - - [30/Jan/2010:13:08:23 -0800] "GET /robots.txt HTTP/1.0" 404 - "-" "Speedy Spider (http://www.entireweb.com/about/search_tech/speedy_spider/)" "silverimagingcanada.com"
88.131.106.31 - - [30/Jan/2010:13:08:24 -0800] "GET /Products.html HTTP/1.0" 404 - "-" "Speedy Spider (http://www.entireweb.com/about/search_tech/speedy_spider/)" "silverimagingcanada.com"
24.22.26.49 - - [30/Jan/2010:14:38:31 -0800] "GET /sitebuilder/images/IMG_1184-420x310.jpg HTTP/1.1" 200 30969 "http://dotheton.com/index.php?topic=1721.0" "Mozilla/5.0 (Windows; U; Windows NT 6.0; en-US; rv:1.9.1.7) Gecko/20091221 Firefox/3.5.7 (.NET CLR 3.5.30729)" "silverimagingcanada.com"
24.22.26.49 - - [30/Jan/2010:14:38:32 -0800] "GET /sitebuilder/images/img056-393x289.jpg HTTP/1.1" 200 20721 "http://dotheton.com/index.php?topic=1721.0" "Mozilla/5.0 (Windows; U; Windows NT 6.0; en-US; rv:1.9.1.7) Gecko/20091221 Firefox/3.5.7 (.NET CLR 3.5.30729)" "silverimagingcanada.com"
24.22.26.49 - - [30/Jan/2010:14:38:32 -0800] "GET /sitebuilder/images/img053-365x267.jpg HTTP/1.1" 200 19523 "http://dotheton.com/index.php?topic=1721.0" "Mozilla/5.0 (Windows; U; Windows NT 6.0; en-US; rv:1.9.1.7) Gecko/20091221 Firefox/3.5.7 (.NET CLR 3.5.30729)" "silverimagingcanada.com"
24.22.26.49 - - [30/Jan/2010:14:38:32 -0800] "GET /sitebuilder/images/img052-374x274.jpg HTTP/1.1" 200 18043 "http://dotheton.com/index.php?topic=1721.0" "Mozilla/5.0 (Windows; U; Windows NT 6.0; en-US; rv:1.9.1.7) Gecko/20091221 Firefox/3.5.7 (.NET CLR 3.5.30729)" "silverimagingcanada.com"
24.22.26.49 - - [30/Jan/2010:14:38:33 -0800] "GET /sitebuilder/images/IMG_0939-380x278.jpg HTTP/1.1" 200 15324 "http://dotheton.com/index.php?topic=1721.0" "Mozilla/5.0 (Windows; U; Windows NT 6.0; en-US; rv:1.9.1.7) Gecko/20091221 Firefox/3.5.7 (.NET CLR 3.5.30729)" "silverimagingcanada.com"
24.22.26.49 - - [30/Jan/2010:14:38:33 -0800] "GET /sitebuilder/images/IMG_0937-312x416.jpg HTTP/1.1" 200 20123 "http://dotheton.com/index.php?topic=1721.0" "Mozilla/5.0 (Windows; U; Windows NT 6.0; en-US; rv:1.9.1.7) Gecko/20091221 Firefox/3.5.7 (.NET CLR 3.5.30729)" "silverimagingcanada.com"
24.22.26.49 - - [30/Jan/2010:14:38:33 -0800] "GET /sitebuilder/images/IMG_0961-417x308.jpg HTTP/1.1" 200 11717 "http://dotheton.com/index.php?topic=1721.0" "Mozilla/5.0 (Windows; U; Windows NT 6.0; en-US; rv:1.9.1.7) Gecko/20091221 Firefox/3.5.7 (.NET CLR 3.5.30729)" "silverimagingcanada.com"
24.22.26.49 - - [30/Jan/2010:14:41:46 -0800] "GET /sitebuilder/images/img129-405x298.jpg HTTP/1.1" 200 17041 "http://dotheton.com/index.php?topic=1721.15" "Mozilla/5.0 (Windows; U; Windows NT 6.0; en-US; rv:1.9.1.7) Gecko/20091221 Firefox/3.5.7 (.NET CLR 3.5.30729)" "silverimagingcanada.com"
24.22.26.49 - - [30/Jan/2010:14:41:46 -0800] "GET /sitebuilder/images/IMG_1276-406x299.jpg HTTP/1.1" 200 31845 "http://dotheton.com/index.php?topic=1721.15" "Mozilla/5.0 (Windows; U; Windows NT 6.0; en-US; rv:1.9.1.7) Gecko/20091221 Firefox/3.5.7 (.NET CLR 3.5.30729)" "silverimagingcanada.com"
24.22.26.49 - - [30/Jan/2010:14:41:46 -0800] "GET /sitebuilder/images/IMG_1272-351x257.jpg HTTP/1.1" 200 23815 "http://dotheton.com/index.php?topic=1721.15" "Mozilla/5.0 (Windows; U; Windows NT 6.0; en-US; rv:1.9.1.7) Gecko/20091221 Firefox/3.5.7 (.NET CLR 3.5.30729)" "silverimagingcanada.com"
24.22.26.49 - - [30/Jan/2010:14:41:46 -0800] "GET /sitebuilder/images/IMG_1288-451x334.jpg HTTP/1.1" 200 25996 "http://dotheton.com/index.php?topic=1721.15" "Mozilla/5.0 (Windows; U; Windows NT 6.0; en-US; rv:1.9.1.7) Gecko/20091221 Firefox/3.5.7 (.NET CLR 3.5.30729)" "silverimagingcanada.com"
24.22.26.49 - - [30/Jan/2010:14:43:14 -0800] "GET /sitebuilder/images/img144-352x257.jpg HTTP/1.1" 200 12721 "http://dotheton.com/index.php?topic=1721.30" "Mozilla/5.0 (Windows; U; Windows NT 6.0; en-US; rv:1.9.1.7) Gecko/20091221 Firefox/3.5.7 (.NET CLR 3.5.30729)" "silverimagingcanada.com"
24.22.26.49 - - [30/Jan/2010:14:43:14 -0800] "GET /sitebuilder/images/img1412-430x317.jpg HTTP/1.1" 200 28270 "http://dotheton.com/index.php?topic=1721.30" "Mozilla/5.0 (Windows; U; Windows NT 6.0; en-US; rv:1.9.1.7) Gecko/20091221 Firefox/3.5.7 (.NET CLR 3.5.30729)" "silverimagingcanada.com"
24.22.26.49 - - [30/Jan/2010:14:43:14 -0800] "GET /sitebuilder/images/img135-317x428.jpg HTTP/1.1" 200 25396 "http://dotheton.com/index.php?topic=1721.30" "Mozilla/5.0 (Windows; U; Windows NT 6.0; en-US; rv:1.9.1.7) Gecko/20091221 Firefox/3.5.7 (.NET CLR 3.5.30729)" "silverimagingcanada.com"
24.22.26.49 - - [30/Jan/2010:14:43:14 -0800] "GET /sitebuilder/images/img138-399x293.jpg HTTP/1.1" 200 24204 "http://dotheton.com/index.php?topic=1721.30" "Mozilla/5.0 (Windows; U; Windows NT 6.0; en-US; rv:1.9.1.7) Gecko/20091221 Firefox/3.5.7 (.NET CLR 3.5.30729)" "silverimagingcanada.com"
24.22.26.49 - - [30/Jan/2010:14:43:15 -0800] "GET /sitebuilder/images/tank1-257x350.jpg HTTP/1.1" 200 11565 "http://dotheton.com/index.php?topic=1721.30" "Mozilla/5.0 (Windows; U; Windows NT 6.0; en-US; rv:1.9.1.7) Gecko/20091221 Firefox/3.5.7 (.NET CLR 3.5.30729)" "silverimagingcanada.com"
24.22.26.49 - - [30/Jan/2010:14:43:15 -0800] "GET /sitebuilder/images/tank2-272x195.jpg HTTP/1.1" 200 7366 "http://dotheton.com/index.php?topic=1721.30" "Mozilla/5.0 (Windows; U; Windows NT 6.0; en-US; rv:1.9.1.7) Gecko/20091221 Firefox/3.5.7 (.NET CLR 3.5.30729)" "silverimagingcanada.com"
24.22.26.49 - - [30/Jan/2010:14:49:07 -0800] "GET /sitebuilder/images/Bullet_Signals-295x237.jpg HTTP/1.1" 200 16322 "http://dotheton.com/index.php?topic=1721.90" "Mozilla/5.0 (Windows; U; Windows NT 6.0; en-US; rv:1.9.1.7) Gecko/20091221 Firefox/3.5.7 (.NET CLR 3.5.30729)" "silverimagingcanada.com"
24.22.26.49 - - [30/Jan/2010:14:49:07 -0800] "GET /sitebuilder/images/Bullet_Signals2-278x251.jpg HTTP/1.1" 200 18028 "http://dotheton.com/index.php?topic=1721.90" "Mozilla/5.0 (Windows; U; Windows NT 6.0; en-US; rv:1.9.1.7) Gecko/20091221 Firefox/3.5.7 (.NET CLR 3.5.30729)" "silverimagingcanada.com"
75.155.178.254 - - [30/Jan/2010:14:56:21 -0800] "GET / HTTP/1.1" 200 1739 "http://dotheton.com/index.php?topic=1721.180" "Mozilla/5.0 (Macintosh; U; Intel Mac OS X 10_5_8; en-us) AppleWebKit/531.9 (KHTML, like Gecko) Version/4.0.3 Safari/531.9" "www.silverimagingcanada.com"
75.155.178.254 - - [30/Jan/2010:14:56:22 -0800] "GET /favicon.ico HTTP/1.1" 404 - "http://www.silverimagingcanada.com/" "Mozilla/5.0 (Macintosh; U; Intel Mac OS X 10_5_8; en-us) AppleWebKit/531.9 (KHTML, like Gecko) Version/4.0.3 Safari/531.9" "www.silverimagingcanada.com"
67.195.111.31 - - [30/Jan/2010:16:33:35 -0800] "GET /robots.txt HTTP/1.0" 404 - "-" "Mozilla/5.0 (compatible; Yahoo! Slurp; http://help.yahoo.com/help/us/ysearch/slurp)" "www.silverimagingcanada.com"
67.195.111.31 - - [30/Jan/2010:16:33:35 -0800] "GET /scripts/?D=A HTTP/1.0" 200 650 "-" "Mozilla/5.0 (compatible; Yahoo! Slurp/3.0; http://help.yahoo.com/help/us/ysearch/slurp)" "www.silverimagingcanada.com"
193.47.80.51 - - [30/Jan/2010:17:22:48 -0800] "GET /robots.txt HTTP/1.1" 404 - "-" "Mozilla/5.0 (compatible; Exabot/3.0; +http://www.exabot.com/go/robot)" "www.silverimagingcanada.com"
193.47.80.51 - - [30/Jan/2010:17:22:48 -0800] "GET / HTTP/1.1" 200 1739 "-" "Mozilla/5.0 (compatible; Exabot/3.0; +http://www.exabot.com/go/robot)" "www.silverimagingcanada.com"
204.15.39.12 - - [31/Jan/2010:02:03:01 -0800] "HEAD /logs/ HTTP/1.1" 200 0 "-" "Botslist Botfinder (+http://www.botslist.ca)" "www.silverimagingcanada.com"
204.15.39.12 - - [31/Jan/2010:02:03:01 -0800] "GET /logs/ HTTP/1.1" 200 2088 "-" "Botslist Botfinder (+http://www.botslist.ca)" "www.silverimagingcanada.com"
204.15.39.12 - - [31/Jan/2010:02:03:10 -0800] "HEAD /logs/access.log HTTP/1.1" 206 0 "-" "Botslist Botfinder (+http://www.botslist.ca)" "www.silverimagingcanada.com"
204.15.39.12 - - [31/Jan/2010:02:03:10 -0800] "GET /logs/access.log HTTP/1.1" 206 167325 "-" "Botslist Botfinder (+http://www.botslist.ca)" "www.silverimagingcanada.com"
204.15.39.12 - - [31/Jan/2010:02:03:11 -0800] "HEAD /logs/access_090412.log HTTP/1.1" 304 - "-" "Botslist Botfinder (+http://www.botslist.ca)" "www.silverimagingcanada.com"
204.15.39.12 - - [31/Jan/2010:02:03:11 -0800] "HEAD /logs/access_090512.log HTTP/1.1" 304 - "-" "Botslist Botfinder (+http://www.botslist.ca)" "www.silverimagingcanada.com"
204.15.39.12 - - [31/Jan/2010:02:03:11 -0800] "HEAD /logs/access_090612.log HTTP/1.1" 304 - "-" "Botslist Botfinder (+http://www.botslist.ca)" "www.silverimagingcanada.com"
204.15.39.12 - - [31/Jan/2010:02:03:12 -0800] "HEAD /logs/access_090712.log HTTP/1.1" 304 - "-" "Botslist Botfinder (+http://www.botslist.ca)" "www.silverimagingcanada.com"
204.15.39.12 - - [31/Jan/2010:02:03:12 -0800] "HEAD /logs/access_090812.log HTTP/1.1" 304 - "-" "Botslist Botfinder (+http://www.botslist.ca)" "www.silverimagingcanada.com"
204.15.39.12 - - [31/Jan/2010:02:03:12 -0800] "HEAD /logs/access_090912.log HTTP/1.1" 304 - "-" "Botslist Botfinder (+http://www.botslist.ca)" "www.silverimagingcanada.com"
204.15.39.12 - - [31/Jan/2010:02:03:12 -0800] "HEAD /logs/access_091012.log HTTP/1.1" 304 - "-" "Botslist Botfinder (+http://www.botslist.ca)" "www.silverimagingcanada.com"
204.15.39.12 - - [31/Jan/2010:02:03:13 -0800] "HEAD /logs/access_091112.log HTTP/1.1" 304 - "-" "Botslist Botfinder (+http://www.botslist.ca)" "www.silverimagingcanada.com"
204.15.39.12 - - [31/Jan/2010:02:03:13 -0800] "HEAD /logs/access_091212.log HTTP/1.1" 304 - "-" "Botslist Botfinder (+http://www.botslist.ca)" "www.silverimagingcanada.com"
204.15.39.12 - - [31/Jan/2010:02:03:13 -0800] "HEAD /logs/access_100112.log HTTP/1.1" 304 - "-" "Botslist Botfinder (+http://www.botslist.ca)" "www.silverimagingcanada.com"
66.249.65.104 - - [31/Jan/2010:04:55:22 -0800] "GET /robots.txt HTTP/1.1" 404 - "-" "Mozilla/5.0 (compatible; Googlebot/2.1; +http://www.google.com/bot.html)" "www.silverimagingcanada.com"
66.249.65.104 - - [31/Jan/2010:04:55:22 -0800] "GET /video HTTP/1.1" 404 - "-" "Mozilla/5.0 (compatible; Googlebot/2.1; +http://www.google.com/bot.html)" "www.silverimagingcanada.com"
65.98.224.7 - - [31/Jan/2010:05:40:27 -0800] "GET /robots.txt HTTP/1.0" 404 - "-" "TurnitinBot/2.1 (http://www.turnitin.com/robot/crawlerinfo.html)" "www.silverimagingcanada.com"
193.47.80.51 - - [31/Jan/2010:06:56:12 -0800] "GET /scripts/ HTTP/1.1" 200 666 "-" "Mozilla/5.0 (compatible; Exabot/3.0; +http://www.exabot.com/go/robot)" "www.silverimagingcanada.com"
67.195.110.162 - - [31/Jan/2010:07:20:28 -0800] "GET /robots.txt HTTP/1.0" 404 - "-" "Mozilla/5.0 (compatible; Yahoo! Slurp; http://help.yahoo.com/help/us/ysearch/slurp)" "silverimagingcanada.com"
67.195.110.162 - - [31/Jan/2010:07:20:28 -0800] "GET /Products.html HTTP/1.0" 404 - "-" "Mozilla/5.0 (compatible; Yahoo! Slurp/3.0; http://help.yahoo.com/help/us/ysearch/slurp)" "silverimagingcanada.com"
67.195.111.31 - - [31/Jan/2010:09:13:14 -0800] "GET /robots.txt HTTP/1.0" 404 - "-" "Mozilla/5.0 (compatible; Yahoo! Slurp; http://help.yahoo.com/help/us/ysearch/slurp)" "www.silverimagingcanada.com"
67.195.111.31 - - [31/Jan/2010:09:13:14 -0800] "GET /navigation_bars/?N=D HTTP/1.0" 200 667 "-" "Mozilla/5.0 (compatible; Yahoo! Slurp/3.0; http://help.yahoo.com/help/us/ysearch/slurp)" "www.silverimagingcanada.com"
87.250.252.242 - - [31/Jan/2010:09:59:00 -0800] "GET /robots.txt HTTP/1.1" 404 - "-" "Yandex/1.01.001 (compatible; Win16; I)" "www.silverimagingcanada.com"
208.80.193.37 - - [31/Jan/2010:11:45:26 -0800] "GET / HTTP/1.0" 200 1723 "-" "Mozilla/4.0 (compatible; MSIE 6.0; Windows NT 5.1; Hotbar 4.2.11.0; SV1; .NET CLR 1.0.3705; .NET CLR 1.1.4322; .NET CLR 2.0.50727)" "silverimagingcanada.com"
24.5.192.35 - - [31/Jan/2010:21:38:30 -0800] "GET /sitebuilder/images/img052-374x274.jpg HTTP/1.1" 200 18043 "http://dotheton.com/index.php?topic=1721.0" "Mozilla/5.0 (Macintosh; U; Intel Mac OS X 10_5_8; en-US) AppleWebKit/532.5 (KHTML, like Gecko) Chrome/4.0.249.49 Safari/532.5" "silverimagingcanada.com"
24.5.192.35 - - [31/Jan/2010:21:38:30 -0800] "GET /sitebuilder/images/img053-365x267.jpg HTTP/1.1" 200 19523 "http://dotheton.com/index.php?topic=1721.0" "Mozilla/5.0 (Macintosh; U; Intel Mac OS X 10_5_8; en-US) AppleWebKit/532.5 (KHTML, like Gecko) Chrome/4.0.249.49 Safari/532.5" "silverimagingcanada.com"
24.5.192.35 - - [31/Jan/2010:21:38:30 -0800] "GET /sitebuilder/images/img056-393x289.jpg HTTP/1.1" 200 20721 "http://dotheton.com/index.php?topic=1721.0" "Mozilla/5.0 (Macintosh; U; Intel Mac OS X 10_5_8; en-US) AppleWebKit/532.5 (KHTML, like Gecko) Chrome/4.0.249.49 Safari/532.5" "silverimagingcanada.com"
24.5.192.35 - - [31/Jan/2010:21:38:30 -0800] "GET /sitebuilder/images/IMG_1184-420x310.jpg HTTP/1.1" 200 30969 "http://dotheton.com/index.php?topic=1721.0" "Mozilla/5.0 (Macintosh; U; Intel Mac OS X 10_5_8; en-US) AppleWebKit/532.5 (KHTML, like Gecko) Chrome/4.0.249.49 Safari/532.5" "silverimagingcanada.com"
24.5.192.35 - - [31/Jan/2010:21:38:30 -0800] "GET /sitebuilder/images/IMG_0937-312x416.jpg HTTP/1.1" 200 20123 "http://dotheton.com/index.php?topic=1721.0" "Mozilla/5.0 (Macintosh; U; Intel Mac OS X 10_5_8; en-US) AppleWebKit/532.5 (KHTML, like Gecko) Chrome/4.0.249.49 Safari/532.5" "silverimagingcanada.com"
24.5.192.35 - - [31/Jan/2010:21:38:30 -0800] "GET /sitebuilder/images/IMG_0939-380x278.jpg HTTP/1.1" 200 15324 "http://dotheton.com/index.php?topic=1721.0" "Mozilla/5.0 (Macintosh; U; Intel Mac OS X 10_5_8; en-US) AppleWebKit/532.5 (KHTML, like Gecko) Chrome/4.0.249.49 Safari/532.5" "silverimagingcanada.com"
24.5.192.35 - - [31/Jan/2010:21:38:30 -0800] "GET /sitebuilder/images/IMG_0961-417x308.jpg HTTP/1.1" 200 11717 "http://dotheton.com/index.php?topic=1721.0" "Mozilla/5.0 (Macintosh; U; Intel Mac OS X 10_5_8; en-US) AppleWebKit/532.5 (KHTML, like Gecko) Chrome/4.0.249.49 Safari/532.5" "silverimagingcanada.com"
208.80.193.42 - - [31/Jan/2010:22:40:32 -0800] "GET / HTTP/1.0" 200 1723 "-" "Mozilla/4.0 (compatible; MSIE 7.0; Windows NT 5.1; .NET CLR 1.1.4322; InfoPath.1; yplus 5.6.04b)" "www.silverimagingcanada.com"
83.167.62.165 - - [01/Feb/2010:02:11:01 -0800] "GET /robots.txt HTTP/1.1" 404 - "-" "Mozilla/5.0 (compatible; Exabot/3.0 (BiggerBetter); +http://www.exabot.com/go/robot)" "www.silverimagingcanada.com"
83.167.62.165 - - [01/Feb/2010:02:11:02 -0800] "GET /sitebuilder/images/?S=A HTTP/1.1" 200 55010 "-" "Mozilla/5.0 (compatible; Exabot/3.0 (BiggerBetter); +http://www.exabot.com/go/robot)" "www.silverimagingcanada.com"
24.113.129.155 - - [01/Feb/2010:06:01:15 -0800] "GET /sitebuilder/images/IMG_1272-351x257.jpg HTTP/1.1" 200 23815 "http://dotheton.com/index.php?topic=1721.15" "Mozilla/5.0 (Windows; U; Windows NT 6.0; en-US; rv:1.9.1.7) Gecko/20091221 Firefox/3.5.7 (.NET CLR 3.5.30729)" "silverimagingcanada.com"
24.113.129.155 - - [01/Feb/2010:06:01:15 -0800] "GET /sitebuilder/images/IMG_1276-406x299.jpg HTTP/1.1" 200 31845 "http://dotheton.com/index.php?topic=1721.15" "Mozilla/5.0 (Windows; U; Windows NT 6.0; en-US; rv:1.9.1.7) Gecko/20091221 Firefox/3.5.7 (.NET CLR 3.5.30729)" "silverimagingcanada.com"
24.113.129.155 - - [01/Feb/2010:06:01:16 -0800] "GET /sitebuilder/images/IMG_1288-451x334.jpg HTTP/1.1" 200 25996 "http://dotheton.com/index.php?topic=1721.15" "Mozilla/5.0 (Windows; U; Windows NT 6.0; en-US; rv:1.9.1.7) Gecko/20091221 Firefox/3.5.7 (.NET CLR 3.5.30729)" "silverimagingcanada.com"
24.113.129.155 - - [01/Feb/2010:06:01:16 -0800] "GET /sitebuilder/images/img129-405x298.jpg HTTP/1.1" 200 17041 "http://dotheton.com/index.php?topic=1721.15" "Mozilla/5.0 (Windows; U; Windows NT 6.0; en-US; rv:1.9.1.7) Gecko/20091221 Firefox/3.5.7 (.NET CLR 3.5.30729)" "silverimagingcanada.com"
24.113.129.155 - - [01/Feb/2010:06:01:23 -0800] "GET /sitebuilder/images/IMG_1184-420x310.jpg HTTP/1.1" 200 30969 "http://dotheton.com/index.php?topic=1721.0" "Mozilla/5.0 (Windows; U; Windows NT 6.0; en-US; rv:1.9.1.7) Gecko/20091221 Firefox/3.5.7 (.NET CLR 3.5.30729)" "silverimagingcanada.com"
24.113.129.155 - - [01/Feb/2010:06:01:23 -0800] "GET /sitebuilder/images/img053-365x267.jpg HTTP/1.1" 200 19523 "http://dotheton.com/index.php?topic=1721.0" "Mozilla/5.0 (Windows; U; Windows NT 6.0; en-US; rv:1.9.1.7) Gecko/20091221 Firefox/3.5.7 (.NET CLR 3.5.30729)" "silverimagingcanada.com"
24.113.129.155 - - [01/Feb/2010:06:01:23 -0800] "GET /sitebuilder/images/img056-393x289.jpg HTTP/1.1" 200 20721 "http://dotheton.com/index.php?topic=1721.0" "Mozilla/5.0 (Windows; U; Windows NT 6.0; en-US; rv:1.9.1.7) Gecko/20091221 Firefox/3.5.7 (.NET CLR 3.5.30729)" "silverimagingcanada.com"
24.113.129.155 - - [01/Feb/2010:06:01:23 -0800] "GET /sitebuilder/images/img052-374x274.jpg HTTP/1.1" 200 18043 "http://dotheton.com/index.php?topic=1721.0" "Mozilla/5.0 (Windows; U; Windows NT 6.0; en-US; rv:1.9.1.7) Gecko/20091221 Firefox/3.5.7 (.NET CLR 3.5.30729)" "silverimagingcanada.com"
24.113.129.155 - - [01/Feb/2010:06:01:24 -0800] "GET /sitebuilder/images/IMG_0961-417x308.jpg HTTP/1.1" 200 11717 "http://dotheton.com/index.php?topic=1721.0" "Mozilla/5.0 (Windows; U; Windows NT 6.0; en-US; rv:1.9.1.7) Gecko/20091221 Firefox/3.5.7 (.NET CLR 3.5.30729)" "silverimagingcanada.com"
24.113.129.155 - - [01/Feb/2010:06:01:24 -0800] "GET /sitebuilder/images/IMG_0937-312x416.jpg HTTP/1.1" 200 20123 "http://dotheton.com/index.php?topic=1721.0" "Mozilla/5.0 (Windows; U; Windows NT 6.0; en-US; rv:1.9.1.7) Gecko/20091221 Firefox/3.5.7 (.NET CLR 3.5.30729)" "silverimagingcanada.com"
24.113.129.155 - - [01/Feb/2010:06:01:24 -0800] "GET /sitebuilder/images/IMG_0939-380x278.jpg HTTP/1.1" 200 15324 "http://dotheton.com/index.php?topic=1721.0" "Mozilla/5.0 (Windows; U; Windows NT 6.0; en-US; rv:1.9.1.7) Gecko/20091221 Firefox/3.5.7 (.NET CLR 3.5.30729)" "silverimagingcanada.com"
65.55.51.69 - - [01/Feb/2010:06:51:12 -0800] "GET /robots.txt HTTP/1.1" 404 - "-" "msnbot/2.0b (+http://search.msn.com/msnbot.htm)" "silverimagingcanada.com"
190.8.137.202 - - [01/Feb/2010:08:55:32 -0800] "GET /sitebuilder/images/Gay_DVR_Splash_Screen2-581x435.jpg HTTP/1.1" 200 25628 "http://camerahacks.10.forumer.com/a/change-a-stupid-splash-screen-on-a-dvrcamera_post3239.html" "Mozilla/4.0 (compatible; MSIE 7.0; Windows NT 5.1; Trident/4.0; .NET CLR 1.1.4322; InfoPath.1; .NET CLR 2.0.50727; .NET CLR 3.0.04506.30; .NET CLR 3.0.4506.2152; .NET CLR 3.5.30729)" "www.silverimagingcanada.com"
190.8.137.202 - - [01/Feb/2010:08:55:33 -0800] "GET /sitebuilder/images/IMG_0330-444x329.jpg HTTP/1.1" 200 35303 "http://camerahacks.10.forumer.com/a/change-a-stupid-splash-screen-on-a-dvrcamera_post3239.html" "Mozilla/4.0 (compatible; MSIE 7.0; Windows NT 5.1; Trident/4.0; .NET CLR 1.1.4322; InfoPath.1; .NET CLR 2.0.50727; .NET CLR 3.0.04506.30; .NET CLR 3.0.4506.2152; .NET CLR 3.5.30729)" "www.silverimagingcanada.com"
190.8.137.202 - - [01/Feb/2010:08:55:33 -0800] "GET /sitebuilder/images/IMG_0342-444x328.jpg HTTP/1.1" 200 14174 "http://camerahacks.10.forumer.com/a/change-a-stupid-splash-screen-on-a-dvrcamera_post3239.html" "Mozilla/4.0 (compatible; MSIE 7.0; Windows NT 5.1; Trident/4.0; .NET CLR 1.1.4322; InfoPath.1; .NET CLR 2.0.50727; .NET CLR 3.0.04506.30; .NET CLR 3.0.4506.2152; .NET CLR 3.5.30729)" "www.silverimagingcanada.com"
190.8.137.202 - - [01/Feb/2010:08:55:33 -0800] "GET /sitebuilder/images/IMG_0332-476x353.jpg HTTP/1.1" 200 33138 "http://camerahacks.10.forumer.com/a/change-a-stupid-splash-screen-on-a-dvrcamera_post3239.html" "Mozilla/4.0 (compatible; MSIE 7.0; Windows NT 5.1; Trident/4.0; .NET CLR 1.1.4322; InfoPath.1; .NET CLR 2.0.50727; .NET CLR 3.0.04506.30; .NET CLR 3.0.4506.2152; .NET CLR 3.5.30729)" "www.silverimagingcanada.com"
87.250.252.242 - - [01/Feb/2010:10:11:20 -0800] "GET /robots.txt HTTP/1.0" 404 - "-" "Yandex/1.01.001 (compatible; Win16; I)" "www.silverimagingcanada.com"
67.195.111.31 - - [01/Feb/2010:10:41:50 -0800] "GET /robots.txt HTTP/1.0" 404 - "-" "Mozilla/5.0 (compatible; Yahoo! Slurp; http://help.yahoo.com/help/us/ysearch/slurp)" "www.silverimagingcanada.com"
67.195.111.31 - - [01/Feb/2010:10:41:50 -0800] "GET /MechScan.html HTTP/1.0" 404 - "-" "Mozilla/5.0 (compatible; Yahoo! Slurp/3.0; http://help.yahoo.com/help/us/ysearch/slurp)" "www.silverimagingcanada.com"
83.167.62.165 - - [01/Feb/2010:12:05:57 -0800] "GET /sitebuilder/images/?S=A HTTP/1.1" 200 55010 "-" "Mozilla/5.0 (compatible; Exabot/3.0 (BiggerBetter); +http://www.exabot.com/go/robot)" "www.silverimagingcanada.com"
193.47.80.51 - - [01/Feb/2010:14:07:29 -0800] "GET /robots.txt HTTP/1.1" 404 - "-" "Mozilla/5.0 (compatible; Exabot/3.0; +http://www.exabot.com/go/robot)" "www.silverimagingcanada.com"
193.47.80.51 - - [01/Feb/2010:14:07:29 -0800] "GET /?S=A HTTP/1.1" 200 1739 "-" "Mozilla/5.0 (compatible; Exabot/3.0; +http://www.exabot.com/go/robot)" "www.silverimagingcanada.com"
193.47.80.51 - - [01/Feb/2010:14:38:50 -0800] "GET /sounds/ HTTP/1.1" 200 664 "-" "Mozilla/5.0 (compatible; Exabot/3.0; +http://www.exabot.com/go/robot)" "www.silverimagingcanada.com"
208.80.193.38 - - [02/Feb/2010:01:27:50 -0800] "GET / HTTP/1.0" 200 1723 "-" "Mozilla/4.0 (compatible; MSIE 6.0; Windows NT 5.1; SV1; .NET CLR 1.1.4322; MSN 9.0; MSNbMSNI; MSNmen-us; MSNcIA; MPLUS)" "silverimagingcanada.com"
119.63.198.16 - - [02/Feb/2010:07:43:20 -0800] "GET /robots.txt HTTP/1.1" 404 - "-" "Baiduspider+(+http://www.baidu.com/search/spider.htm)" "www.silverimagingcanada.com"
83.167.62.165 - - [02/Feb/2010:08:16:27 -0800] "GET /robots.txt HTTP/1.1" 404 - "-" "Mozilla/5.0 (compatible; Exabot/3.0 (BiggerBetter); +http://www.exabot.com/go/robot)" "www.silverimagingcanada.com"
83.167.62.165 - - [02/Feb/2010:08:16:28 -0800] "GET /sitebuilder/images/?S=D HTTP/1.1" 200 55010 "-" "Mozilla/5.0 (compatible; Exabot/3.0 (BiggerBetter); +http://www.exabot.com/go/robot)" "www.silverimagingcanada.com"
193.47.80.51 - - [02/Feb/2010:08:40:01 -0800] "GET /media/ HTTP/1.1" 200 2086 "-" "Mozilla/5.0 (compatible; Exabot/3.0; +http://www.exabot.com/go/robot)" "www.silverimagingcanada.com"
88.131.106.31 - - [02/Feb/2010:10:09:29 -0800] "GET /robots.txt HTTP/1.0" 404 - "-" "Speedy Spider (http://www.entireweb.com/about/search_tech/speedy_spider/)" "silverimagingcanada.com"
88.131.106.31 - - [02/Feb/2010:10:09:33 -0800] "GET /?M=A HTTP/1.0" 200 1723 "-" "Speedy Spider (http://www.entireweb.com/about/search_tech/speedy_spider/)" "silverimagingcanada.com"
174.133.7.18 - - [02/Feb/2010:11:59:25 -0800] "GET /robots.txt HTTP/1.1" 404 - "-" "Mozilla/5.0 (Windows; U; Windows NT 5.0; ru; rv:1.8.0.10) Gecko/20070216 Firefox/1.5.0.10" "www.silverimagingcanada.com"
208.80.193.27 - - [02/Feb/2010:12:23:04 -0800] "GET / HTTP/1.0" 200 1723 "-" "Mozilla/4.0 (compatible; MSIE 7.0; Windows NT 5.1; .NET CLR 1.1.4322; .NET CLR 2.0.50727; Crazy Browser 3.0.0 Beta2)" "www.silverimagingcanada.com"
88.131.106.7 - - [02/Feb/2010:12:38:21 -0800] "GET /robots.txt HTTP/1.0" 404 - "-" "Speedy Spider (http://www.entireweb.com/about/search_tech/speedy_spider/)" "silverimagingcanada.com"
88.131.106.7 - - [02/Feb/2010:12:38:22 -0800] "GET / HTTP/1.0" 200 1723 "-" "Speedy Spider (http://www.entireweb.com/about/search_tech/speedy_spider/)" "silverimagingcanada.com"
95.108.150.235 - - [02/Feb/2010:13:22:19 -0800] "GET /robots.txt HTTP/1.1" 404 - "-" "Yandex/1.01.001 (compatible; Win16; H)" "www.silverimagingcanada.com"
95.108.150.235 - - [02/Feb/2010:13:22:20 -0800] "GET /robots.txt HTTP/1.1" 404 - "-" "Yandex/1.01.001 (compatible; Win16; H)" "silverimagingcanada.com"
95.108.150.235 - - [02/Feb/2010:13:22:21 -0800] "GET / HTTP/1.1" 200 1739 "-" "Yandex/1.01.001 (compatible; Win16; H)" "www.silverimagingcanada.com"
95.108.150.235 - - [02/Feb/2010:13:22:22 -0800] "GET / HTTP/1.1" 200 1739 "-" "Yandex/1.01.001 (compatible; Win16; H)" "silverimagingcanada.com"
95.108.150.235 - - [02/Feb/2010:13:22:23 -0800] "GET / HTTP/1.1" 200 1739 "-" "Yandex/1.01.001 (compatible; Win16; H)" "www.silverimagingcanada.com"
95.108.150.235 - - [02/Feb/2010:13:22:24 -0800] "GET / HTTP/1.1" 200 1739 "-" "Yandex/1.01.001 (compatible; Win16; H)" "silverimagingcanada.com"
124.115.6.15 - - [02/Feb/2010:15:47:14 -0800] "GET /robots.txt HTTP/1.1" 404 - "-" "Sosospider+(+http://help.soso.com/webspider.htm)" "www.silverimagingcanada.com"
58.61.164.40 - - [02/Feb/2010:16:37:25 -0800] "GET / HTTP/1.1" 200 1739 "-" "Mozilla/4.0 (compatible; MSIE 6.0; Windows NT 5.1)" "www.silverimagingcanada.com"
124.115.1.8 - - [02/Feb/2010:16:41:33 -0800] "GET / HTTP/1.1" 200 1739 "-" "Mozilla/4.0 (compatible; MSIE 6.0; Windows NT 5.1)" "www.silverimagingcanada.com"
124.115.1.7 - - [02/Feb/2010:16:45:55 -0800] "GET / HTTP/1.1" 200 1739 "-" "Mozilla/4.0 (compatible; MSIE 6.0; Windows NT 5.1)" "www.silverimagingcanada.com"
58.61.164.139 - - [02/Feb/2010:16:57:58 -0800] "GET / HTTP/1.1" 200 1739 "-" "Mozilla/4.0 (compatible; MSIE 6.0; Windows NT 5.1)" "www.silverimagingcanada.com"
87.250.252.242 - - [02/Feb/2010:17:44:40 -0800] "GET /robots.txt HTTP/1.1" 404 - "-" "Yandex/1.01.001 (compatible; Win16; I)" "www.silverimagingcanada.com"
95.108.150.235 - - [02/Feb/2010:23:14:11 -0800] "GET /robots.txt HTTP/1.1" 404 - "-" "Yandex/1.01.001 (compatible; Win16; H)" "www.silverimagingcanada.com"
95.108.150.235 - - [02/Feb/2010:23:14:12 -0800] "GET / HTTP/1.1" 200 1739 "-" "Yandex/1.01.001 (compatible; Win16; H)" "www.silverimagingcanada.com"
95.108.150.235 - - [02/Feb/2010:23:14:14 -0800] "GET / HTTP/1.1" 200 1739 "-" "Yandex/1.01.001 (compatible; Win16; H)" "www.silverimagingcanada.com"
95.108.150.235 - - [02/Feb/2010:23:14:25 -0800] "GET /robots.txt HTTP/1.1" 404 - "-" "Yandex/1.01.001 (compatible; Win16; H)" "silverimagingcanada.com"
95.108.150.235 - - [02/Feb/2010:23:14:26 -0800] "GET / HTTP/1.1" 200 1739 "-" "Yandex/1.01.001 (compatible; Win16; H)" "silverimagingcanada.com"
95.108.150.235 - - [02/Feb/2010:23:14:27 -0800] "GET / HTTP/1.1" 200 1739 "-" "Yandex/1.01.001 (compatible; Win16; H)" "silverimagingcanada.com"
87.250.252.242 - - [03/Feb/2010:05:36:13 -0800] "GET / HTTP/1.1" 200 1739 "-" "Yandex/1.01.001 (compatible; Win16; I)" "www.silverimagingcanada.com"
88.131.106.31 - - [03/Feb/2010:10:23:23 -0800] "GET /robots.txt HTTP/1.0" 404 - "-" "Speedy Spider (http://www.entireweb.com/about/search_tech/speedy_spider/)" "silverimagingcanada.com"
88.131.106.31 - - [03/Feb/2010:10:23:25 -0800] "GET /?S=A HTTP/1.0" 200 1723 "-" "Speedy Spider (http://www.entireweb.com/about/search_tech/speedy_spider/)" "silverimagingcanada.com"
67.195.111.31 - - [03/Feb/2010:11:40:13 -0800] "GET /robots.txt HTTP/1.0" 404 - "-" "Mozilla/5.0 (compatible; Yahoo! Slurp; http://help.yahoo.com/help/us/ysearch/slurp)" "www.silverimagingcanada.com"
67.195.111.31 - - [03/Feb/2010:11:40:13 -0800] "GET /navigation_bars/ HTTP/1.0" 200 667 "-" "Mozilla/5.0 (compatible; Yahoo! Slurp/3.0; http://help.yahoo.com/help/us/ysearch/slurp)" "www.silverimagingcanada.com"
208.80.193.42 - - [03/Feb/2010:14:08:06 -0800] "GET / HTTP/1.0" 200 1723 "-" "Mozilla/4.0 (compatible; MSIE 7.0; Windows NT 5.1; FunWebProducts; .NET CLR 1.0.3705; MSN 9.0;MSN 9.1; MSNbVZ02; MSNmen-us; MSNcOTH)" "silverimagingcanada.com"
78.60.147.181 - - [03/Feb/2010:14:36:59 -0800] "GET /sitebuilder/images/IMG_1184-420x310.jpg HTTP/1.1" 200 30969 "http://dotheton.com/index.php?topic=1721.0" "Mozilla/5.0 (Windows; U; Windows NT 6.0; en-US) AppleWebKit/532.5 (KHTML, like Gecko) Chrome/4.0.249.78 Safari/532.5" "silverimagingcanada.com"
78.60.147.181 - - [03/Feb/2010:14:36:59 -0800] "GET /sitebuilder/images/img053-365x267.jpg HTTP/1.1" 200 19523 "http://dotheton.com/index.php?topic=1721.0" "Mozilla/5.0 (Windows; U; Windows NT 6.0; en-US) AppleWebKit/532.5 (KHTML, like Gecko) Chrome/4.0.249.78 Safari/532.5" "silverimagingcanada.com"
78.60.147.181 - - [03/Feb/2010:14:37:00 -0800] "GET /sitebuilder/images/img056-393x289.jpg HTTP/1.1" 200 20721 "http://dotheton.com/index.php?topic=1721.0" "Mozilla/5.0 (Windows; U; Windows NT 6.0; en-US) AppleWebKit/532.5 (KHTML, like Gecko) Chrome/4.0.249.78 Safari/532.5" "silverimagingcanada.com"
78.60.147.181 - - [03/Feb/2010:14:37:00 -0800] "GET /sitebuilder/images/img052-374x274.jpg HTTP/1.1" 200 18043 "http://dotheton.com/index.php?topic=1721.0" "Mozilla/5.0 (Windows; U; Windows NT 6.0; en-US) AppleWebKit/532.5 (KHTML, like Gecko) Chrome/4.0.249.78 Safari/532.5" "silverimagingcanada.com"
78.60.147.181 - - [03/Feb/2010:14:37:00 -0800] "GET /sitebuilder/images/IMG_0939-380x278.jpg HTTP/1.1" 200 15324 "http://dotheton.com/index.php?topic=1721.0" "Mozilla/5.0 (Windows; U; Windows NT 6.0; en-US) AppleWebKit/532.5 (KHTML, like Gecko) Chrome/4.0.249.78 Safari/532.5" "silverimagingcanada.com"
78.60.147.181 - - [03/Feb/2010:14:37:00 -0800] "GET /sitebuilder/images/IMG_0937-312x416.jpg HTTP/1.1" 200 20123 "http://dotheton.com/index.php?topic=1721.0" "Mozilla/5.0 (Windows; U; Windows NT 6.0; en-US) AppleWebKit/532.5 (KHTML, like Gecko) Chrome/4.0.249.78 Safari/532.5" "silverimagingcanada.com"
78.60.147.181 - - [03/Feb/2010:14:37:00 -0800] "GET /sitebuilder/images/IMG_0961-417x308.jpg HTTP/1.1" 200 11717 "http://dotheton.com/index.php?topic=1721.0" "Mozilla/5.0 (Windows; U; Windows NT 6.0; en-US) AppleWebKit/532.5 (KHTML, like Gecko) Chrome/4.0.249.78 Safari/532.5" "silverimagingcanada.com"
193.47.80.51 - - [03/Feb/2010:17:36:14 -0800] "GET /robots.txt HTTP/1.1" 404 - "-" "Mozilla/5.0 (compatible; Exabot/3.0; +http://www.exabot.com/go/robot)" "www.silverimagingcanada.com"
193.47.80.51 - - [03/Feb/2010:17:36:14 -0800] "GET /?N=A HTTP/1.1" 200 1739 "-" "Mozilla/5.0 (compatible; Exabot/3.0; +http://www.exabot.com/go/robot)" "www.silverimagingcanada.com"
87.250.252.242 - - [03/Feb/2010:21:29:11 -0800] "GET /robots.txt HTTP/1.1" 404 - "-" "Yandex/1.01.001 (compatible; Win16; I)" "www.silverimagingcanada.com"
208.80.193.30 - - [04/Feb/2010:00:52:33 -0800] "GET / HTTP/1.0" 200 1723 "-" "Mozilla/4.0 (compatible; MSIE 7.0; Windows NT 5.1; Hotbar 4.4.7.0; .NET CLR 1.1.4322)" "www.silverimagingcanada.com"
88.131.106.32 - - [04/Feb/2010:01:12:16 -0800] "GET /robots.txt HTTP/1.0" 404 - "-" "Speedy Spider (http://www.entireweb.com/about/search_tech/speedy_spider/)" "silverimagingcanada.com"
88.131.106.32 - - [04/Feb/2010:01:12:19 -0800] "GET /?D=A HTTP/1.0" 200 1723 "-" "Speedy Spider (http://www.entireweb.com/about/search_tech/speedy_spider/)" "silverimagingcanada.com"
174.133.83.226 - - [04/Feb/2010:05:24:05 -0800] "GET / HTTP/1.1" 200 1739 "-" "Mozilla/4.0 (compatible; MSIE 6.0; Windows NT 5.0; .NET CLR 1.0.3705)" "silverimagingcanada.com"
87.211.58.152 - - [04/Feb/2010:05:55:22 -0800] "GET /sitebuilder/images/IMG_1184-420x310.jpg HTTP/1.1" 200 30969 "http://dotheton.com/index.php?topic=1721.0" "Mozilla/5.0 (Macintosh; U; PPC Mac OS X Mach-O; nl; rv:1.8.1.14) Gecko/20080404 Firefox/2.0.0.14" "silverimagingcanada.com"
87.211.58.152 - - [04/Feb/2010:05:55:23 -0800] "GET /sitebuilder/images/img053-365x267.jpg HTTP/1.1" 200 19523 "http://dotheton.com/index.php?topic=1721.0" "Mozilla/5.0 (Macintosh; U; PPC Mac OS X Mach-O; nl; rv:1.8.1.14) Gecko/20080404 Firefox/2.0.0.14" "silverimagingcanada.com"
87.211.58.152 - - [04/Feb/2010:05:55:23 -0800] "GET /sitebuilder/images/img052-374x274.jpg HTTP/1.1" 200 18043 "http://dotheton.com/index.php?topic=1721.0" "Mozilla/5.0 (Macintosh; U; PPC Mac OS X Mach-O; nl; rv:1.8.1.14) Gecko/20080404 Firefox/2.0.0.14" "silverimagingcanada.com"
87.211.58.152 - - [04/Feb/2010:05:55:23 -0800] "GET /sitebuilder/images/img056-393x289.jpg HTTP/1.1" 200 20721 "http://dotheton.com/index.php?topic=1721.0" "Mozilla/5.0 (Macintosh; U; PPC Mac OS X Mach-O; nl; rv:1.8.1.14) Gecko/20080404 Firefox/2.0.0.14" "silverimagingcanada.com"
87.211.58.152 - - [04/Feb/2010:05:55:23 -0800] "GET /sitebuilder/images/IMG_0937-312x416.jpg HTTP/1.1" 200 20123 "http://dotheton.com/index.php?topic=1721.0" "Mozilla/5.0 (Macintosh; U; PPC Mac OS X Mach-O; nl; rv:1.8.1.14) Gecko/20080404 Firefox/2.0.0.14" "silverimagingcanada.com"
87.211.58.152 - - [04/Feb/2010:05:55:23 -0800] "GET /sitebuilder/images/IMG_0939-380x278.jpg HTTP/1.1" 200 15324 "http://dotheton.com/index.php?topic=1721.0" "Mozilla/5.0 (Macintosh; U; PPC Mac OS X Mach-O; nl; rv:1.8.1.14) Gecko/20080404 Firefox/2.0.0.14" "silverimagingcanada.com"
87.211.58.152 - - [04/Feb/2010:05:55:23 -0800] "GET /sitebuilder/images/IMG_0961-417x308.jpg HTTP/1.1" 200 11717 "http://dotheton.com/index.php?topic=1721.0" "Mozilla/5.0 (Macintosh; U; PPC Mac OS X Mach-O; nl; rv:1.8.1.14) Gecko/20080404 Firefox/2.0.0.14" "silverimagingcanada.com"
87.211.58.152 - - [04/Feb/2010:05:55:51 -0800] "GET /sitebuilder/images/IMG_1288-451x334.jpg HTTP/1.1" 200 25996 "http://dotheton.com/index.php?topic=1721.15" "Mozilla/5.0 (Macintosh; U; PPC Mac OS X Mach-O; nl; rv:1.8.1.14) Gecko/20080404 Firefox/2.0.0.14" "silverimagingcanada.com"
87.211.58.152 - - [04/Feb/2010:05:55:51 -0800] "GET /sitebuilder/images/IMG_1272-351x257.jpg HTTP/1.1" 200 23815 "http://dotheton.com/index.php?topic=1721.15" "Mozilla/5.0 (Macintosh; U; PPC Mac OS X Mach-O; nl; rv:1.8.1.14) Gecko/20080404 Firefox/2.0.0.14" "silverimagingcanada.com"
87.211.58.152 - - [04/Feb/2010:05:55:51 -0800] "GET /sitebuilder/images/img129-405x298.jpg HTTP/1.1" 200 17041 "http://dotheton.com/index.php?topic=1721.15" "Mozilla/5.0 (Macintosh; U; PPC Mac OS X Mach-O; nl; rv:1.8.1.14) Gecko/20080404 Firefox/2.0.0.14" "silverimagingcanada.com"
87.211.58.152 - - [04/Feb/2010:05:55:51 -0800] "GET /sitebuilder/images/IMG_1276-406x299.jpg HTTP/1.1" 200 31845 "http://dotheton.com/index.php?topic=1721.15" "Mozilla/5.0 (Macintosh; U; PPC Mac OS X Mach-O; nl; rv:1.8.1.14) Gecko/20080404 Firefox/2.0.0.14" "silverimagingcanada.com"
87.211.58.152 - - [04/Feb/2010:05:56:33 -0800] "GET /sitebuilder/images/img1412-430x317.jpg HTTP/1.1" 200 28270 "http://dotheton.com/index.php?topic=1721.30" "Mozilla/5.0 (Macintosh; U; PPC Mac OS X Mach-O; nl; rv:1.8.1.14) Gecko/20080404 Firefox/2.0.0.14" "silverimagingcanada.com"
87.211.58.152 - - [04/Feb/2010:05:56:33 -0800] "GET /sitebuilder/images/img135-317x428.jpg HTTP/1.1" 200 25396 "http://dotheton.com/index.php?topic=1721.30" "Mozilla/5.0 (Macintosh; U; PPC Mac OS X Mach-O; nl; rv:1.8.1.14) Gecko/20080404 Firefox/2.0.0.14" "silverimagingcanada.com"
87.211.58.152 - - [04/Feb/2010:05:56:33 -0800] "GET /sitebuilder/images/img144-352x257.jpg HTTP/1.1" 200 12721 "http://dotheton.com/index.php?topic=1721.30" "Mozilla/5.0 (Macintosh; U; PPC Mac OS X Mach-O; nl; rv:1.8.1.14) Gecko/20080404 Firefox/2.0.0.14" "silverimagingcanada.com"
87.211.58.152 - - [04/Feb/2010:05:56:33 -0800] "GET /sitebuilder/images/img138-399x293.jpg HTTP/1.1" 200 24204 "http://dotheton.com/index.php?topic=1721.30" "Mozilla/5.0 (Macintosh; U; PPC Mac OS X Mach-O; nl; rv:1.8.1.14) Gecko/20080404 Firefox/2.0.0.14" "silverimagingcanada.com"
87.211.58.152 - - [04/Feb/2010:05:56:34 -0800] "GET /sitebuilder/images/tank2-272x195.jpg HTTP/1.1" 200 7366 "http://dotheton.com/index.php?topic=1721.30" "Mozilla/5.0 (Macintosh; U; PPC Mac OS X Mach-O; nl; rv:1.8.1.14) Gecko/20080404 Firefox/2.0.0.14" "silverimagingcanada.com"
87.211.58.152 - - [04/Feb/2010:05:56:34 -0800] "GET /sitebuilder/images/tank1-257x350.jpg HTTP/1.1" 200 11565 "http://dotheton.com/index.php?topic=1721.30" "Mozilla/5.0 (Macintosh; U; PPC Mac OS X Mach-O; nl; rv:1.8.1.14) Gecko/20080404 Firefox/2.0.0.14" "silverimagingcanada.com"
69.106.58.202 - - [04/Feb/2010:10:09:07 -0800] "GET /sitebuilder/images/img052-374x274.jpg HTTP/1.1" 200 18043 "http://dotheton.com/index.php?topic=1721.0" "Mozilla/5.0 (X11; U; Linux i686; en-US; rv:1.9.1.3) Gecko/20090921 Firefox/3.5.3" "silverimagingcanada.com"
69.106.58.202 - - [04/Feb/2010:10:09:07 -0800] "GET /sitebuilder/images/IMG_1184-420x310.jpg HTTP/1.1" 200 30969 "http://dotheton.com/index.php?topic=1721.0" "Mozilla/5.0 (X11; U; Linux i686; en-US; rv:1.9.1.3) Gecko/20090921 Firefox/3.5.3" "silverimagingcanada.com"
69.106.58.202 - - [04/Feb/2010:10:09:07 -0800] "GET /sitebuilder/images/img056-393x289.jpg HTTP/1.1" 200 20721 "http://dotheton.com/index.php?topic=1721.0" "Mozilla/5.0 (X11; U; Linux i686; en-US; rv:1.9.1.3) Gecko/20090921 Firefox/3.5.3" "silverimagingcanada.com"
69.106.58.202 - - [04/Feb/2010:10:09:07 -0800] "GET /sitebuilder/images/img053-365x267.jpg HTTP/1.1" 200 19523 "http://dotheton.com/index.php?topic=1721.0" "Mozilla/5.0 (X11; U; Linux i686; en-US; rv:1.9.1.3) Gecko/20090921 Firefox/3.5.3" "silverimagingcanada.com"
69.106.58.202 - - [04/Feb/2010:10:09:08 -0800] "GET /sitebuilder/images/IMG_0937-312x416.jpg HTTP/1.1" 200 20123 "http://dotheton.com/index.php?topic=1721.0" "Mozilla/5.0 (X11; U; Linux i686; en-US; rv:1.9.1.3) Gecko/20090921 Firefox/3.5.3" "silverimagingcanada.com"
69.106.58.202 - - [04/Feb/2010:10:09:08 -0800] "GET /sitebuilder/images/IMG_0939-380x278.jpg HTTP/1.1" 200 15324 "http://dotheton.com/index.php?topic=1721.0" "Mozilla/5.0 (X11; U; Linux i686; en-US; rv:1.9.1.3) Gecko/20090921 Firefox/3.5.3" "silverimagingcanada.com"
69.106.58.202 - - [04/Feb/2010:10:09:08 -0800] "GET /sitebuilder/images/IMG_0961-417x308.jpg HTTP/1.1" 200 11717 "http://dotheton.com/index.php?topic=1721.0" "Mozilla/5.0 (X11; U; Linux i686; en-US; rv:1.9.1.3) Gecko/20090921 Firefox/3.5.3" "silverimagingcanada.com"
69.106.58.202 - - [04/Feb/2010:10:09:13 -0800] "GET /sitebuilder/images/IMG_0937-312x416.jpg HTTP/1.1" 206 3879 "http://dotheton.com/index.php?topic=1721.0" "Mozilla/5.0 (X11; U; Linux i686; en-US; rv:1.9.1.3) Gecko/20090921 Firefox/3.5.3" "silverimagingcanada.com"
69.106.58.202 - - [04/Feb/2010:10:13:21 -0800] "GET /sitebuilder/images/img129-405x298.jpg HTTP/1.1" 200 17041 "http://dotheton.com/index.php?topic=1721.15" "Mozilla/5.0 (X11; U; Linux i686; en-US; rv:1.9.1.3) Gecko/20090921 Firefox/3.5.3" "silverimagingcanada.com"
69.106.58.202 - - [04/Feb/2010:10:13:21 -0800] "GET /sitebuilder/images/IMG_1288-451x334.jpg HTTP/1.1" 200 25996 "http://dotheton.com/index.php?topic=1721.15" "Mozilla/5.0 (X11; U; Linux i686; en-US; rv:1.9.1.3) Gecko/20090921 Firefox/3.5.3" "silverimagingcanada.com"
69.106.58.202 - - [04/Feb/2010:10:13:21 -0800] "GET /sitebuilder/images/IMG_1276-406x299.jpg HTTP/1.1" 200 31845 "http://dotheton.com/index.php?topic=1721.15" "Mozilla/5.0 (X11; U; Linux i686; en-US; rv:1.9.1.3) Gecko/20090921 Firefox/3.5.3" "silverimagingcanada.com"
69.106.58.202 - - [04/Feb/2010:10:13:21 -0800] "GET /sitebuilder/images/IMG_1272-351x257.jpg HTTP/1.1" 200 23815 "http://dotheton.com/index.php?topic=1721.15" "Mozilla/5.0 (X11; U; Linux i686; en-US; rv:1.9.1.3) Gecko/20090921 Firefox/3.5.3" "silverimagingcanada.com"
69.106.58.202 - - [04/Feb/2010:10:14:00 -0800] "GET /sitebuilder/images/img1412-430x317.jpg HTTP/1.0" 200 28270 "http://dotheton.com/index.php?topic=1721.30" "Mozilla/5.0 (X11; U; Linux i686; en-US; rv:1.9.1.3) Gecko/20090921 Firefox/3.5.3" "silverimagingcanada.com"
69.106.58.202 - - [04/Feb/2010:10:14:00 -0800] "GET /sitebuilder/images/img138-399x293.jpg HTTP/1.1" 200 24204 "http://dotheton.com/index.php?topic=1721.30" "Mozilla/5.0 (X11; U; Linux i686; en-US; rv:1.9.1.3) Gecko/20090921 Firefox/3.5.3" "silverimagingcanada.com"
69.106.58.202 - - [04/Feb/2010:10:14:00 -0800] "GET /sitebuilder/images/img135-317x428.jpg HTTP/1.1" 200 25396 "http://dotheton.com/index.php?topic=1721.30" "Mozilla/5.0 (X11; U; Linux i686; en-US; rv:1.9.1.3) Gecko/20090921 Firefox/3.5.3" "silverimagingcanada.com"
69.106.58.202 - - [04/Feb/2010:10:14:00 -0800] "GET /sitebuilder/images/img144-352x257.jpg HTTP/1.1" 200 12721 "http://dotheton.com/index.php?topic=1721.30" "Mozilla/5.0 (X11; U; Linux i686; en-US; rv:1.9.1.3) Gecko/20090921 Firefox/3.5.3" "silverimagingcanada.com"
69.106.58.202 - - [04/Feb/2010:10:14:00 -0800] "GET /sitebuilder/images/tank2-272x195.jpg HTTP/1.0" 200 7366 "http://dotheton.com/index.php?topic=1721.30" "Mozilla/5.0 (X11; U; Linux i686; en-US; rv:1.9.1.3) Gecko/20090921 Firefox/3.5.3" "silverimagingcanada.com"
